[INFO] fetching crate new-rawr 0.0.1...
[INFO] testing new-rawr-0.0.1 against beta-2021-08-01 for beta-1.55-1
[INFO] extracting crate new-rawr 0.0.1 into /workspace/builds/worker-109/source
[INFO] validating manifest of crates.io crate new-rawr 0.0.1 on toolchain beta-2021-08-01
[INFO] running `Command { std: "/workspace/cargo-home/bin/cargo" "+beta-2021-08-01" "metadata" "--manifest-path" "Cargo.toml" "--no-deps", kill_on_drop: false }`
[INFO] started tweaking crates.io crate new-rawr 0.0.1
[INFO] finished tweaking crates.io crate new-rawr 0.0.1
[INFO] tweaked toml for crates.io crate new-rawr 0.0.1 written to /workspace/builds/worker-109/source/Cargo.toml
[INFO] running `Command { std: "/workspace/cargo-home/bin/cargo" "+beta-2021-08-01" "generate-lockfile" "--manifest-path" "Cargo.toml" "-Zno-index-update", kill_on_drop: false }`
[INFO] running `Command { std: "/workspace/cargo-home/bin/cargo" "+beta-2021-08-01" "fetch" "--manifest-path" "Cargo.toml", kill_on_drop: false }`
[INFO] [stderr]     Blocking waiting for file lock on package cache
[INFO] [stderr]     Blocking waiting for file lock on package cache
[INFO] [stderr]  Downloading crates ...
[INFO] [stderr]   Downloaded dotenv_codegen v0.15.0
[INFO] [stderr]   Downloaded dotenv_codegen_implementation v0.15.0
[INFO] running `Command { std: "docker" "create" "-v" "/var/lib/crater-agent-workspace/builds/worker-109/target:/opt/rustwide/target:rw,Z" "-v" "/var/lib/crater-agent-workspace/builds/worker-109/source:/opt/rustwide/workdir:ro,Z" "-v" "/var/lib/crater-agent-workspace/cargo-home:/opt/rustwide/cargo-home:ro,Z" "-v" "/var/lib/crater-agent-workspace/rustup-home:/opt/rustwide/rustup-home:ro,Z" "-e" "SOURCE_DIR=/opt/rustwide/workdir" "-e" "CARGO_TARGET_DIR=/opt/rustwide/target" "-e" "CARGO_HOME=/opt/rustwide/cargo-home" "-e" "RUSTUP_HOME=/opt/rustwide/rustup-home" "-w" "/opt/rustwide/workdir" "-m" "1610612736" "--user" "0:0" "--network" "none" "ghcr.io/rust-lang/crates-build-env/linux@sha256:34b6a614d2c27851fe6cbf88fbd1137609cefab8b10d0615aaeb6fd47975d74e" "/opt/rustwide/cargo-home/bin/cargo" "+beta-2021-08-01" "metadata" "--no-deps" "--format-version=1", kill_on_drop: false }`
[INFO] [stdout] 0a75f7c2d9c39f46bb0faa508a75b5b984fa650b9bdc61ed22b67499a7364566
[INFO] running `Command { std: "docker" "start" "-a" "0a75f7c2d9c39f46bb0faa508a75b5b984fa650b9bdc61ed22b67499a7364566", kill_on_drop: false }`
[INFO] running `Command { std: "docker" "inspect" "0a75f7c2d9c39f46bb0faa508a75b5b984fa650b9bdc61ed22b67499a7364566", kill_on_drop: false }`
[INFO] running `Command { std: "docker" "rm" "-f" "0a75f7c2d9c39f46bb0faa508a75b5b984fa650b9bdc61ed22b67499a7364566", kill_on_drop: false }`
[INFO] [stdout] 0a75f7c2d9c39f46bb0faa508a75b5b984fa650b9bdc61ed22b67499a7364566
[INFO] running `Command { std: "docker" "create" "-v" "/var/lib/crater-agent-workspace/builds/worker-109/target:/opt/rustwide/target:rw,Z" "-v" "/var/lib/crater-agent-workspace/builds/worker-109/source:/opt/rustwide/workdir:ro,Z" "-v" "/var/lib/crater-agent-workspace/cargo-home:/opt/rustwide/cargo-home:ro,Z" "-v" "/var/lib/crater-agent-workspace/rustup-home:/opt/rustwide/rustup-home:ro,Z" "-e" "SOURCE_DIR=/opt/rustwide/workdir" "-e" "CARGO_TARGET_DIR=/opt/rustwide/target" "-e" "CARGO_INCREMENTAL=0" "-e" "RUST_BACKTRACE=full" "-e" "RUSTFLAGS=--cap-lints=warn" "-e" "CARGO_HOME=/opt/rustwide/cargo-home" "-e" "RUSTUP_HOME=/opt/rustwide/rustup-home" "-w" "/opt/rustwide/workdir" "-m" "1610612736" "--user" "0:0" "--network" "none" "ghcr.io/rust-lang/crates-build-env/linux@sha256:34b6a614d2c27851fe6cbf88fbd1137609cefab8b10d0615aaeb6fd47975d74e" "/opt/rustwide/cargo-home/bin/cargo" "+beta-2021-08-01" "build" "--frozen" "--message-format=json", kill_on_drop: false }`
[INFO] [stdout] 05db0e645e4cc05db53098763401722995741416004ba2be06a359aa69e7a585
[INFO] running `Command { std: "docker" "start" "-a" "05db0e645e4cc05db53098763401722995741416004ba2be06a359aa69e7a585", kill_on_drop: false }`
[INFO] [stderr]    Compiling log v0.4.14
[INFO] [stderr]    Compiling futures-sink v0.3.16
[INFO] [stderr]    Compiling bytes v1.0.1
[INFO] [stderr]    Compiling httpdate v1.0.1
[INFO] [stderr]    Compiling tower-service v0.3.1
[INFO] [stderr]    Compiling base64 v0.13.0
[INFO] [stderr]    Compiling tokio v1.9.0
[INFO] [stderr]    Compiling indexmap v1.7.0
[INFO] [stderr]    Compiling tracing-core v0.1.18
[INFO] [stderr]    Compiling signal-hook-registry v1.4.0
[INFO] [stderr]    Compiling socket2 v0.4.1
[INFO] [stderr]    Compiling syn v1.0.74
[INFO] [stderr]    Compiling futures-channel v0.3.16
[INFO] [stderr]    Compiling http v0.2.4
[INFO] [stderr]    Compiling tracing v0.1.26
[INFO] [stderr]    Compiling mio v0.7.13
[INFO] [stderr]    Compiling native-tls v0.2.7
[INFO] [stderr]    Compiling want v0.3.0
[INFO] [stderr]    Compiling http-body v0.4.2
[INFO] [stderr]    Compiling tokio-macros v1.3.0
[INFO] [stderr]    Compiling futures-macro v0.3.16
[INFO] [stderr]    Compiling serde_derive v1.0.127
[INFO] [stderr]    Compiling futures-util v0.3.16
[INFO] [stderr]    Compiling futures-executor v0.3.16
[INFO] [stderr]    Compiling futures v0.3.16
[INFO] [stderr]    Compiling tokio-util v0.6.7
[INFO] [stderr]    Compiling tokio-native-tls v0.3.0
[INFO] [stderr]    Compiling serde v1.0.127
[INFO] [stderr]    Compiling h2 v0.3.3
[INFO] [stderr]    Compiling serde_json v1.0.66
[INFO] [stderr]    Compiling hyper v0.14.11
[INFO] [stderr]    Compiling hyper-tls v0.5.0
[INFO] [stderr]    Compiling new-rawr v0.0.1 (/opt/rustwide/workdir)
[INFO] [stdout] warning: unused import: `std::io::Read`
[INFO] [stdout]   --> src/auth/mod.rs:57:5
[INFO] [stdout]    |
[INFO] [stdout] 57 | use std::io::Read;
[INFO] [stdout]    |     ^^^^^^^^^^^^^
[INFO] [stdout]    |
[INFO] [stdout]    = note: `#[warn(unused_imports)]` on by default
[INFO] [stdout] 
[INFO] [stdout] 
[INFO] [stdout] warning: unused import: `hyper::HeaderMap`
[INFO] [stdout]   --> src/auth/mod.rs:60:5
[INFO] [stdout]    |
[INFO] [stdout] 60 | use hyper::HeaderMap;
[INFO] [stdout]    |     ^^^^^^^^^^^^^^^^
[INFO] [stdout] 
[INFO] [stdout] 
[INFO] [stdout] warning: unused imports: `AsyncReadExt`, `SinkExt`
[INFO] [stdout]   --> src/auth/mod.rs:63:15
[INFO] [stdout]    |
[INFO] [stdout] 63 | use futures::{AsyncReadExt, SinkExt};
[INFO] [stdout]    |               ^^^^^^^^^^^^  ^^^^^^^
[INFO] [stdout] 
[INFO] [stdout] 
[INFO] [stdout] warning: unused import: `hyper::http::request::Builder`
[INFO] [stdout]   --> src/auth/mod.rs:66:5
[INFO] [stdout]    |
[INFO] [stdout] 66 | use hyper::http::request::Builder;
[INFO] [stdout]    |     ^^^^^^^^^^^^^^^^^^^^^^^^^^^^^
[INFO] [stdout] 
[INFO] [stdout] 
[INFO] [stdout] warning: unused import: `std::iter::Map`
[INFO] [stdout]   --> src/auth/mod.rs:67:5
[INFO] [stdout]    |
[INFO] [stdout] 67 | use std::iter::Map;
[INFO] [stdout]    |     ^^^^^^^^^^^^^^
[INFO] [stdout] 
[INFO] [stdout] 
[INFO] [stdout] warning: unused import: `futures::future::ok`
[INFO] [stdout]   --> src/auth/mod.rs:71:5
[INFO] [stdout]    |
[INFO] [stdout] 71 | use futures::future::ok;
[INFO] [stdout]    |     ^^^^^^^^^^^^^^^^^^^
[INFO] [stdout] 
[INFO] [stdout] 
[INFO] [stdout] warning: unnecessary parentheses around assigned value
[INFO] [stdout]    --> src/auth/mod.rs:179:25
[INFO] [stdout]     |
[INFO] [stdout] 179 |                 let x = (token_response.expires_in * 1000);
[INFO] [stdout]     |                         ^^^^^^^^^^^^^^^^^^^^^^^^^^^^^^^^^^ help: remove these parentheses
[INFO] [stdout]     |
[INFO] [stdout]     = note: `#[warn(unused_parens)]` on by default
[INFO] [stdout] 
[INFO] [stdout] 
[INFO] [stdout] warning: unused import: `std::borrow::Borrow`
[INFO] [stdout]   --> src/client/mod.rs:30:5
[INFO] [stdout]    |
[INFO] [stdout] 30 | use std::borrow::Borrow;
[INFO] [stdout]    |     ^^^^^^^^^^^^^^^^^^^
[INFO] [stdout] 
[INFO] [stdout] 
[INFO] [stdout] warning: unused import: `std::error::Error`
[INFO] [stdout]   --> src/client/mod.rs:31:5
[INFO] [stdout]    |
[INFO] [stdout] 31 | use std::error::Error;
[INFO] [stdout]    |     ^^^^^^^^^^^^^^^^^
[INFO] [stdout] 
[INFO] [stdout] 
[INFO] [stdout] warning: unused import: `std::io::Read`
[INFO] [stdout]   --> src/client/mod.rs:32:5
[INFO] [stdout]    |
[INFO] [stdout] 32 | use std::io::Read;
[INFO] [stdout]    |     ^^^^^^^^^^^^^
[INFO] [stdout] 
[INFO] [stdout] 
[INFO] [stdout] warning: unused import: `std::panic::resume_unwind`
[INFO] [stdout]   --> src/client/mod.rs:33:5
[INFO] [stdout]    |
[INFO] [stdout] 33 | use std::panic::resume_unwind;
[INFO] [stdout]    |     ^^^^^^^^^^^^^^^^^^^^^^^^^
[INFO] [stdout] 
[INFO] [stdout] 
[INFO] [stdout] warning: unused import: `std::str::FromStr`
[INFO] [stdout]   --> src/client/mod.rs:34:5
[INFO] [stdout]    |
[INFO] [stdout] 34 | use std::str::FromStr;
[INFO] [stdout]    |     ^^^^^^^^^^^^^^^^^
[INFO] [stdout] 
[INFO] [stdout] 
[INFO] [stdout] warning: unused import: `futures::AsyncReadExt`
[INFO] [stdout]   --> src/client/mod.rs:37:5
[INFO] [stdout]    |
[INFO] [stdout] 37 | use futures::AsyncReadExt;
[INFO] [stdout]    |     ^^^^^^^^^^^^^^^^^^^^^
[INFO] [stdout] 
[INFO] [stdout] 
[INFO] [stdout] warning: unused import: `hyper::Uri`
[INFO] [stdout]   --> src/client/mod.rs:42:5
[INFO] [stdout]    |
[INFO] [stdout] 42 | use hyper::Uri;
[INFO] [stdout]    |     ^^^^^^^^^^
[INFO] [stdout] 
[INFO] [stdout] 
[INFO] [stdout] warning: unused import: `serde::Deserialize`
[INFO] [stdout]   --> src/client/mod.rs:44:5
[INFO] [stdout]    |
[INFO] [stdout] 44 | use serde::Deserialize;
[INFO] [stdout]    |     ^^^^^^^^^^^^^^^^^^
[INFO] [stdout] 
[INFO] [stdout] 
[INFO] [stdout] warning: unused import: `serde_json::from_str`
[INFO] [stdout]   --> src/client/mod.rs:45:5
[INFO] [stdout]    |
[INFO] [stdout] 45 | use serde_json::from_str;
[INFO] [stdout]    |     ^^^^^^^^^^^^^^^^^^^^
[INFO] [stdout] 
[INFO] [stdout] 
[INFO] [stdout] warning: unnecessary trailing semicolon
[INFO] [stdout]    --> src/client/mod.rs:114:17
[INFO] [stdout]     |
[INFO] [stdout] 114 |                 ;
[INFO] [stdout]     |                 ^ help: remove this semicolon
[INFO] [stdout]     |
[INFO] [stdout]     = note: `#[warn(redundant_semicolons)]` on by default
[INFO] [stdout] 
[INFO] [stdout] 
[INFO] [stdout] warning: trait objects without an explicit `dyn` are deprecated
[INFO] [stdout]    --> src/client/mod.rs:123:55
[INFO] [stdout]     |
[INFO] [stdout] 123 |     pub fn get_authenticator(&self) -> MutexGuard<Box<Authenticator + Send + 'static>> {
[INFO] [stdout]     |                                                       ^^^^^^^^^^^^^^^^^^^^^^^^^^^^^^ help: use `dyn`: `dyn Authenticator + Send + 'static`
[INFO] [stdout]     |
[INFO] [stdout]     = note: `#[warn(bare_trait_objects)]` on by default
[INFO] [stdout]     = warning: this is accepted in the current edition (Rust 2018) but is a hard error in Rust 2021!
[INFO] [stdout]     = note: for more information, see issue #80165 <https://github.com/rust-lang/rust/issues/80165>
[INFO] [stdout] 
[INFO] [stdout] 
[INFO] [stdout] warning: trait objects without an explicit `dyn` are deprecated
[INFO] [stdout]    --> src/client/mod.rs:142:57
[INFO] [stdout]     |
[INFO] [stdout] 142 |                      authenticator: &mut MutexGuard<Box<Authenticator + Send + 'static>>)
[INFO] [stdout]     |                                                         ^^^^^^^^^^^^^^^^^^^^^^^^^^^^^^ help: use `dyn`: `dyn Authenticator + Send + 'static`
[INFO] [stdout]     |
[INFO] [stdout]     = warning: this is accepted in the current edition (Rust 2018) but is a hard error in Rust 2021!
[INFO] [stdout]     = note: for more information, see issue #80165 <https://github.com/rust-lang/rust/issues/80165>
[INFO] [stdout] 
[INFO] [stdout] 
[INFO] [stdout] warning: unnecessary parentheses around assigned value
[INFO] [stdout]    --> src/client/mod.rs:165:27
[INFO] [stdout]     |
[INFO] [stdout] 165 |         let mut builder = (Builder::new());
[INFO] [stdout]     |                           ^^^^^^^^^^^^^^^^ help: remove these parentheses
[INFO] [stdout] 
[INFO] [stdout] 
[INFO] [stdout] warning: `...` range patterns are deprecated
[INFO] [stdout]    --> src/client/mod.rs:275:38
[INFO] [stdout]     |
[INFO] [stdout] 275 |                 '*' | '-' | '.' | '0'...'9' | 'A'...'Z' | '_' | 'a'...'z' => res.push(character),
[INFO] [stdout]     |                                      ^^^ help: use `..=` for an inclusive range
[INFO] [stdout]     |
[INFO] [stdout]     = note: `#[warn(ellipsis_inclusive_range_patterns)]` on by default
[INFO] [stdout]     = warning: this is accepted in the current edition (Rust 2018) but is a hard error in Rust 2021!
[INFO] [stdout]     = note: for more information, see issue #80165 <https://github.com/rust-lang/rust/issues/80165>
[INFO] [stdout] 
[INFO] [stdout] 
[INFO] [stdout] warning: `...` range patterns are deprecated
[INFO] [stdout]    --> src/client/mod.rs:275:50
[INFO] [stdout]     |
[INFO] [stdout] 275 |                 '*' | '-' | '.' | '0'...'9' | 'A'...'Z' | '_' | 'a'...'z' => res.push(character),
[INFO] [stdout]     |                                                  ^^^ help: use `..=` for an inclusive range
[INFO] [stdout]     |
[INFO] [stdout]     = warning: this is accepted in the current edition (Rust 2018) but is a hard error in Rust 2021!
[INFO] [stdout]     = note: for more information, see issue #80165 <https://github.com/rust-lang/rust/issues/80165>
[INFO] [stdout] 
[INFO] [stdout] 
[INFO] [stdout] warning: `...` range patterns are deprecated
[INFO] [stdout]    --> src/client/mod.rs:275:68
[INFO] [stdout]     |
[INFO] [stdout] 275 |                 '*' | '-' | '.' | '0'...'9' | 'A'...'Z' | '_' | 'a'...'z' => res.push(character),
[INFO] [stdout]     |                                                                    ^^^ help: use `..=` for an inclusive range
[INFO] [stdout]     |
[INFO] [stdout]     = warning: this is accepted in the current edition (Rust 2018) but is a hard error in Rust 2021!
[INFO] [stdout]     = note: for more information, see issue #80165 <https://github.com/rust-lang/rust/issues/80165>
[INFO] [stdout] 
[INFO] [stdout] 
[INFO] [stdout] warning: unused import: `crate::responses::comment::CommentData`
[INFO] [stdout]  --> src/traits/mod.rs:2:5
[INFO] [stdout]   |
[INFO] [stdout] 2 | use crate::responses::comment::CommentData;
[INFO] [stdout]   |     ^^^^^^^^^^^^^^^^^^^^^^^^^^^^^^^^^^^^^^
[INFO] [stdout] 
[INFO] [stdout] 
[INFO] [stdout] warning: unused import: `CommentData`
[INFO] [stdout]   --> src/structures/submission.rs:10:33
[INFO] [stdout]    |
[INFO] [stdout] 10 | use crate::responses::comment::{CommentData, NewComment};
[INFO] [stdout]    |                                 ^^^^^^^^^^^
[INFO] [stdout] 
[INFO] [stdout] 
[INFO] [stdout] warning: unused import: `crate::responses::listing::CommentResponse`
[INFO] [stdout]   --> src/structures/submission.rs:14:5
[INFO] [stdout]    |
[INFO] [stdout] 14 | use crate::responses::listing::CommentResponse;
[INFO] [stdout]    |     ^^^^^^^^^^^^^^^^^^^^^^^^^^^^^^^^^^^^^^^^^^
[INFO] [stdout] 
[INFO] [stdout] 
[INFO] [stdout] warning: unnecessary trailing semicolon
[INFO] [stdout]    --> src/structures/comment_list.rs:117:75
[INFO] [stdout]     |
[INFO] [stdout] 117 |                     let value =String::from_utf8(value.unwrap().to_vec());;
[INFO] [stdout]     |                                                                           ^ help: remove this semicolon
[INFO] [stdout] 
[INFO] [stdout] 
[INFO] [stdout] warning: unused import: `UserAbout as _UserAbout`
[INFO] [stdout]  --> src/structures/user.rs:5:30
[INFO] [stdout]   |
[INFO] [stdout] 5 | use crate::responses::user::{UserAbout as _UserAbout, UserAboutData, UserAboutDataCore};
[INFO] [stdout]   |                              ^^^^^^^^^^^^^^^^^^^^^^^
[INFO] [stdout] 
[INFO] [stdout] 
[INFO] [stdout] warning: unused import: `crate::structures::comment_list::CommentList`
[INFO] [stdout]  --> src/structures/user.rs:9:5
[INFO] [stdout]   |
[INFO] [stdout] 9 | use crate::structures::comment_list::CommentList;
[INFO] [stdout]   |     ^^^^^^^^^^^^^^^^^^^^^^^^^^^^^^^^^^^^^^^^^^^^
[INFO] [stdout] 
[INFO] [stdout] 
[INFO] [stdout] warning: unused import: `std::io::Read`
[INFO] [stdout]   --> src/structures/comment_list.rs:13:5
[INFO] [stdout]    |
[INFO] [stdout] 13 | use std::io::Read;
[INFO] [stdout]    |     ^^^^^^^^^^^^^
[INFO] [stdout] 
[INFO] [stdout] 
[INFO] [stdout] warning: variable does not need to be mutable
[INFO] [stdout]    --> src/auth/mod.rs:163:13
[INFO] [stdout]     |
[INFO] [stdout] 163 |         let mut result = runtime.block_on(client.request(request));
[INFO] [stdout]     |             ----^^^^^^
[INFO] [stdout]     |             |
[INFO] [stdout]     |             help: remove this `mut`
[INFO] [stdout]     |
[INFO] [stdout]     = note: `#[warn(unused_mut)]` on by default
[INFO] [stdout] 
[INFO] [stdout] 
[INFO] [stdout] warning: unused `Result` that must be used
[INFO] [stdout]    --> src/client/mod.rs:207:17
[INFO] [stdout]     |
[INFO] [stdout] 207 |                 authenticator.login(&self.client, &*self.user_agent);
[INFO] [stdout]     |                 ^^^^^^^^^^^^^^^^^^^^^^^^^^^^^^^^^^^^^^^^^^^^^^^^^^^^^
[INFO] [stdout]     |
[INFO] [stdout]     = note: `#[warn(unused_must_use)]` on by default
[INFO] [stdout]     = note: this `Result` may be an `Err` variant, which should be handled
[INFO] [stdout] 
[INFO] [stdout] 
[INFO] [stdout] warning: 32 warnings emitted
[INFO] [stdout] 
[INFO] [stdout] 
[INFO] [stderr]     Finished dev [unoptimized + debuginfo] target(s) in 37.95s
[INFO] running `Command { std: "docker" "inspect" "05db0e645e4cc05db53098763401722995741416004ba2be06a359aa69e7a585", kill_on_drop: false }`
[INFO] running `Command { std: "docker" "rm" "-f" "05db0e645e4cc05db53098763401722995741416004ba2be06a359aa69e7a585", kill_on_drop: false }`
[INFO] [stdout] 05db0e645e4cc05db53098763401722995741416004ba2be06a359aa69e7a585
[INFO] running `Command { std: "docker" "create" "-v" "/var/lib/crater-agent-workspace/builds/worker-109/target:/opt/rustwide/target:rw,Z" "-v" "/var/lib/crater-agent-workspace/builds/worker-109/source:/opt/rustwide/workdir:ro,Z" "-v" "/var/lib/crater-agent-workspace/cargo-home:/opt/rustwide/cargo-home:ro,Z" "-v" "/var/lib/crater-agent-workspace/rustup-home:/opt/rustwide/rustup-home:ro,Z" "-e" "SOURCE_DIR=/opt/rustwide/workdir" "-e" "CARGO_TARGET_DIR=/opt/rustwide/target" "-e" "CARGO_INCREMENTAL=0" "-e" "RUST_BACKTRACE=full" "-e" "RUSTFLAGS=--cap-lints=warn" "-e" "CARGO_HOME=/opt/rustwide/cargo-home" "-e" "RUSTUP_HOME=/opt/rustwide/rustup-home" "-w" "/opt/rustwide/workdir" "-m" "1610612736" "--user" "0:0" "--network" "none" "ghcr.io/rust-lang/crates-build-env/linux@sha256:34b6a614d2c27851fe6cbf88fbd1137609cefab8b10d0615aaeb6fd47975d74e" "/opt/rustwide/cargo-home/bin/cargo" "+beta-2021-08-01" "test" "--frozen" "--no-run" "--message-format=json", kill_on_drop: false }`
[INFO] [stdout] 630f04ac11c8ca80f3ac24d2b0a82a016033556569f99e8067fefd1d3a56ba4e
[INFO] running `Command { std: "docker" "start" "-a" "630f04ac11c8ca80f3ac24d2b0a82a016033556569f99e8067fefd1d3a56ba4e", kill_on_drop: false }`
[INFO] [stderr]    Compiling dotenv v0.15.0
[INFO] [stdout] warning: unused import: `std::io::Read`
[INFO] [stdout]   --> src/auth/mod.rs:57:5
[INFO] [stdout]    |
[INFO] [stdout] 57 | use std::io::Read;
[INFO] [stdout]    |     ^^^^^^^^^^^^^
[INFO] [stdout]    |
[INFO] [stdout]    = note: `#[warn(unused_imports)]` on by default
[INFO] [stdout] 
[INFO] [stdout] 
[INFO] [stdout] warning: unused import: `hyper::HeaderMap`
[INFO] [stdout]   --> src/auth/mod.rs:60:5
[INFO] [stdout]    |
[INFO] [stdout] 60 | use hyper::HeaderMap;
[INFO] [stdout]    |     ^^^^^^^^^^^^^^^^
[INFO] [stdout] 
[INFO] [stdout] 
[INFO] [stdout] warning: unused imports: `AsyncReadExt`, `SinkExt`
[INFO] [stdout]   --> src/auth/mod.rs:63:15
[INFO] [stdout]    |
[INFO] [stdout] 63 | use futures::{AsyncReadExt, SinkExt};
[INFO] [stdout]    |               ^^^^^^^^^^^^  ^^^^^^^
[INFO] [stdout] 
[INFO] [stdout] 
[INFO] [stdout] warning: unused import: `hyper::http::request::Builder`
[INFO] [stdout]   --> src/auth/mod.rs:66:5
[INFO] [stdout]    |
[INFO] [stdout] 66 | use hyper::http::request::Builder;
[INFO] [stdout]    |     ^^^^^^^^^^^^^^^^^^^^^^^^^^^^^
[INFO] [stdout] 
[INFO] [stdout] 
[INFO] [stdout] warning: unused import: `std::iter::Map`
[INFO] [stdout]   --> src/auth/mod.rs:67:5
[INFO] [stdout]    |
[INFO] [stdout] 67 | use std::iter::Map;
[INFO] [stdout]    |     ^^^^^^^^^^^^^^
[INFO] [stdout] 
[INFO] [stdout] 
[INFO] [stdout] warning: unused import: `futures::future::ok`
[INFO] [stdout]   --> src/auth/mod.rs:71:5
[INFO] [stdout]    |
[INFO] [stdout] 71 | use futures::future::ok;
[INFO] [stdout]    |     ^^^^^^^^^^^^^^^^^^^
[INFO] [stdout] 
[INFO] [stdout] 
[INFO] [stdout] warning: unnecessary parentheses around assigned value
[INFO] [stdout]    --> src/auth/mod.rs:179:25
[INFO] [stdout]     |
[INFO] [stdout] 179 |                 let x = (token_response.expires_in * 1000);
[INFO] [stdout]     |                         ^^^^^^^^^^^^^^^^^^^^^^^^^^^^^^^^^^ help: remove these parentheses
[INFO] [stdout]     |
[INFO] [stdout]     = note: `#[warn(unused_parens)]` on by default
[INFO] [stdout] 
[INFO] [stdout] 
[INFO] [stdout] warning: unused import: `std::borrow::Borrow`
[INFO] [stdout]   --> src/client/mod.rs:30:5
[INFO] [stdout]    |
[INFO] [stdout] 30 | use std::borrow::Borrow;
[INFO] [stdout]    |     ^^^^^^^^^^^^^^^^^^^
[INFO] [stdout] 
[INFO] [stdout] 
[INFO] [stdout] warning: unused import: `std::error::Error`
[INFO] [stdout]   --> src/client/mod.rs:31:5
[INFO] [stdout]    |
[INFO] [stdout] 31 | use std::error::Error;
[INFO] [stdout]    |     ^^^^^^^^^^^^^^^^^
[INFO] [stdout] 
[INFO] [stdout] 
[INFO] [stdout] warning: unused import: `std::io::Read`
[INFO] [stdout]   --> src/client/mod.rs:32:5
[INFO] [stdout]    |
[INFO] [stdout] 32 | use std::io::Read;
[INFO] [stdout]    |     ^^^^^^^^^^^^^
[INFO] [stdout] 
[INFO] [stdout] 
[INFO] [stdout] warning: unused import: `std::panic::resume_unwind`
[INFO] [stdout]   --> src/client/mod.rs:33:5
[INFO] [stdout]    |
[INFO] [stdout] 33 | use std::panic::resume_unwind;
[INFO] [stdout]    |     ^^^^^^^^^^^^^^^^^^^^^^^^^
[INFO] [stdout] 
[INFO] [stdout] 
[INFO] [stdout] warning: unused import: `std::str::FromStr`
[INFO] [stdout]   --> src/client/mod.rs:34:5
[INFO] [stdout]    |
[INFO] [stdout] 34 | use std::str::FromStr;
[INFO] [stdout]    |     ^^^^^^^^^^^^^^^^^
[INFO] [stdout] 
[INFO] [stdout] 
[INFO] [stdout] warning: unused import: `futures::AsyncReadExt`
[INFO] [stdout]   --> src/client/mod.rs:37:5
[INFO] [stdout]    |
[INFO] [stdout] 37 | use futures::AsyncReadExt;
[INFO] [stdout]    |     ^^^^^^^^^^^^^^^^^^^^^
[INFO] [stdout] 
[INFO] [stdout] 
[INFO] [stdout] warning: unused import: `hyper::Uri`
[INFO] [stdout]   --> src/client/mod.rs:42:5
[INFO] [stdout]    |
[INFO] [stdout] 42 | use hyper::Uri;
[INFO] [stdout]    |     ^^^^^^^^^^
[INFO] [stdout] 
[INFO] [stdout] 
[INFO] [stdout] warning: unused import: `serde::Deserialize`
[INFO] [stdout]   --> src/client/mod.rs:44:5
[INFO] [stdout]    |
[INFO] [stdout] 44 | use serde::Deserialize;
[INFO] [stdout]    |     ^^^^^^^^^^^^^^^^^^
[INFO] [stdout] 
[INFO] [stdout] 
[INFO] [stdout] warning: unused import: `serde_json::from_str`
[INFO] [stdout]   --> src/client/mod.rs:45:5
[INFO] [stdout]    |
[INFO] [stdout] 45 | use serde_json::from_str;
[INFO] [stdout]    |     ^^^^^^^^^^^^^^^^^^^^
[INFO] [stdout] 
[INFO] [stdout] 
[INFO] [stdout] warning: unnecessary trailing semicolon
[INFO] [stdout]    --> src/client/mod.rs:114:17
[INFO] [stdout]     |
[INFO] [stdout] 114 |                 ;
[INFO] [stdout]     |                 ^ help: remove this semicolon
[INFO] [stdout]     |
[INFO] [stdout]     = note: `#[warn(redundant_semicolons)]` on by default
[INFO] [stdout] 
[INFO] [stdout] 
[INFO] [stdout] warning: trait objects without an explicit `dyn` are deprecated
[INFO] [stdout]    --> src/client/mod.rs:123:55
[INFO] [stdout]     |
[INFO] [stdout] 123 |     pub fn get_authenticator(&self) -> MutexGuard<Box<Authenticator + Send + 'static>> {
[INFO] [stdout]     |                                                       ^^^^^^^^^^^^^^^^^^^^^^^^^^^^^^ help: use `dyn`: `dyn Authenticator + Send + 'static`
[INFO] [stdout]     |
[INFO] [stdout]     = note: `#[warn(bare_trait_objects)]` on by default
[INFO] [stdout]     = warning: this is accepted in the current edition (Rust 2018) but is a hard error in Rust 2021!
[INFO] [stdout]     = note: for more information, see issue #80165 <https://github.com/rust-lang/rust/issues/80165>
[INFO] [stdout] 
[INFO] [stdout] 
[INFO] [stdout] warning: trait objects without an explicit `dyn` are deprecated
[INFO] [stdout]    --> src/client/mod.rs:142:57
[INFO] [stdout]     |
[INFO] [stdout] 142 |                      authenticator: &mut MutexGuard<Box<Authenticator + Send + 'static>>)
[INFO] [stdout]     |                                                         ^^^^^^^^^^^^^^^^^^^^^^^^^^^^^^ help: use `dyn`: `dyn Authenticator + Send + 'static`
[INFO] [stdout]     |
[INFO] [stdout]     = warning: this is accepted in the current edition (Rust 2018) but is a hard error in Rust 2021!
[INFO] [stdout]     = note: for more information, see issue #80165 <https://github.com/rust-lang/rust/issues/80165>
[INFO] [stdout] 
[INFO] [stdout] 
[INFO] [stdout] warning: unnecessary parentheses around assigned value
[INFO] [stdout]    --> src/client/mod.rs:165:27
[INFO] [stdout]     |
[INFO] [stdout] 165 |         let mut builder = (Builder::new());
[INFO] [stdout]     |                           ^^^^^^^^^^^^^^^^ help: remove these parentheses
[INFO] [stdout] 
[INFO] [stdout] 
[INFO] [stdout] warning: `...` range patterns are deprecated
[INFO] [stdout]    --> src/client/mod.rs:275:38
[INFO] [stdout]     |
[INFO] [stdout] 275 |                 '*' | '-' | '.' | '0'...'9' | 'A'...'Z' | '_' | 'a'...'z' => res.push(character),
[INFO] [stdout]     |                                      ^^^ help: use `..=` for an inclusive range
[INFO] [stdout]     |
[INFO] [stdout]     = note: `#[warn(ellipsis_inclusive_range_patterns)]` on by default
[INFO] [stdout]     = warning: this is accepted in the current edition (Rust 2018) but is a hard error in Rust 2021!
[INFO] [stdout]     = note: for more information, see issue #80165 <https://github.com/rust-lang/rust/issues/80165>
[INFO] [stdout] 
[INFO] [stdout] 
[INFO] [stdout] warning: `...` range patterns are deprecated
[INFO] [stdout]    --> src/client/mod.rs:275:50
[INFO] [stdout]     |
[INFO] [stdout] 275 |                 '*' | '-' | '.' | '0'...'9' | 'A'...'Z' | '_' | 'a'...'z' => res.push(character),
[INFO] [stdout]     |                                                  ^^^ help: use `..=` for an inclusive range
[INFO] [stdout]     |
[INFO] [stdout]     = warning: this is accepted in the current edition (Rust 2018) but is a hard error in Rust 2021!
[INFO] [stdout]     = note: for more information, see issue #80165 <https://github.com/rust-lang/rust/issues/80165>
[INFO] [stdout] 
[INFO] [stdout] 
[INFO] [stdout] warning: `...` range patterns are deprecated
[INFO] [stdout]    --> src/client/mod.rs:275:68
[INFO] [stdout]     |
[INFO] [stdout] 275 |                 '*' | '-' | '.' | '0'...'9' | 'A'...'Z' | '_' | 'a'...'z' => res.push(character),
[INFO] [stdout]     |                                                                    ^^^ help: use `..=` for an inclusive range
[INFO] [stdout]     |
[INFO] [stdout]     = warning: this is accepted in the current edition (Rust 2018) but is a hard error in Rust 2021!
[INFO] [stdout]     = note: for more information, see issue #80165 <https://github.com/rust-lang/rust/issues/80165>
[INFO] [stdout] 
[INFO] [stdout] 
[INFO] [stdout] warning: unused import: `crate::responses::comment::CommentData`
[INFO] [stdout]  --> src/traits/mod.rs:2:5
[INFO] [stdout]   |
[INFO] [stdout] 2 | use crate::responses::comment::CommentData;
[INFO] [stdout]   |     ^^^^^^^^^^^^^^^^^^^^^^^^^^^^^^^^^^^^^^
[INFO] [stdout] 
[INFO] [stdout] 
[INFO] [stdout] warning: unused import: `CommentData`
[INFO] [stdout]   --> src/structures/submission.rs:10:33
[INFO] [stdout]    |
[INFO] [stdout] 10 | use crate::responses::comment::{CommentData, NewComment};
[INFO] [stdout]    |                                 ^^^^^^^^^^^
[INFO] [stdout] 
[INFO] [stdout] 
[INFO] [stdout] warning: unused import: `crate::responses::listing::CommentResponse`
[INFO] [stdout]   --> src/structures/submission.rs:14:5
[INFO] [stdout]    |
[INFO] [stdout] 14 | use crate::responses::listing::CommentResponse;
[INFO] [stdout]    |     ^^^^^^^^^^^^^^^^^^^^^^^^^^^^^^^^^^^^^^^^^^
[INFO] [stdout] 
[INFO] [stdout] 
[INFO] [stdout] warning: unnecessary trailing semicolon
[INFO] [stdout]    --> src/structures/comment_list.rs:117:75
[INFO] [stdout]     |
[INFO] [stdout] 117 |                     let value =String::from_utf8(value.unwrap().to_vec());;
[INFO] [stdout]     |                                                                           ^ help: remove this semicolon
[INFO] [stdout] 
[INFO] [stdout] 
[INFO] [stdout] warning: unused import: `UserAbout as _UserAbout`
[INFO] [stdout]  --> src/structures/user.rs:5:30
[INFO] [stdout]   |
[INFO] [stdout] 5 | use crate::responses::user::{UserAbout as _UserAbout, UserAboutData, UserAboutDataCore};
[INFO] [stdout]   |                              ^^^^^^^^^^^^^^^^^^^^^^^
[INFO] [stdout] 
[INFO] [stdout] 
[INFO] [stdout] warning: unused import: `crate::structures::comment_list::CommentList`
[INFO] [stdout]  --> src/structures/user.rs:9:5
[INFO] [stdout]   |
[INFO] [stdout] 9 | use crate::structures::comment_list::CommentList;
[INFO] [stdout]   |     ^^^^^^^^^^^^^^^^^^^^^^^^^^^^^^^^^^^^^^^^^^^^
[INFO] [stdout] 
[INFO] [stdout] 
[INFO] [stdout] warning: unused import: `std::io::Read`
[INFO] [stdout]   --> src/structures/comment_list.rs:13:5
[INFO] [stdout]    |
[INFO] [stdout] 13 | use std::io::Read;
[INFO] [stdout]    |     ^^^^^^^^^^^^^
[INFO] [stdout] 
[INFO] [stdout] 
[INFO] [stdout] warning: variable does not need to be mutable
[INFO] [stdout]    --> src/auth/mod.rs:163:13
[INFO] [stdout]     |
[INFO] [stdout] 163 |         let mut result = runtime.block_on(client.request(request));
[INFO] [stdout]     |             ----^^^^^^
[INFO] [stdout]     |             |
[INFO] [stdout]     |             help: remove this `mut`
[INFO] [stdout]     |
[INFO] [stdout]     = note: `#[warn(unused_mut)]` on by default
[INFO] [stdout] 
[INFO] [stdout] 
[INFO] [stdout] warning: unused `Result` that must be used
[INFO] [stdout]    --> src/client/mod.rs:207:17
[INFO] [stdout]     |
[INFO] [stdout] 207 |                 authenticator.login(&self.client, &*self.user_agent);
[INFO] [stdout]     |                 ^^^^^^^^^^^^^^^^^^^^^^^^^^^^^^^^^^^^^^^^^^^^^^^^^^^^^
[INFO] [stdout]     |
[INFO] [stdout]     = note: `#[warn(unused_must_use)]` on by default
[INFO] [stdout]     = note: this `Result` may be an `Err` variant, which should be handled
[INFO] [stdout] 
[INFO] [stdout] 
[INFO] [stdout] warning: 32 warnings emitted
[INFO] [stdout] 
[INFO] [stdout] 
[INFO] [stderr]    Compiling dotenv_codegen_implementation v0.15.0
[INFO] [stderr]    Compiling dotenv_codegen v0.15.0
[INFO] [stderr]    Compiling new-rawr v0.0.1 (/opt/rustwide/workdir)
[INFO] [stdout] warning: unused import: `std::io::Read`
[INFO] [stdout]   --> src/auth/mod.rs:57:5
[INFO] [stdout]    |
[INFO] [stdout] 57 | use std::io::Read;
[INFO] [stdout]    |     ^^^^^^^^^^^^^
[INFO] [stdout]    |
[INFO] [stdout]    = note: `#[warn(unused_imports)]` on by default
[INFO] [stdout] 
[INFO] [stdout] 
[INFO] [stdout] warning: unused import: `hyper::HeaderMap`
[INFO] [stdout]   --> src/auth/mod.rs:60:5
[INFO] [stdout]    |
[INFO] [stdout] 60 | use hyper::HeaderMap;
[INFO] [stdout]    |     ^^^^^^^^^^^^^^^^
[INFO] [stdout] 
[INFO] [stdout] 
[INFO] [stdout] warning: unused imports: `AsyncReadExt`, `SinkExt`
[INFO] [stdout]   --> src/auth/mod.rs:63:15
[INFO] [stdout]    |
[INFO] [stdout] 63 | use futures::{AsyncReadExt, SinkExt};
[INFO] [stdout]    |               ^^^^^^^^^^^^  ^^^^^^^
[INFO] [stdout] 
[INFO] [stdout] 
[INFO] [stdout] warning: unused import: `hyper::http::request::Builder`
[INFO] [stdout]   --> src/auth/mod.rs:66:5
[INFO] [stdout]    |
[INFO] [stdout] 66 | use hyper::http::request::Builder;
[INFO] [stdout]    |     ^^^^^^^^^^^^^^^^^^^^^^^^^^^^^
[INFO] [stdout] 
[INFO] [stdout] 
[INFO] [stdout] warning: unused import: `std::iter::Map`
[INFO] [stdout]   --> src/auth/mod.rs:67:5
[INFO] [stdout]    |
[INFO] [stdout] 67 | use std::iter::Map;
[INFO] [stdout]    |     ^^^^^^^^^^^^^^
[INFO] [stdout] 
[INFO] [stdout] 
[INFO] [stdout] warning: unused import: `futures::future::ok`
[INFO] [stdout]   --> src/auth/mod.rs:71:5
[INFO] [stdout]    |
[INFO] [stdout] 71 | use futures::future::ok;
[INFO] [stdout]    |     ^^^^^^^^^^^^^^^^^^^
[INFO] [stdout] 
[INFO] [stdout] 
[INFO] [stdout] warning: unnecessary parentheses around assigned value
[INFO] [stdout]    --> src/auth/mod.rs:179:25
[INFO] [stdout]     |
[INFO] [stdout] 179 |                 let x = (token_response.expires_in * 1000);
[INFO] [stdout]     |                         ^^^^^^^^^^^^^^^^^^^^^^^^^^^^^^^^^^ help: remove these parentheses
[INFO] [stdout]     |
[INFO] [stdout]     = note: `#[warn(unused_parens)]` on by default
[INFO] [stdout] 
[INFO] [stdout] 
[INFO] [stdout] warning: unused import: `std::borrow::Borrow`
[INFO] [stdout]   --> src/client/mod.rs:30:5
[INFO] [stdout]    |
[INFO] [stdout] 30 | use std::borrow::Borrow;
[INFO] [stdout]    |     ^^^^^^^^^^^^^^^^^^^
[INFO] [stdout] 
[INFO] [stdout] 
[INFO] [stdout] warning: unused import: `std::error::Error`
[INFO] [stdout]   --> src/client/mod.rs:31:5
[INFO] [stdout]    |
[INFO] [stdout] 31 | use std::error::Error;
[INFO] [stdout]    |     ^^^^^^^^^^^^^^^^^
[INFO] [stdout] 
[INFO] [stdout] 
[INFO] [stdout] warning: unused import: `std::io::Read`
[INFO] [stdout]   --> src/client/mod.rs:32:5
[INFO] [stdout]    |
[INFO] [stdout] 32 | use std::io::Read;
[INFO] [stdout]    |     ^^^^^^^^^^^^^
[INFO] [stdout] 
[INFO] [stdout] 
[INFO] [stdout] warning: unused import: `std::panic::resume_unwind`
[INFO] [stdout]   --> src/client/mod.rs:33:5
[INFO] [stdout]    |
[INFO] [stdout] 33 | use std::panic::resume_unwind;
[INFO] [stdout]    |     ^^^^^^^^^^^^^^^^^^^^^^^^^
[INFO] [stdout] 
[INFO] [stdout] 
[INFO] [stdout] warning: unused import: `std::str::FromStr`
[INFO] [stdout]   --> src/client/mod.rs:34:5
[INFO] [stdout]    |
[INFO] [stdout] 34 | use std::str::FromStr;
[INFO] [stdout]    |     ^^^^^^^^^^^^^^^^^
[INFO] [stdout] 
[INFO] [stdout] 
[INFO] [stdout] warning: unused import: `futures::AsyncReadExt`
[INFO] [stdout]   --> src/client/mod.rs:37:5
[INFO] [stdout]    |
[INFO] [stdout] 37 | use futures::AsyncReadExt;
[INFO] [stdout]    |     ^^^^^^^^^^^^^^^^^^^^^
[INFO] [stdout] 
[INFO] [stdout] 
[INFO] [stdout] warning: unused import: `hyper::Uri`
[INFO] [stdout]   --> src/client/mod.rs:42:5
[INFO] [stdout]    |
[INFO] [stdout] 42 | use hyper::Uri;
[INFO] [stdout]    |     ^^^^^^^^^^
[INFO] [stdout] 
[INFO] [stdout] 
[INFO] [stdout] warning: unused import: `serde::Deserialize`
[INFO] [stdout]   --> src/client/mod.rs:44:5
[INFO] [stdout]    |
[INFO] [stdout] 44 | use serde::Deserialize;
[INFO] [stdout]    |     ^^^^^^^^^^^^^^^^^^
[INFO] [stdout] 
[INFO] [stdout] 
[INFO] [stdout] warning: unused import: `serde_json::from_str`
[INFO] [stdout]   --> src/client/mod.rs:45:5
[INFO] [stdout]    |
[INFO] [stdout] 45 | use serde_json::from_str;
[INFO] [stdout]    |     ^^^^^^^^^^^^^^^^^^^^
[INFO] [stdout] 
[INFO] [stdout] 
[INFO] [stdout] warning: unnecessary trailing semicolon
[INFO] [stdout]    --> src/client/mod.rs:114:17
[INFO] [stdout]     |
[INFO] [stdout] 114 |                 ;
[INFO] [stdout]     |                 ^ help: remove this semicolon
[INFO] [stdout]     |
[INFO] [stdout]     = note: `#[warn(redundant_semicolons)]` on by default
[INFO] [stdout] 
[INFO] [stdout] 
[INFO] [stdout] warning: trait objects without an explicit `dyn` are deprecated
[INFO] [stdout]    --> src/client/mod.rs:123:55
[INFO] [stdout]     |
[INFO] [stdout] 123 |     pub fn get_authenticator(&self) -> MutexGuard<Box<Authenticator + Send + 'static>> {
[INFO] [stdout]     |                                                       ^^^^^^^^^^^^^^^^^^^^^^^^^^^^^^ help: use `dyn`: `dyn Authenticator + Send + 'static`
[INFO] [stdout]     |
[INFO] [stdout]     = note: `#[warn(bare_trait_objects)]` on by default
[INFO] [stdout]     = warning: this is accepted in the current edition (Rust 2018) but is a hard error in Rust 2021!
[INFO] [stdout]     = note: for more information, see issue #80165 <https://github.com/rust-lang/rust/issues/80165>
[INFO] [stdout] 
[INFO] [stdout] 
[INFO] [stdout] warning: trait objects without an explicit `dyn` are deprecated
[INFO] [stdout]    --> src/client/mod.rs:142:57
[INFO] [stdout]     |
[INFO] [stdout] 142 |                      authenticator: &mut MutexGuard<Box<Authenticator + Send + 'static>>)
[INFO] [stdout]     |                                                         ^^^^^^^^^^^^^^^^^^^^^^^^^^^^^^ help: use `dyn`: `dyn Authenticator + Send + 'static`
[INFO] [stdout]     |
[INFO] [stdout]     = warning: this is accepted in the current edition (Rust 2018) but is a hard error in Rust 2021!
[INFO] [stdout]     = note: for more information, see issue #80165 <https://github.com/rust-lang/rust/issues/80165>
[INFO] [stdout] 
[INFO] [stdout] 
[INFO] [stdout] warning: unnecessary parentheses around assigned value
[INFO] [stdout]    --> src/client/mod.rs:165:27
[INFO] [stdout]     |
[INFO] [stdout] 165 |         let mut builder = (Builder::new());
[INFO] [stdout]     |                           ^^^^^^^^^^^^^^^^ help: remove these parentheses
[INFO] [stdout] 
[INFO] [stdout] 
[INFO] [stdout] warning: `...` range patterns are deprecated
[INFO] [stdout]    --> src/client/mod.rs:275:38
[INFO] [stdout]     |
[INFO] [stdout] 275 |                 '*' | '-' | '.' | '0'...'9' | 'A'...'Z' | '_' | 'a'...'z' => res.push(character),
[INFO] [stdout]     |                                      ^^^ help: use `..=` for an inclusive range
[INFO] [stdout]     |
[INFO] [stdout]     = note: `#[warn(ellipsis_inclusive_range_patterns)]` on by default
[INFO] [stdout]     = warning: this is accepted in the current edition (Rust 2018) but is a hard error in Rust 2021!
[INFO] [stdout]     = note: for more information, see issue #80165 <https://github.com/rust-lang/rust/issues/80165>
[INFO] [stdout] 
[INFO] [stdout] 
[INFO] [stdout] warning: `...` range patterns are deprecated
[INFO] [stdout]    --> src/client/mod.rs:275:50
[INFO] [stdout]     |
[INFO] [stdout] 275 |                 '*' | '-' | '.' | '0'...'9' | 'A'...'Z' | '_' | 'a'...'z' => res.push(character),
[INFO] [stdout]     |                                                  ^^^ help: use `..=` for an inclusive range
[INFO] [stdout]     |
[INFO] [stdout]     = warning: this is accepted in the current edition (Rust 2018) but is a hard error in Rust 2021!
[INFO] [stdout]     = note: for more information, see issue #80165 <https://github.com/rust-lang/rust/issues/80165>
[INFO] [stdout] 
[INFO] [stdout] 
[INFO] [stdout] warning: `...` range patterns are deprecated
[INFO] [stdout]    --> src/client/mod.rs:275:68
[INFO] [stdout]     |
[INFO] [stdout] 275 |                 '*' | '-' | '.' | '0'...'9' | 'A'...'Z' | '_' | 'a'...'z' => res.push(character),
[INFO] [stdout]     |                                                                    ^^^ help: use `..=` for an inclusive range
[INFO] [stdout]     |
[INFO] [stdout]     = warning: this is accepted in the current edition (Rust 2018) but is a hard error in Rust 2021!
[INFO] [stdout]     = note: for more information, see issue #80165 <https://github.com/rust-lang/rust/issues/80165>
[INFO] [stdout] 
[INFO] [stdout] 
[INFO] [stdout] warning: unused import: `crate::responses::comment::CommentData`
[INFO] [stdout]  --> src/traits/mod.rs:2:5
[INFO] [stdout]   |
[INFO] [stdout] 2 | use crate::responses::comment::CommentData;
[INFO] [stdout]   |     ^^^^^^^^^^^^^^^^^^^^^^^^^^^^^^^^^^^^^^
[INFO] [stdout] 
[INFO] [stdout] 
[INFO] [stdout] warning: unused import: `CommentData`
[INFO] [stdout]   --> src/structures/submission.rs:10:33
[INFO] [stdout]    |
[INFO] [stdout] 10 | use crate::responses::comment::{CommentData, NewComment};
[INFO] [stdout]    |                                 ^^^^^^^^^^^
[INFO] [stdout] 
[INFO] [stdout] 
[INFO] [stdout] warning: unused import: `crate::responses::listing::CommentResponse`
[INFO] [stdout]   --> src/structures/submission.rs:14:5
[INFO] [stdout]    |
[INFO] [stdout] 14 | use crate::responses::listing::CommentResponse;
[INFO] [stdout]    |     ^^^^^^^^^^^^^^^^^^^^^^^^^^^^^^^^^^^^^^^^^^
[INFO] [stdout] 
[INFO] [stdout] 
[INFO] [stdout] warning: unnecessary trailing semicolon
[INFO] [stdout]    --> src/structures/comment_list.rs:117:75
[INFO] [stdout]     |
[INFO] [stdout] 117 |                     let value =String::from_utf8(value.unwrap().to_vec());;
[INFO] [stdout]     |                                                                           ^ help: remove this semicolon
[INFO] [stdout] 
[INFO] [stdout] 
[INFO] [stdout] warning: unused import: `UserAbout as _UserAbout`
[INFO] [stdout]  --> src/structures/user.rs:5:30
[INFO] [stdout]   |
[INFO] [stdout] 5 | use crate::responses::user::{UserAbout as _UserAbout, UserAboutData, UserAboutDataCore};
[INFO] [stdout]   |                              ^^^^^^^^^^^^^^^^^^^^^^^
[INFO] [stdout] 
[INFO] [stdout] 
[INFO] [stdout] warning: unused import: `crate::structures::comment_list::CommentList`
[INFO] [stdout]  --> src/structures/user.rs:9:5
[INFO] [stdout]   |
[INFO] [stdout] 9 | use crate::structures::comment_list::CommentList;
[INFO] [stdout]   |     ^^^^^^^^^^^^^^^^^^^^^^^^^^^^^^^^^^^^^^^^^^^^
[INFO] [stdout] 
[INFO] [stdout] 
[INFO] [stdout] warning: unused import: `hyper::Client`
[INFO] [stdout]    --> src/lib.rs:223:9
[INFO] [stdout]     |
[INFO] [stdout] 223 |     use hyper::Client;
[INFO] [stdout]     |         ^^^^^^^^^^^^^
[INFO] [stdout] 
[INFO] [stdout] 
[INFO] [stdout] warning: unused import: `crate::responses::listing::SubmissionData`
[INFO] [stdout]    --> src/lib.rs:227:9
[INFO] [stdout]     |
[INFO] [stdout] 227 |     use crate::responses::listing::SubmissionData;
[INFO] [stdout]     |         ^^^^^^^^^^^^^^^^^^^^^^^^^^^^^^^^^^^^^^^^^
[INFO] [stdout] 
[INFO] [stdout] 
[INFO] [stdout] warning: unused import: `std::env`
[INFO] [stdout]    --> src/lib.rs:234:9
[INFO] [stdout]     |
[INFO] [stdout] 234 |     use std::env;
[INFO] [stdout]     |         ^^^^^^^^
[INFO] [stdout] 
[INFO] [stdout] 
[INFO] [stdout] warning: unused import: `std::io::Read`
[INFO] [stdout]   --> src/structures/comment_list.rs:13:5
[INFO] [stdout]    |
[INFO] [stdout] 13 | use std::io::Read;
[INFO] [stdout]    |     ^^^^^^^^^^^^^
[INFO] [stdout] 
[INFO] [stdout] 
[INFO] [stdout] warning: variable does not need to be mutable
[INFO] [stdout]    --> src/auth/mod.rs:163:13
[INFO] [stdout]     |
[INFO] [stdout] 163 |         let mut result = runtime.block_on(client.request(request));
[INFO] [stdout]     |             ----^^^^^^
[INFO] [stdout]     |             |
[INFO] [stdout]     |             help: remove this `mut`
[INFO] [stdout]     |
[INFO] [stdout]     = note: `#[warn(unused_mut)]` on by default
[INFO] [stdout] 
[INFO] [stdout] 
[INFO] [stdout] warning: unused `Result` that must be used
[INFO] [stdout]    --> src/client/mod.rs:207:17
[INFO] [stdout]     |
[INFO] [stdout] 207 |                 authenticator.login(&self.client, &*self.user_agent);
[INFO] [stdout]     |                 ^^^^^^^^^^^^^^^^^^^^^^^^^^^^^^^^^^^^^^^^^^^^^^^^^^^^^
[INFO] [stdout]     |
[INFO] [stdout]     = note: `#[warn(unused_must_use)]` on by default
[INFO] [stdout]     = note: this `Result` may be an `Err` variant, which should be handled
[INFO] [stdout] 
[INFO] [stdout] 
[INFO] [stdout] warning: 35 warnings emitted
[INFO] [stdout] 
[INFO] [stdout] 
[INFO] [stderr]     Finished test [unoptimized + debuginfo] target(s) in 10.04s
[INFO] running `Command { std: "docker" "inspect" "630f04ac11c8ca80f3ac24d2b0a82a016033556569f99e8067fefd1d3a56ba4e", kill_on_drop: false }`
[INFO] running `Command { std: "docker" "rm" "-f" "630f04ac11c8ca80f3ac24d2b0a82a016033556569f99e8067fefd1d3a56ba4e", kill_on_drop: false }`
[INFO] [stdout] 630f04ac11c8ca80f3ac24d2b0a82a016033556569f99e8067fefd1d3a56ba4e
[INFO] running `Command { std: "docker" "create" "-v" "/var/lib/crater-agent-workspace/builds/worker-109/target:/opt/rustwide/target:rw,Z" "-v" "/var/lib/crater-agent-workspace/builds/worker-109/source:/opt/rustwide/workdir:ro,Z" "-v" "/var/lib/crater-agent-workspace/cargo-home:/opt/rustwide/cargo-home:ro,Z" "-v" "/var/lib/crater-agent-workspace/rustup-home:/opt/rustwide/rustup-home:ro,Z" "-e" "SOURCE_DIR=/opt/rustwide/workdir" "-e" "CARGO_TARGET_DIR=/opt/rustwide/target" "-e" "CARGO_INCREMENTAL=0" "-e" "RUST_BACKTRACE=full" "-e" "RUSTFLAGS=--cap-lints=warn" "-e" "CARGO_HOME=/opt/rustwide/cargo-home" "-e" "RUSTUP_HOME=/opt/rustwide/rustup-home" "-w" "/opt/rustwide/workdir" "-m" "1610612736" "--user" "0:0" "--network" "none" "ghcr.io/rust-lang/crates-build-env/linux@sha256:34b6a614d2c27851fe6cbf88fbd1137609cefab8b10d0615aaeb6fd47975d74e" "/opt/rustwide/cargo-home/bin/cargo" "+beta-2021-08-01" "test" "--frozen", kill_on_drop: false }`
[INFO] [stdout] dbc1ffe15667715e68532f3e24bbec9ef0dd5140d8a6d7f970e75e4b2f0caa81
[INFO] running `Command { std: "docker" "start" "-a" "dbc1ffe15667715e68532f3e24bbec9ef0dd5140d8a6d7f970e75e4b2f0caa81", kill_on_drop: false }`
[INFO] [stderr] warning: unused import: `std::io::Read`
[INFO] [stderr]   --> src/auth/mod.rs:57:5
[INFO] [stderr]    |
[INFO] [stderr] 57 | use std::io::Read;
[INFO] [stderr]    |     ^^^^^^^^^^^^^
[INFO] [stderr]    |
[INFO] [stderr]    = note: `#[warn(unused_imports)]` on by default
[INFO] [stderr] 
[INFO] [stderr] warning: unused import: `hyper::HeaderMap`
[INFO] [stderr]   --> src/auth/mod.rs:60:5
[INFO] [stderr]    |
[INFO] [stderr] 60 | use hyper::HeaderMap;
[INFO] [stderr]    |     ^^^^^^^^^^^^^^^^
[INFO] [stderr] 
[INFO] [stderr] warning: unused imports: `AsyncReadExt`, `SinkExt`
[INFO] [stderr]   --> src/auth/mod.rs:63:15
[INFO] [stderr]    |
[INFO] [stderr] 63 | use futures::{AsyncReadExt, SinkExt};
[INFO] [stderr]    |               ^^^^^^^^^^^^  ^^^^^^^
[INFO] [stderr] 
[INFO] [stderr] warning: unused import: `hyper::http::request::Builder`
[INFO] [stderr]   --> src/auth/mod.rs:66:5
[INFO] [stderr]    |
[INFO] [stderr] 66 | use hyper::http::request::Builder;
[INFO] [stderr]    |     ^^^^^^^^^^^^^^^^^^^^^^^^^^^^^
[INFO] [stderr] 
[INFO] [stderr] warning: unused import: `std::iter::Map`
[INFO] [stderr]   --> src/auth/mod.rs:67:5
[INFO] [stderr]    |
[INFO] [stderr] 67 | use std::iter::Map;
[INFO] [stderr]    |     ^^^^^^^^^^^^^^
[INFO] [stderr] 
[INFO] [stderr] warning: unused import: `futures::future::ok`
[INFO] [stderr]   --> src/auth/mod.rs:71:5
[INFO] [stderr]    |
[INFO] [stderr] 71 | use futures::future::ok;
[INFO] [stderr]    |     ^^^^^^^^^^^^^^^^^^^
[INFO] [stderr] 
[INFO] [stderr] warning: unnecessary parentheses around assigned value
[INFO] [stderr]    --> src/auth/mod.rs:179:25
[INFO] [stderr]     |
[INFO] [stderr] 179 |                 let x = (token_response.expires_in * 1000);
[INFO] [stderr]     |                         ^^^^^^^^^^^^^^^^^^^^^^^^^^^^^^^^^^ help: remove these parentheses
[INFO] [stderr]     |
[INFO] [stderr]     = note: `#[warn(unused_parens)]` on by default
[INFO] [stderr] 
[INFO] [stderr] warning: unused import: `std::borrow::Borrow`
[INFO] [stderr]   --> src/client/mod.rs:30:5
[INFO] [stderr]    |
[INFO] [stderr] 30 | use std::borrow::Borrow;
[INFO] [stderr]    |     ^^^^^^^^^^^^^^^^^^^
[INFO] [stderr] 
[INFO] [stderr] warning: unused import: `std::error::Error`
[INFO] [stderr]   --> src/client/mod.rs:31:5
[INFO] [stderr]    |
[INFO] [stderr] 31 | use std::error::Error;
[INFO] [stderr]    |     ^^^^^^^^^^^^^^^^^
[INFO] [stderr] 
[INFO] [stderr] warning: unused import: `std::io::Read`
[INFO] [stderr]   --> src/client/mod.rs:32:5
[INFO] [stderr]    |
[INFO] [stderr] 32 | use std::io::Read;
[INFO] [stderr]    |     ^^^^^^^^^^^^^
[INFO] [stderr] 
[INFO] [stderr] warning: unused import: `std::panic::resume_unwind`
[INFO] [stderr]   --> src/client/mod.rs:33:5
[INFO] [stderr]    |
[INFO] [stderr] 33 | use std::panic::resume_unwind;
[INFO] [stderr]    |     ^^^^^^^^^^^^^^^^^^^^^^^^^
[INFO] [stderr] 
[INFO] [stderr] warning: unused import: `std::str::FromStr`
[INFO] [stderr]   --> src/client/mod.rs:34:5
[INFO] [stderr]    |
[INFO] [stderr] 34 | use std::str::FromStr;
[INFO] [stderr]    |     ^^^^^^^^^^^^^^^^^
[INFO] [stderr] 
[INFO] [stderr] warning: unused import: `futures::AsyncReadExt`
[INFO] [stderr]   --> src/client/mod.rs:37:5
[INFO] [stderr]    |
[INFO] [stderr] 37 | use futures::AsyncReadExt;
[INFO] [stderr]    |     ^^^^^^^^^^^^^^^^^^^^^
[INFO] [stderr] 
[INFO] [stderr] warning: unused import: `hyper::Uri`
[INFO] [stderr]   --> src/client/mod.rs:42:5
[INFO] [stderr]    |
[INFO] [stderr] 42 | use hyper::Uri;
[INFO] [stderr]    |     ^^^^^^^^^^
[INFO] [stderr] 
[INFO] [stderr] warning: unused import: `serde::Deserialize`
[INFO] [stderr]   --> src/client/mod.rs:44:5
[INFO] [stderr]    |
[INFO] [stderr] 44 | use serde::Deserialize;
[INFO] [stderr]    |     ^^^^^^^^^^^^^^^^^^
[INFO] [stderr] 
[INFO] [stderr] warning: unused import: `serde_json::from_str`
[INFO] [stderr]   --> src/client/mod.rs:45:5
[INFO] [stderr]    |
[INFO] [stderr] 45 | use serde_json::from_str;
[INFO] [stderr]    |     ^^^^^^^^^^^^^^^^^^^^
[INFO] [stderr] 
[INFO] [stderr] warning: unnecessary trailing semicolon
[INFO] [stderr]    --> src/client/mod.rs:114:17
[INFO] [stderr]     |
[INFO] [stderr] 114 |                 ;
[INFO] [stderr]     |                 ^ help: remove this semicolon
[INFO] [stderr]     |
[INFO] [stderr]     = note: `#[warn(redundant_semicolons)]` on by default
[INFO] [stderr] 
[INFO] [stderr] warning: trait objects without an explicit `dyn` are deprecated
[INFO] [stderr]    --> src/client/mod.rs:123:55
[INFO] [stderr]     |
[INFO] [stderr] 123 |     pub fn get_authenticator(&self) -> MutexGuard<Box<Authenticator + Send + 'static>> {
[INFO] [stderr]     |                                                       ^^^^^^^^^^^^^^^^^^^^^^^^^^^^^^ help: use `dyn`: `dyn Authenticator + Send + 'static`
[INFO] [stderr]     |
[INFO] [stderr]     = note: `#[warn(bare_trait_objects)]` on by default
[INFO] [stderr]     = warning: this is accepted in the current edition (Rust 2018) but is a hard error in Rust 2021!
[INFO] [stderr]     = note: for more information, see issue #80165 <https://github.com/rust-lang/rust/issues/80165>
[INFO] [stderr] 
[INFO] [stderr] warning: trait objects without an explicit `dyn` are deprecated
[INFO] [stderr]    --> src/client/mod.rs:142:57
[INFO] [stderr]     |
[INFO] [stderr] 142 |                      authenticator: &mut MutexGuard<Box<Authenticator + Send + 'static>>)
[INFO] [stderr]     |                                                         ^^^^^^^^^^^^^^^^^^^^^^^^^^^^^^ help: use `dyn`: `dyn Authenticator + Send + 'static`
[INFO] [stderr]     |
[INFO] [stderr]     = warning: this is accepted in the current edition (Rust 2018) but is a hard error in Rust 2021!
[INFO] [stderr]     = note: for more information, see issue #80165 <https://github.com/rust-lang/rust/issues/80165>
[INFO] [stderr] 
[INFO] [stderr] warning: unnecessary parentheses around assigned value
[INFO] [stderr]    --> src/client/mod.rs:165:27
[INFO] [stderr]     |
[INFO] [stderr] 165 |         let mut builder = (Builder::new());
[INFO] [stderr]     |                           ^^^^^^^^^^^^^^^^ help: remove these parentheses
[INFO] [stderr] 
[INFO] [stderr] warning: `...` range patterns are deprecated
[INFO] [stderr]    --> src/client/mod.rs:275:38
[INFO] [stderr]     |
[INFO] [stderr] 275 |                 '*' | '-' | '.' | '0'...'9' | 'A'...'Z' | '_' | 'a'...'z' => res.push(character),
[INFO] [stderr]     |                                      ^^^ help: use `..=` for an inclusive range
[INFO] [stderr]     |
[INFO] [stderr]     = note: `#[warn(ellipsis_inclusive_range_patterns)]` on by default
[INFO] [stderr]     = warning: this is accepted in the current edition (Rust 2018) but is a hard error in Rust 2021!
[INFO] [stderr]     = note: for more information, see issue #80165 <https://github.com/rust-lang/rust/issues/80165>
[INFO] [stderr] 
[INFO] [stderr] warning: `...` range patterns are deprecated
[INFO] [stderr]    --> src/client/mod.rs:275:50
[INFO] [stderr]     |
[INFO] [stderr] 275 |                 '*' | '-' | '.' | '0'...'9' | 'A'...'Z' | '_' | 'a'...'z' => res.push(character),
[INFO] [stderr]     |                                                  ^^^ help: use `..=` for an inclusive range
[INFO] [stderr]     |
[INFO] [stderr]     = warning: this is accepted in the current edition (Rust 2018) but is a hard error in Rust 2021!
[INFO] [stderr]     = note: for more information, see issue #80165 <https://github.com/rust-lang/rust/issues/80165>
[INFO] [stderr] 
[INFO] [stderr] warning: `...` range patterns are deprecated
[INFO] [stderr]    --> src/client/mod.rs:275:68
[INFO] [stderr]     |
[INFO] [stderr] 275 |                 '*' | '-' | '.' | '0'...'9' | 'A'...'Z' | '_' | 'a'...'z' => res.push(character),
[INFO] [stderr]     |                                                                    ^^^ help: use `..=` for an inclusive range
[INFO] [stderr]     |
[INFO] [stderr]     = warning: this is accepted in the current edition (Rust 2018) but is a hard error in Rust 2021!
[INFO] [stderr]     = note: for more information, see issue #80165 <https://github.com/rust-lang/rust/issues/80165>
[INFO] [stderr] 
[INFO] [stderr] warning: unused import: `crate::responses::comment::CommentData`
[INFO] [stderr]  --> src/traits/mod.rs:2:5
[INFO] [stderr]   |
[INFO] [stderr] 2 | use crate::responses::comment::CommentData;
[INFO] [stderr]   |     ^^^^^^^^^^^^^^^^^^^^^^^^^^^^^^^^^^^^^^
[INFO] [stderr] 
[INFO] [stderr] warning: unused import: `CommentData`
[INFO] [stderr]   --> src/structures/submission.rs:10:33
[INFO] [stderr]    |
[INFO] [stderr] 10 | use crate::responses::comment::{CommentData, NewComment};
[INFO] [stderr]    |                                 ^^^^^^^^^^^
[INFO] [stderr] 
[INFO] [stderr] warning: unused import: `crate::responses::listing::CommentResponse`
[INFO] [stderr]   --> src/structures/submission.rs:14:5
[INFO] [stderr]    |
[INFO] [stderr] 14 | use crate::responses::listing::CommentResponse;
[INFO] [stderr]    |     ^^^^^^^^^^^^^^^^^^^^^^^^^^^^^^^^^^^^^^^^^^
[INFO] [stderr] 
[INFO] [stderr] warning: unnecessary trailing semicolon
[INFO] [stderr]    --> src/structures/comment_list.rs:117:75
[INFO] [stderr]     |
[INFO] [stderr] 117 |                     let value =String::from_utf8(value.unwrap().to_vec());;
[INFO] [stderr]     |                                                                           ^ help: remove this semicolon
[INFO] [stderr] 
[INFO] [stderr] warning: unused import: `UserAbout as _UserAbout`
[INFO] [stderr]  --> src/structures/user.rs:5:30
[INFO] [stderr]   |
[INFO] [stderr] 5 | use crate::responses::user::{UserAbout as _UserAbout, UserAboutData, UserAboutDataCore};
[INFO] [stderr]   |                              ^^^^^^^^^^^^^^^^^^^^^^^
[INFO] [stderr] 
[INFO] [stderr] warning: unused import: `crate::structures::comment_list::CommentList`
[INFO] [stderr]  --> src/structures/user.rs:9:5
[INFO] [stderr]   |
[INFO] [stderr] 9 | use crate::structures::comment_list::CommentList;
[INFO] [stderr]   |     ^^^^^^^^^^^^^^^^^^^^^^^^^^^^^^^^^^^^^^^^^^^^
[INFO] [stderr] 
[INFO] [stderr] warning: unused import: `std::io::Read`
[INFO] [stderr]   --> src/structures/comment_list.rs:13:5
[INFO] [stderr]    |
[INFO] [stderr] 13 | use std::io::Read;
[INFO] [stderr]    |     ^^^^^^^^^^^^^
[INFO] [stderr] 
[INFO] [stderr] warning: variable does not need to be mutable
[INFO] [stderr]    --> src/auth/mod.rs:163:13
[INFO] [stderr]     |
[INFO] [stderr] 163 |         let mut result = runtime.block_on(client.request(request));
[INFO] [stderr]     |             ----^^^^^^
[INFO] [stderr]     |             |
[INFO] [stderr]     |             help: remove this `mut`
[INFO] [stderr]     |
[INFO] [stderr]     = note: `#[warn(unused_mut)]` on by default
[INFO] [stderr] 
[INFO] [stderr] warning: unused `Result` that must be used
[INFO] [stderr]    --> src/client/mod.rs:207:17
[INFO] [stderr]     |
[INFO] [stderr] 207 |                 authenticator.login(&self.client, &*self.user_agent);
[INFO] [stderr]     |                 ^^^^^^^^^^^^^^^^^^^^^^^^^^^^^^^^^^^^^^^^^^^^^^^^^^^^^
[INFO] [stderr]     |
[INFO] [stderr]     = note: `#[warn(unused_must_use)]` on by default
[INFO] [stderr]     = note: this `Result` may be an `Err` variant, which should be handled
[INFO] [stderr] 
[INFO] [stderr] warning: unused import: `hyper::Client`
[INFO] [stderr]    --> src/lib.rs:223:9
[INFO] [stderr]     |
[INFO] [stderr] 223 |     use hyper::Client;
[INFO] [stderr]     |         ^^^^^^^^^^^^^
[INFO] [stderr] 
[INFO] [stderr] warning: unused import: `crate::responses::listing::SubmissionData`
[INFO] [stderr]    --> src/lib.rs:227:9
[INFO] [stderr]     |
[INFO] [stderr] 227 |     use crate::responses::listing::SubmissionData;
[INFO] [stderr]     |         ^^^^^^^^^^^^^^^^^^^^^^^^^^^^^^^^^^^^^^^^^
[INFO] [stderr] 
[INFO] [stderr] warning: unused import: `std::env`
[INFO] [stderr]    --> src/lib.rs:234:9
[INFO] [stderr]     |
[INFO] [stderr] 234 |     use std::env;
[INFO] [stderr]     |         ^^^^^^^^
[INFO] [stderr] 
[INFO] [stderr] warning: `new-rawr` (lib) generated 32 warnings
[INFO] [stderr] warning: `new-rawr` (lib test) generated 35 warnings (32 duplicates)
[INFO] [stderr]     Finished test [unoptimized + debuginfo] target(s) in 0.22s
[INFO] [stderr]      Running unittests (/opt/rustwide/target/debug/deps/new_rawr-de54f8229e3d4d2a)
[INFO] [stdout] 
[INFO] [stdout] running 3 tests
[INFO] [stdout] test tests::test_invite ... ignored
[INFO] [stdout] test tests::hot_length ... FAILED
[INFO] [stdout] test tests::user_data_test ... FAILED
[INFO] [stdout] 
[INFO] [stdout] failures:
[INFO] [stdout] 
[INFO] [stdout] ---- tests::hot_length stdout ----
[INFO] [stdout] thread 'tests::hot_length' panicked at 'called `Result::unwrap()` on an `Err` value: hyper::Error(Connect, ConnectError("dns error", Custom { kind: Uncategorized, error: "failed to lookup address information: Temporary failure in name resolution" }))', src/client/mod.rs:187:75
[INFO] [stdout] stack backtrace:
[INFO] [stdout]    0:     0x555f07bb3850 - std::backtrace_rs::backtrace::libunwind::trace::hff4d1766e93f64f1
[INFO] [stdout]                                at /rustc/53fd98ca776cb875bc9e5514f56b52eb74f9e7a9/library/std/src/../../backtrace/src/backtrace/libunwind.rs:90:5
[INFO] [stdout]    1:     0x555f07bb3850 - std::backtrace_rs::backtrace::trace_unsynchronized::h56bbc8eb78770bcb
[INFO] [stdout]                                at /rustc/53fd98ca776cb875bc9e5514f56b52eb74f9e7a9/library/std/src/../../backtrace/src/backtrace/mod.rs:66:5
[INFO] [stdout]    2:     0x555f07bb3850 - std::sys_common::backtrace::_print_fmt::h5c8e75464faca780
[INFO] [stdout]                                at /rustc/53fd98ca776cb875bc9e5514f56b52eb74f9e7a9/library/std/src/sys_common/backtrace.rs:67:5
[INFO] [stdout]    3:     0x555f07bb3850 - <std::sys_common::backtrace::_print::DisplayBacktrace as core::fmt::Display>::fmt::h48b88277def8b362
[INFO] [stdout]                                at /rustc/53fd98ca776cb875bc9e5514f56b52eb74f9e7a9/library/std/src/sys_common/backtrace.rs:46:22
[INFO] [stdout]    4:     0x555f07bd6b0c - core::fmt::write::h3381b3176fe2b3d3
[INFO] [stdout]                                at /rustc/53fd98ca776cb875bc9e5514f56b52eb74f9e7a9/library/core/src/fmt/mod.rs:1115:17
[INFO] [stdout]    5:     0x555f07bad1a5 - std::io::Write::write_fmt::h5f34a676f60246b5
[INFO] [stdout]                                at /rustc/53fd98ca776cb875bc9e5514f56b52eb74f9e7a9/library/std/src/io/mod.rs:1665:15
[INFO] [stdout]    6:     0x555f07bb59eb - std::sys_common::backtrace::_print::ha537687d6c17dd0d
[INFO] [stdout]                                at /rustc/53fd98ca776cb875bc9e5514f56b52eb74f9e7a9/library/std/src/sys_common/backtrace.rs:49:5
[INFO] [stdout]    7:     0x555f07bb59eb - std::sys_common::backtrace::print::h61376ae57d131d72
[INFO] [stdout]                                at /rustc/53fd98ca776cb875bc9e5514f56b52eb74f9e7a9/library/std/src/sys_common/backtrace.rs:36:9
[INFO] [stdout]    8:     0x555f07bb59eb - std::panicking::default_hook::{{closure}}::h0f7208c0b9644a54
[INFO] [stdout]                                at /rustc/53fd98ca776cb875bc9e5514f56b52eb74f9e7a9/library/std/src/panicking.rs:208:50
[INFO] [stdout]    9:     0x555f07bb54fc - std::panicking::default_hook::hdac7fc06578c14ce
[INFO] [stdout]                                at /rustc/53fd98ca776cb875bc9e5514f56b52eb74f9e7a9/library/std/src/panicking.rs:222:9
[INFO] [stdout]   10:     0x555f07bb60b4 - std::panicking::rust_panic_with_hook::h72b21c283da3d1ef
[INFO] [stdout]                                at /rustc/53fd98ca776cb875bc9e5514f56b52eb74f9e7a9/library/std/src/panicking.rs:622:17
[INFO] [stdout]   11:     0x555f07bb5b97 - std::panicking::begin_panic_handler::{{closure}}::he5778f1729cff84a
[INFO] [stdout]                                at /rustc/53fd98ca776cb875bc9e5514f56b52eb74f9e7a9/library/std/src/panicking.rs:519:13
[INFO] [stdout]   12:     0x555f07bb3d2c - std::sys_common::backtrace::__rust_end_short_backtrace::h2d11ca8b453b4b1d
[INFO] [stdout]                                at /rustc/53fd98ca776cb875bc9e5514f56b52eb74f9e7a9/library/std/src/sys_common/backtrace.rs:141:18
[INFO] [stdout]   13:     0x555f07bb5af9 - rust_begin_unwind
[INFO] [stdout]                                at /rustc/53fd98ca776cb875bc9e5514f56b52eb74f9e7a9/library/std/src/panicking.rs:515:5
[INFO] [stdout]   14:     0x555f0773b991 - core::panicking::panic_fmt::hf9de31d4acbce4db
[INFO] [stdout]                                at /rustc/53fd98ca776cb875bc9e5514f56b52eb74f9e7a9/library/core/src/panicking.rs:92:14
[INFO] [stdout]   15:     0x555f0773ba83 - core::result::unwrap_failed::ha0c84e81219e5878
[INFO] [stdout]                                at /rustc/53fd98ca776cb875bc9e5514f56b52eb74f9e7a9/library/core/src/result.rs:1599:5
[INFO] [stdout]   16:     0x555f0785c42b - core::result::Result<T,E>::unwrap::hf7a2e6c7b785dcbc
[INFO] [stdout]                                at /rustc/53fd98ca776cb875bc9e5514f56b52eb74f9e7a9/library/core/src/result.rs:1281:23
[INFO] [stdout]   17:     0x555f077e00af - new_rawr::client::RedditClient::get_json::{{closure}}::h0f976a58bb5c5406
[INFO] [stdout]                                at /opt/rustwide/workdir/src/client/mod.rs:187:28
[INFO] [stdout]   18:     0x555f077deae0 - new_rawr::client::RedditClient::ensure_authenticated::h609a146337a1e24c
[INFO] [stdout]                                at /opt/rustwide/workdir/src/client/mod.rs:110:19
[INFO] [stdout]   19:     0x555f077dfe71 - new_rawr::client::RedditClient::get_json::h78dddb6594e9d403
[INFO] [stdout]                                at /opt/rustwide/workdir/src/client/mod.rs:182:9
[INFO] [stdout]   20:     0x555f07771bcb - new_rawr::structures::subreddit::Subreddit::get_feed::h5a854a35f01c3056
[INFO] [stdout]                                at /opt/rustwide/workdir/src/structures/subreddit.rs:31:22
[INFO] [stdout]   21:     0x555f07771f34 - new_rawr::structures::subreddit::Subreddit::hot::haee29b0858d581b1
[INFO] [stdout]                                at /opt/rustwide/workdir/src/structures/subreddit.rs:58:9
[INFO] [stdout]   22:     0x555f0781f2fd - new_rawr::tests::hot_length::h178477ba6a5f62bb
[INFO] [stdout]                                at /opt/rustwide/workdir/src/lib.rs:240:19
[INFO] [stdout]   23:     0x555f0781f24a - new_rawr::tests::hot_length::{{closure}}::h967a4aa40a8cbfcd
[INFO] [stdout]                                at /opt/rustwide/workdir/src/lib.rs:237:5
[INFO] [stdout]   24:     0x555f0789911e - core::ops::function::FnOnce::call_once::hc699aea43aae0809
[INFO] [stdout]                                at /rustc/53fd98ca776cb875bc9e5514f56b52eb74f9e7a9/library/core/src/ops/function.rs:227:5
[INFO] [stdout]   25:     0x555f078e41f3 - core::ops::function::FnOnce::call_once::hbb52c4519d3137b0
[INFO] [stdout]                                at /rustc/53fd98ca776cb875bc9e5514f56b52eb74f9e7a9/library/core/src/ops/function.rs:227:5
[INFO] [stdout]   26:     0x555f078e41f3 - test::__rust_begin_short_backtrace::h86fe3a2a5a5121af
[INFO] [stdout]                                at /rustc/53fd98ca776cb875bc9e5514f56b52eb74f9e7a9/library/test/src/lib.rs:578:5
[INFO] [stdout]   27:     0x555f078e2ca8 - <alloc::boxed::Box<F,A> as core::ops::function::FnOnce<Args>>::call_once::hfd956bc3d57399be
[INFO] [stdout]                                at /rustc/53fd98ca776cb875bc9e5514f56b52eb74f9e7a9/library/alloc/src/boxed.rs:1572:9
[INFO] [stdout]   28:     0x555f078e2ca8 - <std::panic::AssertUnwindSafe<F> as core::ops::function::FnOnce<()>>::call_once::h40dc93e0ddb5938a
[INFO] [stdout]                                at /rustc/53fd98ca776cb875bc9e5514f56b52eb74f9e7a9/library/std/src/panic.rs:347:9
[INFO] [stdout]   29:     0x555f078e2ca8 - std::panicking::try::do_call::h90d07750cb47c562
[INFO] [stdout]                                at /rustc/53fd98ca776cb875bc9e5514f56b52eb74f9e7a9/library/std/src/panicking.rs:401:40
[INFO] [stdout]   30:     0x555f078e2ca8 - std::panicking::try::h063c84733ad2a629
[INFO] [stdout]                                at /rustc/53fd98ca776cb875bc9e5514f56b52eb74f9e7a9/library/std/src/panicking.rs:365:19
[INFO] [stdout]   31:     0x555f078e2ca8 - std::panic::catch_unwind::h0c464836a84e7c08
[INFO] [stdout]                                at /rustc/53fd98ca776cb875bc9e5514f56b52eb74f9e7a9/library/std/src/panic.rs:434:14
[INFO] [stdout]   32:     0x555f078e2ca8 - test::run_test_in_process::h5cb06ef620b157fc
[INFO] [stdout]                                at /rustc/53fd98ca776cb875bc9e5514f56b52eb74f9e7a9/library/test/src/lib.rs:601:18
[INFO] [stdout]   33:     0x555f078e2ca8 - test::run_test::run_test_inner::{{closure}}::h76f677f4b93f9828
[INFO] [stdout]                                at /rustc/53fd98ca776cb875bc9e5514f56b52eb74f9e7a9/library/test/src/lib.rs:493:39
[INFO] [stdout]   34:     0x555f078b143d - test::run_test::run_test_inner::{{closure}}::h366d01fe04f4d67a
[INFO] [stdout]                                at /rustc/53fd98ca776cb875bc9e5514f56b52eb74f9e7a9/library/test/src/lib.rs:520:37
[INFO] [stdout]   35:     0x555f078b143d - std::sys_common::backtrace::__rust_begin_short_backtrace::h7dfa0de4eb395af2
[INFO] [stdout]                                at /rustc/53fd98ca776cb875bc9e5514f56b52eb74f9e7a9/library/std/src/sys_common/backtrace.rs:125:18
[INFO] [stdout]   36:     0x555f078b5c08 - std::thread::Builder::spawn_unchecked::{{closure}}::{{closure}}::hf0a74bb58798037f
[INFO] [stdout]                                at /rustc/53fd98ca776cb875bc9e5514f56b52eb74f9e7a9/library/std/src/thread/mod.rs:476:17
[INFO] [stdout]   37:     0x555f078b5c08 - <std::panic::AssertUnwindSafe<F> as core::ops::function::FnOnce<()>>::call_once::hb024e854818586ac
[INFO] [stdout]                                at /rustc/53fd98ca776cb875bc9e5514f56b52eb74f9e7a9/library/std/src/panic.rs:347:9
[INFO] [stdout]   38:     0x555f078b5c08 - std::panicking::try::do_call::hb2dd9f1d0d48e41d
[INFO] [stdout]                                at /rustc/53fd98ca776cb875bc9e5514f56b52eb74f9e7a9/library/std/src/panicking.rs:401:40
[INFO] [stdout]   39:     0x555f078b5c08 - std::panicking::try::h4717ae7bac8b2bf3
[INFO] [stdout]                                at /rustc/53fd98ca776cb875bc9e5514f56b52eb74f9e7a9/library/std/src/panicking.rs:365:19
[INFO] [stdout]   40:     0x555f078b5c08 - std::panic::catch_unwind::h0dc8a061326ce8d8
[INFO] [stdout]                                at /rustc/53fd98ca776cb875bc9e5514f56b52eb74f9e7a9/library/std/src/panic.rs:434:14
[INFO] [stdout]   41:     0x555f078b5c08 - std::thread::Builder::spawn_unchecked::{{closure}}::haa369e2d6fd00aa1
[INFO] [stdout]                                at /rustc/53fd98ca776cb875bc9e5514f56b52eb74f9e7a9/library/std/src/thread/mod.rs:475:30
[INFO] [stdout]   42:     0x555f078b5c08 - core::ops::function::FnOnce::call_once{{vtable.shim}}::h36dcf3de8b056f17
[INFO] [stdout]                                at /rustc/53fd98ca776cb875bc9e5514f56b52eb74f9e7a9/library/core/src/ops/function.rs:227:5
[INFO] [stdout]   43:     0x555f07bbb487 - <alloc::boxed::Box<F,A> as core::ops::function::FnOnce<Args>>::call_once::h65c29e4642be2358
[INFO] [stdout]                                at /rustc/53fd98ca776cb875bc9e5514f56b52eb74f9e7a9/library/alloc/src/boxed.rs:1572:9
[INFO] [stdout]   44:     0x555f07bbb487 - <alloc::boxed::Box<F,A> as core::ops::function::FnOnce<Args>>::call_once::hd0f8f7fbbd9fffbf
[INFO] [stdout]                                at /rustc/53fd98ca776cb875bc9e5514f56b52eb74f9e7a9/library/alloc/src/boxed.rs:1572:9
[INFO] [stdout]   45:     0x555f07bbb487 - std::sys::unix::thread::Thread::new::thread_start::h2fd22fee3ca77b65
[INFO] [stdout]                                at /rustc/53fd98ca776cb875bc9e5514f56b52eb74f9e7a9/library/std/src/sys/unix/thread.rs:74:17
[INFO] [stdout]   46:     0x7fd03310f609 - start_thread
[INFO] [stdout]   47:     0x7fd032edf293 - clone
[INFO] [stdout]   48:                0x0 - <unknown>
[INFO] [stdout] 
[INFO] [stdout] ---- tests::user_data_test stdout ----
[INFO] [stdout] thread 'tests::user_data_test' panicked at 'called `Result::unwrap()` on an `Err` value: hyper::Error(Connect, ConnectError("dns error", Custom { kind: Uncategorized, error: "failed to lookup address information: Temporary failure in name resolution" }))', src/client/mod.rs:187:75
[INFO] [stdout] stack backtrace:
[INFO] [stdout]    0:     0x555f07bb3850 - std::backtrace_rs::backtrace::libunwind::trace::hff4d1766e93f64f1
[INFO] [stdout]                                at /rustc/53fd98ca776cb875bc9e5514f56b52eb74f9e7a9/library/std/src/../../backtrace/src/backtrace/libunwind.rs:90:5
[INFO] [stdout]    1:     0x555f07bb3850 - std::backtrace_rs::backtrace::trace_unsynchronized::h56bbc8eb78770bcb
[INFO] [stdout]                                at /rustc/53fd98ca776cb875bc9e5514f56b52eb74f9e7a9/library/std/src/../../backtrace/src/backtrace/mod.rs:66:5
[INFO] [stdout]    2:     0x555f07bb3850 - std::sys_common::backtrace::_print_fmt::h5c8e75464faca780
[INFO] [stdout]                                at /rustc/53fd98ca776cb875bc9e5514f56b52eb74f9e7a9/library/std/src/sys_common/backtrace.rs:67:5
[INFO] [stdout]    3:     0x555f07bb3850 - <std::sys_common::backtrace::_print::DisplayBacktrace as core::fmt::Display>::fmt::h48b88277def8b362
[INFO] [stdout]                                at /rustc/53fd98ca776cb875bc9e5514f56b52eb74f9e7a9/library/std/src/sys_common/backtrace.rs:46:22
[INFO] [stdout]    4:     0x555f07bd6b0c - core::fmt::write::h3381b3176fe2b3d3
[INFO] [stdout]                                at /rustc/53fd98ca776cb875bc9e5514f56b52eb74f9e7a9/library/core/src/fmt/mod.rs:1115:17
[INFO] [stdout]    5:     0x555f07bad1a5 - std::io::Write::write_fmt::h5f34a676f60246b5
[INFO] [stdout]                                at /rustc/53fd98ca776cb875bc9e5514f56b52eb74f9e7a9/library/std/src/io/mod.rs:1665:15
[INFO] [stdout]    6:     0x555f07bb59eb - std::sys_common::backtrace::_print::ha537687d6c17dd0d
[INFO] [stdout]                                at /rustc/53fd98ca776cb875bc9e5514f56b52eb74f9e7a9/library/std/src/sys_common/backtrace.rs:49:5
[INFO] [stdout]    7:     0x555f07bb59eb - std::sys_common::backtrace::print::h61376ae57d131d72
[INFO] [stdout]                                at /rustc/53fd98ca776cb875bc9e5514f56b52eb74f9e7a9/library/std/src/sys_common/backtrace.rs:36:9
[INFO] [stdout]    8:     0x555f07bb59eb - std::panicking::default_hook::{{closure}}::h0f7208c0b9644a54
[INFO] [stdout]                                at /rustc/53fd98ca776cb875bc9e5514f56b52eb74f9e7a9/library/std/src/panicking.rs:208:50
[INFO] [stdout]    9:     0x555f07bb54fc - std::panicking::default_hook::hdac7fc06578c14ce
[INFO] [stdout]                                at /rustc/53fd98ca776cb875bc9e5514f56b52eb74f9e7a9/library/std/src/panicking.rs:222:9
[INFO] [stdout]   10:     0x555f07bb60b4 - std::panicking::rust_panic_with_hook::h72b21c283da3d1ef
[INFO] [stdout]                                at /rustc/53fd98ca776cb875bc9e5514f56b52eb74f9e7a9/library/std/src/panicking.rs:622:17
[INFO] [stdout]   11:     0x555f07bb5b97 - std::panicking::begin_panic_handler::{{closure}}::he5778f1729cff84a
[INFO] [stdout]                                at /rustc/53fd98ca776cb875bc9e5514f56b52eb74f9e7a9/library/std/src/panicking.rs:519:13
[INFO] [stdout]   12:     0x555f07bb3d2c - std::sys_common::backtrace::__rust_end_short_backtrace::h2d11ca8b453b4b1d
[INFO] [stdout]                                at /rustc/53fd98ca776cb875bc9e5514f56b52eb74f9e7a9/library/std/src/sys_common/backtrace.rs:141:18
[INFO] [stdout]   13:     0x555f07bb5af9 - rust_begin_unwind
[INFO] [stdout]                                at /rustc/53fd98ca776cb875bc9e5514f56b52eb74f9e7a9/library/std/src/panicking.rs:515:5
[INFO] [stdout]   14:     0x555f0773b991 - core::panicking::panic_fmt::hf9de31d4acbce4db
[INFO] [stdout]                                at /rustc/53fd98ca776cb875bc9e5514f56b52eb74f9e7a9/library/core/src/panicking.rs:92:14
[INFO] [stdout]   15:     0x555f0773ba83 - core::result::unwrap_failed::ha0c84e81219e5878
[INFO] [stdout]                                at /rustc/53fd98ca776cb875bc9e5514f56b52eb74f9e7a9/library/core/src/result.rs:1599:5
[INFO] [stdout]   16:     0x555f0785c42b - core::result::Result<T,E>::unwrap::hf7a2e6c7b785dcbc
[INFO] [stdout]                                at /rustc/53fd98ca776cb875bc9e5514f56b52eb74f9e7a9/library/core/src/result.rs:1281:23
[INFO] [stdout]   17:     0x555f077e00af - new_rawr::client::RedditClient::get_json::{{closure}}::h0f976a58bb5c5406
[INFO] [stdout]                                at /opt/rustwide/workdir/src/client/mod.rs:187:28
[INFO] [stdout]   18:     0x555f077deae0 - new_rawr::client::RedditClient::ensure_authenticated::h609a146337a1e24c
[INFO] [stdout]                                at /opt/rustwide/workdir/src/client/mod.rs:110:19
[INFO] [stdout]   19:     0x555f077dfe71 - new_rawr::client::RedditClient::get_json::h78dddb6594e9d403
[INFO] [stdout]                                at /opt/rustwide/workdir/src/client/mod.rs:182:9
[INFO] [stdout]   20:     0x555f077c0fb9 - new_rawr::structures::user::UserAbout::new::h7994ac113dd161d2
[INFO] [stdout]                                at /opt/rustwide/workdir/src/structures/user.rs:112:22
[INFO] [stdout]   21:     0x555f077c0af7 - new_rawr::structures::user::User::about::h7161501fde19321d
[INFO] [stdout]                                at /opt/rustwide/workdir/src/structures/user.rs:37:9
[INFO] [stdout]   22:     0x555f0781f5d1 - new_rawr::tests::user_data_test::hdd025f24d9e18f61
[INFO] [stdout]                                at /opt/rustwide/workdir/src/lib.rs:248:20
[INFO] [stdout]   23:     0x555f0781f53a - new_rawr::tests::user_data_test::{{closure}}::h4a5c5f5168731c75
[INFO] [stdout]                                at /opt/rustwide/workdir/src/lib.rs:245:5
[INFO] [stdout]   24:     0x555f0789950e - core::ops::function::FnOnce::call_once::hea49d926baa43b96
[INFO] [stdout]                                at /rustc/53fd98ca776cb875bc9e5514f56b52eb74f9e7a9/library/core/src/ops/function.rs:227:5
[INFO] [stdout]   25:     0x555f078e41f3 - core::ops::function::FnOnce::call_once::hbb52c4519d3137b0
[INFO] [stdout]                                at /rustc/53fd98ca776cb875bc9e5514f56b52eb74f9e7a9/library/core/src/ops/function.rs:227:5
[INFO] [stdout]   26:     0x555f078e41f3 - test::__rust_begin_short_backtrace::h86fe3a2a5a5121af
[INFO] [stdout]                                at /rustc/53fd98ca776cb875bc9e5514f56b52eb74f9e7a9/library/test/src/lib.rs:578:5
[INFO] [stdout]   27:     0x555f078e2ca8 - <alloc::boxed::Box<F,A> as core::ops::function::FnOnce<Args>>::call_once::hfd956bc3d57399be
[INFO] [stdout]                                at /rustc/53fd98ca776cb875bc9e5514f56b52eb74f9e7a9/library/alloc/src/boxed.rs:1572:9
[INFO] [stdout]   28:     0x555f078e2ca8 - <std::panic::AssertUnwindSafe<F> as core::ops::function::FnOnce<()>>::call_once::h40dc93e0ddb5938a
[INFO] [stdout]                                at /rustc/53fd98ca776cb875bc9e5514f56b52eb74f9e7a9/library/std/src/panic.rs:347:9
[INFO] [stdout]   29:     0x555f078e2ca8 - std::panicking::try::do_call::h90d07750cb47c562
[INFO] [stdout]                                at /rustc/53fd98ca776cb875bc9e5514f56b52eb74f9e7a9/library/std/src/panicking.rs:401:40
[INFO] [stdout]   30:     0x555f078e2ca8 - std::panicking::try::h063c84733ad2a629
[INFO] [stdout]                                at /rustc/53fd98ca776cb875bc9e5514f56b52eb74f9e7a9/library/std/src/panicking.rs:365:19
[INFO] [stdout]   31:     0x555f078e2ca8 - std::panic::catch_unwind::h0c464836a84e7c08
[INFO] [stdout]                                at /rustc/53fd98ca776cb875bc9e5514f56b52eb74f9e7a9/library/std/src/panic.rs:434:14
[INFO] [stdout]   32:     0x555f078e2ca8 - test::run_test_in_process::h5cb06ef620b157fc
[INFO] [stdout]                                at /rustc/53fd98ca776cb875bc9e5514f56b52eb74f9e7a9/library/test/src/lib.rs:601:18
[INFO] [stdout]   33:     0x555f078e2ca8 - test::run_test::run_test_inner::{{closure}}::h76f677f4b93f9828
[INFO] [stdout]                                at /rustc/53fd98ca776cb875bc9e5514f56b52eb74f9e7a9/library/test/src/lib.rs:493:39
[INFO] [stdout]   34:     0x555f078b143d - test::run_test::run_test_inner::{{closure}}::h366d01fe04f4d67a
[INFO] [stdout]                                at /rustc/53fd98ca776cb875bc9e5514f56b52eb74f9e7a9/library/test/src/lib.rs:520:37
[INFO] [stdout]   35:     0x555f078b143d - std::sys_common::backtrace::__rust_begin_short_backtrace::h7dfa0de4eb395af2
[INFO] [stdout]                                at /rustc/53fd98ca776cb875bc9e5514f56b52eb74f9e7a9/library/std/src/sys_common/backtrace.rs:125:18
[INFO] [stdout]   36:     0x555f078b5c08 - std::thread::Builder::spawn_unchecked::{{closure}}::{{closure}}::hf0a74bb58798037f
[INFO] [stdout]                                at /rustc/53fd98ca776cb875bc9e5514f56b52eb74f9e7a9/library/std/src/thread/mod.rs:476:17
[INFO] [stdout]   37:     0x555f078b5c08 - <std::panic::AssertUnwindSafe<F> as core::ops::function::FnOnce<()>>::call_once::hb024e854818586ac
[INFO] [stdout]                                at /rustc/53fd98ca776cb875bc9e5514f56b52eb74f9e7a9/library/std/src/panic.rs:347:9
[INFO] [stdout]   38:     0x555f078b5c08 - std::panicking::try::do_call::hb2dd9f1d0d48e41d
[INFO] [stdout]                                at /rustc/53fd98ca776cb875bc9e5514f56b52eb74f9e7a9/library/std/src/panicking.rs:401:40
[INFO] [stdout]   39:     0x555f078b5c08 - std::panicking::try::h4717ae7bac8b2bf3
[INFO] [stdout]                                at /rustc/53fd98ca776cb875bc9e5514f56b52eb74f9e7a9/library/std/src/panicking.rs:365:19
[INFO] [stdout]   40:     0x555f078b5c08 - std::panic::catch_unwind::h0dc8a061326ce8d8
[INFO] [stdout]                                at /rustc/53fd98ca776cb875bc9e5514f56b52eb74f9e7a9/library/std/src/panic.rs:434:14
[INFO] [stdout]   41:     0x555f078b5c08 - std::thread::Builder::spawn_unchecked::{{closure}}::haa369e2d6fd00aa1
[INFO] [stdout]                                at /rustc/53fd98ca776cb875bc9e5514f56b52eb74f9e7a9/library/std/src/thread/mod.rs:475:30
[INFO] [stdout]   42:     0x555f078b5c08 - core::ops::function::FnOnce::call_once{{vtable.shim}}::h36dcf3de8b056f17
[INFO] [stdout]                                at /rustc/53fd98ca776cb875bc9e5514f56b52eb74f9e7a9/library/core/src/ops/function.rs:227:5
[INFO] [stdout]   43:     0x555f07bbb487 - <alloc::boxed::Box<F,A> as core::ops::function::FnOnce<Args>>::call_once::h65c29e4642be2358
[INFO] [stdout]                                at /rustc/53fd98ca776cb875bc9e5514f56b52eb74f9e7a9/library/alloc/src/boxed.rs:1572:9
[INFO] [stdout]   44:     0x555f07bbb487 - <alloc::boxed::Box<F,A> as core::ops::function::FnOnce<Args>>::call_once::hd0f8f7fbbd9fffbf
[INFO] [stdout]                                at /rustc/53fd98ca776cb875bc9e5514f56b52eb74f9e7a9/library/alloc/src/boxed.rs:1572:9
[INFO] [stdout]   45:     0x555f07bbb487 - std::sys::unix::thread::Thread::new::thread_start::h2fd22fee3ca77b65
[INFO] [stdout]                                at /rustc/53fd98ca776cb875bc9e5514f56b52eb74f9e7a9/library/std/src/sys/unix/thread.rs:74:17
[INFO] [stdout]   46:     0x7fd03310f609 - start_thread
[INFO] [stdout]   47:     0x7fd032edf293 - clone
[INFO] [stdout]   48:                0x0 - <unknown>
[INFO] [stdout] 
[INFO] [stdout] 
[INFO] [stdout] failures:
[INFO] [stdout]     tests::hot_length
[INFO] [stdout]     tests::user_data_test
[INFO] [stdout] 
[INFO] [stdout] test result: FAILED. 0 passed; 2 failed; 1 ignored; 0 measured; 0 filtered out; finished in 0.16s
[INFO] [stdout] 
[INFO] [stderr] error: test failed, to rerun pass '--lib'
[INFO] running `Command { std: "docker" "inspect" "dbc1ffe15667715e68532f3e24bbec9ef0dd5140d8a6d7f970e75e4b2f0caa81", kill_on_drop: false }`
[INFO] running `Command { std: "docker" "rm" "-f" "dbc1ffe15667715e68532f3e24bbec9ef0dd5140d8a6d7f970e75e4b2f0caa81", kill_on_drop: false }`
[INFO] [stdout] dbc1ffe15667715e68532f3e24bbec9ef0dd5140d8a6d7f970e75e4b2f0caa81
