[INFO] fetching crate neuronika 0.1.0...
[INFO] testing neuronika-0.1.0 against 1.54.0 for beta-1.55-1
[INFO] extracting crate neuronika 0.1.0 into /workspace/builds/worker-67/source
[INFO] validating manifest of crates.io crate neuronika 0.1.0 on toolchain 1.54.0
[INFO] running `Command { std: "/workspace/cargo-home/bin/cargo" "+1.54.0" "metadata" "--manifest-path" "Cargo.toml" "--no-deps", kill_on_drop: false }`
[INFO] started tweaking crates.io crate neuronika 0.1.0
[INFO] finished tweaking crates.io crate neuronika 0.1.0
[INFO] tweaked toml for crates.io crate neuronika 0.1.0 written to /workspace/builds/worker-67/source/Cargo.toml
[INFO] running `Command { std: "/workspace/cargo-home/bin/cargo" "+1.54.0" "generate-lockfile" "--manifest-path" "Cargo.toml" "-Zno-index-update", kill_on_drop: false }`
[INFO] [stderr]     Blocking waiting for file lock on package cache
[INFO] running `Command { std: "/workspace/cargo-home/bin/cargo" "+1.54.0" "fetch" "--manifest-path" "Cargo.toml", kill_on_drop: false }`
[INFO] [stderr]     Blocking waiting for file lock on package cache
[INFO] running `Command { std: "docker" "create" "-v" "/var/lib/crater-agent-workspace/builds/worker-67/target:/opt/rustwide/target:rw,Z" "-v" "/var/lib/crater-agent-workspace/builds/worker-67/source:/opt/rustwide/workdir:ro,Z" "-v" "/var/lib/crater-agent-workspace/cargo-home:/opt/rustwide/cargo-home:ro,Z" "-v" "/var/lib/crater-agent-workspace/rustup-home:/opt/rustwide/rustup-home:ro,Z" "-e" "SOURCE_DIR=/opt/rustwide/workdir" "-e" "CARGO_TARGET_DIR=/opt/rustwide/target" "-e" "CARGO_HOME=/opt/rustwide/cargo-home" "-e" "RUSTUP_HOME=/opt/rustwide/rustup-home" "-w" "/opt/rustwide/workdir" "-m" "1610612736" "--user" "0:0" "--network" "none" "ghcr.io/rust-lang/crates-build-env/linux@sha256:34b6a614d2c27851fe6cbf88fbd1137609cefab8b10d0615aaeb6fd47975d74e" "/opt/rustwide/cargo-home/bin/cargo" "+1.54.0" "metadata" "--no-deps" "--format-version=1", kill_on_drop: false }`
[INFO] [stdout] ed768fc195d0dc1979b2002a1319450fdb5ed464064264d72d22bd10a9b86057
[INFO] running `Command { std: "docker" "start" "-a" "ed768fc195d0dc1979b2002a1319450fdb5ed464064264d72d22bd10a9b86057", kill_on_drop: false }`
[INFO] running `Command { std: "docker" "inspect" "ed768fc195d0dc1979b2002a1319450fdb5ed464064264d72d22bd10a9b86057", kill_on_drop: false }`
[INFO] running `Command { std: "docker" "rm" "-f" "ed768fc195d0dc1979b2002a1319450fdb5ed464064264d72d22bd10a9b86057", kill_on_drop: false }`
[INFO] [stdout] ed768fc195d0dc1979b2002a1319450fdb5ed464064264d72d22bd10a9b86057
[INFO] running `Command { std: "docker" "create" "-v" "/var/lib/crater-agent-workspace/builds/worker-67/target:/opt/rustwide/target:rw,Z" "-v" "/var/lib/crater-agent-workspace/builds/worker-67/source:/opt/rustwide/workdir:ro,Z" "-v" "/var/lib/crater-agent-workspace/cargo-home:/opt/rustwide/cargo-home:ro,Z" "-v" "/var/lib/crater-agent-workspace/rustup-home:/opt/rustwide/rustup-home:ro,Z" "-e" "SOURCE_DIR=/opt/rustwide/workdir" "-e" "CARGO_TARGET_DIR=/opt/rustwide/target" "-e" "CARGO_INCREMENTAL=0" "-e" "RUST_BACKTRACE=full" "-e" "RUSTFLAGS=--cap-lints=warn" "-e" "CARGO_HOME=/opt/rustwide/cargo-home" "-e" "RUSTUP_HOME=/opt/rustwide/rustup-home" "-w" "/opt/rustwide/workdir" "-m" "1610612736" "--user" "0:0" "--network" "none" "ghcr.io/rust-lang/crates-build-env/linux@sha256:34b6a614d2c27851fe6cbf88fbd1137609cefab8b10d0615aaeb6fd47975d74e" "/opt/rustwide/cargo-home/bin/cargo" "+1.54.0" "build" "--frozen" "--message-format=json", kill_on_drop: false }`
[INFO] [stdout] b051660e5c7f717581f5c4796b749082d6d1777116b254cabac140577aa20ea5
[INFO] running `Command { std: "docker" "start" "-a" "b051660e5c7f717581f5c4796b749082d6d1777116b254cabac140577aa20ea5", kill_on_drop: false }`
[INFO] [stderr]    Compiling libm v0.2.1
[INFO] [stderr]    Compiling crossbeam-epoch v0.9.5
[INFO] [stderr]    Compiling rayon-core v1.9.1
[INFO] [stderr]    Compiling scopeguard v1.1.0
[INFO] [stderr]    Compiling memchr v2.4.0
[INFO] [stderr]    Compiling serde v1.0.127
[INFO] [stderr]    Compiling either v1.6.1
[INFO] [stderr]    Compiling rawpointer v0.2.1
[INFO] [stderr]    Compiling regex-automata v0.1.10
[INFO] [stderr]    Compiling memoffset v0.6.4
[INFO] [stderr]    Compiling num-traits v0.2.14
[INFO] [stderr]    Compiling rayon v1.5.1
[INFO] [stderr]    Compiling getrandom v0.2.3
[INFO] [stderr]    Compiling crossbeam-channel v0.5.1
[INFO] [stderr]    Compiling num_cpus v1.13.0
[INFO] [stderr]    Compiling matrixmultiply v0.3.1
[INFO] [stderr]    Compiling itertools v0.10.1
[INFO] [stderr]    Compiling rand_core v0.6.3
[INFO] [stderr]    Compiling rand_chacha v0.3.1
[INFO] [stderr]    Compiling rand v0.8.4
[INFO] [stderr]    Compiling csv-core v0.1.10
[INFO] [stderr]    Compiling crossbeam-deque v0.8.1
[INFO] [stderr]    Compiling num-integer v0.1.44
[INFO] [stderr]    Compiling num-complex v0.4.0
[INFO] [stderr]    Compiling rand_distr v0.4.1
[INFO] [stderr]    Compiling bstr v0.2.16
[INFO] [stderr]    Compiling csv v1.1.6
[INFO] [stderr]    Compiling ndarray v0.15.3
[INFO] [stderr]    Compiling ndarray-rand v0.14.0
[INFO] [stderr]    Compiling neuronika v0.1.0 (/opt/rustwide/workdir)
[INFO] [stderr]     Finished dev [unoptimized + debuginfo] target(s) in 18.55s
[INFO] running `Command { std: "docker" "inspect" "b051660e5c7f717581f5c4796b749082d6d1777116b254cabac140577aa20ea5", kill_on_drop: false }`
[INFO] running `Command { std: "docker" "rm" "-f" "b051660e5c7f717581f5c4796b749082d6d1777116b254cabac140577aa20ea5", kill_on_drop: false }`
[INFO] [stdout] b051660e5c7f717581f5c4796b749082d6d1777116b254cabac140577aa20ea5
[INFO] running `Command { std: "docker" "create" "-v" "/var/lib/crater-agent-workspace/builds/worker-67/target:/opt/rustwide/target:rw,Z" "-v" "/var/lib/crater-agent-workspace/builds/worker-67/source:/opt/rustwide/workdir:ro,Z" "-v" "/var/lib/crater-agent-workspace/cargo-home:/opt/rustwide/cargo-home:ro,Z" "-v" "/var/lib/crater-agent-workspace/rustup-home:/opt/rustwide/rustup-home:ro,Z" "-e" "SOURCE_DIR=/opt/rustwide/workdir" "-e" "CARGO_TARGET_DIR=/opt/rustwide/target" "-e" "CARGO_INCREMENTAL=0" "-e" "RUST_BACKTRACE=full" "-e" "RUSTFLAGS=--cap-lints=warn" "-e" "CARGO_HOME=/opt/rustwide/cargo-home" "-e" "RUSTUP_HOME=/opt/rustwide/rustup-home" "-w" "/opt/rustwide/workdir" "-m" "1610612736" "--user" "0:0" "--network" "none" "ghcr.io/rust-lang/crates-build-env/linux@sha256:34b6a614d2c27851fe6cbf88fbd1137609cefab8b10d0615aaeb6fd47975d74e" "/opt/rustwide/cargo-home/bin/cargo" "+1.54.0" "test" "--frozen" "--no-run" "--message-format=json", kill_on_drop: false }`
[INFO] [stdout] 4e172e3c82c22dc1bd5437cd97b18775b9f63888e537c12d847119a2be5f6c1d
[INFO] running `Command { std: "docker" "start" "-a" "4e172e3c82c22dc1bd5437cd97b18775b9f63888e537c12d847119a2be5f6c1d", kill_on_drop: false }`
[INFO] [stderr]    Compiling neuronika v0.1.0 (/opt/rustwide/workdir)
[INFO] [stderr]     Finished test [unoptimized + debuginfo] target(s) in 14.27s
[INFO] running `Command { std: "docker" "inspect" "4e172e3c82c22dc1bd5437cd97b18775b9f63888e537c12d847119a2be5f6c1d", kill_on_drop: false }`
[INFO] running `Command { std: "docker" "rm" "-f" "4e172e3c82c22dc1bd5437cd97b18775b9f63888e537c12d847119a2be5f6c1d", kill_on_drop: false }`
[INFO] [stdout] 4e172e3c82c22dc1bd5437cd97b18775b9f63888e537c12d847119a2be5f6c1d
[INFO] running `Command { std: "docker" "create" "-v" "/var/lib/crater-agent-workspace/builds/worker-67/target:/opt/rustwide/target:rw,Z" "-v" "/var/lib/crater-agent-workspace/builds/worker-67/source:/opt/rustwide/workdir:ro,Z" "-v" "/var/lib/crater-agent-workspace/cargo-home:/opt/rustwide/cargo-home:ro,Z" "-v" "/var/lib/crater-agent-workspace/rustup-home:/opt/rustwide/rustup-home:ro,Z" "-e" "SOURCE_DIR=/opt/rustwide/workdir" "-e" "CARGO_TARGET_DIR=/opt/rustwide/target" "-e" "CARGO_INCREMENTAL=0" "-e" "RUST_BACKTRACE=full" "-e" "RUSTFLAGS=--cap-lints=warn" "-e" "CARGO_HOME=/opt/rustwide/cargo-home" "-e" "RUSTUP_HOME=/opt/rustwide/rustup-home" "-w" "/opt/rustwide/workdir" "-m" "1610612736" "--user" "0:0" "--network" "none" "ghcr.io/rust-lang/crates-build-env/linux@sha256:34b6a614d2c27851fe6cbf88fbd1137609cefab8b10d0615aaeb6fd47975d74e" "/opt/rustwide/cargo-home/bin/cargo" "+1.54.0" "test" "--frozen", kill_on_drop: false }`
[INFO] [stdout] 55eca09046df3082b1501e0e28afc35a2157818cd329a02a6a43c657c7f5aa84
[INFO] running `Command { std: "docker" "start" "-a" "55eca09046df3082b1501e0e28afc35a2157818cd329a02a6a43c657c7f5aa84", kill_on_drop: false }`
[INFO] [stderr]     Blocking waiting for file lock on package cache
[INFO] [stderr]     Finished test [unoptimized + debuginfo] target(s) in 0.06s
[INFO] [stderr]      Running unittests (/opt/rustwide/target/debug/deps/neuronika-6aa7393f5959fb8e)
[INFO] [stdout] 
[INFO] [stdout] running 372 tests
[INFO] [stdout] test data::tests::dataset::from_reader ... ok
[INFO] [stdout] test data::tests::labeled_dataset::from_reader ... ok
[INFO] [stdout] test data::tests::dataset::split ... ok
[INFO] [stdout] test data::tests::labeled_dataset::split ... ok
[INFO] [stdout] test data::tests::dataset::drop_last ... ok
[INFO] [stdout] test data::tests::dataset::batch ... ok
[INFO] [stdout] test data::tests::labeled_dataset::batch ... ok
[INFO] [stdout] test nn::convolution::tests::aux_functions::conv_groups_args_ok ... ok
[INFO] [stdout] test nn::convolution::tests::aux_functions::conv_args_ok ... ok
[INFO] [stdout] test data::tests::labeled_dataset::shuffle ... ok
[INFO] [stdout] test data::tests::dataset::kfold ... ok
[INFO] [stdout] test data::tests::dataset::shuffle ... ok
[INFO] [stdout] test data::tests::labeled_dataset::kfold ... ok
[INFO] [stdout] test data::tests::labeled_dataset::drop_last ... ok
[INFO] [stdout] test nn::convolution::tests::convolution_node::backward::creation ... ok
[INFO] [stdout] test nn::convolution::tests::aux_functions::flatten ... ok
[INFO] [stdout] test nn::convolution::tests::aux_functions::im2col ... ok
[INFO] [stdout] test nn::convolution::tests::convolution_node::backward_gropued::creation ... ok
[INFO] [stdout] test nn::convolution::tests::convolution_node::forward::creation ... ok
[INFO] [stdout] test nn::convolution::tests::convolution_node::forward_grouped::creation ... ok
[INFO] [stdout] test nn::convolution::tests::convolution_node::forward::computation_was_computed_transition ... ok
[INFO] [stdout] test nn::convolution::tests::paddings::constant_pad ... ok
[INFO] [stdout] test nn::convolution::tests::paddings::reflection_pad_1d ... ok
[INFO] [stdout] test nn::convolution::tests::paddings::reflection_pad_2d ... ok
[INFO] [stdout] test nn::convolution::tests::paddings::reflection_pad_3d ... ok
[INFO] [stdout] test nn::convolution::tests::paddings::replication_pad_1d ... ok
[INFO] [stdout] test nn::convolution::tests::paddings::replication_pad_2d ... ok
[INFO] [stdout] test nn::convolution::tests::paddings::replication_pad_3d ... ok
[INFO] [stdout] test nn::loss::test::bce_loss_sum ... ok
[INFO] [stdout] test nn::loss::test::bce_loss_mean ... ok
[INFO] [stdout] test nn::loss::test::bce_with_logits_loss_mean ... ok
[INFO] [stdout] test nn::loss::test::bce_with_logits_loss_sum ... ok
[INFO] [stdout] test nn::loss::test::mae_loss_sum ... ok
[INFO] [stdout] test nn::loss::test::mae_loss_mean ... ok
[INFO] [stdout] test nn::loss::test::mse_loss_mean ... ok
[INFO] [stdout] test nn::loss::test::mse_loss_sum ... ok
[INFO] [stdout] test nn::loss::test::nll_loss_mean ... ok
[INFO] [stdout] test nn::loss::test::nll_loss_sum ... ok
[INFO] [stdout] test tests::eye_test ... ok
[INFO] [stdout] test tests::from_ndarray_test ... ok
[INFO] [stdout] test tests::linspace ... ok
[INFO] [stdout] test tests::full ... ok
[INFO] [stdout] test tests::ones ... ok
[INFO] [stdout] test tests::range_test ... ok
[INFO] [stdout] test tests::rand_test ... ok
[INFO] [stdout] test tests::zeros ... ok
[INFO] [stdout] test variable::node::backward::tests::backward_addition::backward ... ok
[INFO] [stdout] test variable::node::backward::tests::backward_addition::backward_broadcast_left ... ok
[INFO] [stdout] test variable::node::backward::tests::backward_addition::backward_unary ... ok
[INFO] [stdout] test variable::node::backward::tests::backward_addition::backward_broadcast_right ... ok
[INFO] [stdout] test variable::node::backward::tests::backward_addition::computation_state_transition ... ok
[INFO] [stdout] test variable::node::backward::tests::backward_cat::backward_columns ... ok
[INFO] [stdout] test variable::node::backward::tests::backward_cat::backward_left_columns ... ok
[INFO] [stdout] test variable::node::backward::tests::backward_cat::backward_left_rows ... ok
[INFO] [stdout] test variable::node::backward::tests::backward_cat::backward_right_rows ... ok
[INFO] [stdout] test variable::node::backward::tests::backward_cat::backward_right_columns ... ok
[INFO] [stdout] test variable::node::backward::tests::backward_addition::backward_unary_broadcast ... ok
[INFO] [stdout] test variable::node::backward::tests::backward_cat::backward_rows ... ok
[INFO] [stdout] test variable::node::backward::tests::backward_addition::creation ... ok
[INFO] [stdout] test variable::node::backward::tests::backward_cat::computation_state_transition ... ok
[INFO] [stdout] test variable::node::backward::tests::backward_chunks::computation_state_transition ... ok
[INFO] [stdout] test variable::node::backward::tests::backward_chunks::creation ... ok
[INFO] [stdout] test variable::node::backward::tests::backward_cat::creation ... ok
[INFO] [stdout] test variable::node::backward::tests::backward_chunks::backward ... ok
[INFO] [stdout] test variable::node::backward::tests::backward_division::backward ... ok
[INFO] [stdout] test variable::node::backward::tests::backward_division::backward_left ... ok
[INFO] [stdout] test variable::node::backward::tests::backward_division::backward_broadcast_right ... ok
[INFO] [stdout] test variable::node::backward::tests::backward_division::backward_left_broadcast ... ok
[INFO] [stdout] test variable::node::backward::tests::backward_division::backward_right ... ok
[INFO] [stdout] test variable::node::backward::tests::backward_division::backward_right_broadcast ... ok
[INFO] [stdout] test variable::node::backward::tests::backward_division::backward_broadcast_left ... ok
[INFO] [stdout] test variable::node::backward::tests::backward_division::computation_state_transition ... ok
[INFO] [stdout] test variable::node::backward::tests::backward_division::creation ... ok
[INFO] [stdout] test variable::node::backward::tests::backward_dropout::backward_p_one ... ok
[INFO] [stdout] test variable::node::backward::tests::backward_dropout::backward_p_zero ... ok
[INFO] [stdout] test variable::node::backward::tests::backward_dropout::computation_state_transition ... ok
[INFO] [stdout] test variable::node::backward::tests::backward_exp::computation_state_transition ... ok
[INFO] [stdout] test variable::node::backward::tests::backward_exp::backward ... ok
[INFO] [stdout] test variable::node::backward::tests::backward_input::computation_state_transition ... ok
[INFO] [stdout] test variable::node::backward::tests::backward_dropout::creation ... ok
[INFO] [stdout] test variable::node::backward::tests::backward_input::creation ... ok
[INFO] [stdout] test variable::node::backward::tests::backward_leaky_relu::computation_state_transition ... ok
[INFO] [stdout] test variable::node::backward::tests::backward_leaky_relu::creation ... ok
[INFO] [stdout] test variable::node::backward::tests::backward_exp::creation ... ok
[INFO] [stdout] test variable::node::backward::tests::backward_logn::backward ... ok
[INFO] [stdout] test variable::node::backward::tests::backward_logn::creation ... ok
[INFO] [stdout] test variable::node::backward::tests::backward_leaky_relu::backward ... ok
[INFO] [stdout] test variable::node::backward::tests::backward_logn::computation_state_transition ... ok
[INFO] [stdout] test variable::node::backward::tests::backward_logsoftmax::backward_rows ... ok
[INFO] [stdout] test variable::node::backward::tests::backward_logsoftmax::backward_columns ... ok
[INFO] [stdout] test variable::node::backward::tests::backward_logsoftmax::computation_state_transition ... ok
[INFO] [stdout] test variable::node::backward::tests::backward_logsoftmax::creation ... ok
[INFO] [stdout] test variable::node::backward::tests::backward_matrix_matrix_mul::backward_right ... ok
[INFO] [stdout] test variable::node::backward::tests::backward_matrix_matrix_mul::backward_left ... ok
[INFO] [stdout] test variable::node::backward::tests::backward_matrix_matrix_mul::creation ... ok
[INFO] [stdout] test variable::node::backward::tests::backward_matrix_matrix_mul::backward ... ok
[INFO] [stdout] test variable::node::backward::tests::backward_matrix_matrix_mul::computation_state_transition ... ok
[INFO] [stdout] test variable::node::backward::tests::backward_matrix_matrix_mul_t::creation ... ok
[INFO] [stdout] test variable::node::backward::tests::backward_matrix_matrix_mul_t::backward_left ... ok
[INFO] [stdout] test variable::node::backward::tests::backward_matrix_matrix_mul_t::backward_right ... ok
[INFO] [stdout] test variable::node::backward::tests::backward_matrix_matrix_mul_t::backward ... ok
[INFO] [stdout] test variable::node::backward::tests::backward_matrix_vector_mul::backward ... ok
[INFO] [stdout] test variable::node::backward::tests::backward_matrix_vector_mul::backward_left ... ok
[INFO] [stdout] test variable::node::backward::tests::backward_matrix_vector_mul::backward_right ... ok
[INFO] [stdout] test variable::node::backward::tests::backward_matrix_vector_mul::computation_state_transition ... ok
[INFO] [stdout] test variable::node::backward::tests::backward_matrix_matrix_mul_t::computation_state_transition ... ok
[INFO] [stdout] test variable::node::backward::tests::backward_matrix_vector_mul::creation ... ok
[INFO] [stdout] test variable::node::backward::tests::backward_mean::backward ... ok
[INFO] [stdout] test variable::node::backward::tests::backward_mean::creation ... ok
[INFO] [stdout] test variable::node::backward::tests::backward_multiplication::backward_unary ... ok
[INFO] [stdout] test variable::node::backward::tests::backward_multiplication::backward ... ok
[INFO] [stdout] test variable::node::backward::tests::backward_negation::creation ... ok
[INFO] [stdout] test variable::node::backward::tests::backward_negation::backward ... ok
[INFO] [stdout] test variable::node::backward::tests::backward_negation::computation_state_transition ... ok
[INFO] [stdout] test variable::node::backward::tests::backward_power::backward ... ok
[INFO] [stdout] test variable::node::backward::tests::backward_relu::backward ... ok
[INFO] [stdout] test variable::node::backward::tests::backward_sigmoid::computation_state_transition ... ok
[INFO] [stdout] test variable::node::backward::tests::backward_multiplication::backward_broadcast_left ... ok
[INFO] [stdout] test variable::node::backward::tests::backward_sigmoid::creation ... ok
[INFO] [stdout] test variable::node::backward::tests::backward_multiplication::backward_unary_broadcast ... ok
[INFO] [stdout] test variable::node::backward::tests::backward_power::backward_negative_exp ... ok
[INFO] [stdout] test variable::node::backward::tests::backward_multiplication::backward_broadcast_right ... ok
[INFO] [stdout] test variable::node::backward::tests::backward_sigmoid::backward ... ok
[INFO] [stdout] test variable::node::backward::tests::backward_softmax::creation ... ok
[INFO] [stdout] test variable::node::backward::tests::backward_softmax::backward_columns ... ok
[INFO] [stdout] test variable::node::backward::tests::backward_softplus::backward ... ok
[INFO] [stdout] test variable::node::backward::tests::backward_power::computation_state_transition ... ok
[INFO] [stdout] test variable::node::backward::tests::backward_power::creation ... ok
[INFO] [stdout] test variable::node::backward::tests::backward_softplus::computation_state_transition ... ok
[INFO] [stdout] test variable::node::backward::tests::backward_softplus::creation ... ok
[INFO] [stdout] test variable::node::backward::tests::backward_sqrt::computation_state_transition ... ok
[INFO] [stdout] test variable::node::backward::tests::backward_multiplication::creation ... ok
[INFO] [stdout] test variable::node::backward::tests::backward_multiplication::computation_state_transition ... ok
[INFO] [stdout] test variable::node::backward::tests::backward_mean::computation_state_transition ... ok
[INFO] [stdout] test variable::node::backward::tests::backward_softmax::backward_rows ... ok
[INFO] [stdout] test variable::node::backward::tests::backward_relu::creation ... ok
[INFO] [stdout] test variable::node::backward::tests::backward_softmax::computation_state_transition ... ok
[INFO] [stdout] test variable::node::backward::tests::backward_sqrt::backward ... ok
[INFO] [stdout] test variable::node::backward::tests::backward_sqrt::creation ... ok
[INFO] [stdout] test variable::node::backward::tests::backward_stack::backward_columns ... ok
[INFO] [stdout] test variable::node::backward::tests::backward_relu::computation_state_transition ... ok
[INFO] [stdout] test variable::node::backward::tests::backward_stack::backward_left_rows ... ok
[INFO] [stdout] test variable::node::backward::tests::backward_stack::backward_right_columns ... ok
[INFO] [stdout] test variable::node::backward::tests::backward_stack::backward_left_columns ... ok
[INFO] [stdout] test variable::node::backward::tests::backward_stack::backward_right_rows ... ok
[INFO] [stdout] test variable::node::backward::tests::backward_stack::computation_state_transition ... ok
[INFO] [stdout] test variable::node::backward::tests::backward_stack::backward_rows ... ok
[INFO] [stdout] test variable::node::backward::tests::backward_stack::creation ... ok
[INFO] [stdout] test variable::node::backward::tests::backward_subtraction::backward_left ... ok
[INFO] [stdout] test variable::node::backward::tests::backward_subtraction::backward_broadcast_right ... ok
[INFO] [stdout] test variable::node::backward::tests::backward_subtraction::backward_right_broadcast ... ok
[INFO] [stdout] test variable::node::backward::tests::backward_subtraction::backward_left_broadcast ... ok
[INFO] [stdout] test variable::node::backward::tests::backward_unsqueeze::backward_depths ... ok
[INFO] [stdout] test variable::node::backward::tests::backward_unsqueeze::backward_rows ... ok
[INFO] [stdout] test variable::node::backward::tests::backward_unsqueeze::computation_state_transition ... ok
[INFO] [stdout] test variable::node::backward::tests::backward_unsqueeze::creation ... ok
[INFO] [stdout] test variable::node::backward::tests::backward_vector_matrix_mul::backward_left ... ok
[INFO] [stdout] test variable::node::backward::tests::backward_subtraction::backward_right ... ok
[INFO] [stdout] test variable::node::backward::tests::backward_subtraction::computation_state_transition ... ok
[INFO] [stdout] test variable::node::backward::tests::backward_vector_matrix_mul::creation ... ok
[INFO] [stdout] test variable::node::backward::tests::backward_vector_matrix_mul::backward_right ... ok
[INFO] [stdout] test variable::node::backward::tests::backward_vector_vector_mul::computation_state_transition ... ok
[INFO] [stdout] test variable::node::forward::tests::addition::computation_was_computed_transition ... ok
[INFO] [stdout] test variable::node::backward::tests::backward_subtraction::backward_broadcast_left ... ok
[INFO] [stdout] test variable::node::backward::tests::backward_sum::computation_state_transition ... ok
[INFO] [stdout] test variable::node::backward::tests::backward_subtraction::creation ... ok
[INFO] [stdout] test variable::node::backward::tests::backward_vector_vector_mul::creation ... ok
[INFO] [stdout] test variable::node::backward::tests::backward_sum::creation ... ok
[INFO] [stdout] test variable::node::forward::tests::concatenate::creation ... ok
[INFO] [stdout] test variable::node::forward::tests::concatenate::computation_was_computed_transition ... ok
[INFO] [stdout] test variable::node::forward::tests::division::computation_was_computed_transition ... ok
[INFO] [stdout] test variable::node::forward::tests::division::creation ... ok
[INFO] [stdout] test variable::node::forward::tests::concatenate::forward_rows ... ok
[INFO] [stdout] test variable::node::forward::tests::division::forward ... ok
[INFO] [stdout] test variable::node::forward::tests::division::left_broadcast_forward ... ok
[INFO] [stdout] test variable::node::backward::tests::backward_tanh::computation_state_transition ... ok
[INFO] [stdout] test variable::node::forward::tests::division::right_broadcast_forward ... ok
[INFO] [stdout] test variable::node::backward::tests::backward_tanh::creation ... ok
[INFO] [stdout] test variable::node::forward::tests::dropout::forward_p_one ... ok
[INFO] [stdout] test variable::node::backward::tests::backward_transpose::backward ... ok
[INFO] [stdout] test variable::node::forward::tests::exp::computation_was_computed_transition ... ok
[INFO] [stdout] test variable::node::backward::tests::backward_transpose::computation_state_transition ... ok
[INFO] [stdout] test variable::node::forward::tests::exp::creation ... ok
[INFO] [stdout] test variable::node::backward::tests::backward_tanh::backward ... ok
[INFO] [stdout] test variable::node::backward::tests::backward_sum::backward ... ok
[INFO] [stdout] test variable::node::forward::tests::exp::forward ... ok
[INFO] [stdout] test variable::node::backward::tests::backward_transpose::creation ... ok
[INFO] [stdout] test variable::node::forward::tests::leakyrelu::computation_was_computed_transition ... ok
[INFO] [stdout] test variable::node::forward::tests::leakyrelu::creation ... ok
[INFO] [stdout] test variable::node::forward::tests::logn::creation ... ok
[INFO] [stdout] test variable::node::forward::tests::leakyrelu::forward ... ok
[INFO] [stdout] test variable::node::forward::tests::addition::right_broadcast_forward ... ok
[INFO] [stdout] test variable::node::forward::tests::logn::forward ... ok
[INFO] [stdout] test variable::node::forward::tests::logsoftmax::computation_was_computed_transition ... ok
[INFO] [stdout] test variable::node::forward::tests::logsoftmax::creation ... ok
[INFO] [stdout] test variable::node::backward::tests::backward_unsqueeze::backward_columns ... ok
[INFO] [stdout] test variable::node::forward::tests::addition::creation ... ok
[INFO] [stdout] test variable::node::forward::tests::concatenate::forward_columns ... ok
[INFO] [stdout] test variable::node::forward::tests::dropout::forward_p_zero ... ok
[INFO] [stdout] test variable::node::backward::tests::backward_vector_vector_mul::backward ... ok
[INFO] [stdout] test variable::node::backward::tests::backward_vector_vector_mul::backward_unary ... ok
[INFO] [stdout] test variable::node::backward::tests::backward_vector_matrix_mul::computation_state_transition ... ok
[INFO] [stdout] test variable::node::forward::tests::logn::computation_was_computed_transition ... ok
[INFO] [stdout] test variable::node::forward::tests::dropout::creation ... ok
[INFO] [stdout] test variable::node::forward::tests::addition::left_broadcast_forward ... ok
[INFO] [stdout] test variable::node::backward::tests::backward_vector_matrix_mul::backward ... ok
[INFO] [stdout] test variable::node::forward::tests::logsoftmax::forward_columns ... ok
[INFO] [stdout] test variable::node::forward::tests::addition::forward ... ok
[INFO] [stdout] test variable::node::forward::tests::dropout::forward_scaling ... ok
[INFO] [stdout] test variable::node::forward::tests::matrixmatrixmul::creation ... ok
[INFO] [stdout] test variable::node::backward::tests::backward_subtraction::backward ... ok
[INFO] [stdout] test variable::node::forward::tests::matrixmatrixmult::creation ... ok
[INFO] [stdout] test variable::node::forward::tests::matrixvectormul::creation ... ok
[INFO] [stdout] test variable::node::forward::tests::mean::computation_was_computed_transition ... ok
[INFO] [stdout] test variable::node::forward::tests::matrixvectormul::forward ... ok
[INFO] [stdout] test variable::node::forward::tests::mean::creation ... ok
[INFO] [stdout] test variable::node::forward::tests::multiplication::computation_was_computed_transition ... ok
[INFO] [stdout] test variable::node::forward::tests::mean::forward ... ok
[INFO] [stdout] test variable::node::forward::tests::multiplication::left_broadcast_forward ... ok
[INFO] [stdout] test variable::node::forward::tests::multiplication::right_broadcast_forward ... ok
[INFO] [stdout] test variable::node::forward::tests::multiplication::creation ... ok
[INFO] [stdout] test variable::node::forward::tests::negation::creation ... ok
[INFO] [stdout] test variable::node::forward::tests::negation::forward ... ok
[INFO] [stdout] test variable::node::forward::tests::power::computation_was_computed_transition ... ok
[INFO] [stdout] test variable::node::forward::tests::power::creation ... ok
[INFO] [stdout] test variable::node::forward::tests::multiplication::forward ... ok
[INFO] [stdout] test variable::node::forward::tests::matrixmatrixmult::computation_was_computed_transition ... ok
[INFO] [stdout] test variable::node::forward::tests::logsoftmax::forward_rows ... ok
[INFO] [stdout] test variable::node::forward::tests::matrixvectormul::computation_was_computed_transition ... ok
[INFO] [stdout] test variable::node::forward::tests::negation::computation_was_computed_transition ... ok
[INFO] [stdout] test variable::node::forward::tests::matrixmatrixmult::forward ... ok
[INFO] [stdout] test variable::node::forward::tests::matrixmatrixmul::forward ... ok
[INFO] [stdout] test variable::node::forward::tests::matrixmatrixmul::computation_was_computed_transition ... ok
[INFO] [stdout] test variable::node::forward::tests::relu::computation_was_computed_transition ... ok
[INFO] [stdout] test variable::node::forward::tests::power::forward ... ok
[INFO] [stdout] test variable::node::forward::tests::relu::creation ... ok
[INFO] [stdout] test variable::node::forward::tests::sigmoid::computation_was_computed_transition ... ok
[INFO] [stdout] test variable::node::forward::tests::relu::forward ... ok
[INFO] [stdout] test variable::node::forward::tests::sigmoid::creation ... ok
[INFO] [stdout] test variable::node::forward::tests::dropout::computation_was_computed_transition ... ok
[INFO] [stdout] test variable::node::forward::tests::sqrt::creation ... ok
[INFO] [stdout] test variable::node::forward::tests::softmax::creation ... ok
[INFO] [stdout] test variable::node::forward::tests::softmax::forward_columns ... ok
[INFO] [stdout] test variable::node::forward::tests::softmax::computation_was_computed_transition ... ok
[INFO] [stdout] test variable::node::forward::tests::softplus::computation_was_computed_transition ... ok
[INFO] [stdout] test variable::node::forward::tests::sqrt::forward ... ok
[INFO] [stdout] test variable::node::forward::tests::softplus::creation ... ok
[INFO] [stdout] test variable::node::forward::tests::softplus::forward ... ok
[INFO] [stdout] test variable::node::forward::tests::stack::computation_was_computed_transition ... ok
[INFO] [stdout] test variable::node::forward::tests::sigmoid::forward ... ok
[INFO] [stdout] test variable::node::forward::tests::softmax::forward_rows ... ok
[INFO] [stdout] test variable::node::forward::tests::sqrt::computation_was_computed_transition ... ok
[INFO] [stdout] test variable::node::forward::tests::stack::forward_rows ... ok
[INFO] [stdout] test variable::node::forward::tests::stack::creation ... ok
[INFO] [stdout] test variable::node::forward::tests::subtraction::forward ... ok
[INFO] [stdout] test variable::node::forward::tests::sum::computation_was_computed_transition ... ok
[INFO] [stdout] test variable::node::forward::tests::sum::creation ... ok
[INFO] [stdout] test variable::node::forward::tests::subtraction::computation_was_computed_transition ... ok
[INFO] [stdout] test variable::node::forward::tests::tanh::forward ... ok
[INFO] [stdout] test variable::node::forward::tests::stack::forward_columns ... ok
[INFO] [stdout] test variable::node::forward::tests::subtraction::creation ... ok
[INFO] [stdout] test variable::node::forward::tests::sum::forward ... ok
[INFO] [stdout] test variable::node::forward::tests::subtraction::right_broadcast_forward ... ok
[INFO] [stdout] test variable::node::forward::tests::subtraction::left_broadcast_forward ... ok
[INFO] [stdout] test variable::node::forward::tests::tanh::computation_was_computed_transition ... ok
[INFO] [stdout] test variable::node::forward::tests::tanh::creation ... ok
[INFO] [stdout] test variable::node::forward::tests::transpose::computation_was_computed_transition ... ok
[INFO] [stdout] test variable::node::forward::tests::unsqueeze::computation_was_computed_transition ... ok
[INFO] [stdout] test variable::node::forward::tests::transpose::creation ... ok
[INFO] [stdout] test variable::node::forward::tests::unsqueeze::creation ... ok
[INFO] [stdout] test variable::node::forward::tests::transpose::forward ... ok
[INFO] [stdout] test variable::node::forward::tests::unsqueeze::forward_columns ... ok
[INFO] [stdout] test variable::node::forward::tests::unsqueeze::forward_rows ... ok
[INFO] [stdout] test variable::node::forward::tests::unsqueeze::forward_depths ... ok
[INFO] [stdout] test variable::node::forward::tests::vectormatrixmul::computation_was_computed_transition ... ok
[INFO] [stdout] test variable::node::forward::tests::vectormatrixmul::creation ... ok
[INFO] [stdout] test variable::node::forward::tests::vectormatrixmul::forward ... ok
[INFO] [stdout] test variable::tests::convolve ... ok
[INFO] [stdout] test variable::tests::convolve_groups ... ok
[INFO] [stdout] test variable::tests::div ... ok
[INFO] [stdout] test variable::tests::convolve_diff ... ok
[INFO] [stdout] test variable::tests::convolve_groups_diff ... ok
[INFO] [stdout] test variable::tests::dropout_diff ... ok
[INFO] [stdout] test variable::tests::exp ... ok
[INFO] [stdout] test variable::tests::exp_diff ... ok
[INFO] [stdout] test variable::tests::ln_diff ... ok
[INFO] [stdout] test variable::tests::log_softmax ... ok
[INFO] [stdout] test variable::tests::mean ... ok
[INFO] [stdout] test variable::tests::log_softmax_diff ... ok
[INFO] [stdout] test variable::tests::mean_diff ... ok
[INFO] [stdout] test variable::tests::mm ... ok
[INFO] [stdout] test variable::node::forward::tests::vectorvectormul::computation_was_computed_transition ... ok
[INFO] [stdout] test variable::tests::mul ... ok
[INFO] [stdout] test variable::tests::mul_diff ... ok
[INFO] [stdout] test variable::tests::mul_scalar ... ok
[INFO] [stdout] test variable::tests::neg ... ok
[INFO] [stdout] test variable::tests::mv_diff ... ok
[INFO] [stdout] test variable::tests::neg_diff ... ok
[INFO] [stdout] test variable::tests::relu ... ok
[INFO] [stdout] test variable::tests::sigmoid ... ok
[INFO] [stdout] test variable::tests::relu_diff ... ok
[INFO] [stdout] test variable::tests::sigmoid_diff ... ok
[INFO] [stdout] test variable::tests::softplus_diff ... ok
[INFO] [stdout] test variable::tests::chunks ... ok
[INFO] [stdout] test variable::tests::t_diff ... ok
[INFO] [stdout] test variable::tests::tanh ... ok
[INFO] [stdout] test variable::tests::cat ... ok
[INFO] [stdout] test variable::tests::add_scalar ... ok
[INFO] [stdout] test variable::tests::unsqueeze ... ok
[INFO] [stdout] test variable::tests::unsqueeze_diff ... ok
[INFO] [stdout] test variable::tests::vm ... ok
[INFO] [stdout] test variable::tests::add_diff ... ok
[INFO] [stdout] test variable::tests::div_scalar ... ok
[INFO] [stdout] test variable::tests::sub_diff ... ok
[INFO] [stdout] test variable::tests::dropout ... ok
[INFO] [stdout] test variable::tests::vm_diff ... ok
[INFO] [stdout] test variable::tests::add ... ok
[INFO] [stdout] test variable::tests::ln ... ok
[INFO] [stdout] test variable::tests::mm_diff ... ok
[INFO] [stdout] test variable::tests::leaky_relu_diff ... ok
[INFO] [stdout] test variable::tests::mm_t ... ok
[INFO] [stdout] test variable::tests::mv ... ok
[INFO] [stdout] test variable::tests::mm_t_diff ... ok
[INFO] [stdout] test variable::tests::pow ... ok
[INFO] [stdout] test variable::tests::pow_diff ... ok
[INFO] [stdout] test variable::tests::softplus ... ok
[INFO] [stdout] test variable::node::forward::tests::vectorvectormul::creation ... ok
[INFO] [stdout] test variable::tests::div_diff ... ok
[INFO] [stdout] test variable::tests::softmax_diff ... ok
[INFO] [stdout] test variable::tests::softmax ... ok
[INFO] [stdout] test variable::tests::vv_diff ... ok
[INFO] [stdout] test variable::tests::leaky_relu ... ok
[INFO] [stdout] test variable::tests::sqrt ... ok
[INFO] [stdout] test variable::tests::sqrt_diff ... ok
[INFO] [stdout] test variable::tests::stack_diff ... ok
[INFO] [stdout] test variable::node::forward::tests::vectorvectormul::forward ... ok
[INFO] [stdout] test variable::tests::sub ... ok
[INFO] [stdout] test variable::tests::sum ... ok
[INFO] [stdout] test variable::tests::sub_scalar ... ok
[INFO] [stdout] test variable::tests::sum_diff ... ok
[INFO] [stdout] test variable::tests::cat_diff ... ok
[INFO] [stdout] test variable::tests::t ... ok
[INFO] [stdout] test variable::tests::vv ... ok
[INFO] [stdout] test variable::tests::stack ... ok
[INFO] [stdout] test variable::tests::chunks_diff ... ok
[INFO] [stdout] test variable::tests::parameters_test ... ok
[INFO] [stdout] test variable::tests::tanh_diff ... ok
[INFO] [stdout] test nn::convolution::tests::convolution_node::forward_grouped::computation_was_computed_transition ... ok
[INFO] [stdout] test nn::convolution::tests::aux_functions::conv_groups_args_panic - should panic ... ok
[INFO] [stdout] test variable::node::forward::tests::concatenate::fail_by_columns - should panic ... ok
[INFO] [stdout] test nn::convolution::tests::aux_functions::conv_args_invalid_kernel - should panic ... ok
[INFO] [stdout] test variable::node::forward::tests::concatenate::fail_by_rows - should panic ... ok
[INFO] [stdout] test variable::node::forward::tests::dropout::creation_less_than_zero - should panic ... ok
[INFO] [stdout] test variable::node::forward::tests::stack::fail_by_columns - should panic ... ok
[INFO] [stdout] test variable::node::forward::tests::stack::fail_by_rows - should panic ... ok
[INFO] [stdout] test variable::node::forward::tests::unsqueeze::fail - should panic ... ok
[INFO] [stdout] test nn::convolution::tests::convolution_numeric::grouped_conv2d ... ok
[INFO] [stdout] test nn::convolution::tests::convolution_numeric::grouped_conv3d ... ok
[INFO] [stdout] test nn::convolution::tests::convolution_numeric::grouped_conv1d ... ok
[INFO] [stdout] test nn::convolution::tests::convolution_numeric::conv2d_dilated ... ok
[INFO] [stdout] test nn::convolution::tests::convolution_numeric::conv2d_strided ... ok
[INFO] [stdout] test nn::convolution::tests::convolution_numeric::conv3d_dilated ... ok
[INFO] [stdout] test nn::convolution::tests::convolution_numeric::conv1d_strided ... ok
[INFO] [stdout] test nn::convolution::tests::convolution_numeric::conv2d_padded ... ok
[INFO] [stdout] test nn::convolution::tests::convolution_numeric::conv1d_dilated ... ok
[INFO] [stdout] test nn::convolution::tests::convolution_numeric::conv3d ... ok
[INFO] [stdout] test nn::convolution::tests::convolution_numeric::conv2d ... ok
[INFO] [stdout] test nn::convolution::tests::convolution_numeric::conv3d_strided ... ok
[INFO] [stdout] test nn::convolution::tests::aux_functions::apply_remove_padding ... ok
[INFO] [stdout] test nn::convolution::tests::convolution_numeric::conv1d ... ok
[INFO] [stdout] test nn::convolution::tests::convolution_node::backward::computation_state_transition ... ok
[INFO] [stdout] test nn::convolution::tests::convolution_node::backward_gropued::computation_state_transition ... ok
[INFO] [stdout] 
[INFO] [stdout] test result: ok. 372 passed; 0 failed; 0 ignored; 0 measured; 0 filtered out; finished in 0.79s
[INFO] [stdout] 
[INFO] [stderr]    Doc-tests neuronika
[INFO] [stdout] 
[INFO] [stdout] running 32 tests
[INFO] [stdout] test src/optim/mod.rs - optim (line 80) ... ok
[INFO] [stdout] test src/nn/mod.rs - nn (line 60) ... ok
[INFO] [stdout] test src/nn/mod.rs - nn (line 26) ... ok
[INFO] [stdout] test src/nn/mod.rs - nn (line 153) ... FAILED
[INFO] [stdout] test src/nn/mod.rs - nn (line 39) ... ok
[INFO] [stdout] test src/nn/mod.rs - nn (line 96) ... FAILED
[INFO] [stdout] test src/lib.rs - (line 111) ... FAILED
[INFO] [stdout] test src/lib.rs - (line 90) ... FAILED
[INFO] [stdout] test src/nn/convolution.rs - nn::convolution::Constant::pad (line 185) ... FAILED
[INFO] [stdout] test src/optim/mod.rs - optim (line 20) ... FAILED
[INFO] [stdout] test src/nn/convolution.rs - nn::convolution::Zero::pad (line 110) ... FAILED
[INFO] [stdout] test src/variable/mod.rs - variable::VarDiff<T, U>::parameters (line 1080) ... FAILED
[INFO] [stderr] error: test failed, to rerun pass '--doc'
[INFO] [stderr] 
[INFO] [stderr] Caused by:
[INFO] [stderr]   process didn't exit successfully: `rustdoc --edition=2018 --crate-type lib --crate-name neuronika --test /opt/rustwide/workdir/src/lib.rs -L dependency=/opt/rustwide/target/debug/deps -L dependency=/opt/rustwide/target/debug/deps --extern csv=/opt/rustwide/target/debug/deps/libcsv-187efbc8fa88fe96.rlib --extern itertools=/opt/rustwide/target/debug/deps/libitertools-6b844899321ff5c6.rlib --extern ndarray=/opt/rustwide/target/debug/deps/libndarray-ec977c1974c9fa4c.rlib --extern ndarray_rand=/opt/rustwide/target/debug/deps/libndarray_rand-9105b184d4ec1cc1.rlib --extern neuronika=/opt/rustwide/target/debug/deps/libneuronika-2ee93d846531e6d1.rlib --extern rand=/opt/rustwide/target/debug/deps/librand-523ed961b13c66fe.rlib --extern rand_distr=/opt/rustwide/target/debug/deps/librand_distr-0dc5628775c9cba0.rlib --extern rayon=/opt/rustwide/target/debug/deps/librayon-4c1818fa32cde2c0.rlib --extern serde=/opt/rustwide/target/debug/deps/libserde-1d37970d7e69b8e5.rlib -C embed-bitcode=no --error-format human` (signal: 9, SIGKILL: kill)
[INFO] running `Command { std: "docker" "inspect" "55eca09046df3082b1501e0e28afc35a2157818cd329a02a6a43c657c7f5aa84", kill_on_drop: false }`
[INFO] running `Command { std: "docker" "rm" "-f" "55eca09046df3082b1501e0e28afc35a2157818cd329a02a6a43c657c7f5aa84", kill_on_drop: false }`
[INFO] [stdout] 55eca09046df3082b1501e0e28afc35a2157818cd329a02a6a43c657c7f5aa84
