[INFO] fetching crate nettu_scheduler_domain 0.1.9...
[INFO] testing nettu_scheduler_domain-0.1.9 against 1.54.0 for beta-1.55-1
[INFO] extracting crate nettu_scheduler_domain 0.1.9 into /workspace/builds/worker-99/source
[INFO] validating manifest of crates.io crate nettu_scheduler_domain 0.1.9 on toolchain 1.54.0
[INFO] running `Command { std: "/workspace/cargo-home/bin/cargo" "+1.54.0" "metadata" "--manifest-path" "Cargo.toml" "--no-deps", kill_on_drop: false }`
[INFO] started tweaking crates.io crate nettu_scheduler_domain 0.1.9
[INFO] finished tweaking crates.io crate nettu_scheduler_domain 0.1.9
[INFO] tweaked toml for crates.io crate nettu_scheduler_domain 0.1.9 written to /workspace/builds/worker-99/source/Cargo.toml
[INFO] running `Command { std: "/workspace/cargo-home/bin/cargo" "+1.54.0" "generate-lockfile" "--manifest-path" "Cargo.toml" "-Zno-index-update", kill_on_drop: false }`
[INFO] [stderr]     Blocking waiting for file lock on package cache
[INFO] running `Command { std: "/workspace/cargo-home/bin/cargo" "+1.54.0" "fetch" "--manifest-path" "Cargo.toml", kill_on_drop: false }`
[INFO] [stderr]     Blocking waiting for file lock on package cache
[INFO] [stderr]     Blocking waiting for file lock on package cache
[INFO] running `Command { std: "docker" "create" "-v" "/var/lib/crater-agent-workspace/builds/worker-99/target:/opt/rustwide/target:rw,Z" "-v" "/var/lib/crater-agent-workspace/builds/worker-99/source:/opt/rustwide/workdir:ro,Z" "-v" "/var/lib/crater-agent-workspace/cargo-home:/opt/rustwide/cargo-home:ro,Z" "-v" "/var/lib/crater-agent-workspace/rustup-home:/opt/rustwide/rustup-home:ro,Z" "-e" "SOURCE_DIR=/opt/rustwide/workdir" "-e" "CARGO_TARGET_DIR=/opt/rustwide/target" "-e" "CARGO_HOME=/opt/rustwide/cargo-home" "-e" "RUSTUP_HOME=/opt/rustwide/rustup-home" "-w" "/opt/rustwide/workdir" "-m" "1610612736" "--user" "0:0" "--network" "none" "ghcr.io/rust-lang/crates-build-env/linux@sha256:34b6a614d2c27851fe6cbf88fbd1137609cefab8b10d0615aaeb6fd47975d74e" "/opt/rustwide/cargo-home/bin/cargo" "+1.54.0" "metadata" "--no-deps" "--format-version=1", kill_on_drop: false }`
[INFO] [stdout] 02197e77b5d49ba32455430efac298b7af7b9b665fb78d7daf6f694e8d4041ac
[INFO] running `Command { std: "docker" "start" "-a" "02197e77b5d49ba32455430efac298b7af7b9b665fb78d7daf6f694e8d4041ac", kill_on_drop: false }`
[INFO] running `Command { std: "docker" "inspect" "02197e77b5d49ba32455430efac298b7af7b9b665fb78d7daf6f694e8d4041ac", kill_on_drop: false }`
[INFO] running `Command { std: "docker" "rm" "-f" "02197e77b5d49ba32455430efac298b7af7b9b665fb78d7daf6f694e8d4041ac", kill_on_drop: false }`
[INFO] [stdout] 02197e77b5d49ba32455430efac298b7af7b9b665fb78d7daf6f694e8d4041ac
[INFO] running `Command { std: "docker" "create" "-v" "/var/lib/crater-agent-workspace/builds/worker-99/target:/opt/rustwide/target:rw,Z" "-v" "/var/lib/crater-agent-workspace/builds/worker-99/source:/opt/rustwide/workdir:ro,Z" "-v" "/var/lib/crater-agent-workspace/cargo-home:/opt/rustwide/cargo-home:ro,Z" "-v" "/var/lib/crater-agent-workspace/rustup-home:/opt/rustwide/rustup-home:ro,Z" "-e" "SOURCE_DIR=/opt/rustwide/workdir" "-e" "CARGO_TARGET_DIR=/opt/rustwide/target" "-e" "CARGO_INCREMENTAL=0" "-e" "RUST_BACKTRACE=full" "-e" "RUSTFLAGS=--cap-lints=warn" "-e" "CARGO_HOME=/opt/rustwide/cargo-home" "-e" "RUSTUP_HOME=/opt/rustwide/rustup-home" "-w" "/opt/rustwide/workdir" "-m" "1610612736" "--user" "0:0" "--network" "none" "ghcr.io/rust-lang/crates-build-env/linux@sha256:34b6a614d2c27851fe6cbf88fbd1137609cefab8b10d0615aaeb6fd47975d74e" "/opt/rustwide/cargo-home/bin/cargo" "+1.54.0" "build" "--frozen" "--message-format=json", kill_on_drop: false }`
[INFO] [stdout] 9093dd17a949264aa8249f58b43f48377dd57b56b7dc53f7f4e360301dfc5de4
[INFO] running `Command { std: "docker" "start" "-a" "9093dd17a949264aa8249f58b43f48377dd57b56b7dc53f7f4e360301dfc5de4", kill_on_drop: false }`
[INFO] [stderr]     Blocking waiting for file lock on package cache
[INFO] [stderr]    Compiling syn v1.0.74
[INFO] [stderr]    Compiling memchr v2.4.0
[INFO] [stderr]    Compiling serde v1.0.127
[INFO] [stderr]    Compiling regex-syntax v0.6.25
[INFO] [stderr]    Compiling ryu v1.0.5
[INFO] [stderr]    Compiling tinyvec_macros v0.1.0
[INFO] [stderr]    Compiling once_cell v1.8.0
[INFO] [stderr]    Compiling serde_json v1.0.66
[INFO] [stderr]    Compiling itoa v0.4.7
[INFO] [stderr]    Compiling untrusted v0.7.1
[INFO] [stderr]    Compiling spin v0.5.2
[INFO] [stderr]    Compiling base64 v0.13.0
[INFO] [stderr]    Compiling percent-encoding v2.1.0
[INFO] [stderr]    Compiling base64 v0.12.3
[INFO] [stderr]    Compiling ring v0.16.20
[INFO] [stderr]    Compiling unicode-bidi v0.3.5
[INFO] [stderr]    Compiling itertools v0.10.1
[INFO] [stderr]    Compiling time v0.1.44
[INFO] [stderr]    Compiling getrandom v0.2.3
[INFO] [stderr]    Compiling tinyvec v1.3.1
[INFO] [stderr]    Compiling rand_core v0.6.3
[INFO] [stderr]    Compiling uuid v0.8.2
[INFO] [stderr]    Compiling form_urlencoded v1.0.1
[INFO] [stderr]    Compiling rand_chacha v0.3.1
[INFO] [stderr]    Compiling rand v0.8.4
[INFO] [stderr]    Compiling aho-corasick v0.7.18
[INFO] [stderr]    Compiling unicode-normalization v0.1.19
[INFO] [stderr]    Compiling nettu_scheduler_utils v0.1.0
[INFO] [stderr]    Compiling idna v0.2.3
[INFO] [stderr]    Compiling regex v1.5.4
[INFO] [stderr]    Compiling url v2.2.2
[INFO] [stderr]    Compiling parse-zoneinfo v0.3.0
[INFO] [stderr]    Compiling pem v0.8.3
[INFO] [stderr]    Compiling chrono-tz v0.5.3
[INFO] [stderr]    Compiling serde_derive v1.0.127
[INFO] [stderr]    Compiling thiserror-impl v1.0.26
[INFO] [stderr]    Compiling thiserror v1.0.26
[INFO] [stderr]    Compiling chrono v0.4.19
[INFO] [stderr]    Compiling simple_asn1 v0.4.1
[INFO] [stderr]    Compiling jsonwebtoken v7.2.0
[INFO] [stderr]    Compiling rrule v0.5.9
[INFO] [stderr]    Compiling nettu_scheduler_domain v0.1.9 (/opt/rustwide/workdir)
[INFO] [stdout] warning: associated function is never used: `to_millis`
[INFO] [stdout]   --> src/schedule.rs:91:12
[INFO] [stdout]    |
[INFO] [stdout] 91 |     pub fn to_millis(&self, day: &Day, tzid: &Tz) -> i64 {
[INFO] [stdout]    |            ^^^^^^^^^
[INFO] [stdout]    |
[INFO] [stdout]    = note: `#[warn(dead_code)]` on by default
[INFO] [stdout] 
[INFO] [stdout] 
[INFO] [stdout] warning: 1 warning emitted
[INFO] [stdout] 
[INFO] [stdout] 
[INFO] [stderr]     Finished dev [unoptimized + debuginfo] target(s) in 33.59s
[INFO] running `Command { std: "docker" "inspect" "9093dd17a949264aa8249f58b43f48377dd57b56b7dc53f7f4e360301dfc5de4", kill_on_drop: false }`
[INFO] running `Command { std: "docker" "rm" "-f" "9093dd17a949264aa8249f58b43f48377dd57b56b7dc53f7f4e360301dfc5de4", kill_on_drop: false }`
[INFO] [stdout] 9093dd17a949264aa8249f58b43f48377dd57b56b7dc53f7f4e360301dfc5de4
[INFO] running `Command { std: "docker" "create" "-v" "/var/lib/crater-agent-workspace/builds/worker-99/target:/opt/rustwide/target:rw,Z" "-v" "/var/lib/crater-agent-workspace/builds/worker-99/source:/opt/rustwide/workdir:ro,Z" "-v" "/var/lib/crater-agent-workspace/cargo-home:/opt/rustwide/cargo-home:ro,Z" "-v" "/var/lib/crater-agent-workspace/rustup-home:/opt/rustwide/rustup-home:ro,Z" "-e" "SOURCE_DIR=/opt/rustwide/workdir" "-e" "CARGO_TARGET_DIR=/opt/rustwide/target" "-e" "CARGO_INCREMENTAL=0" "-e" "RUST_BACKTRACE=full" "-e" "RUSTFLAGS=--cap-lints=warn" "-e" "CARGO_HOME=/opt/rustwide/cargo-home" "-e" "RUSTUP_HOME=/opt/rustwide/rustup-home" "-w" "/opt/rustwide/workdir" "-m" "1610612736" "--user" "0:0" "--network" "none" "ghcr.io/rust-lang/crates-build-env/linux@sha256:34b6a614d2c27851fe6cbf88fbd1137609cefab8b10d0615aaeb6fd47975d74e" "/opt/rustwide/cargo-home/bin/cargo" "+1.54.0" "test" "--frozen" "--no-run" "--message-format=json", kill_on_drop: false }`
[INFO] [stdout] 09e8b0a5af31de7bed484758068024ee18f5b4063fbbdaf92dade2f4156b5196
[INFO] running `Command { std: "docker" "start" "-a" "09e8b0a5af31de7bed484758068024ee18f5b4063fbbdaf92dade2f4156b5196", kill_on_drop: false }`
[INFO] [stderr]    Compiling nettu_scheduler_domain v0.1.9 (/opt/rustwide/workdir)
[INFO] [stdout] warning: associated function is never used: `to_millis`
[INFO] [stdout]   --> src/schedule.rs:91:12
[INFO] [stdout]    |
[INFO] [stdout] 91 |     pub fn to_millis(&self, day: &Day, tzid: &Tz) -> i64 {
[INFO] [stdout]    |            ^^^^^^^^^
[INFO] [stdout]    |
[INFO] [stdout]    = note: `#[warn(dead_code)]` on by default
[INFO] [stdout] 
[INFO] [stdout] 
[INFO] [stdout] warning: 1 warning emitted
[INFO] [stdout] 
[INFO] [stdout] 
[INFO] [stdout] warning: associated function is never used: `to_millis`
[INFO] [stdout]   --> src/schedule.rs:91:12
[INFO] [stdout]    |
[INFO] [stdout] 91 |     pub fn to_millis(&self, day: &Day, tzid: &Tz) -> i64 {
[INFO] [stdout]    |            ^^^^^^^^^
[INFO] [stdout]    |
[INFO] [stdout]    = note: `#[warn(dead_code)]` on by default
[INFO] [stdout] 
[INFO] [stdout] 
[INFO] [stdout] warning: 1 warning emitted
[INFO] [stdout] 
[INFO] [stdout] 
[INFO] [stderr]     Finished test [unoptimized + debuginfo] target(s) in 5.18s
[INFO] running `Command { std: "docker" "inspect" "09e8b0a5af31de7bed484758068024ee18f5b4063fbbdaf92dade2f4156b5196", kill_on_drop: false }`
[INFO] running `Command { std: "docker" "rm" "-f" "09e8b0a5af31de7bed484758068024ee18f5b4063fbbdaf92dade2f4156b5196", kill_on_drop: false }`
[INFO] [stdout] 09e8b0a5af31de7bed484758068024ee18f5b4063fbbdaf92dade2f4156b5196
[INFO] running `Command { std: "docker" "create" "-v" "/var/lib/crater-agent-workspace/builds/worker-99/target:/opt/rustwide/target:rw,Z" "-v" "/var/lib/crater-agent-workspace/builds/worker-99/source:/opt/rustwide/workdir:ro,Z" "-v" "/var/lib/crater-agent-workspace/cargo-home:/opt/rustwide/cargo-home:ro,Z" "-v" "/var/lib/crater-agent-workspace/rustup-home:/opt/rustwide/rustup-home:ro,Z" "-e" "SOURCE_DIR=/opt/rustwide/workdir" "-e" "CARGO_TARGET_DIR=/opt/rustwide/target" "-e" "CARGO_INCREMENTAL=0" "-e" "RUST_BACKTRACE=full" "-e" "RUSTFLAGS=--cap-lints=warn" "-e" "CARGO_HOME=/opt/rustwide/cargo-home" "-e" "RUSTUP_HOME=/opt/rustwide/rustup-home" "-w" "/opt/rustwide/workdir" "-m" "1610612736" "--user" "0:0" "--network" "none" "ghcr.io/rust-lang/crates-build-env/linux@sha256:34b6a614d2c27851fe6cbf88fbd1137609cefab8b10d0615aaeb6fd47975d74e" "/opt/rustwide/cargo-home/bin/cargo" "+1.54.0" "test" "--frozen", kill_on_drop: false }`
[INFO] [stdout] 4dc16339174d4fab4bb3f03ea5d7d3ebec6b5f413d6254f13526ccb097c1a414
[INFO] running `Command { std: "docker" "start" "-a" "4dc16339174d4fab4bb3f03ea5d7d3ebec6b5f413d6254f13526ccb097c1a414", kill_on_drop: false }`
[INFO] [stderr]     Blocking waiting for file lock on package cache
[INFO] [stderr] warning: associated function is never used: `to_millis`
[INFO] [stderr]   --> src/schedule.rs:91:12
[INFO] [stderr]    |
[INFO] [stderr] 91 |     pub fn to_millis(&self, day: &Day, tzid: &Tz) -> i64 {
[INFO] [stderr]    |            ^^^^^^^^^
[INFO] [stderr]    |
[INFO] [stderr]    = note: `#[warn(dead_code)]` on by default
[INFO] [stderr] 
[INFO] [stderr] warning: 1 warning emitted
[INFO] [stderr] 
[INFO] [stderr] warning: associated function is never used: `to_millis`
[INFO] [stderr]   --> src/schedule.rs:91:12
[INFO] [stderr]    |
[INFO] [stderr] 91 |     pub fn to_millis(&self, day: &Day, tzid: &Tz) -> i64 {
[INFO] [stderr]    |            ^^^^^^^^^
[INFO] [stderr]    |
[INFO] [stderr]    = note: `#[warn(dead_code)]` on by default
[INFO] [stderr] 
[INFO] [stderr] warning: 1 warning emitted
[INFO] [stderr] 
[INFO] [stderr]     Finished test [unoptimized + debuginfo] target(s) in 0.06s
[INFO] [stderr]      Running unittests (/opt/rustwide/target/debug/deps/nettu_scheduler_domain-e7e0a5cb100b0753)
[INFO] [stdout] 
[INFO] [stdout] running 55 tests
[INFO] [stdout] test account::test::it_creates_account ... ok
[INFO] [stdout] test booking_slots::test::generate_service_bookingslots_with_one_user_in_service ... ok
[INFO] [stdout] test booking_slots::test::get_booking_slots_from_many_events ... ok
[INFO] [stdout] test booking_slots::test::get_booking_slots_empty ... ok
[INFO] [stdout] test booking_slots::test::generate_service_bookingslots_with_two_users_in_service ... ok
[INFO] [stdout] test booking_slots::test::get_booking_slots_from_one_event_1 ... ok
[INFO] [stdout] test booking_slots::test::get_booking_slots_from_one_event_2 ... ok
[INFO] [stdout] test booking_slots::test::get_booking_slots_from_two_events ... ok
[INFO] [stdout] test booking_slots::test::get_booking_slots_from_one_event_3 ... ok
[INFO] [stdout] test booking_slots::test::slot_that_crosses_end ... ok
[INFO] [stdout] test booking_slots::test::slot_that_crosses_start ... ok
[INFO] [stdout] test booking_slots::test::slot_that_fits_right_at_end ... ok
[INFO] [stdout] test date::test::it_rejects_invalid_dates ... ok
[INFO] [stdout] test date::test::it_accepts_valid_dates ... ok
[INFO] [stdout] test account::test::it_rejects_invalid_public_key ... ok
[INFO] [stdout] test event::test::calendar_event_without_recurrence ... ok
[INFO] [stdout] test event_instance::test::combining_events::no_overlap ... ok
[INFO] [stdout] test event_instance::test::combining_events::overlap_with_extending ... ok
[INFO] [stdout] test event_instance::test::combining_events::overlap_without_extending ... ok
[INFO] [stdout] test event::test::rejects_event_with_invalid_recurrence ... ok
[INFO] [stdout] test event_instance::test::combining_events::remove_busy_from_free_complete_partial_split_in_1 ... ok
[INFO] [stdout] test event_instance::test::another_free_busy ... ok
[INFO] [stdout] test event_instance::test::combining_events::remove_busy_from_free_complete_partial_split_in_2 ... ok
[INFO] [stdout] test event_instance::test::combining_events::remove_busy_from_free_complete_overlap ... ok
[INFO] [stdout] test event::test::daily_calendar_event ... ok
[INFO] [stdout] test event_instance::test::combining_events::remove_busy_from_free_no_overlap ... ok
[INFO] [stdout] test event_instance::test::compatible_events_test_1 ... ok
[INFO] [stdout] test event_instance::test::compatible_events_test_2 ... ok
[INFO] [stdout] test event_instance::test::compatible_events_test_3 ... ok
[INFO] [stdout] test event_instance::test::compatible_events_test_4 ... ok
[INFO] [stdout] test event_instance::test::compatible_events_test_5 ... ok
[INFO] [stdout] test event_instance::test::compatible_events_test_6 ... ok
[INFO] [stdout] test event_instance::test::no_free_event ... ok
[INFO] [stdout] test event_instance::test::remove_busy_from_free_test_1 ... ok
[INFO] [stdout] test event::test::allows_event_with_valid_recurrence ... ok
[INFO] [stdout] test event_instance::test::remove_busy_from_free_test_2 ... ok
[INFO] [stdout] test event_instance::test::removes_all_after ... ok
[INFO] [stdout] test event_instance::test::removes_all_before ... ok
[INFO] [stdout] test event_instance::test::simple_freebusy ... ok
[INFO] [stdout] test event_instance::test::single_event ... ok
[INFO] [stdout] test schedule::test::day_sanity_tests ... ok
[INFO] [stdout] test schedule::test::it_parses_intervals_for_rule ... ok
[INFO] [stdout] test schedule::test::it_computes_freebusy_for_schedule ... ok
[INFO] [stdout] test schedule::test::schedule_freebusy_2 ... ok
[INFO] [stdout] test scheduling::round_robin::tests::round_robin_availability_assignment_2 ... ok
[INFO] [stdout] test scheduling::round_robin::tests::round_robin_availability_assignment_without_members ... ok
[INFO] [stdout] test schedule::test::schedule_freebusy ... ok
[INFO] [stdout] test scheduling::round_robin::tests::round_robin_eq_distribution_assignment_without_members ... ok
[INFO] [stdout] test shared::recurrence::test::parses_invalid_weekday_str_correctly ... ok
[INFO] [stdout] test shared::recurrence::test::parses_valid_weekday_str_correctly ... ok
[INFO] [stdout] test scheduling::round_robin::tests::round_robin_availability_assignment ... ok
[INFO] [stdout] test shared::recurrence::test::serializes_weekday ... ok
[INFO] [stdout] test account::test::it_accepts_valid_public_key ... FAILED
[INFO] [stdout] test scheduling::round_robin::tests::round_robin_eq_distribution_assignment ... ok
[INFO] [stdout] test booking_slots::test::groups_bookingslots_by_date ... ok
[INFO] [stdout] 
[INFO] [stdout] failures:
[INFO] [stdout] 
[INFO] [stdout] ---- account::test::it_accepts_valid_public_key stdout ----
[INFO] [stdout] thread 'account::test::it_accepts_valid_public_key' panicked at 'called `Result::unwrap()` on an `Err` value: Os { code: 2, kind: NotFound, message: "No such file or directory" }', src/account.rs:146:78
[INFO] [stdout] stack backtrace:
[INFO] [stdout]    0:     0x55d0652e84a0 - std::backtrace_rs::backtrace::libunwind::trace::h34055254b57d8e79
[INFO] [stdout]                                at /rustc/a178d0322ce20e33eac124758e837cbd80a6f633/library/std/src/../../backtrace/src/backtrace/libunwind.rs:90:5
[INFO] [stdout]    1:     0x55d0652e84a0 - std::backtrace_rs::backtrace::trace_unsynchronized::h8f1e3fbd9afff6ec
[INFO] [stdout]                                at /rustc/a178d0322ce20e33eac124758e837cbd80a6f633/library/std/src/../../backtrace/src/backtrace/mod.rs:66:5
[INFO] [stdout]    2:     0x55d0652e84a0 - std::sys_common::backtrace::_print_fmt::h3a99a796b770c360
[INFO] [stdout]                                at /rustc/a178d0322ce20e33eac124758e837cbd80a6f633/library/std/src/sys_common/backtrace.rs:67:5
[INFO] [stdout]    3:     0x55d0652e84a0 - <std::sys_common::backtrace::_print::DisplayBacktrace as core::fmt::Display>::fmt::h32d1f94a80615d18
[INFO] [stdout]                                at /rustc/a178d0322ce20e33eac124758e837cbd80a6f633/library/std/src/sys_common/backtrace.rs:46:22
[INFO] [stdout]    4:     0x55d06530b13c - core::fmt::write::h306731c068f7162c
[INFO] [stdout]                                at /rustc/a178d0322ce20e33eac124758e837cbd80a6f633/library/core/src/fmt/mod.rs:1110:17
[INFO] [stdout]    5:     0x55d0652e53c5 - std::io::Write::write_fmt::h87f19b0a2cd190bc
[INFO] [stdout]                                at /rustc/a178d0322ce20e33eac124758e837cbd80a6f633/library/std/src/io/mod.rs:1588:15
[INFO] [stdout]    6:     0x55d0652ea60b - std::sys_common::backtrace::_print::h5abaa2601a852287
[INFO] [stdout]                                at /rustc/a178d0322ce20e33eac124758e837cbd80a6f633/library/std/src/sys_common/backtrace.rs:49:5
[INFO] [stdout]    7:     0x55d0652ea60b - std::sys_common::backtrace::print::h8d81445442bb638f
[INFO] [stdout]                                at /rustc/a178d0322ce20e33eac124758e837cbd80a6f633/library/std/src/sys_common/backtrace.rs:36:9
[INFO] [stdout]    8:     0x55d0652ea60b - std::panicking::default_hook::{{closure}}::hcfe804496a9fa747
[INFO] [stdout]                                at /rustc/a178d0322ce20e33eac124758e837cbd80a6f633/library/std/src/panicking.rs:208:50
[INFO] [stdout]    9:     0x55d0652ea11c - std::panicking::default_hook::hbea8e3ccf2ba8901
[INFO] [stdout]                                at /rustc/a178d0322ce20e33eac124758e837cbd80a6f633/library/std/src/panicking.rs:222:9
[INFO] [stdout]   10:     0x55d0652eacd4 - std::panicking::rust_panic_with_hook::h7ee9e1a2d0f8975a
[INFO] [stdout]                                at /rustc/a178d0322ce20e33eac124758e837cbd80a6f633/library/std/src/panicking.rs:622:17
[INFO] [stdout]   11:     0x55d0652ea7b7 - std::panicking::begin_panic_handler::{{closure}}::h8ab3b4491718b2c7
[INFO] [stdout]                                at /rustc/a178d0322ce20e33eac124758e837cbd80a6f633/library/std/src/panicking.rs:519:13
[INFO] [stdout]   12:     0x55d0652e899c - std::sys_common::backtrace::__rust_end_short_backtrace::hd489062ffa586a9f
[INFO] [stdout]                                at /rustc/a178d0322ce20e33eac124758e837cbd80a6f633/library/std/src/sys_common/backtrace.rs:141:18
[INFO] [stdout]   13:     0x55d0652ea719 - rust_begin_unwind
[INFO] [stdout]                                at /rustc/a178d0322ce20e33eac124758e837cbd80a6f633/library/std/src/panicking.rs:515:5
[INFO] [stdout]   14:     0x55d064f5bb41 - core::panicking::panic_fmt::hca6330e3e14086b4
[INFO] [stdout]                                at /rustc/a178d0322ce20e33eac124758e837cbd80a6f633/library/core/src/panicking.rs:92:14
[INFO] [stdout]   15:     0x55d064f5bc33 - core::result::unwrap_failed::h6160d2b4bfbb0e87
[INFO] [stdout]                                at /rustc/a178d0322ce20e33eac124758e837cbd80a6f633/library/core/src/result.rs:1355:5
[INFO] [stdout]   16:     0x55d064f76614 - core::result::Result<T,E>::unwrap::hbaf461369cf2be24
[INFO] [stdout]                                at /rustc/a178d0322ce20e33eac124758e837cbd80a6f633/library/core/src/result.rs:1037:23
[INFO] [stdout]   17:     0x55d064f77fd3 - nettu_scheduler_domain::account::test::it_accepts_valid_public_key::hd61c43811945e133
[INFO] [stdout]                                at /opt/rustwide/workdir/src/account.rs:146:23
[INFO] [stdout]   18:     0x55d064f77f8a - nettu_scheduler_domain::account::test::it_accepts_valid_public_key::{{closure}}::h99a57c7942a75056
[INFO] [stdout]                                at /opt/rustwide/workdir/src/account.rs:145:5
[INFO] [stdout]   19:     0x55d064f82d8e - core::ops::function::FnOnce::call_once::hca20db183bded6da
[INFO] [stdout]                                at /rustc/a178d0322ce20e33eac124758e837cbd80a6f633/library/core/src/ops/function.rs:227:5
[INFO] [stdout]   20:     0x55d065046333 - core::ops::function::FnOnce::call_once::h152e7e439ff59e19
[INFO] [stdout]                                at /rustc/a178d0322ce20e33eac124758e837cbd80a6f633/library/core/src/ops/function.rs:227:5
[INFO] [stdout]   21:     0x55d065046333 - test::__rust_begin_short_backtrace::h0908f3b1fdbb72ab
[INFO] [stdout]                                at /rustc/a178d0322ce20e33eac124758e837cbd80a6f633/library/test/src/lib.rs:577:5
[INFO] [stdout]   22:     0x55d065044df0 - <alloc::boxed::Box<F,A> as core::ops::function::FnOnce<Args>>::call_once::hf6d2a51e5587546c
[INFO] [stdout]                                at /rustc/a178d0322ce20e33eac124758e837cbd80a6f633/library/alloc/src/boxed.rs:1575:9
[INFO] [stdout]   23:     0x55d065044df0 - <std::panic::AssertUnwindSafe<F> as core::ops::function::FnOnce<()>>::call_once::h8af660f3a89ef593
[INFO] [stdout]                                at /rustc/a178d0322ce20e33eac124758e837cbd80a6f633/library/std/src/panic.rs:347:9
[INFO] [stdout]   24:     0x55d065044df0 - std::panicking::try::do_call::hd36aef60f84b6d36
[INFO] [stdout]                                at /rustc/a178d0322ce20e33eac124758e837cbd80a6f633/library/std/src/panicking.rs:401:40
[INFO] [stdout]   25:     0x55d065044df0 - std::panicking::try::h9932b4480e69817c
[INFO] [stdout]                                at /rustc/a178d0322ce20e33eac124758e837cbd80a6f633/library/std/src/panicking.rs:365:19
[INFO] [stdout]   26:     0x55d065044df0 - std::panic::catch_unwind::h6aa177099cfff5f8
[INFO] [stdout]                                at /rustc/a178d0322ce20e33eac124758e837cbd80a6f633/library/std/src/panic.rs:434:14
[INFO] [stdout]   27:     0x55d065044df0 - test::run_test_in_process::h5884d6f2d99e20c3
[INFO] [stdout]                                at /rustc/a178d0322ce20e33eac124758e837cbd80a6f633/library/test/src/lib.rs:600:18
[INFO] [stdout]   28:     0x55d065044df0 - test::run_test::run_test_inner::{{closure}}::h6fdc58c6d5f5b6e3
[INFO] [stdout]                                at /rustc/a178d0322ce20e33eac124758e837cbd80a6f633/library/test/src/lib.rs:492:39
[INFO] [stdout]   29:     0x55d06501e4a2 - test::run_test::run_test_inner::{{closure}}::h408365d67a78ade8
[INFO] [stdout]                                at /rustc/a178d0322ce20e33eac124758e837cbd80a6f633/library/test/src/lib.rs:519:37
[INFO] [stdout]   30:     0x55d06501e4a2 - std::sys_common::backtrace::__rust_begin_short_backtrace::hb560b77c4f701523
[INFO] [stdout]                                at /rustc/a178d0322ce20e33eac124758e837cbd80a6f633/library/std/src/sys_common/backtrace.rs:125:18
[INFO] [stdout]   31:     0x55d065022058 - std::thread::Builder::spawn_unchecked::{{closure}}::{{closure}}::hf2e7831dad93c597
[INFO] [stdout]                                at /rustc/a178d0322ce20e33eac124758e837cbd80a6f633/library/std/src/thread/mod.rs:481:17
[INFO] [stdout]   32:     0x55d065022058 - <std::panic::AssertUnwindSafe<F> as core::ops::function::FnOnce<()>>::call_once::hd2e08783d8be4d02
[INFO] [stdout]                                at /rustc/a178d0322ce20e33eac124758e837cbd80a6f633/library/std/src/panic.rs:347:9
[INFO] [stdout]   33:     0x55d065022058 - std::panicking::try::do_call::h062597b7acfd6b82
[INFO] [stdout]                                at /rustc/a178d0322ce20e33eac124758e837cbd80a6f633/library/std/src/panicking.rs:401:40
[INFO] [stdout]   34:     0x55d065022058 - std::panicking::try::h0d7b79db04c14552
[INFO] [stdout]                                at /rustc/a178d0322ce20e33eac124758e837cbd80a6f633/library/std/src/panicking.rs:365:19
[INFO] [stdout]   35:     0x55d065022058 - std::panic::catch_unwind::hb01a0b5e7c8cd43b
[INFO] [stdout]                                at /rustc/a178d0322ce20e33eac124758e837cbd80a6f633/library/std/src/panic.rs:434:14
[INFO] [stdout]   36:     0x55d065022058 - std::thread::Builder::spawn_unchecked::{{closure}}::h5bde48cc887e0d1e
[INFO] [stdout]                                at /rustc/a178d0322ce20e33eac124758e837cbd80a6f633/library/std/src/thread/mod.rs:480:30
[INFO] [stdout]   37:     0x55d065022058 - core::ops::function::FnOnce::call_once{{vtable.shim}}::h745ea30807a29e55
[INFO] [stdout]                                at /rustc/a178d0322ce20e33eac124758e837cbd80a6f633/library/core/src/ops/function.rs:227:5
[INFO] [stdout]   38:     0x55d0652ef7b7 - <alloc::boxed::Box<F,A> as core::ops::function::FnOnce<Args>>::call_once::h7ece6cfefaff1005
[INFO] [stdout]                                at /rustc/a178d0322ce20e33eac124758e837cbd80a6f633/library/alloc/src/boxed.rs:1575:9
[INFO] [stdout]   39:     0x55d0652ef7b7 - <alloc::boxed::Box<F,A> as core::ops::function::FnOnce<Args>>::call_once::hb8b48e55c21f193e
[INFO] [stdout]                                at /rustc/a178d0322ce20e33eac124758e837cbd80a6f633/library/alloc/src/boxed.rs:1575:9
[INFO] [stdout]   40:     0x55d0652ef7b7 - std::sys::unix::thread::Thread::new::thread_start::h8c7c4450dba62914
[INFO] [stdout]                                at /rustc/a178d0322ce20e33eac124758e837cbd80a6f633/library/std/src/sys/unix/thread.rs:71:17
[INFO] [stdout]   41:     0x7f2ebd9bd609 - start_thread
[INFO] [stdout]   42:     0x7f2ebd78f293 - clone
[INFO] [stdout]   43:                0x0 - <unknown>
[INFO] [stdout] 
[INFO] [stdout] 
[INFO] [stdout] failures:
[INFO] [stdout]     account::test::it_accepts_valid_public_key
[INFO] [stdout] 
[INFO] [stdout] test result: FAILED. 54 passed; 1 failed; 0 ignored; 0 measured; 0 filtered out; finished in 0.09s
[INFO] [stdout] 
[INFO] [stderr] error: test failed, to rerun pass '--lib'
[INFO] running `Command { std: "docker" "inspect" "4dc16339174d4fab4bb3f03ea5d7d3ebec6b5f413d6254f13526ccb097c1a414", kill_on_drop: false }`
[INFO] running `Command { std: "docker" "rm" "-f" "4dc16339174d4fab4bb3f03ea5d7d3ebec6b5f413d6254f13526ccb097c1a414", kill_on_drop: false }`
[INFO] [stdout] 4dc16339174d4fab4bb3f03ea5d7d3ebec6b5f413d6254f13526ccb097c1a414
