[INFO] fetching crate netmod-udp 0.2.0...
[INFO] testing netmod-udp-0.2.0 against 1.54.0 for beta-1.55-1
[INFO] extracting crate netmod-udp 0.2.0 into /workspace/builds/worker-86/source
[INFO] validating manifest of crates.io crate netmod-udp 0.2.0 on toolchain 1.54.0
[INFO] running `Command { std: "/workspace/cargo-home/bin/cargo" "+1.54.0" "metadata" "--manifest-path" "Cargo.toml" "--no-deps", kill_on_drop: false }`
[INFO] started tweaking crates.io crate netmod-udp 0.2.0
[INFO] finished tweaking crates.io crate netmod-udp 0.2.0
[INFO] tweaked toml for crates.io crate netmod-udp 0.2.0 written to /workspace/builds/worker-86/source/Cargo.toml
[INFO] running `Command { std: "/workspace/cargo-home/bin/cargo" "+1.54.0" "generate-lockfile" "--manifest-path" "Cargo.toml" "-Zno-index-update", kill_on_drop: false }`
[INFO] [stderr]     Blocking waiting for file lock on package cache
[INFO] running `Command { std: "/workspace/cargo-home/bin/cargo" "+1.54.0" "fetch" "--manifest-path" "Cargo.toml", kill_on_drop: false }`
[INFO] [stderr]     Blocking waiting for file lock on package cache
[INFO] [stderr]     Blocking waiting for file lock on package cache
[INFO] [stderr]  Downloading crates ...
[INFO] [stderr]   Downloaded ratman-identity v0.6.2
[INFO] [stderr]   Downloaded ratman-netmod v0.5.1
[INFO] [stderr]   Downloaded task-notify v0.1.0
[INFO] running `Command { std: "docker" "create" "-v" "/var/lib/crater-agent-workspace/builds/worker-86/target:/opt/rustwide/target:rw,Z" "-v" "/var/lib/crater-agent-workspace/builds/worker-86/source:/opt/rustwide/workdir:ro,Z" "-v" "/var/lib/crater-agent-workspace/cargo-home:/opt/rustwide/cargo-home:ro,Z" "-v" "/var/lib/crater-agent-workspace/rustup-home:/opt/rustwide/rustup-home:ro,Z" "-e" "SOURCE_DIR=/opt/rustwide/workdir" "-e" "CARGO_TARGET_DIR=/opt/rustwide/target" "-e" "CARGO_HOME=/opt/rustwide/cargo-home" "-e" "RUSTUP_HOME=/opt/rustwide/rustup-home" "-w" "/opt/rustwide/workdir" "-m" "1610612736" "--user" "0:0" "--network" "none" "ghcr.io/rust-lang/crates-build-env/linux@sha256:34b6a614d2c27851fe6cbf88fbd1137609cefab8b10d0615aaeb6fd47975d74e" "/opt/rustwide/cargo-home/bin/cargo" "+1.54.0" "metadata" "--no-deps" "--format-version=1", kill_on_drop: false }`
[INFO] [stdout] 93b876b3bf9caab271857387639c83d42d16c30ef810e9e0eb19ee016eb4c68d
[INFO] running `Command { std: "docker" "start" "-a" "93b876b3bf9caab271857387639c83d42d16c30ef810e9e0eb19ee016eb4c68d", kill_on_drop: false }`
[INFO] running `Command { std: "docker" "inspect" "93b876b3bf9caab271857387639c83d42d16c30ef810e9e0eb19ee016eb4c68d", kill_on_drop: false }`
[INFO] running `Command { std: "docker" "rm" "-f" "93b876b3bf9caab271857387639c83d42d16c30ef810e9e0eb19ee016eb4c68d", kill_on_drop: false }`
[INFO] [stdout] 93b876b3bf9caab271857387639c83d42d16c30ef810e9e0eb19ee016eb4c68d
[INFO] running `Command { std: "docker" "create" "-v" "/var/lib/crater-agent-workspace/builds/worker-86/target:/opt/rustwide/target:rw,Z" "-v" "/var/lib/crater-agent-workspace/builds/worker-86/source:/opt/rustwide/workdir:ro,Z" "-v" "/var/lib/crater-agent-workspace/cargo-home:/opt/rustwide/cargo-home:ro,Z" "-v" "/var/lib/crater-agent-workspace/rustup-home:/opt/rustwide/rustup-home:ro,Z" "-e" "SOURCE_DIR=/opt/rustwide/workdir" "-e" "CARGO_TARGET_DIR=/opt/rustwide/target" "-e" "CARGO_INCREMENTAL=0" "-e" "RUST_BACKTRACE=full" "-e" "RUSTFLAGS=--cap-lints=warn" "-e" "CARGO_HOME=/opt/rustwide/cargo-home" "-e" "RUSTUP_HOME=/opt/rustwide/rustup-home" "-w" "/opt/rustwide/workdir" "-m" "1610612736" "--user" "0:0" "--network" "none" "ghcr.io/rust-lang/crates-build-env/linux@sha256:34b6a614d2c27851fe6cbf88fbd1137609cefab8b10d0615aaeb6fd47975d74e" "/opt/rustwide/cargo-home/bin/cargo" "+1.54.0" "build" "--frozen" "--message-format=json", kill_on_drop: false }`
[INFO] [stdout] 1b0a2222c416fd0b0b5a9d17757ac832ee71fc0f0d03d0a8ccaf8008826ea612
[INFO] running `Command { std: "docker" "start" "-a" "1b0a2222c416fd0b0b5a9d17757ac832ee71fc0f0d03d0a8ccaf8008826ea612", kill_on_drop: false }`
[INFO] [stderr]     Blocking waiting for file lock on package cache
[INFO] [stderr]     Blocking waiting for file lock on package cache
[INFO] [stderr]    Compiling syn v1.0.74
[INFO] [stderr]    Compiling futures-core v0.3.16
[INFO] [stderr]    Compiling log v0.4.14
[INFO] [stderr]    Compiling cache-padded v1.1.1
[INFO] [stderr]    Compiling parking v2.0.0
[INFO] [stderr]    Compiling futures-io v0.3.16
[INFO] [stderr]    Compiling waker-fn v1.1.0
[INFO] [stderr]    Compiling event-listener v2.5.1
[INFO] [stderr]    Compiling fastrand v1.5.0
[INFO] [stderr]    Compiling stable_deref_trait v1.2.0
[INFO] [stderr]    Compiling heapless v0.5.6
[INFO] [stderr]    Compiling byteorder v1.4.3
[INFO] [stderr]    Compiling signal-hook v0.3.9
[INFO] [stderr]    Compiling async-task v4.0.3
[INFO] [stderr]    Compiling atomic-waker v1.0.0
[INFO] [stderr]    Compiling postcard-cobs v0.1.5-pre
[INFO] [stderr]    Compiling hex v0.4.3
[INFO] [stderr]    Compiling task-notify v0.1.0
[INFO] [stderr]    Compiling value-bag v1.0.0-alpha.7
[INFO] [stderr]    Compiling tracing-core v0.1.18
[INFO] [stderr]    Compiling socket2 v0.4.1
[INFO] [stderr]    Compiling signal-hook-registry v1.4.0
[INFO] [stderr]    Compiling crypto-mac v0.7.0
[INFO] [stderr]    Compiling rand v0.7.3
[INFO] [stderr]    Compiling twox-hash v1.6.1
[INFO] [stderr]    Compiling concurrent-queue v1.2.2
[INFO] [stderr]    Compiling as-slice v0.1.5
[INFO] [stderr]    Compiling async-mutex v1.4.0
[INFO] [stderr]    Compiling async-lock v2.4.0
[INFO] [stderr]    Compiling blake2 v0.8.1
[INFO] [stderr]    Compiling hash32 v0.1.1
[INFO] [stderr]    Compiling futures-lite v1.12.0
[INFO] [stderr]    Compiling async-channel v1.6.1
[INFO] [stderr]    Compiling async-executor v1.4.1
[INFO] [stderr]    Compiling blocking v1.0.2
[INFO] [stderr]    Compiling ctor v0.1.20
[INFO] [stderr]    Compiling serde_derive v1.0.127
[INFO] [stderr]    Compiling tracing-attributes v0.1.15
[INFO] [stderr]    Compiling pin-project-internal v1.0.8
[INFO] [stderr]    Compiling async-trait v0.1.51
[INFO] [stderr]    Compiling polling v2.1.0
[INFO] [stderr]    Compiling kv-log-macro v1.0.7
[INFO] [stderr]    Compiling async-io v1.6.0
[INFO] [stderr]    Compiling tracing v0.1.26
[INFO] [stderr]    Compiling pin-project v1.0.8
[INFO] [stderr]    Compiling tracing-futures v0.2.5
[INFO] [stderr]    Compiling async-process v1.1.0
[INFO] [stderr]    Compiling async-global-executor v2.0.2
[INFO] [stderr]    Compiling async-std v1.9.0
[INFO] [stderr]    Compiling serde v1.0.127
[INFO] [stderr]    Compiling ratman-identity v0.6.2
[INFO] [stderr]    Compiling bincode v1.3.3
[INFO] [stderr]    Compiling postcard v0.4.3
[INFO] [stderr]    Compiling conjoiner-engine v1.2.3
[INFO] [stderr]    Compiling ratman-netmod v0.5.1
[INFO] [stderr]    Compiling netmod-udp v0.2.0 (/opt/rustwide/workdir)
[INFO] [stderr]     Finished dev [unoptimized + debuginfo] target(s) in 26.76s
[INFO] running `Command { std: "docker" "inspect" "1b0a2222c416fd0b0b5a9d17757ac832ee71fc0f0d03d0a8ccaf8008826ea612", kill_on_drop: false }`
[INFO] running `Command { std: "docker" "rm" "-f" "1b0a2222c416fd0b0b5a9d17757ac832ee71fc0f0d03d0a8ccaf8008826ea612", kill_on_drop: false }`
[INFO] [stdout] 1b0a2222c416fd0b0b5a9d17757ac832ee71fc0f0d03d0a8ccaf8008826ea612
[INFO] running `Command { std: "docker" "create" "-v" "/var/lib/crater-agent-workspace/builds/worker-86/target:/opt/rustwide/target:rw,Z" "-v" "/var/lib/crater-agent-workspace/builds/worker-86/source:/opt/rustwide/workdir:ro,Z" "-v" "/var/lib/crater-agent-workspace/cargo-home:/opt/rustwide/cargo-home:ro,Z" "-v" "/var/lib/crater-agent-workspace/rustup-home:/opt/rustwide/rustup-home:ro,Z" "-e" "SOURCE_DIR=/opt/rustwide/workdir" "-e" "CARGO_TARGET_DIR=/opt/rustwide/target" "-e" "CARGO_INCREMENTAL=0" "-e" "RUST_BACKTRACE=full" "-e" "RUSTFLAGS=--cap-lints=warn" "-e" "CARGO_HOME=/opt/rustwide/cargo-home" "-e" "RUSTUP_HOME=/opt/rustwide/rustup-home" "-w" "/opt/rustwide/workdir" "-m" "1610612736" "--user" "0:0" "--network" "none" "ghcr.io/rust-lang/crates-build-env/linux@sha256:34b6a614d2c27851fe6cbf88fbd1137609cefab8b10d0615aaeb6fd47975d74e" "/opt/rustwide/cargo-home/bin/cargo" "+1.54.0" "test" "--frozen" "--no-run" "--message-format=json", kill_on_drop: false }`
[INFO] [stdout] 68c6e684fe74f24434caa17e2042e7d7c9731b077cd59f785ce38f8661e8538a
[INFO] running `Command { std: "docker" "start" "-a" "68c6e684fe74f24434caa17e2042e7d7c9731b077cd59f785ce38f8661e8538a", kill_on_drop: false }`
[INFO] [stderr]    Compiling netmod-udp v0.2.0 (/opt/rustwide/workdir)
[INFO] [stderr]     Finished test [unoptimized + debuginfo] target(s) in 3.68s
[INFO] running `Command { std: "docker" "inspect" "68c6e684fe74f24434caa17e2042e7d7c9731b077cd59f785ce38f8661e8538a", kill_on_drop: false }`
[INFO] running `Command { std: "docker" "rm" "-f" "68c6e684fe74f24434caa17e2042e7d7c9731b077cd59f785ce38f8661e8538a", kill_on_drop: false }`
[INFO] [stdout] 68c6e684fe74f24434caa17e2042e7d7c9731b077cd59f785ce38f8661e8538a
[INFO] running `Command { std: "docker" "create" "-v" "/var/lib/crater-agent-workspace/builds/worker-86/target:/opt/rustwide/target:rw,Z" "-v" "/var/lib/crater-agent-workspace/builds/worker-86/source:/opt/rustwide/workdir:ro,Z" "-v" "/var/lib/crater-agent-workspace/cargo-home:/opt/rustwide/cargo-home:ro,Z" "-v" "/var/lib/crater-agent-workspace/rustup-home:/opt/rustwide/rustup-home:ro,Z" "-e" "SOURCE_DIR=/opt/rustwide/workdir" "-e" "CARGO_TARGET_DIR=/opt/rustwide/target" "-e" "CARGO_INCREMENTAL=0" "-e" "RUST_BACKTRACE=full" "-e" "RUSTFLAGS=--cap-lints=warn" "-e" "CARGO_HOME=/opt/rustwide/cargo-home" "-e" "RUSTUP_HOME=/opt/rustwide/rustup-home" "-w" "/opt/rustwide/workdir" "-m" "1610612736" "--user" "0:0" "--network" "none" "ghcr.io/rust-lang/crates-build-env/linux@sha256:34b6a614d2c27851fe6cbf88fbd1137609cefab8b10d0615aaeb6fd47975d74e" "/opt/rustwide/cargo-home/bin/cargo" "+1.54.0" "test" "--frozen", kill_on_drop: false }`
[INFO] [stdout] 7c2f1aa2a7d1f98895894615c939b9c53536980d7226d7b7cd1f9a502ec8cf9b
[INFO] running `Command { std: "docker" "start" "-a" "7c2f1aa2a7d1f98895894615c939b9c53536980d7226d7b7cd1f9a502ec8cf9b", kill_on_drop: false }`
[INFO] [stderr]     Blocking waiting for file lock on package cache
[INFO] [stderr]     Finished test [unoptimized + debuginfo] target(s) in 0.86s
[INFO] [stderr]      Running unittests (/opt/rustwide/target/debug/deps/netmod_udp-ff1d586d58ccf94d)
[INFO] [stdout] 
[INFO] [stdout] running 3 tests
[INFO] [stdout] test discover ... ignored
[INFO] [stdout] test socket::test_single_unicast ... ignored
[INFO] [stdout] test socket::test_init ... FAILED
[INFO] [stdout] 
[INFO] [stdout] failures:
[INFO] [stdout] 
[INFO] [stdout] ---- socket::test_init stdout ----
[INFO] [stdout] thread 'socket::test_init' panicked at 'Failed to join multicast. Error: Os { code: 19, kind: Other, message: "No such device" }', src/socket.rs:31:14
[INFO] [stdout] stack backtrace:
[INFO] [stdout]    0:     0x561b7773a780 - std::backtrace_rs::backtrace::libunwind::trace::h34055254b57d8e79
[INFO] [stdout]                                at /rustc/a178d0322ce20e33eac124758e837cbd80a6f633/library/std/src/../../backtrace/src/backtrace/libunwind.rs:90:5
[INFO] [stdout]    1:     0x561b7773a780 - std::backtrace_rs::backtrace::trace_unsynchronized::h8f1e3fbd9afff6ec
[INFO] [stdout]                                at /rustc/a178d0322ce20e33eac124758e837cbd80a6f633/library/std/src/../../backtrace/src/backtrace/mod.rs:66:5
[INFO] [stdout]    2:     0x561b7773a780 - std::sys_common::backtrace::_print_fmt::h3a99a796b770c360
[INFO] [stdout]                                at /rustc/a178d0322ce20e33eac124758e837cbd80a6f633/library/std/src/sys_common/backtrace.rs:67:5
[INFO] [stdout]    3:     0x561b7773a780 - <std::sys_common::backtrace::_print::DisplayBacktrace as core::fmt::Display>::fmt::h32d1f94a80615d18
[INFO] [stdout]                                at /rustc/a178d0322ce20e33eac124758e837cbd80a6f633/library/std/src/sys_common/backtrace.rs:46:22
[INFO] [stdout]    4:     0x561b7775d4fc - core::fmt::write::h306731c068f7162c
[INFO] [stdout]                                at /rustc/a178d0322ce20e33eac124758e837cbd80a6f633/library/core/src/fmt/mod.rs:1110:17
[INFO] [stdout]    5:     0x561b77735a45 - std::io::Write::write_fmt::h87f19b0a2cd190bc
[INFO] [stdout]                                at /rustc/a178d0322ce20e33eac124758e837cbd80a6f633/library/std/src/io/mod.rs:1588:15
[INFO] [stdout]    6:     0x561b7773c9ab - std::sys_common::backtrace::_print::h5abaa2601a852287
[INFO] [stdout]                                at /rustc/a178d0322ce20e33eac124758e837cbd80a6f633/library/std/src/sys_common/backtrace.rs:49:5
[INFO] [stdout]    7:     0x561b7773c9ab - std::sys_common::backtrace::print::h8d81445442bb638f
[INFO] [stdout]                                at /rustc/a178d0322ce20e33eac124758e837cbd80a6f633/library/std/src/sys_common/backtrace.rs:36:9
[INFO] [stdout]    8:     0x561b7773c9ab - std::panicking::default_hook::{{closure}}::hcfe804496a9fa747
[INFO] [stdout]                                at /rustc/a178d0322ce20e33eac124758e837cbd80a6f633/library/std/src/panicking.rs:208:50
[INFO] [stdout]    9:     0x561b7773c4bc - std::panicking::default_hook::hbea8e3ccf2ba8901
[INFO] [stdout]                                at /rustc/a178d0322ce20e33eac124758e837cbd80a6f633/library/std/src/panicking.rs:222:9
[INFO] [stdout]   10:     0x561b7773d074 - std::panicking::rust_panic_with_hook::h7ee9e1a2d0f8975a
[INFO] [stdout]                                at /rustc/a178d0322ce20e33eac124758e837cbd80a6f633/library/std/src/panicking.rs:622:17
[INFO] [stdout]   11:     0x561b7773cb57 - std::panicking::begin_panic_handler::{{closure}}::h8ab3b4491718b2c7
[INFO] [stdout]                                at /rustc/a178d0322ce20e33eac124758e837cbd80a6f633/library/std/src/panicking.rs:519:13
[INFO] [stdout]   12:     0x561b7773ac7c - std::sys_common::backtrace::__rust_end_short_backtrace::hd489062ffa586a9f
[INFO] [stdout]                                at /rustc/a178d0322ce20e33eac124758e837cbd80a6f633/library/std/src/sys_common/backtrace.rs:141:18
[INFO] [stdout]   13:     0x561b7773cab9 - rust_begin_unwind
[INFO] [stdout]                                at /rustc/a178d0322ce20e33eac124758e837cbd80a6f633/library/std/src/panicking.rs:515:5
[INFO] [stdout]   14:     0x561b77502ac1 - core::panicking::panic_fmt::hca6330e3e14086b4
[INFO] [stdout]                                at /rustc/a178d0322ce20e33eac124758e837cbd80a6f633/library/core/src/panicking.rs:92:14
[INFO] [stdout]   15:     0x561b77502bb3 - core::result::unwrap_failed::h6160d2b4bfbb0e87
[INFO] [stdout]                                at /rustc/a178d0322ce20e33eac124758e837cbd80a6f633/library/core/src/result.rs:1355:5
[INFO] [stdout]   16:     0x561b776d45e9 - core::result::Result<T,E>::expect::h9e22657f85559a7d
[INFO] [stdout]                                at /rustc/a178d0322ce20e33eac124758e837cbd80a6f633/library/core/src/result.rs:997:23
[INFO] [stdout]   17:     0x561b77579952 - netmod_udp::socket::Socket::with_port::{{closure}}::{{closure}}::haf8fd464d002cbec
[INFO] [stdout]                                at /opt/rustwide/workdir/src/socket.rs:30:9
[INFO] [stdout]   18:     0x561b7751d109 - <core::future::from_generator::GenFuture<T> as core::future::future::Future>::poll::hd98021a40489e114
[INFO] [stdout]                                at /rustc/a178d0322ce20e33eac124758e837cbd80a6f633/library/core/src/future/mod.rs:80:19
[INFO] [stdout]   19:     0x561b7755a1fa - <tracing::instrument::Instrumented<T> as core::future::future::Future>::poll::hdf7f417acc5c936a
[INFO] [stdout]                                at /opt/rustwide/cargo-home/registry/src/github.com-1ecc6299db9ec823/tracing-0.1.26/src/instrument.rs:151:9
[INFO] [stdout]   20:     0x561b7757a87d - netmod_udp::socket::Socket::with_port::{{closure}}::hfbd2620b96477abf
[INFO] [stdout]                                at /opt/rustwide/workdir/src/socket.rs:28:82
[INFO] [stdout]   21:     0x561b7751ba69 - <core::future::from_generator::GenFuture<T> as core::future::future::Future>::poll::h3505468a603328a5
[INFO] [stdout]                                at /rustc/a178d0322ce20e33eac124758e837cbd80a6f633/library/core/src/future/mod.rs:80:19
[INFO] [stdout]   22:     0x561b7757f307 - netmod_udp::socket::test_init::{{closure}}::hffb81edd4a810333
[INFO] [stdout]                                at /opt/rustwide/workdir/src/socket.rs:144:20
[INFO] [stdout]   23:     0x561b7751c69b - <core::future::from_generator::GenFuture<T> as core::future::future::Future>::poll::h9d50d959cc195c87
[INFO] [stdout]                                at /rustc/a178d0322ce20e33eac124758e837cbd80a6f633/library/core/src/future/mod.rs:80:19
[INFO] [stdout]   24:     0x561b7755cda9 - <async_std::task::builder::SupportTaskLocals<F> as core::future::future::Future>::poll::{{closure}}::hf772aaf7a7d0d8fd
[INFO] [stdout]                                at /opt/rustwide/cargo-home/registry/src/github.com-1ecc6299db9ec823/async-std-1.9.0/src/task/builder.rs:199:17
[INFO] [stdout]   25:     0x561b775196c6 - async_std::task::task_locals_wrapper::TaskLocalsWrapper::set_current::{{closure}}::h22d9dc34684e74ce
[INFO] [stdout]                                at /opt/rustwide/cargo-home/registry/src/github.com-1ecc6299db9ec823/async-std-1.9.0/src/task/task_locals_wrapper.rs:60:13
[INFO] [stdout]   26:     0x561b77552c41 - std::thread::local::LocalKey<T>::try_with::h947481679b527234
[INFO] [stdout]                                at /rustc/a178d0322ce20e33eac124758e837cbd80a6f633/library/std/src/thread/local.rs:400:16
[INFO] [stdout]   27:     0x561b775505bd - std::thread::local::LocalKey<T>::with::h25c3ec2e2d6abf8b
[INFO] [stdout]                                at /rustc/a178d0322ce20e33eac124758e837cbd80a6f633/library/std/src/thread/local.rs:376:9
[INFO] [stdout]   28:     0x561b77519308 - async_std::task::task_locals_wrapper::TaskLocalsWrapper::set_current::h481e95c704771716
[INFO] [stdout]                                at /opt/rustwide/cargo-home/registry/src/github.com-1ecc6299db9ec823/async-std-1.9.0/src/task/task_locals_wrapper.rs:55:9
[INFO] [stdout]   29:     0x561b7755ca35 - <async_std::task::builder::SupportTaskLocals<F> as core::future::future::Future>::poll::h3f8369ae83cb2d31
[INFO] [stdout]                                at /opt/rustwide/cargo-home/registry/src/github.com-1ecc6299db9ec823/async-std-1.9.0/src/task/builder.rs:197:13
[INFO] [stdout]   30:     0x561b7757562b - <futures_lite::future::Or<F1,F2> as core::future::future::Future>::poll::h146781de19d8db0b
[INFO] [stdout]                                at /opt/rustwide/cargo-home/registry/src/github.com-1ecc6299db9ec823/futures-lite-1.12.0/src/future.rs:526:33
[INFO] [stdout]   31:     0x561b77570f34 - async_executor::Executor::run::{{closure}}::hcb8f5b99f899cac9
[INFO] [stdout]                                at /opt/rustwide/cargo-home/registry/src/github.com-1ecc6299db9ec823/async-executor-1.4.1/src/lib.rs:242:9
[INFO] [stdout]   32:     0x561b7751bdcb - <core::future::from_generator::GenFuture<T> as core::future::future::Future>::poll::h5feb3a1b8da39c05
[INFO] [stdout]                                at /rustc/a178d0322ce20e33eac124758e837cbd80a6f633/library/core/src/future/mod.rs:80:19
[INFO] [stdout]   33:     0x561b7756ef60 - async_executor::LocalExecutor::run::{{closure}}::h5461ac4ecf929d4c
[INFO] [stdout]                                at /opt/rustwide/cargo-home/registry/src/github.com-1ecc6299db9ec823/async-executor-1.4.1/src/lib.rs:447:9
[INFO] [stdout]   34:     0x561b7751cafb - <core::future::from_generator::GenFuture<T> as core::future::future::Future>::poll::hb98c804f2d3da184
[INFO] [stdout]                                at /rustc/a178d0322ce20e33eac124758e837cbd80a6f633/library/core/src/future/mod.rs:80:19
[INFO] [stdout]   35:     0x561b7755f9dd - async_io::driver::block_on::hacb9ce5ec2159d7d
[INFO] [stdout]                                at /opt/rustwide/cargo-home/registry/src/github.com-1ecc6299db9ec823/async-io-1.6.0/src/driver.rs:142:33
[INFO] [stdout]   36:     0x561b775134a3 - async_global_executor::reactor::block_on::{{closure}}::h8c6d1eed49bceb14
[INFO] [stdout]                                at /opt/rustwide/cargo-home/registry/src/github.com-1ecc6299db9ec823/async-global-executor-2.0.2/src/reactor.rs:3:18
[INFO] [stdout]   37:     0x561b775132d3 - async_global_executor::reactor::block_on::h5521035043fa0bff
[INFO] [stdout]                                at /opt/rustwide/cargo-home/registry/src/github.com-1ecc6299db9ec823/async-global-executor-2.0.2/src/reactor.rs:12:5
[INFO] [stdout]   38:     0x561b77526d0d - async_global_executor::executor::block_on::{{closure}}::h752481cae0ce9d75
[INFO] [stdout]                                at /opt/rustwide/cargo-home/registry/src/github.com-1ecc6299db9ec823/async-global-executor-2.0.2/src/executor.rs:26:36
[INFO] [stdout]   39:     0x561b7755482a - std::thread::local::LocalKey<T>::try_with::hde4b8054e9f9d73c
[INFO] [stdout]                                at /rustc/a178d0322ce20e33eac124758e837cbd80a6f633/library/std/src/thread/local.rs:400:16
[INFO] [stdout]   40:     0x561b775507e0 - std::thread::local::LocalKey<T>::with::h40bed7d614b560af
[INFO] [stdout]                                at /rustc/a178d0322ce20e33eac124758e837cbd80a6f633/library/std/src/thread/local.rs:376:9
[INFO] [stdout]   41:     0x561b77526b4a - async_global_executor::executor::block_on::hbf5b29fa895c2b6b
[INFO] [stdout]                                at /opt/rustwide/cargo-home/registry/src/github.com-1ecc6299db9ec823/async-global-executor-2.0.2/src/executor.rs:26:5
[INFO] [stdout]   42:     0x561b77568ff0 - async_std::task::builder::Builder::blocking::{{closure}}::{{closure}}::h6881cc7cf77d26a2
[INFO] [stdout]                                at /opt/rustwide/cargo-home/registry/src/github.com-1ecc6299db9ec823/async-std-1.9.0/src/task/builder.rs:171:25
[INFO] [stdout]   43:     0x561b7751a0db - async_std::task::task_locals_wrapper::TaskLocalsWrapper::set_current::{{closure}}::hfd183fa54c5ade05
[INFO] [stdout]                                at /opt/rustwide/cargo-home/registry/src/github.com-1ecc6299db9ec823/async-std-1.9.0/src/task/task_locals_wrapper.rs:60:13
[INFO] [stdout]   44:     0x561b77553a2a - std::thread::local::LocalKey<T>::try_with::hb22b22c1c0f841ca
[INFO] [stdout]                                at /rustc/a178d0322ce20e33eac124758e837cbd80a6f633/library/std/src/thread/local.rs:400:16
[INFO] [stdout]   45:     0x561b77550772 - std::thread::local::LocalKey<T>::with::h40931ee9ae595e18
[INFO] [stdout]                                at /rustc/a178d0322ce20e33eac124758e837cbd80a6f633/library/std/src/thread/local.rs:376:9
[INFO] [stdout]   46:     0x561b7751935a - async_std::task::task_locals_wrapper::TaskLocalsWrapper::set_current::h5c61f5bac360f6da
[INFO] [stdout]                                at /opt/rustwide/cargo-home/registry/src/github.com-1ecc6299db9ec823/async-std-1.9.0/src/task/task_locals_wrapper.rs:55:9
[INFO] [stdout]   47:     0x561b77568764 - async_std::task::builder::Builder::blocking::{{closure}}::h2250734985d58f0f
[INFO] [stdout]                                at /opt/rustwide/cargo-home/registry/src/github.com-1ecc6299db9ec823/async-std-1.9.0/src/task/builder.rs:168:17
[INFO] [stdout]   48:     0x561b775546c2 - std::thread::local::LocalKey<T>::try_with::hd73e9a62d012d1c6
[INFO] [stdout]                                at /rustc/a178d0322ce20e33eac124758e837cbd80a6f633/library/std/src/thread/local.rs:400:16
[INFO] [stdout]   49:     0x561b77550550 - std::thread::local::LocalKey<T>::with::h2338c4dd9a03406d
[INFO] [stdout]                                at /rustc/a178d0322ce20e33eac124758e837cbd80a6f633/library/std/src/thread/local.rs:376:9
[INFO] [stdout]   50:     0x561b77567c85 - async_std::task::builder::Builder::blocking::h2824587bfaa32180
[INFO] [stdout]                                at /opt/rustwide/cargo-home/registry/src/github.com-1ecc6299db9ec823/async-std-1.9.0/src/task/builder.rs:161:9
[INFO] [stdout]   51:     0x561b77575a6a - async_std::task::block_on::block_on::h593a3387d5be1281
[INFO] [stdout]                                at /opt/rustwide/cargo-home/registry/src/github.com-1ecc6299db9ec823/async-std-1.9.0/src/task/block_on.rs:33:5
[INFO] [stdout]   52:     0x561b7757f14b - netmod_udp::socket::test_init::h480f600cc7a83518
[INFO] [stdout]                                at /opt/rustwide/workdir/src/socket.rs:142:5
[INFO] [stdout]   53:     0x561b7757f10a - netmod_udp::socket::test_init::{{closure}}::hbfcdd5c83c67695e
[INFO] [stdout]                                at /opt/rustwide/workdir/src/socket.rs:141:1
[INFO] [stdout]   54:     0x561b7753c35e - core::ops::function::FnOnce::call_once::hda93be52f2c6fd55
[INFO] [stdout]                                at /rustc/a178d0322ce20e33eac124758e837cbd80a6f633/library/core/src/ops/function.rs:227:5
[INFO] [stdout]   55:     0x561b775a9233 - core::ops::function::FnOnce::call_once::h152e7e439ff59e19
[INFO] [stdout]                                at /rustc/a178d0322ce20e33eac124758e837cbd80a6f633/library/core/src/ops/function.rs:227:5
[INFO] [stdout]   56:     0x561b775a9233 - test::__rust_begin_short_backtrace::h0908f3b1fdbb72ab
[INFO] [stdout]                                at /rustc/a178d0322ce20e33eac124758e837cbd80a6f633/library/test/src/lib.rs:577:5
[INFO] [stdout]   57:     0x561b775a7cf0 - <alloc::boxed::Box<F,A> as core::ops::function::FnOnce<Args>>::call_once::hf6d2a51e5587546c
[INFO] [stdout]                                at /rustc/a178d0322ce20e33eac124758e837cbd80a6f633/library/alloc/src/boxed.rs:1575:9
[INFO] [stdout]   58:     0x561b775a7cf0 - <std::panic::AssertUnwindSafe<F> as core::ops::function::FnOnce<()>>::call_once::h8af660f3a89ef593
[INFO] [stdout]                                at /rustc/a178d0322ce20e33eac124758e837cbd80a6f633/library/std/src/panic.rs:347:9
[INFO] [stdout]   59:     0x561b775a7cf0 - std::panicking::try::do_call::hd36aef60f84b6d36
[INFO] [stdout]                                at /rustc/a178d0322ce20e33eac124758e837cbd80a6f633/library/std/src/panicking.rs:401:40
[INFO] [stdout]   60:     0x561b775a7cf0 - std::panicking::try::h9932b4480e69817c
[INFO] [stdout]                                at /rustc/a178d0322ce20e33eac124758e837cbd80a6f633/library/std/src/panicking.rs:365:19
[INFO] [stdout]   61:     0x561b775a7cf0 - std::panic::catch_unwind::h6aa177099cfff5f8
[INFO] [stdout]                                at /rustc/a178d0322ce20e33eac124758e837cbd80a6f633/library/std/src/panic.rs:434:14
[INFO] [stdout]   62:     0x561b775a7cf0 - test::run_test_in_process::h5884d6f2d99e20c3
[INFO] [stdout]                                at /rustc/a178d0322ce20e33eac124758e837cbd80a6f633/library/test/src/lib.rs:600:18
[INFO] [stdout]   63:     0x561b775a7cf0 - test::run_test::run_test_inner::{{closure}}::h6fdc58c6d5f5b6e3
[INFO] [stdout]                                at /rustc/a178d0322ce20e33eac124758e837cbd80a6f633/library/test/src/lib.rs:492:39
[INFO] [stdout]   64:     0x561b775813a2 - test::run_test::run_test_inner::{{closure}}::h408365d67a78ade8
[INFO] [stdout]                                at /rustc/a178d0322ce20e33eac124758e837cbd80a6f633/library/test/src/lib.rs:519:37
[INFO] [stdout]   65:     0x561b775813a2 - std::sys_common::backtrace::__rust_begin_short_backtrace::hb560b77c4f701523
[INFO] [stdout]                                at /rustc/a178d0322ce20e33eac124758e837cbd80a6f633/library/std/src/sys_common/backtrace.rs:125:18
[INFO] [stdout]   66:     0x561b77584f58 - std::thread::Builder::spawn_unchecked::{{closure}}::{{closure}}::hf2e7831dad93c597
[INFO] [stdout]                                at /rustc/a178d0322ce20e33eac124758e837cbd80a6f633/library/std/src/thread/mod.rs:481:17
[INFO] [stdout]   67:     0x561b77584f58 - <std::panic::AssertUnwindSafe<F> as core::ops::function::FnOnce<()>>::call_once::hd2e08783d8be4d02
[INFO] [stdout]                                at /rustc/a178d0322ce20e33eac124758e837cbd80a6f633/library/std/src/panic.rs:347:9
[INFO] [stdout]   68:     0x561b77584f58 - std::panicking::try::do_call::h062597b7acfd6b82
[INFO] [stdout]                                at /rustc/a178d0322ce20e33eac124758e837cbd80a6f633/library/std/src/panicking.rs:401:40
[INFO] [stdout]   69:     0x561b77584f58 - std::panicking::try::h0d7b79db04c14552
[INFO] [stdout]                                at /rustc/a178d0322ce20e33eac124758e837cbd80a6f633/library/std/src/panicking.rs:365:19
[INFO] [stdout]   70:     0x561b77584f58 - std::panic::catch_unwind::hb01a0b5e7c8cd43b
[INFO] [stdout]                                at /rustc/a178d0322ce20e33eac124758e837cbd80a6f633/library/std/src/panic.rs:434:14
[INFO] [stdout]   71:     0x561b77584f58 - std::thread::Builder::spawn_unchecked::{{closure}}::h5bde48cc887e0d1e
[INFO] [stdout]                                at /rustc/a178d0322ce20e33eac124758e837cbd80a6f633/library/std/src/thread/mod.rs:480:30
[INFO] [stdout]   72:     0x561b77584f58 - core::ops::function::FnOnce::call_once{{vtable.shim}}::h745ea30807a29e55
[INFO] [stdout]                                at /rustc/a178d0322ce20e33eac124758e837cbd80a6f633/library/core/src/ops/function.rs:227:5
[INFO] [stdout]   73:     0x561b77741f67 - <alloc::boxed::Box<F,A> as core::ops::function::FnOnce<Args>>::call_once::h7ece6cfefaff1005
[INFO] [stdout]                                at /rustc/a178d0322ce20e33eac124758e837cbd80a6f633/library/alloc/src/boxed.rs:1575:9
[INFO] [stdout]   74:     0x561b77741f67 - <alloc::boxed::Box<F,A> as core::ops::function::FnOnce<Args>>::call_once::hb8b48e55c21f193e
[INFO] [stdout]                                at /rustc/a178d0322ce20e33eac124758e837cbd80a6f633/library/alloc/src/boxed.rs:1575:9
[INFO] [stdout]   75:     0x561b77741f67 - std::sys::unix::thread::Thread::new::thread_start::h8c7c4450dba62914
[INFO] [stdout]                                at /rustc/a178d0322ce20e33eac124758e837cbd80a6f633/library/std/src/sys/unix/thread.rs:71:17
[INFO] [stdout]   76:     0x7f21d4261609 - start_thread
[INFO] [stdout]   77:     0x7f21d4033293 - clone
[INFO] [stdout]   78:                0x0 - <unknown>
[INFO] [stdout] 
[INFO] [stdout] 
[INFO] [stdout] failures:
[INFO] [stdout]     socket::test_init
[INFO] [stdout] 
[INFO] [stdout] test result: FAILED. 0 passed; 1 failed; 2 ignored; 0 measured; 0 filtered out; finished in 0.10s
[INFO] [stdout] 
[INFO] [stderr] error: test failed, to rerun pass '--lib'
[INFO] running `Command { std: "docker" "inspect" "7c2f1aa2a7d1f98895894615c939b9c53536980d7226d7b7cd1f9a502ec8cf9b", kill_on_drop: false }`
[INFO] running `Command { std: "docker" "rm" "-f" "7c2f1aa2a7d1f98895894615c939b9c53536980d7226d7b7cd1f9a502ec8cf9b", kill_on_drop: false }`
[INFO] [stdout] 7c2f1aa2a7d1f98895894615c939b9c53536980d7226d7b7cd1f9a502ec8cf9b
