[INFO] fetching crate nes_rom 0.1.0...
[INFO] testing nes_rom-0.1.0 against beta-2021-08-01 for beta-1.55-1
[INFO] extracting crate nes_rom 0.1.0 into /workspace/builds/worker-32/source
[INFO] validating manifest of crates.io crate nes_rom 0.1.0 on toolchain beta-2021-08-01
[INFO] running `Command { std: "/workspace/cargo-home/bin/cargo" "+beta-2021-08-01" "metadata" "--manifest-path" "Cargo.toml" "--no-deps", kill_on_drop: false }`
[INFO] started tweaking crates.io crate nes_rom 0.1.0
[INFO] finished tweaking crates.io crate nes_rom 0.1.0
[INFO] tweaked toml for crates.io crate nes_rom 0.1.0 written to /workspace/builds/worker-32/source/Cargo.toml
[INFO] running `Command { std: "/workspace/cargo-home/bin/cargo" "+beta-2021-08-01" "generate-lockfile" "--manifest-path" "Cargo.toml" "-Zno-index-update", kill_on_drop: false }`
[INFO] [stderr]     Blocking waiting for file lock on package cache
[INFO] running `Command { std: "/workspace/cargo-home/bin/cargo" "+beta-2021-08-01" "fetch" "--manifest-path" "Cargo.toml", kill_on_drop: false }`
[INFO] [stderr]     Blocking waiting for file lock on package cache
[INFO] [stderr]     Blocking waiting for file lock on package cache
[INFO] running `Command { std: "docker" "create" "-v" "/var/lib/crater-agent-workspace/builds/worker-32/target:/opt/rustwide/target:rw,Z" "-v" "/var/lib/crater-agent-workspace/builds/worker-32/source:/opt/rustwide/workdir:ro,Z" "-v" "/var/lib/crater-agent-workspace/cargo-home:/opt/rustwide/cargo-home:ro,Z" "-v" "/var/lib/crater-agent-workspace/rustup-home:/opt/rustwide/rustup-home:ro,Z" "-e" "SOURCE_DIR=/opt/rustwide/workdir" "-e" "CARGO_TARGET_DIR=/opt/rustwide/target" "-e" "CARGO_HOME=/opt/rustwide/cargo-home" "-e" "RUSTUP_HOME=/opt/rustwide/rustup-home" "-w" "/opt/rustwide/workdir" "-m" "1610612736" "--user" "0:0" "--network" "none" "ghcr.io/rust-lang/crates-build-env/linux@sha256:34b6a614d2c27851fe6cbf88fbd1137609cefab8b10d0615aaeb6fd47975d74e" "/opt/rustwide/cargo-home/bin/cargo" "+beta-2021-08-01" "metadata" "--no-deps" "--format-version=1", kill_on_drop: false }`
[INFO] [stdout] 0a36a6f83e1fa17cc4fa296896e3ee23266debfff81b9c85e4d7f92e1e2a0457
[INFO] running `Command { std: "docker" "start" "-a" "0a36a6f83e1fa17cc4fa296896e3ee23266debfff81b9c85e4d7f92e1e2a0457", kill_on_drop: false }`
[INFO] running `Command { std: "docker" "inspect" "0a36a6f83e1fa17cc4fa296896e3ee23266debfff81b9c85e4d7f92e1e2a0457", kill_on_drop: false }`
[INFO] running `Command { std: "docker" "rm" "-f" "0a36a6f83e1fa17cc4fa296896e3ee23266debfff81b9c85e4d7f92e1e2a0457", kill_on_drop: false }`
[INFO] [stdout] 0a36a6f83e1fa17cc4fa296896e3ee23266debfff81b9c85e4d7f92e1e2a0457
[INFO] running `Command { std: "docker" "create" "-v" "/var/lib/crater-agent-workspace/builds/worker-32/target:/opt/rustwide/target:rw,Z" "-v" "/var/lib/crater-agent-workspace/builds/worker-32/source:/opt/rustwide/workdir:ro,Z" "-v" "/var/lib/crater-agent-workspace/cargo-home:/opt/rustwide/cargo-home:ro,Z" "-v" "/var/lib/crater-agent-workspace/rustup-home:/opt/rustwide/rustup-home:ro,Z" "-e" "SOURCE_DIR=/opt/rustwide/workdir" "-e" "CARGO_TARGET_DIR=/opt/rustwide/target" "-e" "CARGO_INCREMENTAL=0" "-e" "RUST_BACKTRACE=full" "-e" "RUSTFLAGS=--cap-lints=warn" "-e" "CARGO_HOME=/opt/rustwide/cargo-home" "-e" "RUSTUP_HOME=/opt/rustwide/rustup-home" "-w" "/opt/rustwide/workdir" "-m" "1610612736" "--user" "0:0" "--network" "none" "ghcr.io/rust-lang/crates-build-env/linux@sha256:34b6a614d2c27851fe6cbf88fbd1137609cefab8b10d0615aaeb6fd47975d74e" "/opt/rustwide/cargo-home/bin/cargo" "+beta-2021-08-01" "build" "--frozen" "--message-format=json", kill_on_drop: false }`
[INFO] [stdout] 55c171415b178c9e0d213ab914498ce744e952f4933b4323fa1144226ee66844
[INFO] running `Command { std: "docker" "start" "-a" "55c171415b178c9e0d213ab914498ce744e952f4933b4323fa1144226ee66844", kill_on_drop: false }`
[INFO] [stderr]    Compiling proc-macro2 v0.4.30
[INFO] [stderr]    Compiling syn v0.15.44
[INFO] [stderr]    Compiling num-derive v0.2.5
[INFO] [stderr]    Compiling quote v0.6.13
[INFO] [stderr]    Compiling nes_rom v0.1.0 (/opt/rustwide/workdir)
[INFO] [stdout] warning: unnecessary parentheses around block return value
[INFO] [stdout]    --> src/unif.rs:581:5
[INFO] [stdout]     |
[INFO] [stdout] 581 |     ((len_buf[0] as u32) | ((len_buf[1] as u32) << 8) | ((len_buf[2] as u32) << 16) | ((len_buf[3] as u32) << 24))
[INFO] [stdout]     |     ^^^^^^^^^^^^^^^^^^^^^^^^^^^^^^^^^^^^^^^^^^^^^^^^^^^^^^^^^^^^^^^^^^^^^^^^^^^^^^^^^^^^^^^^^^^^^^^^^^^^^^^^^^^^^^ help: remove these parentheses
[INFO] [stdout]     |
[INFO] [stdout]     = note: `#[warn(unused_parens)]` on by default
[INFO] [stdout] 
[INFO] [stdout] 
[INFO] [stdout] warning: 1 warning emitted
[INFO] [stdout] 
[INFO] [stdout] 
[INFO] [stderr]     Finished dev [unoptimized + debuginfo] target(s) in 12.15s
[INFO] running `Command { std: "docker" "inspect" "55c171415b178c9e0d213ab914498ce744e952f4933b4323fa1144226ee66844", kill_on_drop: false }`
[INFO] running `Command { std: "docker" "rm" "-f" "55c171415b178c9e0d213ab914498ce744e952f4933b4323fa1144226ee66844", kill_on_drop: false }`
[INFO] [stdout] 55c171415b178c9e0d213ab914498ce744e952f4933b4323fa1144226ee66844
[INFO] running `Command { std: "docker" "create" "-v" "/var/lib/crater-agent-workspace/builds/worker-32/target:/opt/rustwide/target:rw,Z" "-v" "/var/lib/crater-agent-workspace/builds/worker-32/source:/opt/rustwide/workdir:ro,Z" "-v" "/var/lib/crater-agent-workspace/cargo-home:/opt/rustwide/cargo-home:ro,Z" "-v" "/var/lib/crater-agent-workspace/rustup-home:/opt/rustwide/rustup-home:ro,Z" "-e" "SOURCE_DIR=/opt/rustwide/workdir" "-e" "CARGO_TARGET_DIR=/opt/rustwide/target" "-e" "CARGO_INCREMENTAL=0" "-e" "RUST_BACKTRACE=full" "-e" "RUSTFLAGS=--cap-lints=warn" "-e" "CARGO_HOME=/opt/rustwide/cargo-home" "-e" "RUSTUP_HOME=/opt/rustwide/rustup-home" "-w" "/opt/rustwide/workdir" "-m" "1610612736" "--user" "0:0" "--network" "none" "ghcr.io/rust-lang/crates-build-env/linux@sha256:34b6a614d2c27851fe6cbf88fbd1137609cefab8b10d0615aaeb6fd47975d74e" "/opt/rustwide/cargo-home/bin/cargo" "+beta-2021-08-01" "test" "--frozen" "--no-run" "--message-format=json", kill_on_drop: false }`
[INFO] [stdout] 5df25f8ed0b70830dd154075a4400f53286d21bdc64a249ba72b02c73941a358
[INFO] running `Command { std: "docker" "start" "-a" "5df25f8ed0b70830dd154075a4400f53286d21bdc64a249ba72b02c73941a358", kill_on_drop: false }`
[INFO] [stderr]    Compiling nes_rom v0.1.0 (/opt/rustwide/workdir)
[INFO] [stdout] warning: unnecessary parentheses around block return value
[INFO] [stdout]    --> src/unif.rs:581:5
[INFO] [stdout]     |
[INFO] [stdout] 581 |     ((len_buf[0] as u32) | ((len_buf[1] as u32) << 8) | ((len_buf[2] as u32) << 16) | ((len_buf[3] as u32) << 24))
[INFO] [stdout]     |     ^^^^^^^^^^^^^^^^^^^^^^^^^^^^^^^^^^^^^^^^^^^^^^^^^^^^^^^^^^^^^^^^^^^^^^^^^^^^^^^^^^^^^^^^^^^^^^^^^^^^^^^^^^^^^^ help: remove these parentheses
[INFO] [stdout]     |
[INFO] [stdout]     = note: `#[warn(unused_parens)]` on by default
[INFO] [stdout] 
[INFO] [stdout] 
[INFO] [stdout] warning: 1 warning emitted
[INFO] [stdout] 
[INFO] [stdout] 
[INFO] [stdout] warning: unnecessary parentheses around block return value
[INFO] [stdout]    --> src/unif.rs:581:5
[INFO] [stdout]     |
[INFO] [stdout] 581 |     ((len_buf[0] as u32) | ((len_buf[1] as u32) << 8) | ((len_buf[2] as u32) << 16) | ((len_buf[3] as u32) << 24))
[INFO] [stdout]     |     ^^^^^^^^^^^^^^^^^^^^^^^^^^^^^^^^^^^^^^^^^^^^^^^^^^^^^^^^^^^^^^^^^^^^^^^^^^^^^^^^^^^^^^^^^^^^^^^^^^^^^^^^^^^^^^ help: remove these parentheses
[INFO] [stdout]     |
[INFO] [stdout]     = note: `#[warn(unused_parens)]` on by default
[INFO] [stdout] 
[INFO] [stdout] 
[INFO] [stdout] warning: 1 warning emitted
[INFO] [stdout] 
[INFO] [stdout] 
[INFO] [stderr]     Finished test [unoptimized + debuginfo] target(s) in 1.55s
[INFO] running `Command { std: "docker" "inspect" "5df25f8ed0b70830dd154075a4400f53286d21bdc64a249ba72b02c73941a358", kill_on_drop: false }`
[INFO] running `Command { std: "docker" "rm" "-f" "5df25f8ed0b70830dd154075a4400f53286d21bdc64a249ba72b02c73941a358", kill_on_drop: false }`
[INFO] [stdout] 5df25f8ed0b70830dd154075a4400f53286d21bdc64a249ba72b02c73941a358
[INFO] running `Command { std: "docker" "create" "-v" "/var/lib/crater-agent-workspace/builds/worker-32/target:/opt/rustwide/target:rw,Z" "-v" "/var/lib/crater-agent-workspace/builds/worker-32/source:/opt/rustwide/workdir:ro,Z" "-v" "/var/lib/crater-agent-workspace/cargo-home:/opt/rustwide/cargo-home:ro,Z" "-v" "/var/lib/crater-agent-workspace/rustup-home:/opt/rustwide/rustup-home:ro,Z" "-e" "SOURCE_DIR=/opt/rustwide/workdir" "-e" "CARGO_TARGET_DIR=/opt/rustwide/target" "-e" "CARGO_INCREMENTAL=0" "-e" "RUST_BACKTRACE=full" "-e" "RUSTFLAGS=--cap-lints=warn" "-e" "CARGO_HOME=/opt/rustwide/cargo-home" "-e" "RUSTUP_HOME=/opt/rustwide/rustup-home" "-w" "/opt/rustwide/workdir" "-m" "1610612736" "--user" "0:0" "--network" "none" "ghcr.io/rust-lang/crates-build-env/linux@sha256:34b6a614d2c27851fe6cbf88fbd1137609cefab8b10d0615aaeb6fd47975d74e" "/opt/rustwide/cargo-home/bin/cargo" "+beta-2021-08-01" "test" "--frozen", kill_on_drop: false }`
[INFO] [stdout] 197e874f3837cc971baadd0ccba0e2ebcdbd557c3c589466e90a6d1f20c0da7c
[INFO] running `Command { std: "docker" "start" "-a" "197e874f3837cc971baadd0ccba0e2ebcdbd557c3c589466e90a6d1f20c0da7c", kill_on_drop: false }`
[INFO] [stderr] warning: unnecessary parentheses around block return value
[INFO] [stderr]    --> src/unif.rs:581:5
[INFO] [stderr]     |
[INFO] [stderr] 581 |     ((len_buf[0] as u32) | ((len_buf[1] as u32) << 8) | ((len_buf[2] as u32) << 16) | ((len_buf[3] as u32) << 24))
[INFO] [stderr]     |     ^^^^^^^^^^^^^^^^^^^^^^^^^^^^^^^^^^^^^^^^^^^^^^^^^^^^^^^^^^^^^^^^^^^^^^^^^^^^^^^^^^^^^^^^^^^^^^^^^^^^^^^^^^^^^^ help: remove these parentheses
[INFO] [stderr]     |
[INFO] [stderr]     = note: `#[warn(unused_parens)]` on by default
[INFO] [stderr] 
[INFO] [stderr] warning: `nes_rom` (lib) generated 1 warning
[INFO] [stderr] warning: `nes_rom` (lib test) generated 1 warning (1 duplicate)
[INFO] [stderr]     Finished test [unoptimized + debuginfo] target(s) in 0.17s
[INFO] [stderr]      Running unittests (/opt/rustwide/target/debug/deps/nes_rom-f8b1810e42cc5441)
[INFO] [stdout] 
[INFO] [stdout] running 0 tests
[INFO] [stdout] 
[INFO] [stdout] test result: ok. 0 passed; 0 failed; 0 ignored; 0 measured; 0 filtered out; finished in 0.00s
[INFO] [stdout] 
[INFO] [stderr]    Doc-tests nes_rom
[INFO] [stderr] warning: unnecessary parentheses around block return value
[INFO] [stderr]    --> /opt/rustwide/workdir/src/unif.rs:581:5
[INFO] [stderr]     |
[INFO] [stderr] 581 |     ((len_buf[0] as u32) | ((len_buf[1] as u32) << 8) | ((len_buf[2] as u32) << 16) | ((len_buf[3] as u32) << 24))
[INFO] [stderr]     |     ^^^^^^^^^^^^^^^^^^^^^^^^^^^^^^^^^^^^^^^^^^^^^^^^^^^^^^^^^^^^^^^^^^^^^^^^^^^^^^^^^^^^^^^^^^^^^^^^^^^^^^^^^^^^^^ help: remove these parentheses
[INFO] [stderr]     |
[INFO] [stderr]     = note: `#[warn(unused_parens)]` on by default
[INFO] [stderr] 
[INFO] [stdout] 
[INFO] [stderr] warning: 1 warning emitted
[INFO] [stdout] running 5 tests
[INFO] [stderr] 
[INFO] [stdout] test src/fds.rs - fds::Fds::from_rom (line 72) ... FAILED
[INFO] [stdout] test src/unif.rs - unif::Unif::from_rom (line 329) ... FAILED
[INFO] [stdout] test src/unif.rs - unif::Unif::to_ines (line 438) ... FAILED
[INFO] [stdout] test src/unif.rs - unif::Unif::into_ines (line 374) ... FAILED
[INFO] [stdout] test src/ines.rs - ines::Ines::from_rom (line 203) ... FAILED
[INFO] [stdout] 
[INFO] [stdout] failures:
[INFO] [stdout] 
[INFO] [stdout] ---- src/fds.rs - fds::Fds::from_rom (line 72) stdout ----
[INFO] [stdout] error[E0425]: cannot find value `arg` in this scope
[INFO] [stdout]  --> src/fds.rs:73:39
[INFO] [stdout]   |
[INFO] [stdout] 4 | let fds = nes_rom::fds::Fds::from_rom(arg);
[INFO] [stdout]   |                                       ^^^ not found in this scope
[INFO] [stdout] 
[INFO] [stdout] error: aborting due to previous error
[INFO] [stdout] 
[INFO] [stdout] For more information about this error, try `rustc --explain E0425`.
[INFO] [stdout] Couldn't compile the test.
[INFO] [stdout] ---- src/unif.rs - unif::Unif::from_rom (line 329) stdout ----
[INFO] [stdout] error[E0425]: cannot find value `arg` in this scope
[INFO] [stdout]  --> src/unif.rs:330:42
[INFO] [stdout]   |
[INFO] [stdout] 4 | let unif = nes_rom::unif::Unif::from_rom(arg);
[INFO] [stdout]   |                                          ^^^ not found in this scope
[INFO] [stdout] 
[INFO] [stdout] error: aborting due to previous error
[INFO] [stdout] 
[INFO] [stdout] For more information about this error, try `rustc --explain E0425`.
[INFO] [stdout] Couldn't compile the test.
[INFO] [stdout] ---- src/unif.rs - unif::Unif::to_ines (line 438) stdout ----
[INFO] [stdout] error[E0425]: cannot find value `unif` in this scope
[INFO] [stdout]  --> src/unif.rs:439:12
[INFO] [stdout]   |
[INFO] [stdout] 3 | let ines = unif.to_ines();
[INFO] [stdout]   |            ^^^^ not found in this scope
[INFO] [stdout] 
[INFO] [stdout] error: aborting due to previous error
[INFO] [stdout] 
[INFO] [stdout] For more information about this error, try `rustc --explain E0425`.
[INFO] [stdout] Couldn't compile the test.
[INFO] [stdout] ---- src/unif.rs - unif::Unif::into_ines (line 374) stdout ----
[INFO] [stdout] error[E0425]: cannot find value `unif` in this scope
[INFO] [stdout]  --> src/unif.rs:375:12
[INFO] [stdout]   |
[INFO] [stdout] 3 | let ines = unif.into_ines();
[INFO] [stdout]   |            ^^^^ not found in this scope
[INFO] [stdout] 
[INFO] [stdout] error: aborting due to previous error
[INFO] [stdout] 
[INFO] [stdout] For more information about this error, try `rustc --explain E0425`.
[INFO] [stdout] Couldn't compile the test.
[INFO] [stdout] ---- src/ines.rs - ines::Ines::from_rom (line 203) stdout ----
[INFO] [stdout] error[E0425]: cannot find value `arg` in this scope
[INFO] [stdout]  --> src/ines.rs:204:42
[INFO] [stdout]   |
[INFO] [stdout] 4 | let ines = nes_rom::ines::Ines::from_rom(arg);
[INFO] [stdout]   |                                          ^^^ not found in this scope
[INFO] [stdout] 
[INFO] [stdout] error: aborting due to previous error
[INFO] [stdout] 
[INFO] [stdout] For more information about this error, try `rustc --explain E0425`.
[INFO] [stdout] Couldn't compile the test.
[INFO] [stdout] 
[INFO] [stdout] failures:
[INFO] [stdout]     src/fds.rs - fds::Fds::from_rom (line 72)
[INFO] [stdout]     src/ines.rs - ines::Ines::from_rom (line 203)
[INFO] [stdout]     src/unif.rs - unif::Unif::from_rom (line 329)
[INFO] [stdout]     src/unif.rs - unif::Unif::into_ines (line 374)
[INFO] [stdout]     src/unif.rs - unif::Unif::to_ines (line 438)
[INFO] [stdout] 
[INFO] [stdout] test result: FAILED. 0 passed; 5 failed; 0 ignored; 0 measured; 0 filtered out; finished in 0.22s
[INFO] [stdout] 
[INFO] [stderr] error: test failed, to rerun pass '--doc'
[INFO] running `Command { std: "docker" "inspect" "197e874f3837cc971baadd0ccba0e2ebcdbd557c3c589466e90a6d1f20c0da7c", kill_on_drop: false }`
[INFO] running `Command { std: "docker" "rm" "-f" "197e874f3837cc971baadd0ccba0e2ebcdbd557c3c589466e90a6d1f20c0da7c", kill_on_drop: false }`
[INFO] [stdout] 197e874f3837cc971baadd0ccba0e2ebcdbd557c3c589466e90a6d1f20c0da7c
