[INFO] fetching crate neo4rs 0.5.8...
[INFO] testing neo4rs-0.5.8 against beta-2021-08-01 for beta-1.55-1
[INFO] extracting crate neo4rs 0.5.8 into /workspace/builds/worker-15/source
[INFO] validating manifest of crates.io crate neo4rs 0.5.8 on toolchain beta-2021-08-01
[INFO] running `Command { std: "/workspace/cargo-home/bin/cargo" "+beta-2021-08-01" "metadata" "--manifest-path" "Cargo.toml" "--no-deps", kill_on_drop: false }`
[INFO] started tweaking crates.io crate neo4rs 0.5.8
[INFO] finished tweaking crates.io crate neo4rs 0.5.8
[INFO] tweaked toml for crates.io crate neo4rs 0.5.8 written to /workspace/builds/worker-15/source/Cargo.toml
[INFO] running `Command { std: "/workspace/cargo-home/bin/cargo" "+beta-2021-08-01" "generate-lockfile" "--manifest-path" "Cargo.toml" "-Zno-index-update", kill_on_drop: false }`
[INFO] [stderr]     Blocking waiting for file lock on package cache
[INFO] running `Command { std: "/workspace/cargo-home/bin/cargo" "+beta-2021-08-01" "fetch" "--manifest-path" "Cargo.toml", kill_on_drop: false }`
[INFO] [stderr]     Blocking waiting for file lock on package cache
[INFO] [stderr]     Blocking waiting for file lock on package cache
[INFO] running `Command { std: "docker" "create" "-v" "/var/lib/crater-agent-workspace/builds/worker-15/target:/opt/rustwide/target:rw,Z" "-v" "/var/lib/crater-agent-workspace/builds/worker-15/source:/opt/rustwide/workdir:ro,Z" "-v" "/var/lib/crater-agent-workspace/cargo-home:/opt/rustwide/cargo-home:ro,Z" "-v" "/var/lib/crater-agent-workspace/rustup-home:/opt/rustwide/rustup-home:ro,Z" "-e" "SOURCE_DIR=/opt/rustwide/workdir" "-e" "CARGO_TARGET_DIR=/opt/rustwide/target" "-e" "CARGO_HOME=/opt/rustwide/cargo-home" "-e" "RUSTUP_HOME=/opt/rustwide/rustup-home" "-w" "/opt/rustwide/workdir" "-m" "1610612736" "--user" "0:0" "--network" "none" "ghcr.io/rust-lang/crates-build-env/linux@sha256:34b6a614d2c27851fe6cbf88fbd1137609cefab8b10d0615aaeb6fd47975d74e" "/opt/rustwide/cargo-home/bin/cargo" "+beta-2021-08-01" "metadata" "--no-deps" "--format-version=1", kill_on_drop: false }`
[INFO] [stdout] e5bbc8bc54c421401791f7c7511da35b3251fba0f81b9a5ec8fe9374890ff0f4
[INFO] running `Command { std: "docker" "start" "-a" "e5bbc8bc54c421401791f7c7511da35b3251fba0f81b9a5ec8fe9374890ff0f4", kill_on_drop: false }`
[INFO] running `Command { std: "docker" "inspect" "e5bbc8bc54c421401791f7c7511da35b3251fba0f81b9a5ec8fe9374890ff0f4", kill_on_drop: false }`
[INFO] running `Command { std: "docker" "rm" "-f" "e5bbc8bc54c421401791f7c7511da35b3251fba0f81b9a5ec8fe9374890ff0f4", kill_on_drop: false }`
[INFO] [stdout] e5bbc8bc54c421401791f7c7511da35b3251fba0f81b9a5ec8fe9374890ff0f4
[INFO] running `Command { std: "docker" "create" "-v" "/var/lib/crater-agent-workspace/builds/worker-15/target:/opt/rustwide/target:rw,Z" "-v" "/var/lib/crater-agent-workspace/builds/worker-15/source:/opt/rustwide/workdir:ro,Z" "-v" "/var/lib/crater-agent-workspace/cargo-home:/opt/rustwide/cargo-home:ro,Z" "-v" "/var/lib/crater-agent-workspace/rustup-home:/opt/rustwide/rustup-home:ro,Z" "-e" "SOURCE_DIR=/opt/rustwide/workdir" "-e" "CARGO_TARGET_DIR=/opt/rustwide/target" "-e" "CARGO_INCREMENTAL=0" "-e" "RUST_BACKTRACE=full" "-e" "RUSTFLAGS=--cap-lints=warn" "-e" "CARGO_HOME=/opt/rustwide/cargo-home" "-e" "RUSTUP_HOME=/opt/rustwide/rustup-home" "-w" "/opt/rustwide/workdir" "-m" "1610612736" "--user" "0:0" "--network" "none" "ghcr.io/rust-lang/crates-build-env/linux@sha256:34b6a614d2c27851fe6cbf88fbd1137609cefab8b10d0615aaeb6fd47975d74e" "/opt/rustwide/cargo-home/bin/cargo" "+beta-2021-08-01" "build" "--frozen" "--message-format=json", kill_on_drop: false }`
[INFO] [stdout] 3a60c74cba4c28fa4bcf28b3c80e5cb43dd13c226753607fb08bf4aa97d68cee
[INFO] running `Command { std: "docker" "start" "-a" "3a60c74cba4c28fa4bcf28b3c80e5cb43dd13c226753607fb08bf4aa97d68cee", kill_on_drop: false }`
[INFO] [stderr]    Compiling syn v1.0.74
[INFO] [stderr]    Compiling memchr v2.4.0
[INFO] [stderr]    Compiling futures-core v0.3.16
[INFO] [stderr]    Compiling futures-channel v0.3.16
[INFO] [stderr]    Compiling lexical-core v0.7.6
[INFO] [stderr]    Compiling log v0.4.14
[INFO] [stderr]    Compiling proc-macro-nested v0.1.7
[INFO] [stderr]    Compiling futures-task v0.3.16
[INFO] [stderr]    Compiling static_assertions v1.1.0
[INFO] [stderr]    Compiling futures-sink v0.3.16
[INFO] [stderr]    Compiling arrayvec v0.5.2
[INFO] [stderr]    Compiling crossbeam-utils v0.8.5
[INFO] [stderr]    Compiling futures-io v0.3.16
[INFO] [stderr]    Compiling pin-utils v0.1.0
[INFO] [stderr]    Compiling async-trait v0.1.51
[INFO] [stderr]    Compiling once_cell v1.8.0
[INFO] [stderr]    Compiling bytes v1.0.1
[INFO] [stderr]    Compiling futures-macro v0.3.16
[INFO] [stderr]    Compiling futures-util v0.3.16
[INFO] [stderr]    Compiling tokio v1.9.0
[INFO] [stderr]    Compiling nom v5.1.2
[INFO] [stderr]    Compiling signal-hook-registry v1.4.0
[INFO] [stderr]    Compiling time v0.1.44
[INFO] [stderr]    Compiling chrono v0.4.19
[INFO] [stderr]    Compiling mio v0.7.13
[INFO] [stderr]    Compiling crossbeam-queue v0.3.2
[INFO] [stderr]    Compiling serde_derive v1.0.127
[INFO] [stderr]    Compiling tokio-macros v1.3.0
[INFO] [stderr]    Compiling neo4rs-macros v0.2.1
[INFO] [stderr]    Compiling futures-executor v0.3.16
[INFO] [stderr]    Compiling futures v0.3.16
[INFO] [stderr]    Compiling serde v1.0.127
[INFO] [stderr]    Compiling config v0.10.1
[INFO] [stderr]    Compiling deadpool v0.7.0
[INFO] [stderr]    Compiling neo4rs v0.5.8 (/opt/rustwide/workdir)
[INFO] [stderr]     Finished dev [unoptimized + debuginfo] target(s) in 26.07s
[INFO] running `Command { std: "docker" "inspect" "3a60c74cba4c28fa4bcf28b3c80e5cb43dd13c226753607fb08bf4aa97d68cee", kill_on_drop: false }`
[INFO] running `Command { std: "docker" "rm" "-f" "3a60c74cba4c28fa4bcf28b3c80e5cb43dd13c226753607fb08bf4aa97d68cee", kill_on_drop: false }`
[INFO] [stdout] 3a60c74cba4c28fa4bcf28b3c80e5cb43dd13c226753607fb08bf4aa97d68cee
[INFO] running `Command { std: "docker" "create" "-v" "/var/lib/crater-agent-workspace/builds/worker-15/target:/opt/rustwide/target:rw,Z" "-v" "/var/lib/crater-agent-workspace/builds/worker-15/source:/opt/rustwide/workdir:ro,Z" "-v" "/var/lib/crater-agent-workspace/cargo-home:/opt/rustwide/cargo-home:ro,Z" "-v" "/var/lib/crater-agent-workspace/rustup-home:/opt/rustwide/rustup-home:ro,Z" "-e" "SOURCE_DIR=/opt/rustwide/workdir" "-e" "CARGO_TARGET_DIR=/opt/rustwide/target" "-e" "CARGO_INCREMENTAL=0" "-e" "RUST_BACKTRACE=full" "-e" "RUSTFLAGS=--cap-lints=warn" "-e" "CARGO_HOME=/opt/rustwide/cargo-home" "-e" "RUSTUP_HOME=/opt/rustwide/rustup-home" "-w" "/opt/rustwide/workdir" "-m" "1610612736" "--user" "0:0" "--network" "none" "ghcr.io/rust-lang/crates-build-env/linux@sha256:34b6a614d2c27851fe6cbf88fbd1137609cefab8b10d0615aaeb6fd47975d74e" "/opt/rustwide/cargo-home/bin/cargo" "+beta-2021-08-01" "test" "--frozen" "--no-run" "--message-format=json", kill_on_drop: false }`
[INFO] [stdout] ad227894624f047d5b872a16b3e48198d3d3418ad9ec4e5aa796142af82f0043
[INFO] running `Command { std: "docker" "start" "-a" "ad227894624f047d5b872a16b3e48198d3d3418ad9ec4e5aa796142af82f0043", kill_on_drop: false }`
[INFO] [stderr]     Blocking waiting for file lock on package cache
[INFO] [stderr]    Compiling getrandom v0.2.3
[INFO] [stderr]    Compiling uuid v0.8.2
[INFO] [stderr]    Compiling neo4rs v0.5.8 (/opt/rustwide/workdir)
[INFO] [stderr]     Finished test [unoptimized + debuginfo] target(s) in 5.99s
[INFO] running `Command { std: "docker" "inspect" "ad227894624f047d5b872a16b3e48198d3d3418ad9ec4e5aa796142af82f0043", kill_on_drop: false }`
[INFO] running `Command { std: "docker" "rm" "-f" "ad227894624f047d5b872a16b3e48198d3d3418ad9ec4e5aa796142af82f0043", kill_on_drop: false }`
[INFO] [stdout] ad227894624f047d5b872a16b3e48198d3d3418ad9ec4e5aa796142af82f0043
[INFO] running `Command { std: "docker" "create" "-v" "/var/lib/crater-agent-workspace/builds/worker-15/target:/opt/rustwide/target:rw,Z" "-v" "/var/lib/crater-agent-workspace/builds/worker-15/source:/opt/rustwide/workdir:ro,Z" "-v" "/var/lib/crater-agent-workspace/cargo-home:/opt/rustwide/cargo-home:ro,Z" "-v" "/var/lib/crater-agent-workspace/rustup-home:/opt/rustwide/rustup-home:ro,Z" "-e" "SOURCE_DIR=/opt/rustwide/workdir" "-e" "CARGO_TARGET_DIR=/opt/rustwide/target" "-e" "CARGO_INCREMENTAL=0" "-e" "RUST_BACKTRACE=full" "-e" "RUSTFLAGS=--cap-lints=warn" "-e" "CARGO_HOME=/opt/rustwide/cargo-home" "-e" "RUSTUP_HOME=/opt/rustwide/rustup-home" "-w" "/opt/rustwide/workdir" "-m" "1610612736" "--user" "0:0" "--network" "none" "ghcr.io/rust-lang/crates-build-env/linux@sha256:34b6a614d2c27851fe6cbf88fbd1137609cefab8b10d0615aaeb6fd47975d74e" "/opt/rustwide/cargo-home/bin/cargo" "+beta-2021-08-01" "test" "--frozen", kill_on_drop: false }`
[INFO] [stdout] d69b06629ce909a85059757e16ec55c89bacb4a4e9b35459c8e1176f1fc8b428
[INFO] running `Command { std: "docker" "start" "-a" "d69b06629ce909a85059757e16ec55c89bacb4a4e9b35459c8e1176f1fc8b428", kill_on_drop: false }`
[INFO] [stderr]     Finished test [unoptimized + debuginfo] target(s) in 0.11s
[INFO] [stderr]      Running unittests (/opt/rustwide/target/debug/deps/neo4rs-77484aef4b3ec131)
[INFO] [stdout] 
[INFO] [stdout] running 74 tests
[INFO] [stdout] test messages::commit::tests::should_serialize_commit ... ok
[INFO] [stdout] test messages::bye::tests::should_serialize_bye ... ok
[INFO] [stdout] test messages::reset::tests::should_serialize_reset ... ok
[INFO] [stdout] test messages::rollback::tests::should_serialize_rollback ... ok
[INFO] [stdout] test messages::hello::tests::should_serialize_hello ... ok
[INFO] [stdout] test messages::run::tests::should_serialize_run ... ok
[INFO] [stdout] test messages::run::tests::should_serialize_run_with_no_params ... ok
[INFO] [stdout] test messages::begin::tests::should_serialize_begin ... ok
[INFO] [stdout] test types::binary::tests::should_serialize_medium_bytes ... ok
[INFO] [stdout] test types::binary::tests::should_serialize_small_bytes ... ok
[INFO] [stdout] test messages::discard::tests::should_serialize_discard_with_default_value ... ok
[INFO] [stdout] test messages::pull::tests::should_serialize_pull_message ... ok
[INFO] [stdout] test messages::pull::tests::should_serialize_pull_with_default_value ... ok
[INFO] [stdout] test messages::failure::tests::should_deserialize_success ... ok
[INFO] [stdout] test messages::discard::tests::should_serialize_discard_message ... ok
[INFO] [stdout] test types::boolean::tests::should_deserialize_boolean ... ok
[INFO] [stdout] test types::boolean::tests::should_serialize_boolean ... ok
[INFO] [stdout] test messages::record::tests::should_deserialize_record_message ... ok
[INFO] [stdout] test messages::success::tests::should_deserialize_success ... ok
[INFO] [stdout] test types::binary::tests::should_serialize_large_bytes ... ok
[INFO] [stdout] test types::duration::tests::should_deserialize_a_duration ... ok
[INFO] [stdout] test types::duration::tests::should_serialize_a_duration ... ok
[INFO] [stdout] test types::date::tests::should_deserialize_a_date ... ok
[INFO] [stdout] test types::date_time::tests::should_deserialize_a_datetime ... ok
[INFO] [stdout] test types::date_time::tests::should_serialize_a_datetime_with_zoneid ... ok
[INFO] [stdout] test types::date_time::tests::should_serialize_a_localdatetime ... ok
[INFO] [stdout] test types::date_time::tests::should_deserialize_a_datetime_with_zoneid ... ok
[INFO] [stdout] test types::float::tests::should_deserialize_float ... ok
[INFO] [stdout] test types::date::tests::should_serialize_a_date ... ok
[INFO] [stdout] test types::date_time::tests::should_deserialize_a_localdatetime ... ok
[INFO] [stdout] test types::date_time::tests::should_serialize_a_datetime ... ok
[INFO] [stdout] test types::float::tests::should_serialize_float ... ok
[INFO] [stdout] test types::integer::tests::should_deserialize_integer ... ok
[INFO] [stdout] test types::integer::tests::should_serialize_integer ... ok
[INFO] [stdout] test config::tests::should_reject_invalid_config ... ok
[INFO] [stdout] test config::tests::should_build_with_defaults ... ok
[INFO] [stdout] test config::tests::should_build_config ... ok
[INFO] [stdout] test types::list::tests::should_deserialize_list ... ok
[INFO] [stdout] test types::list::tests::should_serialize_empty_list ... ok
[INFO] [stdout] test types::list::tests::should_serialize_list ... ok
[INFO] [stdout] test types::map::tests::should_deserialize_map_of_strings ... ok
[INFO] [stdout] test types::map::tests::should_serialize_empty_map ... ok
[INFO] [stdout] test types::map::tests::should_serialize_map_of_strings ... ok
[INFO] [stdout] test types::map::tests::should_deserialize_small_map ... ok
[INFO] [stdout] test types::node::tests::should_deserialize_a_node ... ok
[INFO] [stdout] test types::null::tests::should_serialize_null ... ok
[INFO] [stdout] test types::node::tests::should_serialize_a_node ... ok
[INFO] [stdout] test types::point::tests::should_deserialize_2d_point ... ok
[INFO] [stdout] test types::path::tests::should_deserialize_a_path ... ok
[INFO] [stdout] test types::path::tests::should_serialize_a_path ... ok
[INFO] [stdout] test types::point::tests::should_deserialize_3d_point ... ok
[INFO] [stdout] test types::point::tests::should_serialize_2d_point ... ok
[INFO] [stdout] test types::map::tests::should_deserialize_medium_map ... ok
[INFO] [stdout] test types::point::tests::should_serialize_3d_point ... ok
[INFO] [stdout] test types::relation::tests::should_deserialize_a_relation ... ok
[INFO] [stdout] test types::relation::tests::should_deserialize_an_unbounded_relation ... ok
[INFO] [stdout] test types::string::tests::should_deserialize_large_string ... ok
[INFO] [stdout] test types::string::tests::should_deserialize_small_string ... ok
[INFO] [stdout] test types::string::tests::should_serialize_empty_string ... ok
[INFO] [stdout] test types::string::tests::should_deserialize_empty_string ... ok
[INFO] [stdout] test types::string::tests::should_serialize_small_string ... ok
[INFO] [stdout] test types::string::tests::should_deserialize_tiny_string ... ok
[INFO] [stdout] test types::string::tests::should_serialize_tiny_string ... ok
[INFO] [stdout] test types::time::tests::should_deserialize_local_time ... ok
[INFO] [stdout] test types::time::tests::should_deserialize_time ... ok
[INFO] [stdout] test types::time::tests::should_serialize_local_time ... ok
[INFO] [stdout] test types::string::tests::should_deserialize_medium_string ... ok
[INFO] [stdout] test types::relation::tests::should_serialize_a_relation ... ok
[INFO] [stdout] test types::relation::tests::should_serialize_an_unbounded_relation ... ok
[INFO] [stdout] test types::string::tests::should_serialize_large_string ... ok
[INFO] [stdout] test types::string::tests::should_serialize_medium_string ... ok
[INFO] [stdout] test version::tests::should_parse_version ... ok
[INFO] [stdout] test types::time::tests::should_serialize_time ... ok
[INFO] [stdout] test types::map::tests::should_deserialize_large_map ... ok
[INFO] [stdout] 
[INFO] [stdout] test result: ok. 74 passed; 0 failed; 0 ignored; 0 measured; 0 filtered out; finished in 1.66s
[INFO] [stdout] 
[INFO] [stderr]    Doc-tests neo4rs
[INFO] [stdout] 
[INFO] [stdout] running 18 tests
[INFO] [stdout] test src/lib.rs - (line 168) ... FAILED
[INFO] [stdout] test src/lib.rs - (line 15) ... FAILED
[INFO] [stdout] test src/lib.rs - (line 131) ... FAILED
[INFO] [stdout] test src/lib.rs - (line 552) ... FAILED
[INFO] [stdout] test src/lib.rs - (line 92) ... FAILED
[INFO] [stdout] test src/lib.rs - (line 664) ... FAILED
[INFO] [stdout] test src/lib.rs - (line 222) ... FAILED
[INFO] [stdout] test src/lib.rs - (line 609) ... FAILED
[INFO] [stdout] test src/lib.rs - (line 263) ... FAILED
[INFO] [stdout] test src/lib.rs - (line 722) ... FAILED
[INFO] [stdout] test src/lib.rs - (line 512) ... FAILED
[INFO] [stdout] test src/lib.rs - (line 474) ... FAILED
[INFO] [stdout] test src/lib.rs - (line 307) ... FAILED
[INFO] [stdout] test src/lib.rs - (line 63) ... FAILED
[INFO] [stdout] test src/lib.rs - (line 365) ... FAILED
[INFO] [stdout] test src/lib.rs - (line 418) ... FAILED
[INFO] [stdout] test src/lib.rs - (line 444) ... FAILED
[INFO] [stdout] test src/lib.rs - (line 334) ... FAILED
[INFO] [stdout] 
[INFO] [stdout] failures:
[INFO] [stdout] 
[INFO] [stdout] ---- src/lib.rs - (line 168) stdout ----
[INFO] [stdout] Couldn't compile the test.
[INFO] [stdout] ---- src/lib.rs - (line 15) stdout ----
[INFO] [stdout] Couldn't compile the test.
[INFO] [stdout] ---- src/lib.rs - (line 131) stdout ----
[INFO] [stdout] Couldn't compile the test.
[INFO] [stdout] ---- src/lib.rs - (line 552) stdout ----
[INFO] [stdout] Couldn't compile the test.
[INFO] [stdout] ---- src/lib.rs - (line 92) stdout ----
[INFO] [stdout] Couldn't compile the test.
[INFO] [stdout] ---- src/lib.rs - (line 664) stdout ----
[INFO] [stdout] Couldn't compile the test.
[INFO] [stdout] ---- src/lib.rs - (line 222) stdout ----
[INFO] [stdout] Couldn't compile the test.
[INFO] [stdout] ---- src/lib.rs - (line 609) stdout ----
[INFO] [stdout] Couldn't compile the test.
[INFO] [stdout] ---- src/lib.rs - (line 263) stdout ----
[INFO] [stdout] Couldn't compile the test.
[INFO] [stdout] ---- src/lib.rs - (line 722) stdout ----
[INFO] [stdout] Couldn't compile the test.
[INFO] [stdout] ---- src/lib.rs - (line 512) stdout ----
[INFO] [stdout] Couldn't compile the test.
[INFO] [stdout] ---- src/lib.rs - (line 474) stdout ----
[INFO] [stdout] Couldn't compile the test.
[INFO] [stdout] ---- src/lib.rs - (line 307) stdout ----
[INFO] [stdout] Couldn't compile the test.
[INFO] [stdout] ---- src/lib.rs - (line 63) stdout ----
[INFO] [stdout] Couldn't compile the test.
[INFO] [stdout] ---- src/lib.rs - (line 365) stdout ----
[INFO] [stdout] Couldn't compile the test.
[INFO] [stdout] ---- src/lib.rs - (line 418) stdout ----
[INFO] [stdout] Couldn't compile the test.
[INFO] [stdout] ---- src/lib.rs - (line 444) stdout ----
[INFO] [stdout] Couldn't compile the test.
[INFO] [stdout] ---- src/lib.rs - (line 334) stdout ----
[INFO] [stdout] Couldn't compile the test.
[INFO] [stdout] 
[INFO] [stdout] failures:
[INFO] [stdout]     src/lib.rs - (line 131)
[INFO] [stdout]     src/lib.rs - (line 15)
[INFO] [stdout]     src/lib.rs - (line 168)
[INFO] [stdout]     src/lib.rs - (line 222)
[INFO] [stdout]     src/lib.rs - (line 263)
[INFO] [stdout]     src/lib.rs - (line 307)
[INFO] [stdout]     src/lib.rs - (line 334)
[INFO] [stdout]     src/lib.rs - (line 365)
[INFO] [stdout]     src/lib.rs - (line 418)
[INFO] [stdout]     src/lib.rs - (line 444)
[INFO] [stdout]     src/lib.rs - (line 474)
[INFO] [stdout]     src/lib.rs - (line 512)
[INFO] [stdout]     src/lib.rs - (line 552)
[INFO] [stdout]     src/lib.rs - (line 609)
[INFO] [stdout]     src/lib.rs - (line 63)
[INFO] [stdout]     src/lib.rs - (line 664)
[INFO] [stdout]     src/lib.rs - (line 722)
[INFO] [stdout]     src/lib.rs - (line 92)
[INFO] [stdout] 
[INFO] [stdout] test result: FAILED. 0 passed; 18 failed; 0 ignored; 0 measured; 0 filtered out; finished in 5.97s
[INFO] [stdout] 
[INFO] [stderr] error: test failed, to rerun pass '--doc'
[INFO] running `Command { std: "docker" "inspect" "d69b06629ce909a85059757e16ec55c89bacb4a4e9b35459c8e1176f1fc8b428", kill_on_drop: false }`
[INFO] running `Command { std: "docker" "rm" "-f" "d69b06629ce909a85059757e16ec55c89bacb4a4e9b35459c8e1176f1fc8b428", kill_on_drop: false }`
[INFO] [stdout] d69b06629ce909a85059757e16ec55c89bacb4a4e9b35459c8e1176f1fc8b428
