[INFO] fetching crate nebula-graph-fbthrift-storage 0.1.1...
[INFO] testing nebula-graph-fbthrift-storage-0.1.1 against beta-2021-08-01 for beta-1.55-1
[INFO] extracting crate nebula-graph-fbthrift-storage 0.1.1 into /workspace/builds/worker-1/source
[INFO] validating manifest of crates.io crate nebula-graph-fbthrift-storage 0.1.1 on toolchain beta-2021-08-01
[INFO] running `Command { std: "/workspace/cargo-home/bin/cargo" "+beta-2021-08-01" "metadata" "--manifest-path" "Cargo.toml" "--no-deps", kill_on_drop: false }`
[INFO] started tweaking crates.io crate nebula-graph-fbthrift-storage 0.1.1
[INFO] finished tweaking crates.io crate nebula-graph-fbthrift-storage 0.1.1
[INFO] tweaked toml for crates.io crate nebula-graph-fbthrift-storage 0.1.1 written to /workspace/builds/worker-1/source/Cargo.toml
[INFO] running `Command { std: "/workspace/cargo-home/bin/cargo" "+beta-2021-08-01" "generate-lockfile" "--manifest-path" "Cargo.toml" "-Zno-index-update", kill_on_drop: false }`
[INFO] [stderr]     Blocking waiting for file lock on package cache
[INFO] running `Command { std: "/workspace/cargo-home/bin/cargo" "+beta-2021-08-01" "fetch" "--manifest-path" "Cargo.toml", kill_on_drop: false }`
[INFO] [stderr] warning: version requirement `0.0.1+unstable2020090200` for dependency `fbthrift` includes semver metadata which will be ignored, removing the metadata is recommended to avoid confusion
[INFO] [stderr]     Blocking waiting for file lock on package cache
[INFO] [stderr]  Downloading crates ...
[INFO] [stderr]   Downloaded nebula-graph-fbthrift-common v0.1.1
[INFO] running `Command { std: "docker" "create" "-v" "/var/lib/crater-agent-workspace/builds/worker-1/target:/opt/rustwide/target:rw,Z" "-v" "/var/lib/crater-agent-workspace/builds/worker-1/source:/opt/rustwide/workdir:ro,Z" "-v" "/var/lib/crater-agent-workspace/cargo-home:/opt/rustwide/cargo-home:ro,Z" "-v" "/var/lib/crater-agent-workspace/rustup-home:/opt/rustwide/rustup-home:ro,Z" "-e" "SOURCE_DIR=/opt/rustwide/workdir" "-e" "CARGO_TARGET_DIR=/opt/rustwide/target" "-e" "CARGO_HOME=/opt/rustwide/cargo-home" "-e" "RUSTUP_HOME=/opt/rustwide/rustup-home" "-w" "/opt/rustwide/workdir" "-m" "1610612736" "--user" "0:0" "--network" "none" "ghcr.io/rust-lang/crates-build-env/linux@sha256:34b6a614d2c27851fe6cbf88fbd1137609cefab8b10d0615aaeb6fd47975d74e" "/opt/rustwide/cargo-home/bin/cargo" "+beta-2021-08-01" "metadata" "--no-deps" "--format-version=1", kill_on_drop: false }`
[INFO] [stdout] 2d230cfa710e262126140b053a8261007ad5a1fa4cc99662232ab2d1ef55d12d
[INFO] running `Command { std: "docker" "start" "-a" "2d230cfa710e262126140b053a8261007ad5a1fa4cc99662232ab2d1ef55d12d", kill_on_drop: false }`
[INFO] running `Command { std: "docker" "inspect" "2d230cfa710e262126140b053a8261007ad5a1fa4cc99662232ab2d1ef55d12d", kill_on_drop: false }`
[INFO] running `Command { std: "docker" "rm" "-f" "2d230cfa710e262126140b053a8261007ad5a1fa4cc99662232ab2d1ef55d12d", kill_on_drop: false }`
[INFO] [stdout] 2d230cfa710e262126140b053a8261007ad5a1fa4cc99662232ab2d1ef55d12d
[INFO] running `Command { std: "docker" "create" "-v" "/var/lib/crater-agent-workspace/builds/worker-1/target:/opt/rustwide/target:rw,Z" "-v" "/var/lib/crater-agent-workspace/builds/worker-1/source:/opt/rustwide/workdir:ro,Z" "-v" "/var/lib/crater-agent-workspace/cargo-home:/opt/rustwide/cargo-home:ro,Z" "-v" "/var/lib/crater-agent-workspace/rustup-home:/opt/rustwide/rustup-home:ro,Z" "-e" "SOURCE_DIR=/opt/rustwide/workdir" "-e" "CARGO_TARGET_DIR=/opt/rustwide/target" "-e" "CARGO_INCREMENTAL=0" "-e" "RUST_BACKTRACE=full" "-e" "RUSTFLAGS=--cap-lints=warn" "-e" "CARGO_HOME=/opt/rustwide/cargo-home" "-e" "RUSTUP_HOME=/opt/rustwide/rustup-home" "-w" "/opt/rustwide/workdir" "-m" "1610612736" "--user" "0:0" "--network" "none" "ghcr.io/rust-lang/crates-build-env/linux@sha256:34b6a614d2c27851fe6cbf88fbd1137609cefab8b10d0615aaeb6fd47975d74e" "/opt/rustwide/cargo-home/bin/cargo" "+beta-2021-08-01" "build" "--frozen" "--message-format=json", kill_on_drop: false }`
[INFO] [stdout] 7834b016e1507c77db325ae031d1d8736bbb138aff0021f399b170c185586b4f
[INFO] running `Command { std: "docker" "start" "-a" "7834b016e1507c77db325ae031d1d8736bbb138aff0021f399b170c185586b4f", kill_on_drop: false }`
[INFO] [stderr] warning: version requirement `0.0.1+unstable2020090200` for dependency `fbthrift` includes semver metadata which will be ignored, removing the metadata is recommended to avoid confusion
[INFO] [stderr]     Blocking waiting for file lock on package cache
[INFO] [stderr]     Blocking waiting for file lock on package cache
[INFO] [stderr]     Blocking waiting for file lock on package cache
[INFO] [stderr]    Compiling syn v1.0.74
[INFO] [stderr]    Compiling serde v1.0.127
[INFO] [stderr]    Compiling futures-core v0.3.16
[INFO] [stderr]    Compiling anyhow v1.0.42
[INFO] [stderr]    Compiling async-trait v0.1.51
[INFO] [stderr]    Compiling futures-channel v0.3.16
[INFO] [stderr]    Compiling futures-sink v0.3.16
[INFO] [stderr]    Compiling slab v0.4.4
[INFO] [stderr]    Compiling futures-io v0.3.16
[INFO] [stderr]    Compiling futures-task v0.3.16
[INFO] [stderr]    Compiling futures-util v0.3.16
[INFO] [stderr]    Compiling iovec v0.1.4
[INFO] [stderr]    Compiling bytes v0.5.6
[INFO] [stderr]    Compiling ordered-float v1.1.1
[INFO] [stderr]    Compiling bytes v0.4.12
[INFO] [stderr]    Compiling futures v0.3.16
[INFO] [stderr]    Compiling bufsize v0.5.1
[INFO] [stderr]    Compiling thiserror-impl v1.0.26
[INFO] [stderr]    Compiling num-derive v0.3.3
[INFO] [stderr]    Compiling ghost v0.1.2
[INFO] [stderr]    Compiling thiserror v1.0.26
[INFO] [stderr]    Compiling fbthrift-git v0.0.1+unstable2020090200
[INFO] [stderr]    Compiling nebula-graph-fbthrift-common v0.1.1
[INFO] [stderr]    Compiling nebula-graph-fbthrift-storage v0.1.1 (/opt/rustwide/workdir)
[INFO] [stdout] warning: trait objects without an explicit `dyn` are deprecated
[INFO] [stdout]     --> src/lib.rs:9909:13
[INFO] [stdout]      |
[INFO] [stdout] 9909 |             StorageService::new(protocol, transport)
[INFO] [stdout]      |             ^^^^^^^^^^^^^^ help: use `dyn`: `<dyn StorageService>`
[INFO] [stdout]      |
[INFO] [stdout]      = note: `#[warn(bare_trait_objects)]` on by default
[INFO] [stdout]      = warning: this is accepted in the current edition (Rust 2018) but is a hard error in Rust 2021!
[INFO] [stdout]      = note: for more information, see issue #80165 <https://github.com/rust-lang/rust/issues/80165>
[INFO] [stdout] 
[INFO] [stdout] 
[INFO] [stdout] warning: 1 warning emitted
[INFO] [stdout] 
[INFO] [stdout] 
[INFO] [stderr]     Finished dev [unoptimized + debuginfo] target(s) in 18.08s
[INFO] running `Command { std: "docker" "inspect" "7834b016e1507c77db325ae031d1d8736bbb138aff0021f399b170c185586b4f", kill_on_drop: false }`
[INFO] running `Command { std: "docker" "rm" "-f" "7834b016e1507c77db325ae031d1d8736bbb138aff0021f399b170c185586b4f", kill_on_drop: false }`
[INFO] [stdout] 7834b016e1507c77db325ae031d1d8736bbb138aff0021f399b170c185586b4f
[INFO] running `Command { std: "docker" "create" "-v" "/var/lib/crater-agent-workspace/builds/worker-1/target:/opt/rustwide/target:rw,Z" "-v" "/var/lib/crater-agent-workspace/builds/worker-1/source:/opt/rustwide/workdir:ro,Z" "-v" "/var/lib/crater-agent-workspace/cargo-home:/opt/rustwide/cargo-home:ro,Z" "-v" "/var/lib/crater-agent-workspace/rustup-home:/opt/rustwide/rustup-home:ro,Z" "-e" "SOURCE_DIR=/opt/rustwide/workdir" "-e" "CARGO_TARGET_DIR=/opt/rustwide/target" "-e" "CARGO_INCREMENTAL=0" "-e" "RUST_BACKTRACE=full" "-e" "RUSTFLAGS=--cap-lints=warn" "-e" "CARGO_HOME=/opt/rustwide/cargo-home" "-e" "RUSTUP_HOME=/opt/rustwide/rustup-home" "-w" "/opt/rustwide/workdir" "-m" "1610612736" "--user" "0:0" "--network" "none" "ghcr.io/rust-lang/crates-build-env/linux@sha256:34b6a614d2c27851fe6cbf88fbd1137609cefab8b10d0615aaeb6fd47975d74e" "/opt/rustwide/cargo-home/bin/cargo" "+beta-2021-08-01" "test" "--frozen" "--no-run" "--message-format=json", kill_on_drop: false }`
[INFO] [stdout] 477b31d14eca0f02e185866048d234bfcb10e0822ba20199a39141a7ccd22602
[INFO] running `Command { std: "docker" "start" "-a" "477b31d14eca0f02e185866048d234bfcb10e0822ba20199a39141a7ccd22602", kill_on_drop: false }`
[INFO] [stderr] warning: version requirement `0.0.1+unstable2020090200` for dependency `fbthrift` includes semver metadata which will be ignored, removing the metadata is recommended to avoid confusion
[INFO] [stderr]     Blocking waiting for file lock on package cache
[INFO] [stderr]    Compiling nebula-graph-fbthrift-storage v0.1.1 (/opt/rustwide/workdir)
[INFO] [stdout] warning: trait objects without an explicit `dyn` are deprecated
[INFO] [stdout]     --> src/lib.rs:9909:13
[INFO] [stdout]      |
[INFO] [stdout] 9909 |             StorageService::new(protocol, transport)
[INFO] [stdout]      |             ^^^^^^^^^^^^^^ help: use `dyn`: `<dyn StorageService>`
[INFO] [stdout]      |
[INFO] [stdout]      = note: `#[warn(bare_trait_objects)]` on by default
[INFO] [stdout]      = warning: this is accepted in the current edition (Rust 2018) but is a hard error in Rust 2021!
[INFO] [stdout]      = note: for more information, see issue #80165 <https://github.com/rust-lang/rust/issues/80165>
[INFO] [stdout] 
[INFO] [stdout] 
[INFO] [stdout] warning: 1 warning emitted
[INFO] [stdout] 
[INFO] [stdout] 
[INFO] [stdout] warning: trait objects without an explicit `dyn` are deprecated
[INFO] [stdout]     --> src/lib.rs:9909:13
[INFO] [stdout]      |
[INFO] [stdout] 9909 |             StorageService::new(protocol, transport)
[INFO] [stdout]      |             ^^^^^^^^^^^^^^ help: use `dyn`: `<dyn StorageService>`
[INFO] [stdout]      |
[INFO] [stdout]      = note: `#[warn(bare_trait_objects)]` on by default
[INFO] [stdout]      = warning: this is accepted in the current edition (Rust 2018) but is a hard error in Rust 2021!
[INFO] [stdout]      = note: for more information, see issue #80165 <https://github.com/rust-lang/rust/issues/80165>
[INFO] [stdout] 
[INFO] [stdout] 
[INFO] [stdout] warning: 1 warning emitted
[INFO] [stdout] 
[INFO] [stdout] 
[INFO] [stderr]     Finished test [unoptimized + debuginfo] target(s) in 8.15s
[INFO] running `Command { std: "docker" "inspect" "477b31d14eca0f02e185866048d234bfcb10e0822ba20199a39141a7ccd22602", kill_on_drop: false }`
[INFO] running `Command { std: "docker" "rm" "-f" "477b31d14eca0f02e185866048d234bfcb10e0822ba20199a39141a7ccd22602", kill_on_drop: false }`
[INFO] [stdout] 477b31d14eca0f02e185866048d234bfcb10e0822ba20199a39141a7ccd22602
[INFO] running `Command { std: "docker" "create" "-v" "/var/lib/crater-agent-workspace/builds/worker-1/target:/opt/rustwide/target:rw,Z" "-v" "/var/lib/crater-agent-workspace/builds/worker-1/source:/opt/rustwide/workdir:ro,Z" "-v" "/var/lib/crater-agent-workspace/cargo-home:/opt/rustwide/cargo-home:ro,Z" "-v" "/var/lib/crater-agent-workspace/rustup-home:/opt/rustwide/rustup-home:ro,Z" "-e" "SOURCE_DIR=/opt/rustwide/workdir" "-e" "CARGO_TARGET_DIR=/opt/rustwide/target" "-e" "CARGO_INCREMENTAL=0" "-e" "RUST_BACKTRACE=full" "-e" "RUSTFLAGS=--cap-lints=warn" "-e" "CARGO_HOME=/opt/rustwide/cargo-home" "-e" "RUSTUP_HOME=/opt/rustwide/rustup-home" "-w" "/opt/rustwide/workdir" "-m" "1610612736" "--user" "0:0" "--network" "none" "ghcr.io/rust-lang/crates-build-env/linux@sha256:34b6a614d2c27851fe6cbf88fbd1137609cefab8b10d0615aaeb6fd47975d74e" "/opt/rustwide/cargo-home/bin/cargo" "+beta-2021-08-01" "test" "--frozen", kill_on_drop: false }`
[INFO] [stdout] 5fb26a10e399ac028861dcbcc78c9178862129116144f8e171aea0ba213427a7
[INFO] running `Command { std: "docker" "start" "-a" "5fb26a10e399ac028861dcbcc78c9178862129116144f8e171aea0ba213427a7", kill_on_drop: false }`
[INFO] [stderr] warning: version requirement `0.0.1+unstable2020090200` for dependency `fbthrift` includes semver metadata which will be ignored, removing the metadata is recommended to avoid confusion
[INFO] [stderr] warning: trait objects without an explicit `dyn` are deprecated
[INFO] [stderr]     --> src/lib.rs:9909:13
[INFO] [stderr]      |
[INFO] [stderr] 9909 |             StorageService::new(protocol, transport)
[INFO] [stderr]      |             ^^^^^^^^^^^^^^ help: use `dyn`: `<dyn StorageService>`
[INFO] [stderr]      |
[INFO] [stderr]      = note: `#[warn(bare_trait_objects)]` on by default
[INFO] [stderr]      = warning: this is accepted in the current edition (Rust 2018) but is a hard error in Rust 2021!
[INFO] [stderr]      = note: for more information, see issue #80165 <https://github.com/rust-lang/rust/issues/80165>
[INFO] [stderr] 
[INFO] [stderr] warning: `nebula-graph-fbthrift-storage` (lib) generated 1 warning
[INFO] [stderr] warning: `nebula-graph-fbthrift-storage` (lib test) generated 1 warning (1 duplicate)
[INFO] [stderr]     Finished test [unoptimized + debuginfo] target(s) in 0.13s
[INFO] [stderr]      Running unittests (/opt/rustwide/target/debug/deps/nebula_graph_fbthrift_storage-99dcc7195fca73b6)
[INFO] [stdout] 
[INFO] [stderr]    Doc-tests nebula-graph-fbthrift-storage
[INFO] [stdout] running 0 tests
[INFO] [stdout] 
[INFO] [stdout] test result: ok. 0 passed; 0 failed; 0 ignored; 0 measured; 0 filtered out; finished in 0.00s
[INFO] [stdout] 
[INFO] [stdout] 
[INFO] [stdout] running 4 tests
[INFO] [stdout] test src/lib.rs - mock (line 12046) ... FAILED
[INFO] [stdout] test src/lib.rs - client::dyn StorageService (line 9878) ... FAILED
[INFO] [stdout] test src/lib.rs - mock (line 12095) ... FAILED
[INFO] [stdout] test src/lib.rs - mock (line 12061) ... FAILED
[INFO] [stdout] 
[INFO] [stdout] failures:
[INFO] [stdout] 
[INFO] [stdout] ---- src/lib.rs - mock (line 12046) stdout ----
[INFO] [stdout] error: expected one of `!`, `.`, `::`, `;`, `?`, `{`, `}`, or an operator, found `MyService`
[INFO] [stdout]  --> src/lib.rs:12047:9
[INFO] [stdout]   |
[INFO] [stdout] 3 | service MyService {
[INFO] [stdout]   |         ^^^^^^^^^ expected one of 8 possible tokens
[INFO] [stdout] 
[INFO] [stdout] error: mismatched closing delimiter: `)`
[INFO] [stdout]  --> src/lib.rs:12053:5
[INFO] [stdout]   |
[INFO] [stdout] 6 |     ) throws {
[INFO] [stdout]   |              - unclosed delimiter
[INFO] [stdout] ...
[INFO] [stdout] 9 |     ),
[INFO] [stdout]   |     ^ mismatched closing delimiter
[INFO] [stdout] 
[INFO] [stdout] error: aborting due to 2 previous errors
[INFO] [stdout] 
[INFO] [stdout] Couldn't compile the test.
[INFO] [stdout] ---- src/lib.rs - client::dyn StorageService (line 9878) stdout ----
[INFO] [stdout] error[E0433]: failed to resolve: use of undeclared crate or module `bgs`
[INFO] [stdout]  --> src/lib.rs:9879:5
[INFO] [stdout]   |
[INFO] [stdout] 3 | use bgs::client::BuckGraphService;
[INFO] [stdout]   |     ^^^ use of undeclared crate or module `bgs`
[INFO] [stdout] 
[INFO] [stdout] error[E0433]: failed to resolve: use of undeclared type `HttpClient`
[INFO] [stdout]  --> src/lib.rs:9882:17
[INFO] [stdout]   |
[INFO] [stdout] 6 | let transport = HttpClient::new();
[INFO] [stdout]   |                 ^^^^^^^^^^ use of undeclared type `HttpClient`
[INFO] [stdout] 
[INFO] [stdout] error[E0433]: failed to resolve: use of undeclared type `BuckGraphService`
[INFO] [stdout]  --> src/lib.rs:9883:14
[INFO] [stdout]   |
[INFO] [stdout] 7 | let client = BuckGraphService::new(protocol, transport);
[INFO] [stdout]   |              ^^^^^^^^^^^^^^^^ use of undeclared type `BuckGraphService`
[INFO] [stdout] 
[INFO] [stdout] error[E0433]: failed to resolve: use of undeclared type `BinaryProtocol`
[INFO] [stdout]  --> src/lib.rs:9881:16
[INFO] [stdout]   |
[INFO] [stdout] 5 | let protocol = BinaryProtocol::new();
[INFO] [stdout]   |                ^^^^^^^^^^^^^^ not found in this scope
[INFO] [stdout]   |
[INFO] [stdout] help: consider importing this enum
[INFO] [stdout]   |
[INFO] [stdout] 2 | use fbthrift::BinaryProtocol;
[INFO] [stdout]   |
[INFO] [stdout] 
[INFO] [stdout] error: aborting due to 4 previous errors
[INFO] [stdout] 
[INFO] [stdout] For more information about this error, try `rustc --explain E0433`.
[INFO] [stdout] Couldn't compile the test.
[INFO] [stdout] ---- src/lib.rs - mock (line 12095) stdout ----
[INFO] [stdout] error: expected identifier, found `...`
[INFO] [stdout]   --> src/lib.rs:12104:34
[INFO] [stdout]    |
[INFO] [stdout] 11 |     let resp = FunctionResponse {...};
[INFO] [stdout]    |                ----------------  ^^^ expected identifier
[INFO] [stdout]    |                |
[INFO] [stdout]    |                while parsing this struct
[INFO] [stdout] 
[INFO] [stdout] error: expected identifier, found `...`
[INFO] [stdout]   --> src/lib.rs:12108:54
[INFO] [stdout]    |
[INFO] [stdout] 15 |     mock.myFunction.mock(|request| FunctionResponse {...});
[INFO] [stdout]    |                                    ----------------  ^^^ expected identifier
[INFO] [stdout]    |                                    |
[INFO] [stdout]    |                                    while parsing this struct
[INFO] [stdout] 
[INFO] [stdout] error: unexpected token: `...`
[INFO] [stdout]   --> src/lib.rs:12119:31
[INFO] [stdout]    |
[INFO] [stdout] 26 | ) -> impl Future<Item = Out> {...}
[INFO] [stdout]    |                               ^^^
[INFO] [stdout]    |
[INFO] [stdout] help: use `..` for an exclusive range
[INFO] [stdout]    |
[INFO] [stdout] 26 | ) -> impl Future<Item = Out> {..}
[INFO] [stdout]    |                               ^^
[INFO] [stdout] help: or `..=` for an inclusive range
[INFO] [stdout]    |
[INFO] [stdout] 26 | ) -> impl Future<Item = Out> {..=}
[INFO] [stdout]    |                               ^^^
[INFO] [stdout] 
[INFO] [stdout] error[E0586]: inclusive range with no end
[INFO] [stdout]   --> src/lib.rs:12119:31
[INFO] [stdout]    |
[INFO] [stdout] 26 | ) -> impl Future<Item = Out> {...}
[INFO] [stdout]    |                               ^^^ help: use `..` instead
[INFO] [stdout]    |
[INFO] [stdout]    = note: inclusive ranges must be bounded at the end (`..=b` or `a..=b`)
[INFO] [stdout] 
[INFO] [stdout] error[E0433]: failed to resolve: use of undeclared crate or module `thrift_if`
[INFO] [stdout]  --> src/lib.rs:12097:5
[INFO] [stdout]   |
[INFO] [stdout] 4 | use thrift_if::client::MyService;
[INFO] [stdout]   |     ^^^^^^^^^ use of undeclared crate or module `thrift_if`
[INFO] [stdout] 
[INFO] [stdout] error[E0405]: cannot find trait `MyService` in this scope
[INFO] [stdout]   --> src/lib.rs:12118:21
[INFO] [stdout]    |
[INFO] [stdout] 24 | fn do_the_thing(
[INFO] [stdout]    |                - help: you might be missing a type parameter: `<MyService>`
[INFO] [stdout] 25 |     client: Arc<dyn MyService + Send + Sync + 'static>,
[INFO] [stdout]    |                     ^^^^^^^^^ not found in this scope
[INFO] [stdout] 
[INFO] [stdout] error[E0405]: cannot find trait `Future` in this scope
[INFO] [stdout]   --> src/lib.rs:12119:11
[INFO] [stdout]    |
[INFO] [stdout] 26 | ) -> impl Future<Item = Out> {...}
[INFO] [stdout]    |           ^^^^^^ not found in this scope
[INFO] [stdout]    |
[INFO] [stdout] help: consider importing one of these items
[INFO] [stdout]    |
[INFO] [stdout] 2  | use core::future::Future;
[INFO] [stdout]    |
[INFO] [stdout] 2  | use futures::Future;
[INFO] [stdout]    |
[INFO] [stdout] 2  | use std::future::Future;
[INFO] [stdout]    |
[INFO] [stdout] 
[INFO] [stdout] error[E0412]: cannot find type `Out` in this scope
[INFO] [stdout]   --> src/lib.rs:12119:25
[INFO] [stdout]    |
[INFO] [stdout] 26 | ) -> impl Future<Item = Out> {...}
[INFO] [stdout]    |                         ^^^ not found in this scope
[INFO] [stdout] 
[INFO] [stdout] error: aborting due to 8 previous errors
[INFO] [stdout] 
[INFO] [stdout] Some errors have detailed explanations: E0405, E0412, E0433, E0586.
[INFO] [stdout] For more information about an error, try `rustc --explain E0405`.
[INFO] [stdout] Couldn't compile the test.
[INFO] [stdout] ---- src/lib.rs - mock (line 12061) stdout ----
[INFO] [stdout] error: non-item in item list
[INFO] [stdout]  --> src/lib.rs:12062:53
[INFO] [stdout]   |
[INFO] [stdout] 3 | impl crate::client::MyService for MyService<'mock> {...}
[INFO] [stdout]   |                                                    -^^^- item list ends here
[INFO] [stdout]   |                                                    ||
[INFO] [stdout]   |                                                    |non-item starts here
[INFO] [stdout]   |                                                    item list starts here
[INFO] [stdout] 
[INFO] [stdout] error: non-item in item list
[INFO] [stdout]   --> src/lib.rs:12089:48
[INFO] [stdout]    |
[INFO] [stdout] 30 | impl From<StorageException> for MyFunctionExn {...}
[INFO] [stdout]    |                                               -^^^- item list ends here
[INFO] [stdout]    |                                               ||
[INFO] [stdout]    |                                               |non-item starts here
[INFO] [stdout]    |                                               item list starts here
[INFO] [stdout] 
[INFO] [stdout] error: non-item in item list
[INFO] [stdout]   --> src/lib.rs:12090:49
[INFO] [stdout]    |
[INFO] [stdout] 31 | impl From<NotFoundException> for MyFunctionExn {...}
[INFO] [stdout]    |                                                -^^^- item list ends here
[INFO] [stdout]    |                                                ||
[INFO] [stdout]    |                                                |non-item starts here
[INFO] [stdout]    |                                                item list starts here
[INFO] [stdout] 
[INFO] [stdout] error: associated function in `impl` without body
[INFO] [stdout]   --> src/lib.rs:12070:5
[INFO] [stdout]    |
[INFO] [stdout] 11 |     pub fn mock<'mock>() -> MyService<'mock>;
[INFO] [stdout]    |     ^^^^^^^^^^^^^^^^^^^^^^^^^^^^^^^^^^^^^^^^-
[INFO] [stdout]    |                                             |
[INFO] [stdout]    |                                             help: provide a definition for the function: `{ <body> }`
[INFO] [stdout] 
[INFO] [stdout] error: associated function in `impl` without body
[INFO] [stdout]   --> src/lib.rs:12075:5
[INFO] [stdout]    |
[INFO] [stdout] 16 |     pub fn ret(&self, value: FunctionResponse);
[INFO] [stdout]    |     ^^^^^^^^^^^^^^^^^^^^^^^^^^^^^^^^^^^^^^^^^^-
[INFO] [stdout]    |                                               |
[INFO] [stdout]    |                                               help: provide a definition for the function: `{ <body> }`
[INFO] [stdout] 
[INFO] [stdout] error: associated function in `impl` without body
[INFO] [stdout]   --> src/lib.rs:12078:5
[INFO] [stdout]    |
[INFO] [stdout] 19 | /     pub fn mock(
[INFO] [stdout] 20 | |         &self,
[INFO] [stdout] 21 | |         mock: impl FnMut(FunctionRequest) -> FunctionResponse + Send + Sync + 'mock,
[INFO] [stdout] 22 | |     );
[INFO] [stdout]    | |      ^ help: provide a definition for the function: `{ <body> }`
[INFO] [stdout]    | |______|
[INFO] [stdout]    | 
[INFO] [stdout] 
[INFO] [stdout] error: associated function in `impl` without body
[INFO] [stdout]   --> src/lib.rs:12084:5
[INFO] [stdout]    |
[INFO] [stdout] 25 | /     pub fn throw<E>(&self, exception: E)
[INFO] [stdout] 26 | |     where
[INFO] [stdout] 27 | |         E: Clone + Into<crate::services::MyService::MyFunctionExn> + Send + Sync + 'mock;
[INFO] [stdout]    | |                                                                                         ^ help: provide a definition for the function: `{ <body> }`
[INFO] [stdout]    | |_________________________________________________________________________________________|
[INFO] [stdout]    | 
[INFO] [stdout] 
[INFO] [stdout] error[E0433]: failed to resolve: unresolved import
[INFO] [stdout]  --> src/lib.rs:12062:13
[INFO] [stdout]   |
[INFO] [stdout] 3 | impl crate::client::MyService for MyService<'mock> {...}
[INFO] [stdout]   |             ^^^^^^
[INFO] [stdout]   |             |
[INFO] [stdout]   |             unresolved import
[INFO] [stdout]   |             help: a similar path exists: `nebula_graph_fbthrift_storage::client`
[INFO] [stdout] 
[INFO] [stdout] error[E0433]: failed to resolve: unresolved import
[INFO] [stdout]   --> src/lib.rs:12069:17
[INFO] [stdout]    |
[INFO] [stdout] 10 | impl dyn crate::client::MyService {
[INFO] [stdout]    |                 ^^^^^^
[INFO] [stdout]    |                 |
[INFO] [stdout]    |                 unresolved import
[INFO] [stdout]    |                 help: a similar path exists: `nebula_graph_fbthrift_storage::client`
[INFO] [stdout] 
[INFO] [stdout] error[E0433]: failed to resolve: unresolved import
[INFO] [stdout]   --> src/lib.rs:12086:32
[INFO] [stdout]    |
[INFO] [stdout] 27 |         E: Clone + Into<crate::services::MyService::MyFunctionExn> + Send + Sync + 'mock;
[INFO] [stdout]    |                                ^^^^^^^^
[INFO] [stdout]    |                                |
[INFO] [stdout]    |                                unresolved import
[INFO] [stdout]    |                                help: a similar path exists: `nebula_graph_fbthrift_storage::services`
[INFO] [stdout] 
[INFO] [stdout] error[E0412]: cannot find type `myFunction` in this scope
[INFO] [stdout]  --> src/lib.rs:12065:21
[INFO] [stdout]   |
[INFO] [stdout] 6 |     pub myFunction: myFunction<'mock>,
[INFO] [stdout]   |                     ^^^^^^^^^^ not found in this scope
[INFO] [stdout] 
[INFO] [stdout] error[E0412]: cannot find type `myFunction` in this scope
[INFO] [stdout]   --> src/lib.rs:12073:6
[INFO] [stdout]    |
[INFO] [stdout] 14 | impl myFunction<'mock> {
[INFO] [stdout]    |      ^^^^^^^^^^ not found in this scope
[INFO] [stdout] 
[INFO] [stdout] error[E0412]: cannot find type `FunctionResponse` in this scope
[INFO] [stdout]   --> src/lib.rs:12075:30
[INFO] [stdout]    |
[INFO] [stdout] 16 |     pub fn ret(&self, value: FunctionResponse);
[INFO] [stdout]    |                              ^^^^^^^^^^^^^^^^ not found in this scope
[INFO] [stdout] 
[INFO] [stdout] error[E0412]: cannot find type `FunctionRequest` in this scope
[INFO] [stdout]   --> src/lib.rs:12080:26
[INFO] [stdout]    |
[INFO] [stdout] 21 |         mock: impl FnMut(FunctionRequest) -> FunctionResponse + Send + Sync + 'mock,
[INFO] [stdout]    |                          ^^^^^^^^^^^^^^^ not found in this scope
[INFO] [stdout] 
[INFO] [stdout] error[E0412]: cannot find type `FunctionResponse` in this scope
[INFO] [stdout]   --> src/lib.rs:12080:46
[INFO] [stdout]    |
[INFO] [stdout] 21 |         mock: impl FnMut(FunctionRequest) -> FunctionResponse + Send + Sync + 'mock,
[INFO] [stdout]    |                                              ^^^^^^^^^^^^^^^^ not found in this scope
[INFO] [stdout] 
[INFO] [stdout] error[E0412]: cannot find type `StorageException` in this scope
[INFO] [stdout]   --> src/lib.rs:12089:11
[INFO] [stdout]    |
[INFO] [stdout] 30 | impl From<StorageException> for MyFunctionExn {...}
[INFO] [stdout]    |     -     ^^^^^^^^^^^^^^^^ not found in this scope
[INFO] [stdout]    |     |
[INFO] [stdout]    |     help: you might be missing a type parameter: `<StorageException>`
[INFO] [stdout] 
[INFO] [stdout] error[E0412]: cannot find type `MyFunctionExn` in this scope
[INFO] [stdout]   --> src/lib.rs:12089:33
[INFO] [stdout]    |
[INFO] [stdout] 30 | impl From<StorageException> for MyFunctionExn {...}
[INFO] [stdout]    |                                 ^^^^^^^^^^^^^ not found in this scope
[INFO] [stdout] 
[INFO] [stdout] error[E0412]: cannot find type `NotFoundException` in this scope
[INFO] [stdout]   --> src/lib.rs:12090:11
[INFO] [stdout]    |
[INFO] [stdout] 31 | impl From<NotFoundException> for MyFunctionExn {...}
[INFO] [stdout]    |     -     ^^^^^^^^^^^^^^^^^ not found in this scope
[INFO] [stdout]    |     |
[INFO] [stdout]    |     help: you might be missing a type parameter: `<NotFoundException>`
[INFO] [stdout] 
[INFO] [stdout] error[E0412]: cannot find type `MyFunctionExn` in this scope
[INFO] [stdout]   --> src/lib.rs:12090:34
[INFO] [stdout]    |
[INFO] [stdout] 31 | impl From<NotFoundException> for MyFunctionExn {...}
[INFO] [stdout]    |                                  ^^^^^^^^^^^^^ not found in this scope
[INFO] [stdout] 
[INFO] [stdout] error[E0261]: use of undeclared lifetime name `'mock`
[INFO] [stdout]  --> src/lib.rs:12062:45
[INFO] [stdout]   |
[INFO] [stdout] 3 | impl crate::client::MyService for MyService<'mock> {...}
[INFO] [stdout]   |     -                                       ^^^^^ undeclared lifetime
[INFO] [stdout]   |     |
[INFO] [stdout]   |     help: consider introducing lifetime `'mock` here: `<'mock>`
[INFO] [stdout] 
[INFO] [stdout] error: aborting due to 20 previous errors
[INFO] [stdout] 
[INFO] [stdout] Some errors have detailed explanations: E0261, E0412, E0433.
[INFO] [stdout] For more information about an error, try `rustc --explain E0261`.
[INFO] [stdout] Couldn't compile the test.
[INFO] [stdout] 
[INFO] [stdout] failures:
[INFO] [stdout]     src/lib.rs - client::dyn StorageService (line 9878)
[INFO] [stdout]     src/lib.rs - mock (line 12046)
[INFO] [stdout]     src/lib.rs - mock (line 12061)
[INFO] [stdout]     src/lib.rs - mock (line 12095)
[INFO] [stdout] 
[INFO] [stdout] test result: FAILED. 0 passed; 4 failed; 0 ignored; 0 measured; 0 filtered out; finished in 0.27s
[INFO] [stdout] 
[INFO] [stderr] error: test failed, to rerun pass '--doc'
[INFO] running `Command { std: "docker" "inspect" "5fb26a10e399ac028861dcbcc78c9178862129116144f8e171aea0ba213427a7", kill_on_drop: false }`
[INFO] running `Command { std: "docker" "rm" "-f" "5fb26a10e399ac028861dcbcc78c9178862129116144f8e171aea0ba213427a7", kill_on_drop: false }`
[INFO] [stdout] 5fb26a10e399ac028861dcbcc78c9178862129116144f8e171aea0ba213427a7
