[INFO] fetching crate nebula-graph-fbthrift-raftex 0.1.1...
[INFO] testing nebula-graph-fbthrift-raftex-0.1.1 against beta-2021-08-01 for beta-1.55-1
[INFO] extracting crate nebula-graph-fbthrift-raftex 0.1.1 into /workspace/builds/worker-107/source
[INFO] validating manifest of crates.io crate nebula-graph-fbthrift-raftex 0.1.1 on toolchain beta-2021-08-01
[INFO] running `Command { std: "/workspace/cargo-home/bin/cargo" "+beta-2021-08-01" "metadata" "--manifest-path" "Cargo.toml" "--no-deps", kill_on_drop: false }`
[INFO] started tweaking crates.io crate nebula-graph-fbthrift-raftex 0.1.1
[INFO] finished tweaking crates.io crate nebula-graph-fbthrift-raftex 0.1.1
[INFO] tweaked toml for crates.io crate nebula-graph-fbthrift-raftex 0.1.1 written to /workspace/builds/worker-107/source/Cargo.toml
[INFO] running `Command { std: "/workspace/cargo-home/bin/cargo" "+beta-2021-08-01" "generate-lockfile" "--manifest-path" "Cargo.toml" "-Zno-index-update", kill_on_drop: false }`
[INFO] [stderr]     Blocking waiting for file lock on package cache
[INFO] running `Command { std: "/workspace/cargo-home/bin/cargo" "+beta-2021-08-01" "fetch" "--manifest-path" "Cargo.toml", kill_on_drop: false }`
[INFO] [stderr] warning: version requirement `0.0.1+unstable2020090200` for dependency `fbthrift` includes semver metadata which will be ignored, removing the metadata is recommended to avoid confusion
[INFO] [stderr]     Blocking waiting for file lock on package cache
[INFO] running `Command { std: "docker" "create" "-v" "/var/lib/crater-agent-workspace/builds/worker-107/target:/opt/rustwide/target:rw,Z" "-v" "/var/lib/crater-agent-workspace/builds/worker-107/source:/opt/rustwide/workdir:ro,Z" "-v" "/var/lib/crater-agent-workspace/cargo-home:/opt/rustwide/cargo-home:ro,Z" "-v" "/var/lib/crater-agent-workspace/rustup-home:/opt/rustwide/rustup-home:ro,Z" "-e" "SOURCE_DIR=/opt/rustwide/workdir" "-e" "CARGO_TARGET_DIR=/opt/rustwide/target" "-e" "CARGO_HOME=/opt/rustwide/cargo-home" "-e" "RUSTUP_HOME=/opt/rustwide/rustup-home" "-w" "/opt/rustwide/workdir" "-m" "1610612736" "--user" "0:0" "--network" "none" "ghcr.io/rust-lang/crates-build-env/linux@sha256:34b6a614d2c27851fe6cbf88fbd1137609cefab8b10d0615aaeb6fd47975d74e" "/opt/rustwide/cargo-home/bin/cargo" "+beta-2021-08-01" "metadata" "--no-deps" "--format-version=1", kill_on_drop: false }`
[INFO] [stdout] f0525c1357b631d11f951410fced92df74bece71b75670d81372c3ded0936a8c
[INFO] running `Command { std: "docker" "start" "-a" "f0525c1357b631d11f951410fced92df74bece71b75670d81372c3ded0936a8c", kill_on_drop: false }`
[INFO] running `Command { std: "docker" "inspect" "f0525c1357b631d11f951410fced92df74bece71b75670d81372c3ded0936a8c", kill_on_drop: false }`
[INFO] running `Command { std: "docker" "rm" "-f" "f0525c1357b631d11f951410fced92df74bece71b75670d81372c3ded0936a8c", kill_on_drop: false }`
[INFO] [stdout] f0525c1357b631d11f951410fced92df74bece71b75670d81372c3ded0936a8c
[INFO] running `Command { std: "docker" "create" "-v" "/var/lib/crater-agent-workspace/builds/worker-107/target:/opt/rustwide/target:rw,Z" "-v" "/var/lib/crater-agent-workspace/builds/worker-107/source:/opt/rustwide/workdir:ro,Z" "-v" "/var/lib/crater-agent-workspace/cargo-home:/opt/rustwide/cargo-home:ro,Z" "-v" "/var/lib/crater-agent-workspace/rustup-home:/opt/rustwide/rustup-home:ro,Z" "-e" "SOURCE_DIR=/opt/rustwide/workdir" "-e" "CARGO_TARGET_DIR=/opt/rustwide/target" "-e" "CARGO_INCREMENTAL=0" "-e" "RUST_BACKTRACE=full" "-e" "RUSTFLAGS=--cap-lints=warn" "-e" "CARGO_HOME=/opt/rustwide/cargo-home" "-e" "RUSTUP_HOME=/opt/rustwide/rustup-home" "-w" "/opt/rustwide/workdir" "-m" "1610612736" "--user" "0:0" "--network" "none" "ghcr.io/rust-lang/crates-build-env/linux@sha256:34b6a614d2c27851fe6cbf88fbd1137609cefab8b10d0615aaeb6fd47975d74e" "/opt/rustwide/cargo-home/bin/cargo" "+beta-2021-08-01" "build" "--frozen" "--message-format=json", kill_on_drop: false }`
[INFO] [stdout] 5fd09c06558eb342c8b9967cd4058229cf8eeed51b3fc847b8068f8d26155584
[INFO] running `Command { std: "docker" "start" "-a" "5fd09c06558eb342c8b9967cd4058229cf8eeed51b3fc847b8068f8d26155584", kill_on_drop: false }`
[INFO] [stderr] warning: version requirement `0.0.1+unstable2020090200` for dependency `fbthrift` includes semver metadata which will be ignored, removing the metadata is recommended to avoid confusion
[INFO] [stderr]    Compiling syn v1.0.74
[INFO] [stderr]    Compiling serde v1.0.127
[INFO] [stderr]    Compiling futures-core v0.3.16
[INFO] [stderr]    Compiling anyhow v1.0.42
[INFO] [stderr]    Compiling async-trait v0.1.51
[INFO] [stderr]    Compiling futures-channel v0.3.16
[INFO] [stderr]    Compiling futures-task v0.3.16
[INFO] [stderr]    Compiling futures-sink v0.3.16
[INFO] [stderr]    Compiling slab v0.4.4
[INFO] [stderr]    Compiling pin-project-lite v0.2.7
[INFO] [stderr]    Compiling futures-io v0.3.16
[INFO] [stderr]    Compiling futures-util v0.3.16
[INFO] [stderr]    Compiling iovec v0.1.4
[INFO] [stderr]    Compiling futures v0.3.16
[INFO] [stderr]    Compiling bytes v0.5.6
[INFO] [stderr]    Compiling bytes v0.4.12
[INFO] [stderr]    Compiling ordered-float v1.1.1
[INFO] [stderr]    Compiling bufsize v0.5.1
[INFO] [stderr]    Compiling thiserror-impl v1.0.26
[INFO] [stderr]    Compiling ghost v0.1.2
[INFO] [stderr]    Compiling num-derive v0.3.3
[INFO] [stderr]    Compiling thiserror v1.0.26
[INFO] [stderr]    Compiling fbthrift-git v0.0.1+unstable2020090200
[INFO] [stderr]    Compiling nebula-graph-fbthrift-common v0.1.1
[INFO] [stderr]    Compiling nebula-graph-fbthrift-raftex v0.1.1 (/opt/rustwide/workdir)
[INFO] [stdout] warning: trait objects without an explicit `dyn` are deprecated
[INFO] [stdout]     --> src/lib.rs:1414:13
[INFO] [stdout]      |
[INFO] [stdout] 1414 |             RaftexService::new(protocol, transport)
[INFO] [stdout]      |             ^^^^^^^^^^^^^ help: use `dyn`: `<dyn RaftexService>`
[INFO] [stdout]      |
[INFO] [stdout]      = note: `#[warn(bare_trait_objects)]` on by default
[INFO] [stdout]      = warning: this is accepted in the current edition (Rust 2018) but is a hard error in Rust 2021!
[INFO] [stdout]      = note: for more information, see issue #80165 <https://github.com/rust-lang/rust/issues/80165>
[INFO] [stdout] 
[INFO] [stdout] 
[INFO] [stdout] warning: 1 warning emitted
[INFO] [stdout] 
[INFO] [stdout] 
[INFO] [stderr]     Finished dev [unoptimized + debuginfo] target(s) in 13.37s
[INFO] running `Command { std: "docker" "inspect" "5fd09c06558eb342c8b9967cd4058229cf8eeed51b3fc847b8068f8d26155584", kill_on_drop: false }`
[INFO] running `Command { std: "docker" "rm" "-f" "5fd09c06558eb342c8b9967cd4058229cf8eeed51b3fc847b8068f8d26155584", kill_on_drop: false }`
[INFO] [stdout] 5fd09c06558eb342c8b9967cd4058229cf8eeed51b3fc847b8068f8d26155584
[INFO] running `Command { std: "docker" "create" "-v" "/var/lib/crater-agent-workspace/builds/worker-107/target:/opt/rustwide/target:rw,Z" "-v" "/var/lib/crater-agent-workspace/builds/worker-107/source:/opt/rustwide/workdir:ro,Z" "-v" "/var/lib/crater-agent-workspace/cargo-home:/opt/rustwide/cargo-home:ro,Z" "-v" "/var/lib/crater-agent-workspace/rustup-home:/opt/rustwide/rustup-home:ro,Z" "-e" "SOURCE_DIR=/opt/rustwide/workdir" "-e" "CARGO_TARGET_DIR=/opt/rustwide/target" "-e" "CARGO_INCREMENTAL=0" "-e" "RUST_BACKTRACE=full" "-e" "RUSTFLAGS=--cap-lints=warn" "-e" "CARGO_HOME=/opt/rustwide/cargo-home" "-e" "RUSTUP_HOME=/opt/rustwide/rustup-home" "-w" "/opt/rustwide/workdir" "-m" "1610612736" "--user" "0:0" "--network" "none" "ghcr.io/rust-lang/crates-build-env/linux@sha256:34b6a614d2c27851fe6cbf88fbd1137609cefab8b10d0615aaeb6fd47975d74e" "/opt/rustwide/cargo-home/bin/cargo" "+beta-2021-08-01" "test" "--frozen" "--no-run" "--message-format=json", kill_on_drop: false }`
[INFO] [stdout] 8a3bb681184a5f1b38ff567eb42e2af8a88d56a2fc432f24c2113c376778c82d
[INFO] running `Command { std: "docker" "start" "-a" "8a3bb681184a5f1b38ff567eb42e2af8a88d56a2fc432f24c2113c376778c82d", kill_on_drop: false }`
[INFO] [stderr] warning: version requirement `0.0.1+unstable2020090200` for dependency `fbthrift` includes semver metadata which will be ignored, removing the metadata is recommended to avoid confusion
[INFO] [stderr]    Compiling nebula-graph-fbthrift-raftex v0.1.1 (/opt/rustwide/workdir)
[INFO] [stdout] warning: trait objects without an explicit `dyn` are deprecated
[INFO] [stdout]     --> src/lib.rs:1414:13
[INFO] [stdout]      |
[INFO] [stdout] 1414 |             RaftexService::new(protocol, transport)
[INFO] [stdout]      |             ^^^^^^^^^^^^^ help: use `dyn`: `<dyn RaftexService>`
[INFO] [stdout]      |
[INFO] [stdout]      = note: `#[warn(bare_trait_objects)]` on by default
[INFO] [stdout]      = warning: this is accepted in the current edition (Rust 2018) but is a hard error in Rust 2021!
[INFO] [stdout]      = note: for more information, see issue #80165 <https://github.com/rust-lang/rust/issues/80165>
[INFO] [stdout] 
[INFO] [stdout] 
[INFO] [stdout] warning: 1 warning emitted
[INFO] [stdout] 
[INFO] [stdout] 
[INFO] [stdout] warning: trait objects without an explicit `dyn` are deprecated
[INFO] [stdout]     --> src/lib.rs:1414:13
[INFO] [stdout]      |
[INFO] [stdout] 1414 |             RaftexService::new(protocol, transport)
[INFO] [stdout]      |             ^^^^^^^^^^^^^ help: use `dyn`: `<dyn RaftexService>`
[INFO] [stdout]      |
[INFO] [stdout]      = note: `#[warn(bare_trait_objects)]` on by default
[INFO] [stdout]      = warning: this is accepted in the current edition (Rust 2018) but is a hard error in Rust 2021!
[INFO] [stdout]      = note: for more information, see issue #80165 <https://github.com/rust-lang/rust/issues/80165>
[INFO] [stdout] 
[INFO] [stdout] 
[INFO] [stdout] warning: 1 warning emitted
[INFO] [stdout] 
[INFO] [stdout] 
[INFO] [stderr]     Finished test [unoptimized + debuginfo] target(s) in 1.81s
[INFO] running `Command { std: "docker" "inspect" "8a3bb681184a5f1b38ff567eb42e2af8a88d56a2fc432f24c2113c376778c82d", kill_on_drop: false }`
[INFO] running `Command { std: "docker" "rm" "-f" "8a3bb681184a5f1b38ff567eb42e2af8a88d56a2fc432f24c2113c376778c82d", kill_on_drop: false }`
[INFO] [stdout] 8a3bb681184a5f1b38ff567eb42e2af8a88d56a2fc432f24c2113c376778c82d
[INFO] running `Command { std: "docker" "create" "-v" "/var/lib/crater-agent-workspace/builds/worker-107/target:/opt/rustwide/target:rw,Z" "-v" "/var/lib/crater-agent-workspace/builds/worker-107/source:/opt/rustwide/workdir:ro,Z" "-v" "/var/lib/crater-agent-workspace/cargo-home:/opt/rustwide/cargo-home:ro,Z" "-v" "/var/lib/crater-agent-workspace/rustup-home:/opt/rustwide/rustup-home:ro,Z" "-e" "SOURCE_DIR=/opt/rustwide/workdir" "-e" "CARGO_TARGET_DIR=/opt/rustwide/target" "-e" "CARGO_INCREMENTAL=0" "-e" "RUST_BACKTRACE=full" "-e" "RUSTFLAGS=--cap-lints=warn" "-e" "CARGO_HOME=/opt/rustwide/cargo-home" "-e" "RUSTUP_HOME=/opt/rustwide/rustup-home" "-w" "/opt/rustwide/workdir" "-m" "1610612736" "--user" "0:0" "--network" "none" "ghcr.io/rust-lang/crates-build-env/linux@sha256:34b6a614d2c27851fe6cbf88fbd1137609cefab8b10d0615aaeb6fd47975d74e" "/opt/rustwide/cargo-home/bin/cargo" "+beta-2021-08-01" "test" "--frozen", kill_on_drop: false }`
[INFO] [stdout] 27099c1ef20678218018e5786e7cb3c8a72eb1f46c975be222b86ee0b59b7a6e
[INFO] running `Command { std: "docker" "start" "-a" "27099c1ef20678218018e5786e7cb3c8a72eb1f46c975be222b86ee0b59b7a6e", kill_on_drop: false }`
[INFO] [stderr] warning: version requirement `0.0.1+unstable2020090200` for dependency `fbthrift` includes semver metadata which will be ignored, removing the metadata is recommended to avoid confusion
[INFO] [stderr] warning: trait objects without an explicit `dyn` are deprecated
[INFO] [stderr]     --> src/lib.rs:1414:13
[INFO] [stderr]      |
[INFO] [stderr] 1414 |             RaftexService::new(protocol, transport)
[INFO] [stderr]      |             ^^^^^^^^^^^^^ help: use `dyn`: `<dyn RaftexService>`
[INFO] [stderr]      |
[INFO] [stderr]      = note: `#[warn(bare_trait_objects)]` on by default
[INFO] [stderr]      = warning: this is accepted in the current edition (Rust 2018) but is a hard error in Rust 2021!
[INFO] [stderr]      = note: for more information, see issue #80165 <https://github.com/rust-lang/rust/issues/80165>
[INFO] [stderr] 
[INFO] [stderr] warning: `nebula-graph-fbthrift-raftex` (lib) generated 1 warning
[INFO] [stderr] warning: `nebula-graph-fbthrift-raftex` (lib test) generated 1 warning (1 duplicate)
[INFO] [stderr]     Finished test [unoptimized + debuginfo] target(s) in 0.09s
[INFO] [stderr]      Running unittests (/opt/rustwide/target/debug/deps/nebula_graph_fbthrift_raftex-94f6ad86f003b307)
[INFO] [stdout] 
[INFO] [stderr]    Doc-tests nebula-graph-fbthrift-raftex
[INFO] [stdout] running 0 tests
[INFO] [stdout] 
[INFO] [stdout] test result: ok. 0 passed; 0 failed; 0 ignored; 0 measured; 0 filtered out; finished in 0.00s
[INFO] [stdout] 
[INFO] [stdout] 
[INFO] [stdout] running 4 tests
[INFO] [stdout] test src/lib.rs - mock (line 1759) ... FAILED
[INFO] [stdout] test src/lib.rs - mock (line 1774) ... FAILED
[INFO] [stdout] test src/lib.rs - client::dyn RaftexService (line 1383) ... FAILED
[INFO] [stdout] test src/lib.rs - mock (line 1808) ... FAILED
[INFO] [stdout] 
[INFO] [stdout] failures:
[INFO] [stdout] 
[INFO] [stdout] ---- src/lib.rs - mock (line 1759) stdout ----
[INFO] [stdout] error: expected one of `!`, `.`, `::`, `;`, `?`, `{`, `}`, or an operator, found `MyService`
[INFO] [stdout]  --> src/lib.rs:1760:9
[INFO] [stdout]   |
[INFO] [stdout] 3 | service MyService {
[INFO] [stdout]   |         ^^^^^^^^^ expected one of 8 possible tokens
[INFO] [stdout] 
[INFO] [stdout] error: mismatched closing delimiter: `)`
[INFO] [stdout]  --> src/lib.rs:1766:5
[INFO] [stdout]   |
[INFO] [stdout] 6 |     ) throws {
[INFO] [stdout]   |              - unclosed delimiter
[INFO] [stdout] ...
[INFO] [stdout] 9 |     ),
[INFO] [stdout]   |     ^ mismatched closing delimiter
[INFO] [stdout] 
[INFO] [stdout] error: aborting due to 2 previous errors
[INFO] [stdout] 
[INFO] [stdout] Couldn't compile the test.
[INFO] [stdout] ---- src/lib.rs - mock (line 1774) stdout ----
[INFO] [stdout] error: non-item in item list
[INFO] [stdout]  --> src/lib.rs:1775:53
[INFO] [stdout]   |
[INFO] [stdout] 3 | impl crate::client::MyService for MyService<'mock> {...}
[INFO] [stdout]   |                                                    -^^^- item list ends here
[INFO] [stdout]   |                                                    ||
[INFO] [stdout]   |                                                    |non-item starts here
[INFO] [stdout]   |                                                    item list starts here
[INFO] [stdout] 
[INFO] [stdout] error: non-item in item list
[INFO] [stdout]   --> src/lib.rs:1802:48
[INFO] [stdout]    |
[INFO] [stdout] 30 | impl From<StorageException> for MyFunctionExn {...}
[INFO] [stdout]    |                                               -^^^- item list ends here
[INFO] [stdout]    |                                               ||
[INFO] [stdout]    |                                               |non-item starts here
[INFO] [stdout]    |                                               item list starts here
[INFO] [stdout] 
[INFO] [stdout] error: non-item in item list
[INFO] [stdout]   --> src/lib.rs:1803:49
[INFO] [stdout]    |
[INFO] [stdout] 31 | impl From<NotFoundException> for MyFunctionExn {...}
[INFO] [stdout]    |                                                -^^^- item list ends here
[INFO] [stdout]    |                                                ||
[INFO] [stdout]    |                                                |non-item starts here
[INFO] [stdout]    |                                                item list starts here
[INFO] [stdout] 
[INFO] [stdout] error: associated function in `impl` without body
[INFO] [stdout]   --> src/lib.rs:1783:5
[INFO] [stdout]    |
[INFO] [stdout] 11 |     pub fn mock<'mock>() -> MyService<'mock>;
[INFO] [stdout]    |     ^^^^^^^^^^^^^^^^^^^^^^^^^^^^^^^^^^^^^^^^-
[INFO] [stdout]    |                                             |
[INFO] [stdout]    |                                             help: provide a definition for the function: `{ <body> }`
[INFO] [stdout] 
[INFO] [stdout] error: associated function in `impl` without body
[INFO] [stdout]   --> src/lib.rs:1788:5
[INFO] [stdout]    |
[INFO] [stdout] 16 |     pub fn ret(&self, value: FunctionResponse);
[INFO] [stdout]    |     ^^^^^^^^^^^^^^^^^^^^^^^^^^^^^^^^^^^^^^^^^^-
[INFO] [stdout]    |                                               |
[INFO] [stdout]    |                                               help: provide a definition for the function: `{ <body> }`
[INFO] [stdout] 
[INFO] [stdout] error: associated function in `impl` without body
[INFO] [stdout]   --> src/lib.rs:1791:5
[INFO] [stdout]    |
[INFO] [stdout] 19 | /     pub fn mock(
[INFO] [stdout] 20 | |         &self,
[INFO] [stdout] 21 | |         mock: impl FnMut(FunctionRequest) -> FunctionResponse + Send + Sync + 'mock,
[INFO] [stdout] 22 | |     );
[INFO] [stdout]    | |      ^ help: provide a definition for the function: `{ <body> }`
[INFO] [stdout]    | |______|
[INFO] [stdout]    | 
[INFO] [stdout] 
[INFO] [stdout] error: associated function in `impl` without body
[INFO] [stdout]   --> src/lib.rs:1797:5
[INFO] [stdout]    |
[INFO] [stdout] 25 | /     pub fn throw<E>(&self, exception: E)
[INFO] [stdout] 26 | |     where
[INFO] [stdout] 27 | |         E: Clone + Into<crate::services::MyService::MyFunctionExn> + Send + Sync + 'mock;
[INFO] [stdout]    | |                                                                                         ^ help: provide a definition for the function: `{ <body> }`
[INFO] [stdout]    | |_________________________________________________________________________________________|
[INFO] [stdout]    | 
[INFO] [stdout] 
[INFO] [stdout] error[E0433]: failed to resolve: unresolved import
[INFO] [stdout]  --> src/lib.rs:1775:13
[INFO] [stdout]   |
[INFO] [stdout] 3 | impl crate::client::MyService for MyService<'mock> {...}
[INFO] [stdout]   |             ^^^^^^
[INFO] [stdout]   |             |
[INFO] [stdout]   |             unresolved import
[INFO] [stdout]   |             help: a similar path exists: `nebula_graph_fbthrift_raftex::client`
[INFO] [stdout] 
[INFO] [stdout] error[E0433]: failed to resolve: unresolved import
[INFO] [stdout]   --> src/lib.rs:1782:17
[INFO] [stdout]    |
[INFO] [stdout] 10 | impl dyn crate::client::MyService {
[INFO] [stdout]    |                 ^^^^^^
[INFO] [stdout]    |                 |
[INFO] [stdout]    |                 unresolved import
[INFO] [stdout]    |                 help: a similar path exists: `nebula_graph_fbthrift_raftex::client`
[INFO] [stdout] 
[INFO] [stdout] error[E0433]: failed to resolve: unresolved import
[INFO] [stdout]   --> src/lib.rs:1799:32
[INFO] [stdout]    |
[INFO] [stdout] 27 |         E: Clone + Into<crate::services::MyService::MyFunctionExn> + Send + Sync + 'mock;
[INFO] [stdout]    |                                ^^^^^^^^
[INFO] [stdout]    |                                |
[INFO] [stdout]    |                                unresolved import
[INFO] [stdout]    |                                help: a similar path exists: `nebula_graph_fbthrift_raftex::services`
[INFO] [stdout] 
[INFO] [stdout] error[E0412]: cannot find type `myFunction` in this scope
[INFO] [stdout]  --> src/lib.rs:1778:21
[INFO] [stdout]   |
[INFO] [stdout] 6 |     pub myFunction: myFunction<'mock>,
[INFO] [stdout]   |                     ^^^^^^^^^^ not found in this scope
[INFO] [stdout] 
[INFO] [stdout] error[E0412]: cannot find type `myFunction` in this scope
[INFO] [stdout]   --> src/lib.rs:1786:6
[INFO] [stdout]    |
[INFO] [stdout] 14 | impl myFunction<'mock> {
[INFO] [stdout]    |      ^^^^^^^^^^ not found in this scope
[INFO] [stdout] 
[INFO] [stdout] error[E0412]: cannot find type `FunctionResponse` in this scope
[INFO] [stdout]   --> src/lib.rs:1788:30
[INFO] [stdout]    |
[INFO] [stdout] 16 |     pub fn ret(&self, value: FunctionResponse);
[INFO] [stdout]    |                              ^^^^^^^^^^^^^^^^ not found in this scope
[INFO] [stdout] 
[INFO] [stdout] error[E0412]: cannot find type `FunctionRequest` in this scope
[INFO] [stdout]   --> src/lib.rs:1793:26
[INFO] [stdout]    |
[INFO] [stdout] 21 |         mock: impl FnMut(FunctionRequest) -> FunctionResponse + Send + Sync + 'mock,
[INFO] [stdout]    |                          ^^^^^^^^^^^^^^^ not found in this scope
[INFO] [stdout] 
[INFO] [stdout] error[E0412]: cannot find type `FunctionResponse` in this scope
[INFO] [stdout]   --> src/lib.rs:1793:46
[INFO] [stdout]    |
[INFO] [stdout] 21 |         mock: impl FnMut(FunctionRequest) -> FunctionResponse + Send + Sync + 'mock,
[INFO] [stdout]    |                                              ^^^^^^^^^^^^^^^^ not found in this scope
[INFO] [stdout] 
[INFO] [stdout] error[E0412]: cannot find type `StorageException` in this scope
[INFO] [stdout]   --> src/lib.rs:1802:11
[INFO] [stdout]    |
[INFO] [stdout] 30 | impl From<StorageException> for MyFunctionExn {...}
[INFO] [stdout]    |     -     ^^^^^^^^^^^^^^^^ not found in this scope
[INFO] [stdout]    |     |
[INFO] [stdout]    |     help: you might be missing a type parameter: `<StorageException>`
[INFO] [stdout] 
[INFO] [stdout] error[E0412]: cannot find type `MyFunctionExn` in this scope
[INFO] [stdout]   --> src/lib.rs:1802:33
[INFO] [stdout]    |
[INFO] [stdout] 30 | impl From<StorageException> for MyFunctionExn {...}
[INFO] [stdout]    |                                 ^^^^^^^^^^^^^ not found in this scope
[INFO] [stdout] 
[INFO] [stdout] error[E0412]: cannot find type `NotFoundException` in this scope
[INFO] [stdout]   --> src/lib.rs:1803:11
[INFO] [stdout]    |
[INFO] [stdout] 31 | impl From<NotFoundException> for MyFunctionExn {...}
[INFO] [stdout]    |     -     ^^^^^^^^^^^^^^^^^ not found in this scope
[INFO] [stdout]    |     |
[INFO] [stdout]    |     help: you might be missing a type parameter: `<NotFoundException>`
[INFO] [stdout] 
[INFO] [stdout] error[E0412]: cannot find type `MyFunctionExn` in this scope
[INFO] [stdout]   --> src/lib.rs:1803:34
[INFO] [stdout]    |
[INFO] [stdout] 31 | impl From<NotFoundException> for MyFunctionExn {...}
[INFO] [stdout]    |                                  ^^^^^^^^^^^^^ not found in this scope
[INFO] [stdout] 
[INFO] [stdout] error[E0261]: use of undeclared lifetime name `'mock`
[INFO] [stdout]  --> src/lib.rs:1775:45
[INFO] [stdout]   |
[INFO] [stdout] 3 | impl crate::client::MyService for MyService<'mock> {...}
[INFO] [stdout]   |     -                                       ^^^^^ undeclared lifetime
[INFO] [stdout]   |     |
[INFO] [stdout]   |     help: consider introducing lifetime `'mock` here: `<'mock>`
[INFO] [stdout] 
[INFO] [stdout] error: aborting due to 20 previous errors
[INFO] [stdout] 
[INFO] [stdout] Some errors have detailed explanations: E0261, E0412, E0433.
[INFO] [stdout] For more information about an error, try `rustc --explain E0261`.
[INFO] [stdout] Couldn't compile the test.
[INFO] [stdout] ---- src/lib.rs - client::dyn RaftexService (line 1383) stdout ----
[INFO] [stdout] error[E0433]: failed to resolve: use of undeclared crate or module `bgs`
[INFO] [stdout]  --> src/lib.rs:1384:5
[INFO] [stdout]   |
[INFO] [stdout] 3 | use bgs::client::BuckGraphService;
[INFO] [stdout]   |     ^^^ use of undeclared crate or module `bgs`
[INFO] [stdout] 
[INFO] [stdout] error[E0433]: failed to resolve: use of undeclared type `HttpClient`
[INFO] [stdout]  --> src/lib.rs:1387:17
[INFO] [stdout]   |
[INFO] [stdout] 6 | let transport = HttpClient::new();
[INFO] [stdout]   |                 ^^^^^^^^^^ use of undeclared type `HttpClient`
[INFO] [stdout] 
[INFO] [stdout] error[E0433]: failed to resolve: use of undeclared type `BuckGraphService`
[INFO] [stdout]  --> src/lib.rs:1388:14
[INFO] [stdout]   |
[INFO] [stdout] 7 | let client = BuckGraphService::new(protocol, transport);
[INFO] [stdout]   |              ^^^^^^^^^^^^^^^^ use of undeclared type `BuckGraphService`
[INFO] [stdout] 
[INFO] [stdout] error[E0433]: failed to resolve: use of undeclared type `BinaryProtocol`
[INFO] [stdout]  --> src/lib.rs:1386:16
[INFO] [stdout]   |
[INFO] [stdout] 5 | let protocol = BinaryProtocol::new();
[INFO] [stdout]   |                ^^^^^^^^^^^^^^ not found in this scope
[INFO] [stdout]   |
[INFO] [stdout] help: consider importing this enum
[INFO] [stdout]   |
[INFO] [stdout] 2 | use fbthrift::BinaryProtocol;
[INFO] [stdout]   |
[INFO] [stdout] 
[INFO] [stdout] error: aborting due to 4 previous errors
[INFO] [stdout] 
[INFO] [stdout] For more information about this error, try `rustc --explain E0433`.
[INFO] [stdout] Couldn't compile the test.
[INFO] [stdout] ---- src/lib.rs - mock (line 1808) stdout ----
[INFO] [stdout] error: expected identifier, found `...`
[INFO] [stdout]   --> src/lib.rs:1817:34
[INFO] [stdout]    |
[INFO] [stdout] 11 |     let resp = FunctionResponse {...};
[INFO] [stdout]    |                ----------------  ^^^ expected identifier
[INFO] [stdout]    |                |
[INFO] [stdout]    |                while parsing this struct
[INFO] [stdout] 
[INFO] [stdout] error: expected identifier, found `...`
[INFO] [stdout]   --> src/lib.rs:1821:54
[INFO] [stdout]    |
[INFO] [stdout] 15 |     mock.myFunction.mock(|request| FunctionResponse {...});
[INFO] [stdout]    |                                    ----------------  ^^^ expected identifier
[INFO] [stdout]    |                                    |
[INFO] [stdout]    |                                    while parsing this struct
[INFO] [stdout] 
[INFO] [stdout] error: unexpected token: `...`
[INFO] [stdout]   --> src/lib.rs:1832:31
[INFO] [stdout]    |
[INFO] [stdout] 26 | ) -> impl Future<Item = Out> {...}
[INFO] [stdout]    |                               ^^^
[INFO] [stdout]    |
[INFO] [stdout] help: use `..` for an exclusive range
[INFO] [stdout]    |
[INFO] [stdout] 26 | ) -> impl Future<Item = Out> {..}
[INFO] [stdout]    |                               ^^
[INFO] [stdout] help: or `..=` for an inclusive range
[INFO] [stdout]    |
[INFO] [stdout] 26 | ) -> impl Future<Item = Out> {..=}
[INFO] [stdout]    |                               ^^^
[INFO] [stdout] 
[INFO] [stdout] error[E0586]: inclusive range with no end
[INFO] [stdout]   --> src/lib.rs:1832:31
[INFO] [stdout]    |
[INFO] [stdout] 26 | ) -> impl Future<Item = Out> {...}
[INFO] [stdout]    |                               ^^^ help: use `..` instead
[INFO] [stdout]    |
[INFO] [stdout]    = note: inclusive ranges must be bounded at the end (`..=b` or `a..=b`)
[INFO] [stdout] 
[INFO] [stdout] error[E0433]: failed to resolve: use of undeclared crate or module `thrift_if`
[INFO] [stdout]  --> src/lib.rs:1810:5
[INFO] [stdout]   |
[INFO] [stdout] 4 | use thrift_if::client::MyService;
[INFO] [stdout]   |     ^^^^^^^^^ use of undeclared crate or module `thrift_if`
[INFO] [stdout] 
[INFO] [stdout] error[E0405]: cannot find trait `MyService` in this scope
[INFO] [stdout]   --> src/lib.rs:1831:21
[INFO] [stdout]    |
[INFO] [stdout] 24 | fn do_the_thing(
[INFO] [stdout]    |                - help: you might be missing a type parameter: `<MyService>`
[INFO] [stdout] 25 |     client: Arc<dyn MyService + Send + Sync + 'static>,
[INFO] [stdout]    |                     ^^^^^^^^^ not found in this scope
[INFO] [stdout] 
[INFO] [stdout] error[E0405]: cannot find trait `Future` in this scope
[INFO] [stdout]   --> src/lib.rs:1832:11
[INFO] [stdout]    |
[INFO] [stdout] 26 | ) -> impl Future<Item = Out> {...}
[INFO] [stdout]    |           ^^^^^^ not found in this scope
[INFO] [stdout]    |
[INFO] [stdout] help: consider importing one of these items
[INFO] [stdout]    |
[INFO] [stdout] 2  | use core::future::Future;
[INFO] [stdout]    |
[INFO] [stdout] 2  | use futures::Future;
[INFO] [stdout]    |
[INFO] [stdout] 2  | use std::future::Future;
[INFO] [stdout]    |
[INFO] [stdout] 
[INFO] [stdout] error[E0412]: cannot find type `Out` in this scope
[INFO] [stdout]   --> src/lib.rs:1832:25
[INFO] [stdout]    |
[INFO] [stdout] 26 | ) -> impl Future<Item = Out> {...}
[INFO] [stdout]    |                         ^^^ not found in this scope
[INFO] [stdout] 
[INFO] [stdout] error: aborting due to 8 previous errors
[INFO] [stdout] 
[INFO] [stdout] Some errors have detailed explanations: E0405, E0412, E0433, E0586.
[INFO] [stdout] For more information about an error, try `rustc --explain E0405`.
[INFO] [stdout] Couldn't compile the test.
[INFO] [stdout] 
[INFO] [stdout] failures:
[INFO] [stdout]     src/lib.rs - client::dyn RaftexService (line 1383)
[INFO] [stdout]     src/lib.rs - mock (line 1759)
[INFO] [stdout]     src/lib.rs - mock (line 1774)
[INFO] [stdout]     src/lib.rs - mock (line 1808)
[INFO] [stdout] 
[INFO] [stdout] test result: FAILED. 0 passed; 4 failed; 0 ignored; 0 measured; 0 filtered out; finished in 0.14s
[INFO] [stdout] 
[INFO] [stderr] error: test failed, to rerun pass '--doc'
[INFO] running `Command { std: "docker" "inspect" "27099c1ef20678218018e5786e7cb3c8a72eb1f46c975be222b86ee0b59b7a6e", kill_on_drop: false }`
[INFO] running `Command { std: "docker" "rm" "-f" "27099c1ef20678218018e5786e7cb3c8a72eb1f46c975be222b86ee0b59b7a6e", kill_on_drop: false }`
[INFO] [stdout] 27099c1ef20678218018e5786e7cb3c8a72eb1f46c975be222b86ee0b59b7a6e
