[INFO] fetching crate nebula-graph-fbthrift-meta-v2 0.1.2...
[INFO] testing nebula-graph-fbthrift-meta-v2-0.1.2 against 1.54.0 for beta-1.55-1
[INFO] extracting crate nebula-graph-fbthrift-meta-v2 0.1.2 into /workspace/builds/worker-10/source
[INFO] validating manifest of crates.io crate nebula-graph-fbthrift-meta-v2 0.1.2 on toolchain 1.54.0
[INFO] running `Command { std: "/workspace/cargo-home/bin/cargo" "+1.54.0" "metadata" "--manifest-path" "Cargo.toml" "--no-deps", kill_on_drop: false }`
[INFO] started tweaking crates.io crate nebula-graph-fbthrift-meta-v2 0.1.2
[INFO] finished tweaking crates.io crate nebula-graph-fbthrift-meta-v2 0.1.2
[INFO] tweaked toml for crates.io crate nebula-graph-fbthrift-meta-v2 0.1.2 written to /workspace/builds/worker-10/source/Cargo.toml
[INFO] running `Command { std: "/workspace/cargo-home/bin/cargo" "+1.54.0" "generate-lockfile" "--manifest-path" "Cargo.toml" "-Zno-index-update", kill_on_drop: false }`
[INFO] running `Command { std: "/workspace/cargo-home/bin/cargo" "+1.54.0" "fetch" "--manifest-path" "Cargo.toml", kill_on_drop: false }`
[INFO] [stderr] warning: version requirement `0.0.1+unstable2020090200` for dependency `fbthrift` includes semver metadata which will be ignored, removing the metadata is recommended to avoid confusion
[INFO] [stderr]     Blocking waiting for file lock on package cache
[INFO] running `Command { std: "docker" "create" "-v" "/var/lib/crater-agent-workspace/builds/worker-10/target:/opt/rustwide/target:rw,Z" "-v" "/var/lib/crater-agent-workspace/builds/worker-10/source:/opt/rustwide/workdir:ro,Z" "-v" "/var/lib/crater-agent-workspace/cargo-home:/opt/rustwide/cargo-home:ro,Z" "-v" "/var/lib/crater-agent-workspace/rustup-home:/opt/rustwide/rustup-home:ro,Z" "-e" "SOURCE_DIR=/opt/rustwide/workdir" "-e" "CARGO_TARGET_DIR=/opt/rustwide/target" "-e" "CARGO_HOME=/opt/rustwide/cargo-home" "-e" "RUSTUP_HOME=/opt/rustwide/rustup-home" "-w" "/opt/rustwide/workdir" "-m" "1610612736" "--user" "0:0" "--network" "none" "ghcr.io/rust-lang/crates-build-env/linux@sha256:34b6a614d2c27851fe6cbf88fbd1137609cefab8b10d0615aaeb6fd47975d74e" "/opt/rustwide/cargo-home/bin/cargo" "+1.54.0" "metadata" "--no-deps" "--format-version=1", kill_on_drop: false }`
[INFO] [stdout] 64d31b4c2df4aa7e965158e8bc6446a8ebd11d952cb1496fb9b52d86c619b578
[INFO] running `Command { std: "docker" "start" "-a" "64d31b4c2df4aa7e965158e8bc6446a8ebd11d952cb1496fb9b52d86c619b578", kill_on_drop: false }`
[INFO] running `Command { std: "docker" "inspect" "64d31b4c2df4aa7e965158e8bc6446a8ebd11d952cb1496fb9b52d86c619b578", kill_on_drop: false }`
[INFO] running `Command { std: "docker" "rm" "-f" "64d31b4c2df4aa7e965158e8bc6446a8ebd11d952cb1496fb9b52d86c619b578", kill_on_drop: false }`
[INFO] [stdout] 64d31b4c2df4aa7e965158e8bc6446a8ebd11d952cb1496fb9b52d86c619b578
[INFO] running `Command { std: "docker" "create" "-v" "/var/lib/crater-agent-workspace/builds/worker-10/target:/opt/rustwide/target:rw,Z" "-v" "/var/lib/crater-agent-workspace/builds/worker-10/source:/opt/rustwide/workdir:ro,Z" "-v" "/var/lib/crater-agent-workspace/cargo-home:/opt/rustwide/cargo-home:ro,Z" "-v" "/var/lib/crater-agent-workspace/rustup-home:/opt/rustwide/rustup-home:ro,Z" "-e" "SOURCE_DIR=/opt/rustwide/workdir" "-e" "CARGO_TARGET_DIR=/opt/rustwide/target" "-e" "CARGO_INCREMENTAL=0" "-e" "RUST_BACKTRACE=full" "-e" "RUSTFLAGS=--cap-lints=warn" "-e" "CARGO_HOME=/opt/rustwide/cargo-home" "-e" "RUSTUP_HOME=/opt/rustwide/rustup-home" "-w" "/opt/rustwide/workdir" "-m" "1610612736" "--user" "0:0" "--network" "none" "ghcr.io/rust-lang/crates-build-env/linux@sha256:34b6a614d2c27851fe6cbf88fbd1137609cefab8b10d0615aaeb6fd47975d74e" "/opt/rustwide/cargo-home/bin/cargo" "+1.54.0" "build" "--frozen" "--message-format=json", kill_on_drop: false }`
[INFO] [stdout] 9a9e33b21442adea948686d2c0f9515dccc750f6e0bc94a491aea20abf295aed
[INFO] running `Command { std: "docker" "start" "-a" "9a9e33b21442adea948686d2c0f9515dccc750f6e0bc94a491aea20abf295aed", kill_on_drop: false }`
[INFO] [stderr] warning: version requirement `0.0.1+unstable2020090200` for dependency `fbthrift` includes semver metadata which will be ignored, removing the metadata is recommended to avoid confusion
[INFO] [stderr]     Blocking waiting for file lock on package cache
[INFO] [stderr]    Compiling syn v1.0.74
[INFO] [stderr]    Compiling serde v1.0.127
[INFO] [stderr]    Compiling futures-core v0.3.16
[INFO] [stderr]    Compiling anyhow v1.0.42
[INFO] [stderr]    Compiling futures-channel v0.3.16
[INFO] [stderr]    Compiling async-trait v0.1.51
[INFO] [stderr]    Compiling futures-task v0.3.16
[INFO] [stderr]    Compiling futures-sink v0.3.16
[INFO] [stderr]    Compiling futures-io v0.3.16
[INFO] [stderr]    Compiling slab v0.4.4
[INFO] [stderr]    Compiling pin-utils v0.1.0
[INFO] [stderr]    Compiling pin-project-lite v0.2.7
[INFO] [stderr]    Compiling num-traits v0.2.14
[INFO] [stderr]    Compiling futures-util v0.3.16
[INFO] [stderr]    Compiling iovec v0.1.4
[INFO] [stderr]    Compiling bytes v0.5.6
[INFO] [stderr]    Compiling bytes v0.4.12
[INFO] [stderr]    Compiling ordered-float v1.1.1
[INFO] [stderr]    Compiling futures v0.3.16
[INFO] [stderr]    Compiling bufsize v0.5.1
[INFO] [stderr]    Compiling thiserror-impl v1.0.26
[INFO] [stderr]    Compiling ghost v0.1.2
[INFO] [stderr]    Compiling num-derive v0.3.3
[INFO] [stderr]    Compiling thiserror v1.0.26
[INFO] [stderr]    Compiling fbthrift-git v0.0.1+unstable2020090200
[INFO] [stderr]    Compiling nebula-graph-fbthrift-common-v2 v0.1.2
[INFO] [stderr]    Compiling nebula-graph-fbthrift-meta-v2 v0.1.2 (/opt/rustwide/workdir)
[INFO] [stdout] warning: trait objects without an explicit `dyn` are deprecated
[INFO] [stdout]      --> src/lib.rs:17697:13
[INFO] [stdout]       |
[INFO] [stdout] 17697 |             MetaService::new(protocol, transport)
[INFO] [stdout]       |             ^^^^^^^^^^^ help: use `dyn`: `<dyn MetaService>`
[INFO] [stdout]       |
[INFO] [stdout]       = note: `#[warn(bare_trait_objects)]` on by default
[INFO] [stdout]       = warning: this was previously accepted by the compiler but is being phased out; it will become a hard error in the 2021 edition!
[INFO] [stdout]       = note: for more information, see issue #80165 <https://github.com/rust-lang/rust/issues/80165>
[INFO] [stdout] 
[INFO] [stdout] 
[INFO] [stdout] warning: 1 warning emitted
[INFO] [stdout] 
[INFO] [stdout] 
[INFO] [stderr]     Finished dev [unoptimized + debuginfo] target(s) in 21.38s
[INFO] running `Command { std: "docker" "inspect" "9a9e33b21442adea948686d2c0f9515dccc750f6e0bc94a491aea20abf295aed", kill_on_drop: false }`
[INFO] running `Command { std: "docker" "rm" "-f" "9a9e33b21442adea948686d2c0f9515dccc750f6e0bc94a491aea20abf295aed", kill_on_drop: false }`
[INFO] [stdout] 9a9e33b21442adea948686d2c0f9515dccc750f6e0bc94a491aea20abf295aed
[INFO] running `Command { std: "docker" "create" "-v" "/var/lib/crater-agent-workspace/builds/worker-10/target:/opt/rustwide/target:rw,Z" "-v" "/var/lib/crater-agent-workspace/builds/worker-10/source:/opt/rustwide/workdir:ro,Z" "-v" "/var/lib/crater-agent-workspace/cargo-home:/opt/rustwide/cargo-home:ro,Z" "-v" "/var/lib/crater-agent-workspace/rustup-home:/opt/rustwide/rustup-home:ro,Z" "-e" "SOURCE_DIR=/opt/rustwide/workdir" "-e" "CARGO_TARGET_DIR=/opt/rustwide/target" "-e" "CARGO_INCREMENTAL=0" "-e" "RUST_BACKTRACE=full" "-e" "RUSTFLAGS=--cap-lints=warn" "-e" "CARGO_HOME=/opt/rustwide/cargo-home" "-e" "RUSTUP_HOME=/opt/rustwide/rustup-home" "-w" "/opt/rustwide/workdir" "-m" "1610612736" "--user" "0:0" "--network" "none" "ghcr.io/rust-lang/crates-build-env/linux@sha256:34b6a614d2c27851fe6cbf88fbd1137609cefab8b10d0615aaeb6fd47975d74e" "/opt/rustwide/cargo-home/bin/cargo" "+1.54.0" "test" "--frozen" "--no-run" "--message-format=json", kill_on_drop: false }`
[INFO] [stdout] e2c8181da1c930cd3253c27540c8a7f470ad36f511685bce40b52b03cfc64699
[INFO] running `Command { std: "docker" "start" "-a" "e2c8181da1c930cd3253c27540c8a7f470ad36f511685bce40b52b03cfc64699", kill_on_drop: false }`
[INFO] [stderr] warning: version requirement `0.0.1+unstable2020090200` for dependency `fbthrift` includes semver metadata which will be ignored, removing the metadata is recommended to avoid confusion
[INFO] [stderr]    Compiling nebula-graph-fbthrift-meta-v2 v0.1.2 (/opt/rustwide/workdir)
[INFO] [stdout] warning: trait objects without an explicit `dyn` are deprecated
[INFO] [stdout]      --> src/lib.rs:17697:13
[INFO] [stdout]       |
[INFO] [stdout] 17697 |             MetaService::new(protocol, transport)
[INFO] [stdout]       |             ^^^^^^^^^^^ help: use `dyn`: `<dyn MetaService>`
[INFO] [stdout]       |
[INFO] [stdout]       = note: `#[warn(bare_trait_objects)]` on by default
[INFO] [stdout]       = warning: this was previously accepted by the compiler but is being phased out; it will become a hard error in the 2021 edition!
[INFO] [stdout]       = note: for more information, see issue #80165 <https://github.com/rust-lang/rust/issues/80165>
[INFO] [stdout] 
[INFO] [stdout] 
[INFO] [stdout] warning: 1 warning emitted
[INFO] [stdout] 
[INFO] [stdout] 
[INFO] [stdout] warning: trait objects without an explicit `dyn` are deprecated
[INFO] [stdout]      --> src/lib.rs:17697:13
[INFO] [stdout]       |
[INFO] [stdout] 17697 |             MetaService::new(protocol, transport)
[INFO] [stdout]       |             ^^^^^^^^^^^ help: use `dyn`: `<dyn MetaService>`
[INFO] [stdout]       |
[INFO] [stdout]       = note: `#[warn(bare_trait_objects)]` on by default
[INFO] [stdout]       = warning: this was previously accepted by the compiler but is being phased out; it will become a hard error in the 2021 edition!
[INFO] [stdout]       = note: for more information, see issue #80165 <https://github.com/rust-lang/rust/issues/80165>
[INFO] [stdout] 
[INFO] [stdout] 
[INFO] [stdout] warning: 1 warning emitted
[INFO] [stdout] 
[INFO] [stdout] 
[INFO] [stderr]     Finished test [unoptimized + debuginfo] target(s) in 8.62s
[INFO] running `Command { std: "docker" "inspect" "e2c8181da1c930cd3253c27540c8a7f470ad36f511685bce40b52b03cfc64699", kill_on_drop: false }`
[INFO] running `Command { std: "docker" "rm" "-f" "e2c8181da1c930cd3253c27540c8a7f470ad36f511685bce40b52b03cfc64699", kill_on_drop: false }`
[INFO] [stdout] e2c8181da1c930cd3253c27540c8a7f470ad36f511685bce40b52b03cfc64699
[INFO] running `Command { std: "docker" "create" "-v" "/var/lib/crater-agent-workspace/builds/worker-10/target:/opt/rustwide/target:rw,Z" "-v" "/var/lib/crater-agent-workspace/builds/worker-10/source:/opt/rustwide/workdir:ro,Z" "-v" "/var/lib/crater-agent-workspace/cargo-home:/opt/rustwide/cargo-home:ro,Z" "-v" "/var/lib/crater-agent-workspace/rustup-home:/opt/rustwide/rustup-home:ro,Z" "-e" "SOURCE_DIR=/opt/rustwide/workdir" "-e" "CARGO_TARGET_DIR=/opt/rustwide/target" "-e" "CARGO_INCREMENTAL=0" "-e" "RUST_BACKTRACE=full" "-e" "RUSTFLAGS=--cap-lints=warn" "-e" "CARGO_HOME=/opt/rustwide/cargo-home" "-e" "RUSTUP_HOME=/opt/rustwide/rustup-home" "-w" "/opt/rustwide/workdir" "-m" "1610612736" "--user" "0:0" "--network" "none" "ghcr.io/rust-lang/crates-build-env/linux@sha256:34b6a614d2c27851fe6cbf88fbd1137609cefab8b10d0615aaeb6fd47975d74e" "/opt/rustwide/cargo-home/bin/cargo" "+1.54.0" "test" "--frozen", kill_on_drop: false }`
[INFO] [stdout] c2cb6c85a28ae7de91e240609eb76d46632ede2ee49f099acfed82220629eb28
[INFO] running `Command { std: "docker" "start" "-a" "c2cb6c85a28ae7de91e240609eb76d46632ede2ee49f099acfed82220629eb28", kill_on_drop: false }`
[INFO] [stderr] warning: version requirement `0.0.1+unstable2020090200` for dependency `fbthrift` includes semver metadata which will be ignored, removing the metadata is recommended to avoid confusion
[INFO] [stderr] warning: trait objects without an explicit `dyn` are deprecated
[INFO] [stderr]      --> src/lib.rs:17697:13
[INFO] [stderr]       |
[INFO] [stderr] 17697 |             MetaService::new(protocol, transport)
[INFO] [stderr]       |             ^^^^^^^^^^^ help: use `dyn`: `<dyn MetaService>`
[INFO] [stderr]       |
[INFO] [stderr]       = note: `#[warn(bare_trait_objects)]` on by default
[INFO] [stderr]       = warning: this was previously accepted by the compiler but is being phased out; it will become a hard error in the 2021 edition!
[INFO] [stderr]       = note: for more information, see issue #80165 <https://github.com/rust-lang/rust/issues/80165>
[INFO] [stderr] 
[INFO] [stderr] warning: 1 warning emitted
[INFO] [stderr] 
[INFO] [stderr] warning: trait objects without an explicit `dyn` are deprecated
[INFO] [stderr]      --> src/lib.rs:17697:13
[INFO] [stderr]       |
[INFO] [stderr] 17697 |             MetaService::new(protocol, transport)
[INFO] [stderr]       |             ^^^^^^^^^^^ help: use `dyn`: `<dyn MetaService>`
[INFO] [stderr]       |
[INFO] [stderr]       = note: `#[warn(bare_trait_objects)]` on by default
[INFO] [stderr]       = warning: this was previously accepted by the compiler but is being phased out; it will become a hard error in the 2021 edition!
[INFO] [stderr]       = note: for more information, see issue #80165 <https://github.com/rust-lang/rust/issues/80165>
[INFO] [stderr] 
[INFO] [stderr] warning: 1 warning emitted
[INFO] [stderr] 
[INFO] [stderr]     Finished test [unoptimized + debuginfo] target(s) in 0.04s
[INFO] [stderr]      Running unittests (/opt/rustwide/target/debug/deps/nebula_graph_fbthrift_meta_v2-fc3011583f98a10b)
[INFO] [stdout] 
[INFO] [stderr]    Doc-tests nebula-graph-fbthrift-meta-v2
[INFO] [stdout] running 0 tests
[INFO] [stdout] 
[INFO] [stdout] test result: ok. 0 passed; 0 failed; 0 ignored; 0 measured; 0 filtered out; finished in 0.00s
[INFO] [stdout] 
[INFO] [stdout] 
[INFO] [stdout] running 4 tests
[INFO] [stdout] test src/lib.rs - mock (line 21370) ... FAILED
[INFO] [stdout] test src/lib.rs - client::dyn MetaService (line 17666) ... FAILED
[INFO] [stdout] test src/lib.rs - mock (line 21419) ... FAILED
[INFO] [stdout] test src/lib.rs - mock (line 21385) ... FAILED
[INFO] [stdout] 
[INFO] [stdout] failures:
[INFO] [stdout] 
[INFO] [stdout] ---- src/lib.rs - mock (line 21370) stdout ----
[INFO] [stdout] error: expected one of `!`, `.`, `::`, `;`, `?`, `{`, `}`, or an operator, found `MyService`
[INFO] [stdout]  --> src/lib.rs:21371:9
[INFO] [stdout]   |
[INFO] [stdout] 3 | service MyService {
[INFO] [stdout]   |         ^^^^^^^^^ expected one of 8 possible tokens
[INFO] [stdout] 
[INFO] [stdout] error: mismatched closing delimiter: `)`
[INFO] [stdout]  --> src/lib.rs:21377:5
[INFO] [stdout]   |
[INFO] [stdout] 6 |     ) throws {
[INFO] [stdout]   |              - unclosed delimiter
[INFO] [stdout] ...
[INFO] [stdout] 9 |     ),
[INFO] [stdout]   |     ^ mismatched closing delimiter
[INFO] [stdout] 
[INFO] [stdout] error: aborting due to 2 previous errors
[INFO] [stdout] 
[INFO] [stdout] Couldn't compile the test.
[INFO] [stdout] ---- src/lib.rs - client::dyn MetaService (line 17666) stdout ----
[INFO] [stdout] error[E0433]: failed to resolve: use of undeclared crate or module `bgs`
[INFO] [stdout]  --> src/lib.rs:17667:5
[INFO] [stdout]   |
[INFO] [stdout] 3 | use bgs::client::BuckGraphService;
[INFO] [stdout]   |     ^^^ use of undeclared crate or module `bgs`
[INFO] [stdout] 
[INFO] [stdout] error[E0433]: failed to resolve: use of undeclared type `HttpClient`
[INFO] [stdout]  --> src/lib.rs:17670:17
[INFO] [stdout]   |
[INFO] [stdout] 6 | let transport = HttpClient::new();
[INFO] [stdout]   |                 ^^^^^^^^^^ use of undeclared type `HttpClient`
[INFO] [stdout] 
[INFO] [stdout] error[E0433]: failed to resolve: use of undeclared type `BuckGraphService`
[INFO] [stdout]  --> src/lib.rs:17671:14
[INFO] [stdout]   |
[INFO] [stdout] 7 | let client = BuckGraphService::new(protocol, transport);
[INFO] [stdout]   |              ^^^^^^^^^^^^^^^^ use of undeclared type `BuckGraphService`
[INFO] [stdout] 
[INFO] [stdout] error[E0433]: failed to resolve: use of undeclared type `BinaryProtocol`
[INFO] [stdout]  --> src/lib.rs:17669:16
[INFO] [stdout]   |
[INFO] [stdout] 5 | let protocol = BinaryProtocol::new();
[INFO] [stdout]   |                ^^^^^^^^^^^^^^ not found in this scope
[INFO] [stdout]   |
[INFO] [stdout] help: consider importing this enum
[INFO] [stdout]   |
[INFO] [stdout] 2 | use fbthrift::BinaryProtocol;
[INFO] [stdout]   |
[INFO] [stdout] 
[INFO] [stdout] error: aborting due to 4 previous errors
[INFO] [stdout] 
[INFO] [stdout] For more information about this error, try `rustc --explain E0433`.
[INFO] [stdout] Couldn't compile the test.
[INFO] [stdout] ---- src/lib.rs - mock (line 21419) stdout ----
[INFO] [stdout] error: expected identifier, found `...`
[INFO] [stdout]   --> src/lib.rs:21428:34
[INFO] [stdout]    |
[INFO] [stdout] 11 |     let resp = FunctionResponse {...};
[INFO] [stdout]    |                ----------------  ^^^ expected identifier
[INFO] [stdout]    |                |
[INFO] [stdout]    |                while parsing this struct
[INFO] [stdout] 
[INFO] [stdout] error: expected identifier, found `...`
[INFO] [stdout]   --> src/lib.rs:21432:54
[INFO] [stdout]    |
[INFO] [stdout] 15 |     mock.myFunction.mock(|request| FunctionResponse {...});
[INFO] [stdout]    |                                    ----------------  ^^^ expected identifier
[INFO] [stdout]    |                                    |
[INFO] [stdout]    |                                    while parsing this struct
[INFO] [stdout] 
[INFO] [stdout] error: unexpected token: `...`
[INFO] [stdout]   --> src/lib.rs:21443:31
[INFO] [stdout]    |
[INFO] [stdout] 26 | ) -> impl Future<Item = Out> {...}
[INFO] [stdout]    |                               ^^^
[INFO] [stdout]    |
[INFO] [stdout] help: use `..` for an exclusive range
[INFO] [stdout]    |
[INFO] [stdout] 26 | ) -> impl Future<Item = Out> {..}
[INFO] [stdout]    |                               ^^
[INFO] [stdout] help: or `..=` for an inclusive range
[INFO] [stdout]    |
[INFO] [stdout] 26 | ) -> impl Future<Item = Out> {..=}
[INFO] [stdout]    |                               ^^^
[INFO] [stdout] 
[INFO] [stdout] error[E0586]: inclusive range with no end
[INFO] [stdout]   --> src/lib.rs:21443:31
[INFO] [stdout]    |
[INFO] [stdout] 26 | ) -> impl Future<Item = Out> {...}
[INFO] [stdout]    |                               ^^^ help: use `..` instead
[INFO] [stdout]    |
[INFO] [stdout]    = note: inclusive ranges must be bounded at the end (`..=b` or `a..=b`)
[INFO] [stdout] 
[INFO] [stdout] error[E0433]: failed to resolve: use of undeclared crate or module `thrift_if`
[INFO] [stdout]  --> src/lib.rs:21421:5
[INFO] [stdout]   |
[INFO] [stdout] 4 | use thrift_if::client::MyService;
[INFO] [stdout]   |     ^^^^^^^^^ use of undeclared crate or module `thrift_if`
[INFO] [stdout] 
[INFO] [stdout] error[E0405]: cannot find trait `MyService` in this scope
[INFO] [stdout]   --> src/lib.rs:21442:21
[INFO] [stdout]    |
[INFO] [stdout] 24 | fn do_the_thing(
[INFO] [stdout]    |                - help: you might be missing a type parameter: `<MyService>`
[INFO] [stdout] 25 |     client: Arc<dyn MyService + Send + Sync + 'static>,
[INFO] [stdout]    |                     ^^^^^^^^^ not found in this scope
[INFO] [stdout] 
[INFO] [stdout] error[E0405]: cannot find trait `Future` in this scope
[INFO] [stdout]   --> src/lib.rs:21443:11
[INFO] [stdout]    |
[INFO] [stdout] 26 | ) -> impl Future<Item = Out> {...}
[INFO] [stdout]    |           ^^^^^^ not found in this scope
[INFO] [stdout]    |
[INFO] [stdout] help: consider importing one of these items
[INFO] [stdout]    |
[INFO] [stdout] 2  | use core::future::Future;
[INFO] [stdout]    |
[INFO] [stdout] 2  | use futures::Future;
[INFO] [stdout]    |
[INFO] [stdout] 2  | use std::future::Future;
[INFO] [stdout]    |
[INFO] [stdout] 
[INFO] [stdout] error[E0412]: cannot find type `Out` in this scope
[INFO] [stdout]   --> src/lib.rs:21443:25
[INFO] [stdout]    |
[INFO] [stdout] 26 | ) -> impl Future<Item = Out> {...}
[INFO] [stdout]    |                         ^^^ not found in this scope
[INFO] [stdout] 
[INFO] [stdout] error: aborting due to 8 previous errors
[INFO] [stdout] 
[INFO] [stdout] Some errors have detailed explanations: E0405, E0412, E0433, E0586.
[INFO] [stdout] For more information about an error, try `rustc --explain E0405`.
[INFO] [stdout] Couldn't compile the test.
[INFO] [stdout] ---- src/lib.rs - mock (line 21385) stdout ----
[INFO] [stdout] error: non-item in item list
[INFO] [stdout]  --> src/lib.rs:21386:53
[INFO] [stdout]   |
[INFO] [stdout] 3 | impl crate::client::MyService for MyService<'mock> {...}
[INFO] [stdout]   |                                                    -^^^- item list ends here
[INFO] [stdout]   |                                                    ||
[INFO] [stdout]   |                                                    |non-item starts here
[INFO] [stdout]   |                                                    item list starts here
[INFO] [stdout] 
[INFO] [stdout] error: non-item in item list
[INFO] [stdout]   --> src/lib.rs:21413:48
[INFO] [stdout]    |
[INFO] [stdout] 30 | impl From<StorageException> for MyFunctionExn {...}
[INFO] [stdout]    |                                               -^^^- item list ends here
[INFO] [stdout]    |                                               ||
[INFO] [stdout]    |                                               |non-item starts here
[INFO] [stdout]    |                                               item list starts here
[INFO] [stdout] 
[INFO] [stdout] error: non-item in item list
[INFO] [stdout]   --> src/lib.rs:21414:49
[INFO] [stdout]    |
[INFO] [stdout] 31 | impl From<NotFoundException> for MyFunctionExn {...}
[INFO] [stdout]    |                                                -^^^- item list ends here
[INFO] [stdout]    |                                                ||
[INFO] [stdout]    |                                                |non-item starts here
[INFO] [stdout]    |                                                item list starts here
[INFO] [stdout] 
[INFO] [stdout] error: associated function in `impl` without body
[INFO] [stdout]   --> src/lib.rs:21394:5
[INFO] [stdout]    |
[INFO] [stdout] 11 |     pub fn mock<'mock>() -> MyService<'mock>;
[INFO] [stdout]    |     ^^^^^^^^^^^^^^^^^^^^^^^^^^^^^^^^^^^^^^^^-
[INFO] [stdout]    |                                             |
[INFO] [stdout]    |                                             help: provide a definition for the function: `{ <body> }`
[INFO] [stdout] 
[INFO] [stdout] error: associated function in `impl` without body
[INFO] [stdout]   --> src/lib.rs:21399:5
[INFO] [stdout]    |
[INFO] [stdout] 16 |     pub fn ret(&self, value: FunctionResponse);
[INFO] [stdout]    |     ^^^^^^^^^^^^^^^^^^^^^^^^^^^^^^^^^^^^^^^^^^-
[INFO] [stdout]    |                                               |
[INFO] [stdout]    |                                               help: provide a definition for the function: `{ <body> }`
[INFO] [stdout] 
[INFO] [stdout] error: associated function in `impl` without body
[INFO] [stdout]   --> src/lib.rs:21402:5
[INFO] [stdout]    |
[INFO] [stdout] 19 | /     pub fn mock(
[INFO] [stdout] 20 | |         &self,
[INFO] [stdout] 21 | |         mock: impl FnMut(FunctionRequest) -> FunctionResponse + Send + Sync + 'mock,
[INFO] [stdout] 22 | |     );
[INFO] [stdout]    | |      ^ help: provide a definition for the function: `{ <body> }`
[INFO] [stdout]    | |______|
[INFO] [stdout]    | 
[INFO] [stdout] 
[INFO] [stdout] error: associated function in `impl` without body
[INFO] [stdout]   --> src/lib.rs:21408:5
[INFO] [stdout]    |
[INFO] [stdout] 25 | /     pub fn throw<E>(&self, exception: E)
[INFO] [stdout] 26 | |     where
[INFO] [stdout] 27 | |         E: Clone + Into<crate::services::MyService::MyFunctionExn> + Send + Sync + 'mock;
[INFO] [stdout]    | |                                                                                         ^ help: provide a definition for the function: `{ <body> }`
[INFO] [stdout]    | |_________________________________________________________________________________________|
[INFO] [stdout]    | 
[INFO] [stdout] 
[INFO] [stdout] error[E0433]: failed to resolve: unresolved import
[INFO] [stdout]  --> src/lib.rs:21386:13
[INFO] [stdout]   |
[INFO] [stdout] 3 | impl crate::client::MyService for MyService<'mock> {...}
[INFO] [stdout]   |             ^^^^^^
[INFO] [stdout]   |             |
[INFO] [stdout]   |             unresolved import
[INFO] [stdout]   |             help: a similar path exists: `nebula_graph_fbthrift_meta_v2::client`
[INFO] [stdout] 
[INFO] [stdout] error[E0433]: failed to resolve: unresolved import
[INFO] [stdout]   --> src/lib.rs:21393:17
[INFO] [stdout]    |
[INFO] [stdout] 10 | impl dyn crate::client::MyService {
[INFO] [stdout]    |                 ^^^^^^
[INFO] [stdout]    |                 |
[INFO] [stdout]    |                 unresolved import
[INFO] [stdout]    |                 help: a similar path exists: `nebula_graph_fbthrift_meta_v2::client`
[INFO] [stdout] 
[INFO] [stdout] error[E0433]: failed to resolve: unresolved import
[INFO] [stdout]   --> src/lib.rs:21410:32
[INFO] [stdout]    |
[INFO] [stdout] 27 |         E: Clone + Into<crate::services::MyService::MyFunctionExn> + Send + Sync + 'mock;
[INFO] [stdout]    |                                ^^^^^^^^
[INFO] [stdout]    |                                |
[INFO] [stdout]    |                                unresolved import
[INFO] [stdout]    |                                help: a similar path exists: `nebula_graph_fbthrift_meta_v2::services`
[INFO] [stdout] 
[INFO] [stdout] error[E0412]: cannot find type `myFunction` in this scope
[INFO] [stdout]  --> src/lib.rs:21389:21
[INFO] [stdout]   |
[INFO] [stdout] 6 |     pub myFunction: myFunction<'mock>,
[INFO] [stdout]   |                     ^^^^^^^^^^ not found in this scope
[INFO] [stdout] 
[INFO] [stdout] error[E0412]: cannot find type `myFunction` in this scope
[INFO] [stdout]   --> src/lib.rs:21397:6
[INFO] [stdout]    |
[INFO] [stdout] 14 | impl myFunction<'mock> {
[INFO] [stdout]    |      ^^^^^^^^^^ not found in this scope
[INFO] [stdout] 
[INFO] [stdout] error[E0412]: cannot find type `FunctionResponse` in this scope
[INFO] [stdout]   --> src/lib.rs:21399:30
[INFO] [stdout]    |
[INFO] [stdout] 16 |     pub fn ret(&self, value: FunctionResponse);
[INFO] [stdout]    |                              ^^^^^^^^^^^^^^^^ not found in this scope
[INFO] [stdout] 
[INFO] [stdout] error[E0412]: cannot find type `FunctionRequest` in this scope
[INFO] [stdout]   --> src/lib.rs:21404:26
[INFO] [stdout]    |
[INFO] [stdout] 21 |         mock: impl FnMut(FunctionRequest) -> FunctionResponse + Send + Sync + 'mock,
[INFO] [stdout]    |                          ^^^^^^^^^^^^^^^ not found in this scope
[INFO] [stdout] 
[INFO] [stdout] error[E0412]: cannot find type `FunctionResponse` in this scope
[INFO] [stdout]   --> src/lib.rs:21404:46
[INFO] [stdout]    |
[INFO] [stdout] 21 |         mock: impl FnMut(FunctionRequest) -> FunctionResponse + Send + Sync + 'mock,
[INFO] [stdout]    |                                              ^^^^^^^^^^^^^^^^ not found in this scope
[INFO] [stdout] 
[INFO] [stdout] error[E0412]: cannot find type `StorageException` in this scope
[INFO] [stdout]   --> src/lib.rs:21413:11
[INFO] [stdout]    |
[INFO] [stdout] 30 | impl From<StorageException> for MyFunctionExn {...}
[INFO] [stdout]    |     -     ^^^^^^^^^^^^^^^^ not found in this scope
[INFO] [stdout]    |     |
[INFO] [stdout]    |     help: you might be missing a type parameter: `<StorageException>`
[INFO] [stdout] 
[INFO] [stdout] error[E0412]: cannot find type `MyFunctionExn` in this scope
[INFO] [stdout]   --> src/lib.rs:21413:33
[INFO] [stdout]    |
[INFO] [stdout] 30 | impl From<StorageException> for MyFunctionExn {...}
[INFO] [stdout]    |                                 ^^^^^^^^^^^^^ not found in this scope
[INFO] [stdout] 
[INFO] [stdout] error[E0412]: cannot find type `NotFoundException` in this scope
[INFO] [stdout]   --> src/lib.rs:21414:11
[INFO] [stdout]    |
[INFO] [stdout] 31 | impl From<NotFoundException> for MyFunctionExn {...}
[INFO] [stdout]    |     -     ^^^^^^^^^^^^^^^^^ not found in this scope
[INFO] [stdout]    |     |
[INFO] [stdout]    |     help: you might be missing a type parameter: `<NotFoundException>`
[INFO] [stdout] 
[INFO] [stdout] error[E0412]: cannot find type `MyFunctionExn` in this scope
[INFO] [stdout]   --> src/lib.rs:21414:34
[INFO] [stdout]    |
[INFO] [stdout] 31 | impl From<NotFoundException> for MyFunctionExn {...}
[INFO] [stdout]    |                                  ^^^^^^^^^^^^^ not found in this scope
[INFO] [stdout] 
[INFO] [stdout] error[E0261]: use of undeclared lifetime name `'mock`
[INFO] [stdout]  --> src/lib.rs:21386:45
[INFO] [stdout]   |
[INFO] [stdout] 3 | impl crate::client::MyService for MyService<'mock> {...}
[INFO] [stdout]   |     -                                       ^^^^^ undeclared lifetime
[INFO] [stdout]   |     |
[INFO] [stdout]   |     help: consider introducing lifetime `'mock` here: `<'mock>`
[INFO] [stdout] 
[INFO] [stdout] error: aborting due to 20 previous errors
[INFO] [stdout] 
[INFO] [stdout] Some errors have detailed explanations: E0261, E0412, E0433.
[INFO] [stdout] For more information about an error, try `rustc --explain E0261`.
[INFO] [stdout] Couldn't compile the test.
[INFO] [stdout] 
[INFO] [stdout] failures:
[INFO] [stdout]     src/lib.rs - client::dyn MetaService (line 17666)
[INFO] [stdout]     src/lib.rs - mock (line 21370)
[INFO] [stdout]     src/lib.rs - mock (line 21385)
[INFO] [stdout]     src/lib.rs - mock (line 21419)
[INFO] [stdout] 
[INFO] [stdout] test result: FAILED. 0 passed; 4 failed; 0 ignored; 0 measured; 0 filtered out; finished in 0.15s
[INFO] [stdout] 
[INFO] [stderr] error: test failed, to rerun pass '--doc'
[INFO] running `Command { std: "docker" "inspect" "c2cb6c85a28ae7de91e240609eb76d46632ede2ee49f099acfed82220629eb28", kill_on_drop: false }`
[INFO] running `Command { std: "docker" "rm" "-f" "c2cb6c85a28ae7de91e240609eb76d46632ede2ee49f099acfed82220629eb28", kill_on_drop: false }`
[INFO] [stdout] c2cb6c85a28ae7de91e240609eb76d46632ede2ee49f099acfed82220629eb28
