[INFO] fetching crate near-syn 0.3.0...
[INFO] testing near-syn-0.3.0 against beta-2021-08-01 for beta-1.55-1
[INFO] extracting crate near-syn 0.3.0 into /workspace/builds/worker-9/source
[INFO] validating manifest of crates.io crate near-syn 0.3.0 on toolchain beta-2021-08-01
[INFO] running `Command { std: "/workspace/cargo-home/bin/cargo" "+beta-2021-08-01" "metadata" "--manifest-path" "Cargo.toml" "--no-deps", kill_on_drop: false }`
[INFO] started tweaking crates.io crate near-syn 0.3.0
[INFO] finished tweaking crates.io crate near-syn 0.3.0
[INFO] tweaked toml for crates.io crate near-syn 0.3.0 written to /workspace/builds/worker-9/source/Cargo.toml
[INFO] crate crates.io crate near-syn 0.3.0 already has a lockfile, it will not be regenerated
[INFO] running `Command { std: "/workspace/cargo-home/bin/cargo" "+beta-2021-08-01" "fetch" "--manifest-path" "Cargo.toml", kill_on_drop: false }`
[INFO] [stderr]     Blocking waiting for file lock on package cache
[INFO] running `Command { std: "docker" "create" "-v" "/var/lib/crater-agent-workspace/builds/worker-9/target:/opt/rustwide/target:rw,Z" "-v" "/var/lib/crater-agent-workspace/builds/worker-9/source:/opt/rustwide/workdir:ro,Z" "-v" "/var/lib/crater-agent-workspace/cargo-home:/opt/rustwide/cargo-home:ro,Z" "-v" "/var/lib/crater-agent-workspace/rustup-home:/opt/rustwide/rustup-home:ro,Z" "-e" "SOURCE_DIR=/opt/rustwide/workdir" "-e" "CARGO_TARGET_DIR=/opt/rustwide/target" "-e" "CARGO_HOME=/opt/rustwide/cargo-home" "-e" "RUSTUP_HOME=/opt/rustwide/rustup-home" "-w" "/opt/rustwide/workdir" "-m" "1610612736" "--user" "0:0" "--network" "none" "ghcr.io/rust-lang/crates-build-env/linux@sha256:34b6a614d2c27851fe6cbf88fbd1137609cefab8b10d0615aaeb6fd47975d74e" "/opt/rustwide/cargo-home/bin/cargo" "+beta-2021-08-01" "metadata" "--no-deps" "--format-version=1", kill_on_drop: false }`
[INFO] [stdout] 07826e4faf5da7d6b277920ed1ff26558cd725208a09b41491f2e3e91c67fa8b
[INFO] running `Command { std: "docker" "start" "-a" "07826e4faf5da7d6b277920ed1ff26558cd725208a09b41491f2e3e91c67fa8b", kill_on_drop: false }`
[INFO] running `Command { std: "docker" "inspect" "07826e4faf5da7d6b277920ed1ff26558cd725208a09b41491f2e3e91c67fa8b", kill_on_drop: false }`
[INFO] running `Command { std: "docker" "rm" "-f" "07826e4faf5da7d6b277920ed1ff26558cd725208a09b41491f2e3e91c67fa8b", kill_on_drop: false }`
[INFO] [stdout] 07826e4faf5da7d6b277920ed1ff26558cd725208a09b41491f2e3e91c67fa8b
[INFO] running `Command { std: "docker" "create" "-v" "/var/lib/crater-agent-workspace/builds/worker-9/target:/opt/rustwide/target:rw,Z" "-v" "/var/lib/crater-agent-workspace/builds/worker-9/source:/opt/rustwide/workdir:ro,Z" "-v" "/var/lib/crater-agent-workspace/cargo-home:/opt/rustwide/cargo-home:ro,Z" "-v" "/var/lib/crater-agent-workspace/rustup-home:/opt/rustwide/rustup-home:ro,Z" "-e" "SOURCE_DIR=/opt/rustwide/workdir" "-e" "CARGO_TARGET_DIR=/opt/rustwide/target" "-e" "CARGO_INCREMENTAL=0" "-e" "RUST_BACKTRACE=full" "-e" "RUSTFLAGS=--cap-lints=warn" "-e" "CARGO_HOME=/opt/rustwide/cargo-home" "-e" "RUSTUP_HOME=/opt/rustwide/rustup-home" "-w" "/opt/rustwide/workdir" "-m" "1610612736" "--user" "0:0" "--network" "none" "ghcr.io/rust-lang/crates-build-env/linux@sha256:34b6a614d2c27851fe6cbf88fbd1137609cefab8b10d0615aaeb6fd47975d74e" "/opt/rustwide/cargo-home/bin/cargo" "+beta-2021-08-01" "build" "--frozen" "--message-format=json", kill_on_drop: false }`
[INFO] [stdout] 3dcdd0044a589d152c80bb4d4a7756d1c93a3e2ad6b06e436c9060650c4ec5e4
[INFO] running `Command { std: "docker" "start" "-a" "3dcdd0044a589d152c80bb4d4a7756d1c93a3e2ad6b06e436c9060650c4ec5e4", kill_on_drop: false }`
[INFO] [stderr]    Compiling proc-macro2 v1.0.26
[INFO] [stderr]    Compiling libc v0.2.93
[INFO] [stderr]    Compiling syn v1.0.69
[INFO] [stderr]    Compiling strsim v0.10.0
[INFO] [stderr]    Compiling os_str_bytes v2.4.0
[INFO] [stderr]    Compiling proc-macro-error-attr v1.0.4
[INFO] [stderr]    Compiling proc-macro-error v1.0.4
[INFO] [stderr]    Compiling heck v0.3.2
[INFO] [stderr]    Compiling textwrap v0.12.1
[INFO] [stderr]    Compiling quote v1.0.9
[INFO] [stderr]    Compiling atty v0.2.14
[INFO] [stderr]    Compiling time v0.1.44
[INFO] [stderr]    Compiling chrono v0.4.19
[INFO] [stderr]    Compiling clap_derive v3.0.0-beta.2
[INFO] [stderr]    Compiling clap v3.0.0-beta.2
[INFO] [stderr]    Compiling near-syn v0.3.0 (/opt/rustwide/workdir)
[INFO] [stderr]     Finished dev [unoptimized + debuginfo] target(s) in 22.86s
[INFO] running `Command { std: "docker" "inspect" "3dcdd0044a589d152c80bb4d4a7756d1c93a3e2ad6b06e436c9060650c4ec5e4", kill_on_drop: false }`
[INFO] running `Command { std: "docker" "rm" "-f" "3dcdd0044a589d152c80bb4d4a7756d1c93a3e2ad6b06e436c9060650c4ec5e4", kill_on_drop: false }`
[INFO] [stdout] 3dcdd0044a589d152c80bb4d4a7756d1c93a3e2ad6b06e436c9060650c4ec5e4
[INFO] running `Command { std: "docker" "create" "-v" "/var/lib/crater-agent-workspace/builds/worker-9/target:/opt/rustwide/target:rw,Z" "-v" "/var/lib/crater-agent-workspace/builds/worker-9/source:/opt/rustwide/workdir:ro,Z" "-v" "/var/lib/crater-agent-workspace/cargo-home:/opt/rustwide/cargo-home:ro,Z" "-v" "/var/lib/crater-agent-workspace/rustup-home:/opt/rustwide/rustup-home:ro,Z" "-e" "SOURCE_DIR=/opt/rustwide/workdir" "-e" "CARGO_TARGET_DIR=/opt/rustwide/target" "-e" "CARGO_INCREMENTAL=0" "-e" "RUST_BACKTRACE=full" "-e" "RUSTFLAGS=--cap-lints=warn" "-e" "CARGO_HOME=/opt/rustwide/cargo-home" "-e" "RUSTUP_HOME=/opt/rustwide/rustup-home" "-w" "/opt/rustwide/workdir" "-m" "1610612736" "--user" "0:0" "--network" "none" "ghcr.io/rust-lang/crates-build-env/linux@sha256:34b6a614d2c27851fe6cbf88fbd1137609cefab8b10d0615aaeb6fd47975d74e" "/opt/rustwide/cargo-home/bin/cargo" "+beta-2021-08-01" "test" "--frozen" "--no-run" "--message-format=json", kill_on_drop: false }`
[INFO] [stdout] e8a9ba5382a3ec823311af3126c7d98396d81b18fb47f66a7d908dd779a46d3b
[INFO] running `Command { std: "docker" "start" "-a" "e8a9ba5382a3ec823311af3126c7d98396d81b18fb47f66a7d908dd779a46d3b", kill_on_drop: false }`
[INFO] [stderr]    Compiling getrandom v0.2.2
[INFO] [stderr]    Compiling memchr v2.3.4
[INFO] [stderr]    Compiling byteorder v1.4.3
[INFO] [stderr]    Compiling doc-comment v0.3.3
[INFO] [stderr]    Compiling predicates-core v1.0.2
[INFO] [stderr]    Compiling difference v2.0.0
[INFO] [stderr]    Compiling treeline v0.1.0
[INFO] [stderr]    Compiling wait-timeout v0.2.0
[INFO] [stderr]    Compiling predicates-tree v1.0.2
[INFO] [stderr]    Compiling predicates v1.0.7
[INFO] [stderr]    Compiling regex-automata v0.1.9
[INFO] [stderr]    Compiling rand_core v0.6.2
[INFO] [stderr]    Compiling bstr v0.2.15
[INFO] [stderr]    Compiling rand_chacha v0.3.0
[INFO] [stderr]    Compiling rand v0.8.3
[INFO] [stderr]    Compiling assert_cmd v1.0.3
[INFO] [stderr]    Compiling tempfile v3.2.0
[INFO] [stderr]    Compiling near-syn v0.3.0 (/opt/rustwide/workdir)
[INFO] [stderr]     Finished test [unoptimized + debuginfo] target(s) in 5.86s
[INFO] running `Command { std: "docker" "inspect" "e8a9ba5382a3ec823311af3126c7d98396d81b18fb47f66a7d908dd779a46d3b", kill_on_drop: false }`
[INFO] running `Command { std: "docker" "rm" "-f" "e8a9ba5382a3ec823311af3126c7d98396d81b18fb47f66a7d908dd779a46d3b", kill_on_drop: false }`
[INFO] [stdout] e8a9ba5382a3ec823311af3126c7d98396d81b18fb47f66a7d908dd779a46d3b
[INFO] running `Command { std: "docker" "create" "-v" "/var/lib/crater-agent-workspace/builds/worker-9/target:/opt/rustwide/target:rw,Z" "-v" "/var/lib/crater-agent-workspace/builds/worker-9/source:/opt/rustwide/workdir:ro,Z" "-v" "/var/lib/crater-agent-workspace/cargo-home:/opt/rustwide/cargo-home:ro,Z" "-v" "/var/lib/crater-agent-workspace/rustup-home:/opt/rustwide/rustup-home:ro,Z" "-e" "SOURCE_DIR=/opt/rustwide/workdir" "-e" "CARGO_TARGET_DIR=/opt/rustwide/target" "-e" "CARGO_INCREMENTAL=0" "-e" "RUST_BACKTRACE=full" "-e" "RUSTFLAGS=--cap-lints=warn" "-e" "CARGO_HOME=/opt/rustwide/cargo-home" "-e" "RUSTUP_HOME=/opt/rustwide/rustup-home" "-w" "/opt/rustwide/workdir" "-m" "1610612736" "--user" "0:0" "--network" "none" "ghcr.io/rust-lang/crates-build-env/linux@sha256:34b6a614d2c27851fe6cbf88fbd1137609cefab8b10d0615aaeb6fd47975d74e" "/opt/rustwide/cargo-home/bin/cargo" "+beta-2021-08-01" "test" "--frozen", kill_on_drop: false }`
[INFO] [stdout] 51f7525645f13ef407d975d72f01e035667083e8cc9b84152c8e30b755aa6eb1
[INFO] running `Command { std: "docker" "start" "-a" "51f7525645f13ef407d975d72f01e035667083e8cc9b84152c8e30b755aa6eb1", kill_on_drop: false }`
[INFO] [stderr]     Finished test [unoptimized + debuginfo] target(s) in 0.03s
[INFO] [stderr]      Running unittests (/opt/rustwide/target/debug/deps/near_syn-f99185e7685e949b)
[INFO] [stdout] 
[INFO] [stdout] running 6 tests
[INFO] [stdout] test ts::tests::ts_type_on_vec_with_no_args_should_panic - should panic ... ok
[INFO] [stdout] test ts::tests::ts_type_on_hashmap_with_no_args_should_panic - should panic ... ok
[INFO] [stdout] test ts::tests::ts_type_on_vec_with_more_than_one_arg_should_panic - should panic ... ok
[INFO] [stdout] test ts::tests::ts_type_on_option_with_no_args_should_panic - should panic ... ok
[INFO] [stdout] test ts::tests::ts_type_on_hashmap_with_less_than_two_args_should_panic - should panic ... ok
[INFO] [stdout] test ts::tests::ts_type_on_option_with_more_than_one_arg_should_panic - should panic ... ok
[INFO] [stdout] 
[INFO] [stdout] test result: ok. 6 passed; 0 failed; 0 ignored; 0 measured; 0 filtered out; finished in 0.02s
[INFO] [stdout] 
[INFO] [stderr]      Running unittests (/opt/rustwide/target/debug/deps/near_syn-130a4cc3d013fbce)
[INFO] [stdout] 
[INFO] [stdout] running 0 tests
[INFO] [stdout] 
[INFO] [stdout] test result: ok. 0 passed; 0 failed; 0 ignored; 0 measured; 0 filtered out; finished in 0.00s
[INFO] [stdout] 
[INFO] [stderr]      Running tests/syn-tests.rs (/opt/rustwide/target/debug/deps/syn_tests-f5dfb2c19b2a3339)
[INFO] [stdout] 
[INFO] [stdout] running 6 tests
[INFO] [stdout] test check_version ... ok
[INFO] [stdout] test md::transpile_zero_rust_files_to_md ... ok
[INFO] [stdout] test ts::transpile_zero_rust_files_to_ts ... ok
[INFO] [stdout] test ts::transpile_multiple_rust_files_to_ts ... ok
[INFO] [stdout] test md::transpile_single_rust_file_to_doc ... ok
[INFO] [stdout] test ts::transpile_single_rust_file_to_ts ... ok
[INFO] [stdout] 
[INFO] [stdout] test result: ok. 6 passed; 0 failed; 0 ignored; 0 measured; 0 filtered out; finished in 0.03s
[INFO] [stdout] 
[INFO] [stderr]    Doc-tests near-syn
[INFO] [stdout] 
[INFO] [stdout] running 19 tests
[INFO] [stdout] test src/ts.rs - ts::TS<T>::ts_items (line 187) ... FAILED
[INFO] [stdout] test src/ts.rs - ts::TS<T>::ts_items (line 212) ... FAILED
[INFO] [stdout] test src/ts.rs - ts::TS<T>::ts_enum (line 448) ... FAILED
[INFO] [stdout] test src/ts.rs - ts::TS<T>::ts_struct (line 377) ... FAILED
[INFO] [stdout] test src/ts.rs - ts::TS<T>::ts_struct (line 395) ... FAILED
[INFO] [stdout] test src/ts.rs - ts::TS<T>::ts_struct (line 330) ... FAILED
[INFO] [stdout] test src/ts.rs - ts::TS<T>::ts_struct (line 357) ... FAILED
[INFO] [stdout] test src/ts.rs - ts::TS<T>::ts_impl (line 492) ... FAILED
[INFO] [stdout] test src/ts.rs - ts::TS<T>::ts_type (line 302) ... FAILED
[INFO] [stdout] test src/ts.rs - ts::ts_type (line 584) ... FAILED
[INFO] [stdout] test src/ts.rs - ts::TS<T>::ts_type (line 284) ... FAILED
[INFO] [stdout] test src/ts.rs - ts::TS<T>::ts_contract_methods (line 141) ... FAILED
[INFO] [stdout] test src/ts.rs - ts::ts_sig (line 712) ... FAILED
[INFO] [stdout] test src/ts.rs - ts::TS<T>::ts_prelude (line 49) ... FAILED
[INFO] [stdout] test src/ts.rs - ts::ts_type (line 598) ... FAILED
[INFO] [stdout] test src/ts.rs - ts::TS<T>::ts_contract_methods (line 116) ... ok
[INFO] [stdout] test src/ts.rs - ts::TS<T>::new (line 33) ... ok
[INFO] [stdout] test src/ts.rs - ts::TS<T>::ts_extend_traits (line 94) ... ok
[INFO] [stdout] test src/ts.rs - ts::ts_type (line 567) ... ok
[INFO] [stdout] 
[INFO] [stdout] failures:
[INFO] [stdout] 
[INFO] [stdout] ---- src/ts.rs - ts::TS<T>::ts_items (line 187) stdout ----
[INFO] [stdout] Couldn't compile the test.
[INFO] [stdout] ---- src/ts.rs - ts::TS<T>::ts_items (line 212) stdout ----
[INFO] [stdout] Couldn't compile the test.
[INFO] [stdout] ---- src/ts.rs - ts::TS<T>::ts_enum (line 448) stdout ----
[INFO] [stdout] Couldn't compile the test.
[INFO] [stdout] ---- src/ts.rs - ts::TS<T>::ts_struct (line 377) stdout ----
[INFO] [stdout] Couldn't compile the test.
[INFO] [stdout] ---- src/ts.rs - ts::TS<T>::ts_struct (line 395) stdout ----
[INFO] [stdout] Couldn't compile the test.
[INFO] [stdout] ---- src/ts.rs - ts::TS<T>::ts_struct (line 330) stdout ----
[INFO] [stdout] Couldn't compile the test.
[INFO] [stdout] ---- src/ts.rs - ts::TS<T>::ts_struct (line 357) stdout ----
[INFO] [stdout] Couldn't compile the test.
[INFO] [stdout] ---- src/ts.rs - ts::TS<T>::ts_impl (line 492) stdout ----
[INFO] [stdout] Couldn't compile the test.
[INFO] [stdout] ---- src/ts.rs - ts::TS<T>::ts_type (line 302) stdout ----
[INFO] [stdout] Couldn't compile the test.
[INFO] [stdout] ---- src/ts.rs - ts::ts_type (line 584) stdout ----
[INFO] [stdout] Couldn't compile the test.
[INFO] [stdout] ---- src/ts.rs - ts::TS<T>::ts_type (line 284) stdout ----
[INFO] [stdout] Couldn't compile the test.
[INFO] [stdout] ---- src/ts.rs - ts::TS<T>::ts_contract_methods (line 141) stdout ----
[INFO] [stdout] Couldn't compile the test.
[INFO] [stdout] ---- src/ts.rs - ts::ts_sig (line 712) stdout ----
[INFO] [stdout] Couldn't compile the test.
[INFO] [stdout] ---- src/ts.rs - ts::TS<T>::ts_prelude (line 49) stdout ----
[INFO] [stdout] Couldn't compile the test.
[INFO] [stdout] ---- src/ts.rs - ts::ts_type (line 598) stdout ----
[INFO] [stdout] Couldn't compile the test.
[INFO] [stdout] 
[INFO] [stdout] failures:
[INFO] [stdout]     src/ts.rs - ts::TS<T>::ts_contract_methods (line 141)
[INFO] [stdout]     src/ts.rs - ts::TS<T>::ts_enum (line 448)
[INFO] [stdout]     src/ts.rs - ts::TS<T>::ts_impl (line 492)
[INFO] [stdout]     src/ts.rs - ts::TS<T>::ts_items (line 187)
[INFO] [stdout]     src/ts.rs - ts::TS<T>::ts_items (line 212)
[INFO] [stdout]     src/ts.rs - ts::TS<T>::ts_prelude (line 49)
[INFO] [stdout]     src/ts.rs - ts::TS<T>::ts_struct (line 330)
[INFO] [stdout]     src/ts.rs - ts::TS<T>::ts_struct (line 357)
[INFO] [stdout]     src/ts.rs - ts::TS<T>::ts_struct (line 377)
[INFO] [stdout]     src/ts.rs - ts::TS<T>::ts_struct (line 395)
[INFO] [stdout]     src/ts.rs - ts::TS<T>::ts_type (line 284)
[INFO] [stdout]     src/ts.rs - ts::TS<T>::ts_type (line 302)
[INFO] [stdout]     src/ts.rs - ts::ts_sig (line 712)
[INFO] [stdout]     src/ts.rs - ts::ts_type (line 584)
[INFO] [stdout]     src/ts.rs - ts::ts_type (line 598)
[INFO] [stdout] 
[INFO] [stdout] test result: FAILED. 4 passed; 15 failed; 0 ignored; 0 measured; 0 filtered out; finished in 3.46s
[INFO] [stdout] 
[INFO] [stderr] error: test failed, to rerun pass '--doc'
[INFO] running `Command { std: "docker" "inspect" "51f7525645f13ef407d975d72f01e035667083e8cc9b84152c8e30b755aa6eb1", kill_on_drop: false }`
[INFO] running `Command { std: "docker" "rm" "-f" "51f7525645f13ef407d975d72f01e035667083e8cc9b84152c8e30b755aa6eb1", kill_on_drop: false }`
[INFO] [stdout] 51f7525645f13ef407d975d72f01e035667083e8cc9b84152c8e30b755aa6eb1
