[INFO] fetching crate ndm 0.9.9...
[INFO] testing ndm-0.9.9 against beta-2021-08-01 for beta-1.55-1
[INFO] extracting crate ndm 0.9.9 into /workspace/builds/worker-103/source
[INFO] validating manifest of crates.io crate ndm 0.9.9 on toolchain beta-2021-08-01
[INFO] running `Command { std: "/workspace/cargo-home/bin/cargo" "+beta-2021-08-01" "metadata" "--manifest-path" "Cargo.toml" "--no-deps", kill_on_drop: false }`
[INFO] started tweaking crates.io crate ndm 0.9.9
[INFO] finished tweaking crates.io crate ndm 0.9.9
[INFO] tweaked toml for crates.io crate ndm 0.9.9 written to /workspace/builds/worker-103/source/Cargo.toml
[INFO] crate crates.io crate ndm 0.9.9 already has a lockfile, it will not be regenerated
[INFO] running `Command { std: "/workspace/cargo-home/bin/cargo" "+beta-2021-08-01" "fetch" "--manifest-path" "Cargo.toml", kill_on_drop: false }`
[INFO] [stderr]     Blocking waiting for file lock on package cache
[INFO] running `Command { std: "docker" "create" "-v" "/var/lib/crater-agent-workspace/builds/worker-103/target:/opt/rustwide/target:rw,Z" "-v" "/var/lib/crater-agent-workspace/builds/worker-103/source:/opt/rustwide/workdir:ro,Z" "-v" "/var/lib/crater-agent-workspace/cargo-home:/opt/rustwide/cargo-home:ro,Z" "-v" "/var/lib/crater-agent-workspace/rustup-home:/opt/rustwide/rustup-home:ro,Z" "-e" "SOURCE_DIR=/opt/rustwide/workdir" "-e" "CARGO_TARGET_DIR=/opt/rustwide/target" "-e" "CARGO_HOME=/opt/rustwide/cargo-home" "-e" "RUSTUP_HOME=/opt/rustwide/rustup-home" "-w" "/opt/rustwide/workdir" "-m" "1610612736" "--user" "0:0" "--network" "none" "ghcr.io/rust-lang/crates-build-env/linux@sha256:34b6a614d2c27851fe6cbf88fbd1137609cefab8b10d0615aaeb6fd47975d74e" "/opt/rustwide/cargo-home/bin/cargo" "+beta-2021-08-01" "metadata" "--no-deps" "--format-version=1", kill_on_drop: false }`
[INFO] [stdout] a5436eedcff1c778e421d1a085aa34e3a8dbda0178788b30baadd12039047ee4
[INFO] running `Command { std: "docker" "start" "-a" "a5436eedcff1c778e421d1a085aa34e3a8dbda0178788b30baadd12039047ee4", kill_on_drop: false }`
[INFO] running `Command { std: "docker" "inspect" "a5436eedcff1c778e421d1a085aa34e3a8dbda0178788b30baadd12039047ee4", kill_on_drop: false }`
[INFO] running `Command { std: "docker" "rm" "-f" "a5436eedcff1c778e421d1a085aa34e3a8dbda0178788b30baadd12039047ee4", kill_on_drop: false }`
[INFO] [stdout] a5436eedcff1c778e421d1a085aa34e3a8dbda0178788b30baadd12039047ee4
[INFO] running `Command { std: "docker" "create" "-v" "/var/lib/crater-agent-workspace/builds/worker-103/target:/opt/rustwide/target:rw,Z" "-v" "/var/lib/crater-agent-workspace/builds/worker-103/source:/opt/rustwide/workdir:ro,Z" "-v" "/var/lib/crater-agent-workspace/cargo-home:/opt/rustwide/cargo-home:ro,Z" "-v" "/var/lib/crater-agent-workspace/rustup-home:/opt/rustwide/rustup-home:ro,Z" "-e" "SOURCE_DIR=/opt/rustwide/workdir" "-e" "CARGO_TARGET_DIR=/opt/rustwide/target" "-e" "CARGO_INCREMENTAL=0" "-e" "RUST_BACKTRACE=full" "-e" "RUSTFLAGS=--cap-lints=warn" "-e" "CARGO_HOME=/opt/rustwide/cargo-home" "-e" "RUSTUP_HOME=/opt/rustwide/rustup-home" "-w" "/opt/rustwide/workdir" "-m" "1610612736" "--user" "0:0" "--network" "none" "ghcr.io/rust-lang/crates-build-env/linux@sha256:34b6a614d2c27851fe6cbf88fbd1137609cefab8b10d0615aaeb6fd47975d74e" "/opt/rustwide/cargo-home/bin/cargo" "+beta-2021-08-01" "build" "--frozen" "--message-format=json", kill_on_drop: false }`
[INFO] [stdout] 0b6f73758280cbef3c18f11baa45d2f88b705f94c2b13c67e2e3a61b0b5af73b
[INFO] running `Command { std: "docker" "start" "-a" "0b6f73758280cbef3c18f11baa45d2f88b705f94c2b13c67e2e3a61b0b5af73b", kill_on_drop: false }`
[INFO] [stderr]    Compiling proc-macro2 v1.0.26
[INFO] [stderr]    Compiling unicode-xid v0.2.1
[INFO] [stderr]    Compiling libc v0.2.93
[INFO] [stderr]    Compiling getrandom v0.2.2
[INFO] [stderr]    Compiling syn v1.0.69
[INFO] [stderr]    Compiling cfg-if v1.0.0
[INFO] [stderr]    Compiling serde_derive v1.0.125
[INFO] [stderr]    Compiling memchr v2.3.4
[INFO] [stderr]    Compiling serde v1.0.125
[INFO] [stderr]    Compiling ryu v1.0.5
[INFO] [stderr]    Compiling ppv-lite86 v0.2.10
[INFO] [stderr]    Compiling serde_json v1.0.64
[INFO] [stderr]    Compiling itoa v0.4.7
[INFO] [stderr]    Compiling regex-syntax v0.6.23
[INFO] [stderr]    Compiling lazy_static v1.4.0
[INFO] [stderr]    Compiling aho-corasick v0.7.15
[INFO] [stderr]    Compiling quote v1.0.9
[INFO] [stderr]    Compiling rand_core v0.6.2
[INFO] [stderr]    Compiling regex v1.4.5
[INFO] [stderr]    Compiling rand_chacha v0.3.0
[INFO] [stderr]    Compiling rand v0.8.3
[INFO] [stderr]    Compiling ndm v0.9.9 (/opt/rustwide/workdir)
[INFO] [stderr]     Finished dev [unoptimized + debuginfo] target(s) in 28.06s
[INFO] running `Command { std: "docker" "inspect" "0b6f73758280cbef3c18f11baa45d2f88b705f94c2b13c67e2e3a61b0b5af73b", kill_on_drop: false }`
[INFO] running `Command { std: "docker" "rm" "-f" "0b6f73758280cbef3c18f11baa45d2f88b705f94c2b13c67e2e3a61b0b5af73b", kill_on_drop: false }`
[INFO] [stdout] 0b6f73758280cbef3c18f11baa45d2f88b705f94c2b13c67e2e3a61b0b5af73b
[INFO] running `Command { std: "docker" "create" "-v" "/var/lib/crater-agent-workspace/builds/worker-103/target:/opt/rustwide/target:rw,Z" "-v" "/var/lib/crater-agent-workspace/builds/worker-103/source:/opt/rustwide/workdir:ro,Z" "-v" "/var/lib/crater-agent-workspace/cargo-home:/opt/rustwide/cargo-home:ro,Z" "-v" "/var/lib/crater-agent-workspace/rustup-home:/opt/rustwide/rustup-home:ro,Z" "-e" "SOURCE_DIR=/opt/rustwide/workdir" "-e" "CARGO_TARGET_DIR=/opt/rustwide/target" "-e" "CARGO_INCREMENTAL=0" "-e" "RUST_BACKTRACE=full" "-e" "RUSTFLAGS=--cap-lints=warn" "-e" "CARGO_HOME=/opt/rustwide/cargo-home" "-e" "RUSTUP_HOME=/opt/rustwide/rustup-home" "-w" "/opt/rustwide/workdir" "-m" "1610612736" "--user" "0:0" "--network" "none" "ghcr.io/rust-lang/crates-build-env/linux@sha256:34b6a614d2c27851fe6cbf88fbd1137609cefab8b10d0615aaeb6fd47975d74e" "/opt/rustwide/cargo-home/bin/cargo" "+beta-2021-08-01" "test" "--frozen" "--no-run" "--message-format=json", kill_on_drop: false }`
[INFO] [stdout] 79ecb2a7b7bad7efdd0d8f0e4d39c4a4e9b05f5b61713d3e52d81f5b999c8550
[INFO] running `Command { std: "docker" "start" "-a" "79ecb2a7b7bad7efdd0d8f0e4d39c4a4e9b05f5b61713d3e52d81f5b999c8550", kill_on_drop: false }`
[INFO] [stderr]    Compiling ndm v0.9.9 (/opt/rustwide/workdir)
[INFO] [stderr]     Finished test [unoptimized + debuginfo] target(s) in 2.89s
[INFO] running `Command { std: "docker" "inspect" "79ecb2a7b7bad7efdd0d8f0e4d39c4a4e9b05f5b61713d3e52d81f5b999c8550", kill_on_drop: false }`
[INFO] running `Command { std: "docker" "rm" "-f" "79ecb2a7b7bad7efdd0d8f0e4d39c4a4e9b05f5b61713d3e52d81f5b999c8550", kill_on_drop: false }`
[INFO] [stdout] 79ecb2a7b7bad7efdd0d8f0e4d39c4a4e9b05f5b61713d3e52d81f5b999c8550
[INFO] running `Command { std: "docker" "create" "-v" "/var/lib/crater-agent-workspace/builds/worker-103/target:/opt/rustwide/target:rw,Z" "-v" "/var/lib/crater-agent-workspace/builds/worker-103/source:/opt/rustwide/workdir:ro,Z" "-v" "/var/lib/crater-agent-workspace/cargo-home:/opt/rustwide/cargo-home:ro,Z" "-v" "/var/lib/crater-agent-workspace/rustup-home:/opt/rustwide/rustup-home:ro,Z" "-e" "SOURCE_DIR=/opt/rustwide/workdir" "-e" "CARGO_TARGET_DIR=/opt/rustwide/target" "-e" "CARGO_INCREMENTAL=0" "-e" "RUST_BACKTRACE=full" "-e" "RUSTFLAGS=--cap-lints=warn" "-e" "CARGO_HOME=/opt/rustwide/cargo-home" "-e" "RUSTUP_HOME=/opt/rustwide/rustup-home" "-w" "/opt/rustwide/workdir" "-m" "1610612736" "--user" "0:0" "--network" "none" "ghcr.io/rust-lang/crates-build-env/linux@sha256:34b6a614d2c27851fe6cbf88fbd1137609cefab8b10d0615aaeb6fd47975d74e" "/opt/rustwide/cargo-home/bin/cargo" "+beta-2021-08-01" "test" "--frozen", kill_on_drop: false }`
[INFO] [stdout] bec1d1be7bbf686c45513d9e60731ea184dde7cbc355fa6dbc52850561a104a8
[INFO] running `Command { std: "docker" "start" "-a" "bec1d1be7bbf686c45513d9e60731ea184dde7cbc355fa6dbc52850561a104a8", kill_on_drop: false }`
[INFO] [stderr]     Blocking waiting for file lock on package cache
[INFO] [stderr]     Finished test [unoptimized + debuginfo] target(s) in 0.28s
[INFO] [stderr]      Running unittests (/opt/rustwide/target/debug/deps/ndm-e8e7f89d4b3e30aa)
[INFO] [stdout] 
[INFO] [stdout] running 58 tests
[INFO] [stdout] test dice::test::fate_keepers ... ok
[INFO] [stdout] test rollset::test::dice_from_str ... ok
[INFO] [stdout] test dice::test::roll_d1 ... ok
[INFO] [stdout] test dice::test::keep_three_low ... ok
[INFO] [stdout] test dice::test::r_1d6_exploding ... ok
[INFO] [stdout] test dice::test::r_1df_caps ... ok
[INFO] [stdout] test dice::test::keep_three_high ... ok
[INFO] [stdout] test dice::test::two_keep_three_bad ... ok
[INFO] [stdout] test dice::test::build_vs_new ... ok
[INFO] [stdout] test dice::test::big_dice_bad ... ok
[INFO] [stdout] test dice::test::r_1df ... ok
[INFO] [stdout] test dice::test::no_explode_1 ... ok
[INFO] [stdout] test dice::test::r_1d6 ... ok
[INFO] [stdout] test dice::test::no_explode ... ok
[INFO] [stdout] test dice::test::r_d6 ... ok
[INFO] [stdout] test dice::test::keep_d1 ... ok
[INFO] [stdout] test dice::test::keep_df ... ok
[INFO] [stdout] test rollset::test::whitespace_negative ... ok
[INFO] [stdout] test rollset::test::comment ... ok
[INFO] [stdout] test rollset::test::add_constant ... ok
[INFO] [stdout] test rollset::test::leading_tab ... ok
[INFO] [stdout] test rollset::test::roll_no_dice_plus ... ok
[INFO] [stdout] test rollset::test::simple ... ok
[INFO] [stdout] test rollset::test::multiply_odd ... ok
[INFO] [stdout] test rollset::test::four ... ok
[INFO] [stdout] test rollset::test::test_only_penalty ... ok
[INFO] [stdout] test rollset::test::caps_1d20plus4 ... ok
[INFO] [stdout] test rollset::test::compact ... ok
[INFO] [stdout] test rollset::test::ends_with_operator ... ok
[INFO] [stdout] test rollset::test::t_mult ... ok
[INFO] [stdout] test rollset::test::add_to_many ... ok
[INFO] [stdout] test rollset::test::many_rollv_str ... ok
[INFO] [stderr]      Running unittests (/opt/rustwide/target/debug/deps/ndm-e0e5abacb9b4abdc)
[INFO] [stdout] test rollset::test::roll_simple_math ... ok
[INFO] [stdout] test rollset::test::roll_d1 ... ok
[INFO] [stdout] test rollset::test::multiply_even ... ok
[INFO] [stdout] test rollset::test::roll_no_d0 ... ok
[INFO] [stdout] test rollset::test::no_bonus_suffix ... ok
[INFO] [stdout] test rollset::test::caps_1d20minus4 ... ok
[INFO] [stdout] test rollset::test::only_bonus ... ok
[INFO] [stdout] test rollset::test::big_dice_bad ... ok
[INFO] [stdout] test rollset::test::two_dice_sizes ... ok
[INFO] [stdout] test rollset::test::multiplier_other_ok ... ok
[INFO] [stdout] test rollset::test::leading_space ... ok
[INFO] [stdout] test rollset::test::coinflip ... ok
[INFO] [stdout] test rollset::test::comment_1d20 ... ok
[INFO] [stdout] test rollset::test::more_like_chat ... ok
[INFO] [stdout] test rollset::test::roll_no_dice ... ok
[INFO] [stdout] test rollset::test::spacesminus ... ok
[INFO] [stdout] test rollset::test::add_constant_str ... ok
[INFO] [stdout] test rollset::test::whitespace_positive ... ok
[INFO] [stdout] test rollset::test::roll_bad_dice ... ok
[INFO] [stdout] test rollset::test::times ... ok
[INFO] [stdout] test rollset::test::exploding_1d20plus4 ... ok
[INFO] [stdout] test rollset::test::r_1d6plus3 ... ok
[INFO] [stdout] test rollset::test::two_rolls_text ... ok
[INFO] [stdout] test rollset::test::spacesplus ... ok
[INFO] [stdout] test rollset::test::multiply_ooo ... ok
[INFO] [stdout] test rollset::test::bonus_and_roll ... ok
[INFO] [stdout] 
[INFO] [stdout] test result: ok. 58 passed; 0 failed; 0 ignored; 0 measured; 0 filtered out; finished in 0.04s
[INFO] [stdout] 
[INFO] [stdout] 
[INFO] [stdout] running 0 tests
[INFO] [stdout] 
[INFO] [stdout] test result: ok. 0 passed; 0 failed; 0 ignored; 0 measured; 0 filtered out; finished in 0.00s
[INFO] [stdout] 
[INFO] [stderr]    Doc-tests ndm
[INFO] [stdout] 
[INFO] [stdout] running 18 tests
[INFO] [stdout] test src/lib.rs - (line 40) ... FAILED
[INFO] [stdout] test src/lib.rs - (line 79) ... FAILED
[INFO] [stdout] test src/lib.rs - (line 102) ... FAILED
[INFO] [stdout] test src/lib.rs - (line 159) ... FAILED
[INFO] [stdout] test src/lib.rs - (line 141) ... FAILED
[INFO] [stdout] test src/lib.rs - (line 90) ... FAILED
[INFO] [stdout] test src/lib.rs - (line 49) ... FAILED
[INFO] [stdout] test src/lib.rs - (line 121) ... FAILED
[INFO] [stdout] test src/lib.rs - (line 131) ... FAILED
[INFO] [stdout] test src/lib.rs - (line 29) ... ok
[INFO] [stdout] test src/dice.rs - dice::Dice::new_keep_n (line 133) ... ok
[INFO] [stdout] test src/dice.rs - dice::Dice::new_extended (line 159) ... ok
[INFO] [stdout] test src/lib.rs - (line 59) ... ok
[INFO] [stdout] test src/dice.rs - dice::Dice::new_exploding (line 115) ... ok
[INFO] [stdout] test src/lib.rs - (line 149) ... ok
[INFO] [stdout] test src/lib.rs - (line 21) ... ok
[INFO] [stdout] test src/dice.rs - dice::Dice::new (line 93) ... ok
[INFO] [stdout] test src/lib.rs - (line 70) ... ok
[INFO] [stdout] 
[INFO] [stdout] failures:
[INFO] [stdout] 
[INFO] [stdout] ---- src/lib.rs - (line 40) stdout ----
[INFO] [stdout] Couldn't compile the test.
[INFO] [stdout] ---- src/lib.rs - (line 79) stdout ----
[INFO] [stdout] Couldn't compile the test.
[INFO] [stdout] ---- src/lib.rs - (line 102) stdout ----
[INFO] [stdout] Couldn't compile the test.
[INFO] [stdout] ---- src/lib.rs - (line 159) stdout ----
[INFO] [stdout] Couldn't compile the test.
[INFO] [stdout] ---- src/lib.rs - (line 141) stdout ----
[INFO] [stdout] Couldn't compile the test.
[INFO] [stdout] ---- src/lib.rs - (line 90) stdout ----
[INFO] [stdout] Couldn't compile the test.
[INFO] [stdout] ---- src/lib.rs - (line 49) stdout ----
[INFO] [stdout] Couldn't compile the test.
[INFO] [stdout] ---- src/lib.rs - (line 121) stdout ----
[INFO] [stdout] Couldn't compile the test.
[INFO] [stdout] ---- src/lib.rs - (line 131) stdout ----
[INFO] [stdout] Couldn't compile the test.
[INFO] [stdout] 
[INFO] [stdout] failures:
[INFO] [stdout]     src/lib.rs - (line 102)
[INFO] [stdout]     src/lib.rs - (line 121)
[INFO] [stdout]     src/lib.rs - (line 131)
[INFO] [stdout]     src/lib.rs - (line 141)
[INFO] [stdout]     src/lib.rs - (line 159)
[INFO] [stdout]     src/lib.rs - (line 40)
[INFO] [stdout]     src/lib.rs - (line 49)
[INFO] [stdout]     src/lib.rs - (line 79)
[INFO] [stdout]     src/lib.rs - (line 90)
[INFO] [stdout] 
[INFO] [stdout] test result: FAILED. 9 passed; 9 failed; 0 ignored; 0 measured; 0 filtered out; finished in 4.90s
[INFO] [stdout] 
[INFO] [stderr] error: test failed, to rerun pass '--doc'
[INFO] running `Command { std: "docker" "inspect" "bec1d1be7bbf686c45513d9e60731ea184dde7cbc355fa6dbc52850561a104a8", kill_on_drop: false }`
[INFO] running `Command { std: "docker" "rm" "-f" "bec1d1be7bbf686c45513d9e60731ea184dde7cbc355fa6dbc52850561a104a8", kill_on_drop: false }`
[INFO] [stdout] bec1d1be7bbf686c45513d9e60731ea184dde7cbc355fa6dbc52850561a104a8
