[INFO] fetching crate naver_dl_metadata 0.1.0...
[INFO] testing naver_dl_metadata-0.1.0 against 1.54.0 for beta-1.55-1
[INFO] extracting crate naver_dl_metadata 0.1.0 into /workspace/builds/worker-93/source
[INFO] validating manifest of crates.io crate naver_dl_metadata 0.1.0 on toolchain 1.54.0
[INFO] running `Command { std: "/workspace/cargo-home/bin/cargo" "+1.54.0" "metadata" "--manifest-path" "Cargo.toml" "--no-deps", kill_on_drop: false }`
[INFO] started tweaking crates.io crate naver_dl_metadata 0.1.0
[INFO] finished tweaking crates.io crate naver_dl_metadata 0.1.0
[INFO] tweaked toml for crates.io crate naver_dl_metadata 0.1.0 written to /workspace/builds/worker-93/source/Cargo.toml
[INFO] running `Command { std: "/workspace/cargo-home/bin/cargo" "+1.54.0" "generate-lockfile" "--manifest-path" "Cargo.toml" "-Zno-index-update", kill_on_drop: false }`
[INFO] running `Command { std: "/workspace/cargo-home/bin/cargo" "+1.54.0" "fetch" "--manifest-path" "Cargo.toml", kill_on_drop: false }`
[INFO] [stderr]     Blocking waiting for file lock on package cache
[INFO] [stderr]     Blocking waiting for file lock on package cache
[INFO] running `Command { std: "docker" "create" "-v" "/var/lib/crater-agent-workspace/builds/worker-93/target:/opt/rustwide/target:rw,Z" "-v" "/var/lib/crater-agent-workspace/builds/worker-93/source:/opt/rustwide/workdir:ro,Z" "-v" "/var/lib/crater-agent-workspace/cargo-home:/opt/rustwide/cargo-home:ro,Z" "-v" "/var/lib/crater-agent-workspace/rustup-home:/opt/rustwide/rustup-home:ro,Z" "-e" "SOURCE_DIR=/opt/rustwide/workdir" "-e" "CARGO_TARGET_DIR=/opt/rustwide/target" "-e" "CARGO_HOME=/opt/rustwide/cargo-home" "-e" "RUSTUP_HOME=/opt/rustwide/rustup-home" "-w" "/opt/rustwide/workdir" "-m" "1610612736" "--user" "0:0" "--network" "none" "ghcr.io/rust-lang/crates-build-env/linux@sha256:34b6a614d2c27851fe6cbf88fbd1137609cefab8b10d0615aaeb6fd47975d74e" "/opt/rustwide/cargo-home/bin/cargo" "+1.54.0" "metadata" "--no-deps" "--format-version=1", kill_on_drop: false }`
[INFO] [stdout] f81bdfd2622395363d65c57512d0b7e5f8f534ef2b3e2fcb5e82423ab5f369c1
[INFO] running `Command { std: "docker" "start" "-a" "f81bdfd2622395363d65c57512d0b7e5f8f534ef2b3e2fcb5e82423ab5f369c1", kill_on_drop: false }`
[INFO] running `Command { std: "docker" "inspect" "f81bdfd2622395363d65c57512d0b7e5f8f534ef2b3e2fcb5e82423ab5f369c1", kill_on_drop: false }`
[INFO] running `Command { std: "docker" "rm" "-f" "f81bdfd2622395363d65c57512d0b7e5f8f534ef2b3e2fcb5e82423ab5f369c1", kill_on_drop: false }`
[INFO] [stdout] f81bdfd2622395363d65c57512d0b7e5f8f534ef2b3e2fcb5e82423ab5f369c1
[INFO] running `Command { std: "docker" "create" "-v" "/var/lib/crater-agent-workspace/builds/worker-93/target:/opt/rustwide/target:rw,Z" "-v" "/var/lib/crater-agent-workspace/builds/worker-93/source:/opt/rustwide/workdir:ro,Z" "-v" "/var/lib/crater-agent-workspace/cargo-home:/opt/rustwide/cargo-home:ro,Z" "-v" "/var/lib/crater-agent-workspace/rustup-home:/opt/rustwide/rustup-home:ro,Z" "-e" "SOURCE_DIR=/opt/rustwide/workdir" "-e" "CARGO_TARGET_DIR=/opt/rustwide/target" "-e" "CARGO_INCREMENTAL=0" "-e" "RUST_BACKTRACE=full" "-e" "RUSTFLAGS=--cap-lints=warn" "-e" "CARGO_HOME=/opt/rustwide/cargo-home" "-e" "RUSTUP_HOME=/opt/rustwide/rustup-home" "-w" "/opt/rustwide/workdir" "-m" "1610612736" "--user" "0:0" "--network" "none" "ghcr.io/rust-lang/crates-build-env/linux@sha256:34b6a614d2c27851fe6cbf88fbd1137609cefab8b10d0615aaeb6fd47975d74e" "/opt/rustwide/cargo-home/bin/cargo" "+1.54.0" "build" "--frozen" "--message-format=json", kill_on_drop: false }`
[INFO] [stdout] 4dd1c06d44562aa2c70e444b5bd92c948c463cd4d509091bbef75a3ba2650d11
[INFO] running `Command { std: "docker" "start" "-a" "4dd1c06d44562aa2c70e444b5bd92c948c463cd4d509091bbef75a3ba2650d11", kill_on_drop: false }`
[INFO] [stderr]    Compiling version_check v0.9.3
[INFO] [stderr]    Compiling typenum v1.13.0
[INFO] [stderr]    Compiling opaque-debug v0.3.0
[INFO] [stderr]    Compiling cpufeatures v0.1.5
[INFO] [stderr]    Compiling cfg-if v1.0.0
[INFO] [stderr]    Compiling generic-array v0.14.4
[INFO] [stderr]    Compiling digest v0.9.0
[INFO] [stderr]    Compiling block-buffer v0.9.0
[INFO] [stderr]    Compiling sha2 v0.9.5
[INFO] [stderr]    Compiling naver_dl_metadata v0.1.0 (/opt/rustwide/workdir)
[INFO] [stderr]     Finished dev [unoptimized + debuginfo] target(s) in 6.70s
[INFO] running `Command { std: "docker" "inspect" "4dd1c06d44562aa2c70e444b5bd92c948c463cd4d509091bbef75a3ba2650d11", kill_on_drop: false }`
[INFO] running `Command { std: "docker" "rm" "-f" "4dd1c06d44562aa2c70e444b5bd92c948c463cd4d509091bbef75a3ba2650d11", kill_on_drop: false }`
[INFO] [stdout] 4dd1c06d44562aa2c70e444b5bd92c948c463cd4d509091bbef75a3ba2650d11
[INFO] running `Command { std: "docker" "create" "-v" "/var/lib/crater-agent-workspace/builds/worker-93/target:/opt/rustwide/target:rw,Z" "-v" "/var/lib/crater-agent-workspace/builds/worker-93/source:/opt/rustwide/workdir:ro,Z" "-v" "/var/lib/crater-agent-workspace/cargo-home:/opt/rustwide/cargo-home:ro,Z" "-v" "/var/lib/crater-agent-workspace/rustup-home:/opt/rustwide/rustup-home:ro,Z" "-e" "SOURCE_DIR=/opt/rustwide/workdir" "-e" "CARGO_TARGET_DIR=/opt/rustwide/target" "-e" "CARGO_INCREMENTAL=0" "-e" "RUST_BACKTRACE=full" "-e" "RUSTFLAGS=--cap-lints=warn" "-e" "CARGO_HOME=/opt/rustwide/cargo-home" "-e" "RUSTUP_HOME=/opt/rustwide/rustup-home" "-w" "/opt/rustwide/workdir" "-m" "1610612736" "--user" "0:0" "--network" "none" "ghcr.io/rust-lang/crates-build-env/linux@sha256:34b6a614d2c27851fe6cbf88fbd1137609cefab8b10d0615aaeb6fd47975d74e" "/opt/rustwide/cargo-home/bin/cargo" "+1.54.0" "test" "--frozen" "--no-run" "--message-format=json", kill_on_drop: false }`
[INFO] [stdout] ff1f9aaae1dca73c4c4445d144367675dffc9898708dbeb1eb61cf16e007f05a
[INFO] running `Command { std: "docker" "start" "-a" "ff1f9aaae1dca73c4c4445d144367675dffc9898708dbeb1eb61cf16e007f05a", kill_on_drop: false }`
[INFO] [stderr]     Blocking waiting for file lock on package cache
[INFO] [stderr]    Compiling naver_dl_metadata v0.1.0 (/opt/rustwide/workdir)
[INFO] [stderr]     Finished test [unoptimized + debuginfo] target(s) in 2.78s
[INFO] running `Command { std: "docker" "inspect" "ff1f9aaae1dca73c4c4445d144367675dffc9898708dbeb1eb61cf16e007f05a", kill_on_drop: false }`
[INFO] running `Command { std: "docker" "rm" "-f" "ff1f9aaae1dca73c4c4445d144367675dffc9898708dbeb1eb61cf16e007f05a", kill_on_drop: false }`
[INFO] [stdout] ff1f9aaae1dca73c4c4445d144367675dffc9898708dbeb1eb61cf16e007f05a
[INFO] running `Command { std: "docker" "create" "-v" "/var/lib/crater-agent-workspace/builds/worker-93/target:/opt/rustwide/target:rw,Z" "-v" "/var/lib/crater-agent-workspace/builds/worker-93/source:/opt/rustwide/workdir:ro,Z" "-v" "/var/lib/crater-agent-workspace/cargo-home:/opt/rustwide/cargo-home:ro,Z" "-v" "/var/lib/crater-agent-workspace/rustup-home:/opt/rustwide/rustup-home:ro,Z" "-e" "SOURCE_DIR=/opt/rustwide/workdir" "-e" "CARGO_TARGET_DIR=/opt/rustwide/target" "-e" "CARGO_INCREMENTAL=0" "-e" "RUST_BACKTRACE=full" "-e" "RUSTFLAGS=--cap-lints=warn" "-e" "CARGO_HOME=/opt/rustwide/cargo-home" "-e" "RUSTUP_HOME=/opt/rustwide/rustup-home" "-w" "/opt/rustwide/workdir" "-m" "1610612736" "--user" "0:0" "--network" "none" "ghcr.io/rust-lang/crates-build-env/linux@sha256:34b6a614d2c27851fe6cbf88fbd1137609cefab8b10d0615aaeb6fd47975d74e" "/opt/rustwide/cargo-home/bin/cargo" "+1.54.0" "test" "--frozen", kill_on_drop: false }`
[INFO] [stdout] 986d926b684627996880c657a76f554418a37b6a1e215307880e9b822d9a8053
[INFO] running `Command { std: "docker" "start" "-a" "986d926b684627996880c657a76f554418a37b6a1e215307880e9b822d9a8053", kill_on_drop: false }`
[INFO] [stderr]     Finished test [unoptimized + debuginfo] target(s) in 0.31s
[INFO] [stderr]      Running unittests (/opt/rustwide/target/debug/deps/naver_dl_metadata-06877de7f7925f02)
[INFO] [stdout] 
[INFO] [stdout] running 8 tests
[INFO] [stdout] test tests::add_metadata ... ok
[INFO] [stdout] test tests::display_with_no_files ... ok
[INFO] [stdout] test tests::display_with_no_metadata_or_files ... ok
[INFO] [stdout] test tests::new ... ok
[INFO] [stdout] test tests::display_with_metadata_and_files ... FAILED
[INFO] [stdout] test tests::display_with_no_metadata ... FAILED
[INFO] [stderr] error: test failed, to rerun pass '--lib'
[INFO] [stdout] test tests::build ... ok
[INFO] [stdout] test tests::add_new_file ... ok
[INFO] [stdout] 
[INFO] [stdout] failures:
[INFO] [stdout] 
[INFO] [stdout] ---- tests::display_with_metadata_and_files stdout ----
[INFO] [stdout] thread 'tests::display_with_metadata_and_files' panicked at 'called `Result::unwrap()` on an `Err` value: Os { code: 2, kind: NotFound, message: "No such file or directory" }', src/lib.rs:170:37
[INFO] [stdout] stack backtrace:
[INFO] [stdout]    0:     0x55a1d8698680 - std::backtrace_rs::backtrace::libunwind::trace::h34055254b57d8e79
[INFO] [stdout]                                at /rustc/a178d0322ce20e33eac124758e837cbd80a6f633/library/std/src/../../backtrace/src/backtrace/libunwind.rs:90:5
[INFO] [stdout]    1:     0x55a1d8698680 - std::backtrace_rs::backtrace::trace_unsynchronized::h8f1e3fbd9afff6ec
[INFO] [stdout]                                at /rustc/a178d0322ce20e33eac124758e837cbd80a6f633/library/std/src/../../backtrace/src/backtrace/mod.rs:66:5
[INFO] [stdout]    2:     0x55a1d8698680 - std::sys_common::backtrace::_print_fmt::h3a99a796b770c360
[INFO] [stdout]                                at /rustc/a178d0322ce20e33eac124758e837cbd80a6f633/library/std/src/sys_common/backtrace.rs:67:5
[INFO] [stdout]    3:     0x55a1d8698680 - <std::sys_common::backtrace::_print::DisplayBacktrace as core::fmt::Display>::fmt::h32d1f94a80615d18
[INFO] [stdout]                                at /rustc/a178d0322ce20e33eac124758e837cbd80a6f633/library/std/src/sys_common/backtrace.rs:46:22
[INFO] [stdout]    4:     0x55a1d86bae7c - core::fmt::write::h306731c068f7162c
[INFO] [stdout]                                at /rustc/a178d0322ce20e33eac124758e837cbd80a6f633/library/core/src/fmt/mod.rs:1110:17
[INFO] [stdout]    5:     0x55a1d8695455 - std::io::Write::write_fmt::h87f19b0a2cd190bc
[INFO] [stdout]                                at /rustc/a178d0322ce20e33eac124758e837cbd80a6f633/library/std/src/io/mod.rs:1588:15
[INFO] [stdout]    6:     0x55a1d869a7eb - std::sys_common::backtrace::_print::h5abaa2601a852287
[INFO] [stdout]                                at /rustc/a178d0322ce20e33eac124758e837cbd80a6f633/library/std/src/sys_common/backtrace.rs:49:5
[INFO] [stdout]    7:     0x55a1d869a7eb - std::sys_common::backtrace::print::h8d81445442bb638f
[INFO] [stdout]                                at /rustc/a178d0322ce20e33eac124758e837cbd80a6f633/library/std/src/sys_common/backtrace.rs:36:9
[INFO] [stdout]    8:     0x55a1d869a7eb - std::panicking::default_hook::{{closure}}::hcfe804496a9fa747
[INFO] [stdout]                                at /rustc/a178d0322ce20e33eac124758e837cbd80a6f633/library/std/src/panicking.rs:208:50
[INFO] [stdout]    9:     0x55a1d869a2fc - std::panicking::default_hook::hbea8e3ccf2ba8901
[INFO] [stdout]                                at /rustc/a178d0322ce20e33eac124758e837cbd80a6f633/library/std/src/panicking.rs:222:9
[INFO] [stdout]   10:     0x55a1d869aeb4 - std::panicking::rust_panic_with_hook::h7ee9e1a2d0f8975a
[INFO] [stdout]                                at /rustc/a178d0322ce20e33eac124758e837cbd80a6f633/library/std/src/panicking.rs:622:17
[INFO] [stdout]   11:     0x55a1d869a997 - std::panicking::begin_panic_handler::{{closure}}::h8ab3b4491718b2c7
[INFO] [stdout]                                at /rustc/a178d0322ce20e33eac124758e837cbd80a6f633/library/std/src/panicking.rs:519:13
[INFO] [stdout]   12:     0x55a1d8698b7c - std::sys_common::backtrace::__rust_end_short_backtrace::hd489062ffa586a9f
[INFO] [stdout]                                at /rustc/a178d0322ce20e33eac124758e837cbd80a6f633/library/std/src/sys_common/backtrace.rs:141:18
[INFO] [stdout]   13:     0x55a1d869a8f9 - rust_begin_unwind
[INFO] [stdout]                                at /rustc/a178d0322ce20e33eac124758e837cbd80a6f633/library/std/src/panicking.rs:515:5
[INFO] [stdout]   14:     0x55a1d8625651 - core::panicking::panic_fmt::hca6330e3e14086b4
[INFO] [stdout]                                at /rustc/a178d0322ce20e33eac124758e837cbd80a6f633/library/core/src/panicking.rs:92:14
[INFO] [stdout]   15:     0x55a1d8625743 - core::result::unwrap_failed::h6160d2b4bfbb0e87
[INFO] [stdout]                                at /rustc/a178d0322ce20e33eac124758e837cbd80a6f633/library/core/src/result.rs:1355:5
[INFO] [stdout]   16:     0x55a1d863775e - core::result::Result<T,E>::unwrap::h42b0029f56bd7c59
[INFO] [stdout]                                at /rustc/a178d0322ce20e33eac124758e837cbd80a6f633/library/core/src/result.rs:1037:23
[INFO] [stdout]   17:     0x55a1d862d15b - naver_dl_metadata::tests::display_with_metadata_and_files::haba7a225a447c19e
[INFO] [stdout]                                at /opt/rustwide/workdir/src/lib.rs:170:20
[INFO] [stdout]   18:     0x55a1d862d02a - naver_dl_metadata::tests::display_with_metadata_and_files::{{closure}}::hcafc1ee2ea5ea5fb
[INFO] [stdout]                                at /opt/rustwide/workdir/src/lib.rs:168:5
[INFO] [stdout]   19:     0x55a1d862d98e - core::ops::function::FnOnce::call_once::hb8dcb120886e0127
[INFO] [stdout]                                at /rustc/a178d0322ce20e33eac124758e837cbd80a6f633/library/core/src/ops/function.rs:227:5
[INFO] [stdout]   20:     0x55a1d865ffa3 - core::ops::function::FnOnce::call_once::h152e7e439ff59e19
[INFO] [stdout]                                at /rustc/a178d0322ce20e33eac124758e837cbd80a6f633/library/core/src/ops/function.rs:227:5
[INFO] [stdout]   21:     0x55a1d865ffa3 - test::__rust_begin_short_backtrace::h0908f3b1fdbb72ab
[INFO] [stdout]                                at /rustc/a178d0322ce20e33eac124758e837cbd80a6f633/library/test/src/lib.rs:577:5
[INFO] [stdout]   22:     0x55a1d865ea60 - <alloc::boxed::Box<F,A> as core::ops::function::FnOnce<Args>>::call_once::hf6d2a51e5587546c
[INFO] [stdout]                                at /rustc/a178d0322ce20e33eac124758e837cbd80a6f633/library/alloc/src/boxed.rs:1575:9
[INFO] [stdout]   23:     0x55a1d865ea60 - <std::panic::AssertUnwindSafe<F> as core::ops::function::FnOnce<()>>::call_once::h8af660f3a89ef593
[INFO] [stdout]                                at /rustc/a178d0322ce20e33eac124758e837cbd80a6f633/library/std/src/panic.rs:347:9
[INFO] [stdout]   24:     0x55a1d865ea60 - std::panicking::try::do_call::hd36aef60f84b6d36
[INFO] [stdout]                                at /rustc/a178d0322ce20e33eac124758e837cbd80a6f633/library/std/src/panicking.rs:401:40
[INFO] [stdout]   25:     0x55a1d865ea60 - std::panicking::try::h9932b4480e69817c
[INFO] [stdout]                                at /rustc/a178d0322ce20e33eac124758e837cbd80a6f633/library/std/src/panicking.rs:365:19
[INFO] [stdout]   26:     0x55a1d865ea60 - std::panic::catch_unwind::h6aa177099cfff5f8
[INFO] [stdout]                                at /rustc/a178d0322ce20e33eac124758e837cbd80a6f633/library/std/src/panic.rs:434:14
[INFO] [stdout]   27:     0x55a1d865ea60 - test::run_test_in_process::h5884d6f2d99e20c3
[INFO] [stdout]                                at /rustc/a178d0322ce20e33eac124758e837cbd80a6f633/library/test/src/lib.rs:600:18
[INFO] [stdout]   28:     0x55a1d865ea60 - test::run_test::run_test_inner::{{closure}}::h6fdc58c6d5f5b6e3
[INFO] [stdout]                                at /rustc/a178d0322ce20e33eac124758e837cbd80a6f633/library/test/src/lib.rs:492:39
[INFO] [stdout]   29:     0x55a1d8638112 - test::run_test::run_test_inner::{{closure}}::h408365d67a78ade8
[INFO] [stdout]                                at /rustc/a178d0322ce20e33eac124758e837cbd80a6f633/library/test/src/lib.rs:519:37
[INFO] [stdout]   30:     0x55a1d8638112 - std::sys_common::backtrace::__rust_begin_short_backtrace::hb560b77c4f701523
[INFO] [stdout]                                at /rustc/a178d0322ce20e33eac124758e837cbd80a6f633/library/std/src/sys_common/backtrace.rs:125:18
[INFO] [stdout]   31:     0x55a1d863bcc8 - std::thread::Builder::spawn_unchecked::{{closure}}::{{closure}}::hf2e7831dad93c597
[INFO] [stdout]                                at /rustc/a178d0322ce20e33eac124758e837cbd80a6f633/library/std/src/thread/mod.rs:481:17
[INFO] [stdout]   32:     0x55a1d863bcc8 - <std::panic::AssertUnwindSafe<F> as core::ops::function::FnOnce<()>>::call_once::hd2e08783d8be4d02
[INFO] [stdout]                                at /rustc/a178d0322ce20e33eac124758e837cbd80a6f633/library/std/src/panic.rs:347:9
[INFO] [stdout]   33:     0x55a1d863bcc8 - std::panicking::try::do_call::h062597b7acfd6b82
[INFO] [stdout]                                at /rustc/a178d0322ce20e33eac124758e837cbd80a6f633/library/std/src/panicking.rs:401:40
[INFO] [stdout]   34:     0x55a1d863bcc8 - std::panicking::try::h0d7b79db04c14552
[INFO] [stdout]                                at /rustc/a178d0322ce20e33eac124758e837cbd80a6f633/library/std/src/panicking.rs:365:19
[INFO] [stdout]   35:     0x55a1d863bcc8 - std::panic::catch_unwind::hb01a0b5e7c8cd43b
[INFO] [stdout]                                at /rustc/a178d0322ce20e33eac124758e837cbd80a6f633/library/std/src/panic.rs:434:14
[INFO] [stdout]   36:     0x55a1d863bcc8 - std::thread::Builder::spawn_unchecked::{{closure}}::h5bde48cc887e0d1e
[INFO] [stdout]                                at /rustc/a178d0322ce20e33eac124758e837cbd80a6f633/library/std/src/thread/mod.rs:480:30
[INFO] [stdout]   37:     0x55a1d863bcc8 - core::ops::function::FnOnce::call_once{{vtable.shim}}::h745ea30807a29e55
[INFO] [stdout]                                at /rustc/a178d0322ce20e33eac124758e837cbd80a6f633/library/core/src/ops/function.rs:227:5
[INFO] [stdout]   38:     0x55a1d869f977 - <alloc::boxed::Box<F,A> as core::ops::function::FnOnce<Args>>::call_once::h7ece6cfefaff1005
[INFO] [stdout]                                at /rustc/a178d0322ce20e33eac124758e837cbd80a6f633/library/alloc/src/boxed.rs:1575:9
[INFO] [stdout]   39:     0x55a1d869f977 - <alloc::boxed::Box<F,A> as core::ops::function::FnOnce<Args>>::call_once::hb8b48e55c21f193e
[INFO] [stdout]                                at /rustc/a178d0322ce20e33eac124758e837cbd80a6f633/library/alloc/src/boxed.rs:1575:9
[INFO] [stdout]   40:     0x55a1d869f977 - std::sys::unix::thread::Thread::new::thread_start::h8c7c4450dba62914
[INFO] [stdout]                                at /rustc/a178d0322ce20e33eac124758e837cbd80a6f633/library/std/src/sys/unix/thread.rs:71:17
[INFO] [stdout]   41:     0x7fd8665a8609 - start_thread
[INFO] [stdout]   42:     0x7fd86637a293 - clone
[INFO] [stdout]   43:                0x0 - <unknown>
[INFO] [stdout] 
[INFO] [stdout] ---- tests::display_with_no_metadata stdout ----
[INFO] [stdout] thread 'tests::display_with_no_metadata' panicked at 'called `Result::unwrap()` on an `Err` value: Os { code: 2, kind: NotFound, message: "No such file or directory" }', src/lib.rs:157:37
[INFO] [stdout] stack backtrace:
[INFO] [stdout]    0:     0x55a1d8698680 - std::backtrace_rs::backtrace::libunwind::trace::h34055254b57d8e79
[INFO] [stdout]                                at /rustc/a178d0322ce20e33eac124758e837cbd80a6f633/library/std/src/../../backtrace/src/backtrace/libunwind.rs:90:5
[INFO] [stdout]    1:     0x55a1d8698680 - std::backtrace_rs::backtrace::trace_unsynchronized::h8f1e3fbd9afff6ec
[INFO] [stdout]                                at /rustc/a178d0322ce20e33eac124758e837cbd80a6f633/library/std/src/../../backtrace/src/backtrace/mod.rs:66:5
[INFO] [stdout]    2:     0x55a1d8698680 - std::sys_common::backtrace::_print_fmt::h3a99a796b770c360
[INFO] [stdout]                                at /rustc/a178d0322ce20e33eac124758e837cbd80a6f633/library/std/src/sys_common/backtrace.rs:67:5
[INFO] [stdout]    3:     0x55a1d8698680 - <std::sys_common::backtrace::_print::DisplayBacktrace as core::fmt::Display>::fmt::h32d1f94a80615d18
[INFO] [stdout]                                at /rustc/a178d0322ce20e33eac124758e837cbd80a6f633/library/std/src/sys_common/backtrace.rs:46:22
[INFO] [stdout]    4:     0x55a1d86bae7c - core::fmt::write::h306731c068f7162c
[INFO] [stdout]                                at /rustc/a178d0322ce20e33eac124758e837cbd80a6f633/library/core/src/fmt/mod.rs:1110:17
[INFO] [stdout]    5:     0x55a1d8695455 - std::io::Write::write_fmt::h87f19b0a2cd190bc
[INFO] [stdout]                                at /rustc/a178d0322ce20e33eac124758e837cbd80a6f633/library/std/src/io/mod.rs:1588:15
[INFO] [stdout]    6:     0x55a1d869a7eb - std::sys_common::backtrace::_print::h5abaa2601a852287
[INFO] [stdout]                                at /rustc/a178d0322ce20e33eac124758e837cbd80a6f633/library/std/src/sys_common/backtrace.rs:49:5
[INFO] [stdout]    7:     0x55a1d869a7eb - std::sys_common::backtrace::print::h8d81445442bb638f
[INFO] [stdout]                                at /rustc/a178d0322ce20e33eac124758e837cbd80a6f633/library/std/src/sys_common/backtrace.rs:36:9
[INFO] [stdout]    8:     0x55a1d869a7eb - std::panicking::default_hook::{{closure}}::hcfe804496a9fa747
[INFO] [stdout]                                at /rustc/a178d0322ce20e33eac124758e837cbd80a6f633/library/std/src/panicking.rs:208:50
[INFO] [stdout]    9:     0x55a1d869a2fc - std::panicking::default_hook::hbea8e3ccf2ba8901
[INFO] [stdout]                                at /rustc/a178d0322ce20e33eac124758e837cbd80a6f633/library/std/src/panicking.rs:222:9
[INFO] [stdout]   10:     0x55a1d869aeb4 - std::panicking::rust_panic_with_hook::h7ee9e1a2d0f8975a
[INFO] [stdout]                                at /rustc/a178d0322ce20e33eac124758e837cbd80a6f633/library/std/src/panicking.rs:622:17
[INFO] [stdout]   11:     0x55a1d869a997 - std::panicking::begin_panic_handler::{{closure}}::h8ab3b4491718b2c7
[INFO] [stdout]                                at /rustc/a178d0322ce20e33eac124758e837cbd80a6f633/library/std/src/panicking.rs:519:13
[INFO] [stdout]   12:     0x55a1d8698b7c - std::sys_common::backtrace::__rust_end_short_backtrace::hd489062ffa586a9f
[INFO] [stdout]                                at /rustc/a178d0322ce20e33eac124758e837cbd80a6f633/library/std/src/sys_common/backtrace.rs:141:18
[INFO] [stdout]   13:     0x55a1d869a8f9 - rust_begin_unwind
[INFO] [stdout]                                at /rustc/a178d0322ce20e33eac124758e837cbd80a6f633/library/std/src/panicking.rs:515:5
[INFO] [stdout]   14:     0x55a1d8625651 - core::panicking::panic_fmt::hca6330e3e14086b4
[INFO] [stdout]                                at /rustc/a178d0322ce20e33eac124758e837cbd80a6f633/library/core/src/panicking.rs:92:14
[INFO] [stdout]   15:     0x55a1d8625743 - core::result::unwrap_failed::h6160d2b4bfbb0e87
[INFO] [stdout]                                at /rustc/a178d0322ce20e33eac124758e837cbd80a6f633/library/core/src/result.rs:1355:5
[INFO] [stdout]   16:     0x55a1d863775e - core::result::Result<T,E>::unwrap::h42b0029f56bd7c59
[INFO] [stdout]                                at /rustc/a178d0322ce20e33eac124758e837cbd80a6f633/library/core/src/result.rs:1037:23
[INFO] [stdout]   17:     0x55a1d862cd0b - naver_dl_metadata::tests::display_with_no_metadata::he0411a6fb53f24de
[INFO] [stdout]                                at /opt/rustwide/workdir/src/lib.rs:157:20
[INFO] [stdout]   18:     0x55a1d862cbda - naver_dl_metadata::tests::display_with_no_metadata::{{closure}}::h9f8db6a45c4c4227
[INFO] [stdout]                                at /opt/rustwide/workdir/src/lib.rs:155:5
[INFO] [stdout]   19:     0x55a1d862d80e - core::ops::function::FnOnce::call_once::h359caf2db781ff30
[INFO] [stdout]                                at /rustc/a178d0322ce20e33eac124758e837cbd80a6f633/library/core/src/ops/function.rs:227:5
[INFO] [stdout]   20:     0x55a1d865ffa3 - core::ops::function::FnOnce::call_once::h152e7e439ff59e19
[INFO] [stdout]                                at /rustc/a178d0322ce20e33eac124758e837cbd80a6f633/library/core/src/ops/function.rs:227:5
[INFO] [stdout]   21:     0x55a1d865ffa3 - test::__rust_begin_short_backtrace::h0908f3b1fdbb72ab
[INFO] [stdout]                                at /rustc/a178d0322ce20e33eac124758e837cbd80a6f633/library/test/src/lib.rs:577:5
[INFO] [stdout]   22:     0x55a1d865ea60 - <alloc::boxed::Box<F,A> as core::ops::function::FnOnce<Args>>::call_once::hf6d2a51e5587546c
[INFO] [stdout]                                at /rustc/a178d0322ce20e33eac124758e837cbd80a6f633/library/alloc/src/boxed.rs:1575:9
[INFO] [stdout]   23:     0x55a1d865ea60 - <std::panic::AssertUnwindSafe<F> as core::ops::function::FnOnce<()>>::call_once::h8af660f3a89ef593
[INFO] [stdout]                                at /rustc/a178d0322ce20e33eac124758e837cbd80a6f633/library/std/src/panic.rs:347:9
[INFO] [stdout]   24:     0x55a1d865ea60 - std::panicking::try::do_call::hd36aef60f84b6d36
[INFO] [stdout]                                at /rustc/a178d0322ce20e33eac124758e837cbd80a6f633/library/std/src/panicking.rs:401:40
[INFO] [stdout]   25:     0x55a1d865ea60 - std::panicking::try::h9932b4480e69817c
[INFO] [stdout]                                at /rustc/a178d0322ce20e33eac124758e837cbd80a6f633/library/std/src/panicking.rs:365:19
[INFO] [stdout]   26:     0x55a1d865ea60 - std::panic::catch_unwind::h6aa177099cfff5f8
[INFO] [stdout]                                at /rustc/a178d0322ce20e33eac124758e837cbd80a6f633/library/std/src/panic.rs:434:14
[INFO] [stdout]   27:     0x55a1d865ea60 - test::run_test_in_process::h5884d6f2d99e20c3
[INFO] [stdout]                                at /rustc/a178d0322ce20e33eac124758e837cbd80a6f633/library/test/src/lib.rs:600:18
[INFO] [stdout]   28:     0x55a1d865ea60 - test::run_test::run_test_inner::{{closure}}::h6fdc58c6d5f5b6e3
[INFO] [stdout]                                at /rustc/a178d0322ce20e33eac124758e837cbd80a6f633/library/test/src/lib.rs:492:39
[INFO] [stdout]   29:     0x55a1d8638112 - test::run_test::run_test_inner::{{closure}}::h408365d67a78ade8
[INFO] [stdout]                                at /rustc/a178d0322ce20e33eac124758e837cbd80a6f633/library/test/src/lib.rs:519:37
[INFO] [stdout]   30:     0x55a1d8638112 - std::sys_common::backtrace::__rust_begin_short_backtrace::hb560b77c4f701523
[INFO] [stdout]                                at /rustc/a178d0322ce20e33eac124758e837cbd80a6f633/library/std/src/sys_common/backtrace.rs:125:18
[INFO] [stdout]   31:     0x55a1d863bcc8 - std::thread::Builder::spawn_unchecked::{{closure}}::{{closure}}::hf2e7831dad93c597
[INFO] [stdout]                                at /rustc/a178d0322ce20e33eac124758e837cbd80a6f633/library/std/src/thread/mod.rs:481:17
[INFO] [stdout]   32:     0x55a1d863bcc8 - <std::panic::AssertUnwindSafe<F> as core::ops::function::FnOnce<()>>::call_once::hd2e08783d8be4d02
[INFO] [stdout]                                at /rustc/a178d0322ce20e33eac124758e837cbd80a6f633/library/std/src/panic.rs:347:9
[INFO] [stdout]   33:     0x55a1d863bcc8 - std::panicking::try::do_call::h062597b7acfd6b82
[INFO] [stdout]                                at /rustc/a178d0322ce20e33eac124758e837cbd80a6f633/library/std/src/panicking.rs:401:40
[INFO] [stdout]   34:     0x55a1d863bcc8 - std::panicking::try::h0d7b79db04c14552
[INFO] [stdout]                                at /rustc/a178d0322ce20e33eac124758e837cbd80a6f633/library/std/src/panicking.rs:365:19
[INFO] [stdout]   35:     0x55a1d863bcc8 - std::panic::catch_unwind::hb01a0b5e7c8cd43b
[INFO] [stdout]                                at /rustc/a178d0322ce20e33eac124758e837cbd80a6f633/library/std/src/panic.rs:434:14
[INFO] [stdout]   36:     0x55a1d863bcc8 - std::thread::Builder::spawn_unchecked::{{closure}}::h5bde48cc887e0d1e
[INFO] [stdout]                                at /rustc/a178d0322ce20e33eac124758e837cbd80a6f633/library/std/src/thread/mod.rs:480:30
[INFO] [stdout]   37:     0x55a1d863bcc8 - core::ops::function::FnOnce::call_once{{vtable.shim}}::h745ea30807a29e55
[INFO] [stdout]                                at /rustc/a178d0322ce20e33eac124758e837cbd80a6f633/library/core/src/ops/function.rs:227:5
[INFO] [stdout]   38:     0x55a1d869f977 - <alloc::boxed::Box<F,A> as core::ops::function::FnOnce<Args>>::call_once::h7ece6cfefaff1005
[INFO] [stdout]                                at /rustc/a178d0322ce20e33eac124758e837cbd80a6f633/library/alloc/src/boxed.rs:1575:9
[INFO] [stdout]   39:     0x55a1d869f977 - <alloc::boxed::Box<F,A> as core::ops::function::FnOnce<Args>>::call_once::hb8b48e55c21f193e
[INFO] [stdout]                                at /rustc/a178d0322ce20e33eac124758e837cbd80a6f633/library/alloc/src/boxed.rs:1575:9
[INFO] [stdout]   40:     0x55a1d869f977 - std::sys::unix::thread::Thread::new::thread_start::h8c7c4450dba62914
[INFO] [stdout]                                at /rustc/a178d0322ce20e33eac124758e837cbd80a6f633/library/std/src/sys/unix/thread.rs:71:17
[INFO] [stdout]   41:     0x7fd8665a8609 - start_thread
[INFO] [stdout]   42:     0x7fd86637a293 - clone
[INFO] [stdout]   43:                0x0 - <unknown>
[INFO] [stdout] 
[INFO] [stdout] 
[INFO] [stdout] failures:
[INFO] [stdout]     tests::display_with_metadata_and_files
[INFO] [stdout]     tests::display_with_no_metadata
[INFO] [stdout] 
[INFO] [stdout] test result: FAILED. 6 passed; 2 failed; 0 ignored; 0 measured; 0 filtered out; finished in 0.22s
[INFO] [stdout] 
[INFO] running `Command { std: "docker" "inspect" "986d926b684627996880c657a76f554418a37b6a1e215307880e9b822d9a8053", kill_on_drop: false }`
[INFO] running `Command { std: "docker" "rm" "-f" "986d926b684627996880c657a76f554418a37b6a1e215307880e9b822d9a8053", kill_on_drop: false }`
[INFO] [stdout] 986d926b684627996880c657a76f554418a37b6a1e215307880e9b822d9a8053
