[INFO] fetching crate napi 1.7.5...
[INFO] testing napi-1.7.5 against 1.54.0 for beta-1.55-1
[INFO] extracting crate napi 1.7.5 into /workspace/builds/worker-3/source
[INFO] validating manifest of crates.io crate napi 1.7.5 on toolchain 1.54.0
[INFO] running `Command { std: "/workspace/cargo-home/bin/cargo" "+1.54.0" "metadata" "--manifest-path" "Cargo.toml" "--no-deps", kill_on_drop: false }`
[INFO] started tweaking crates.io crate napi 1.7.5
[INFO] finished tweaking crates.io crate napi 1.7.5
[INFO] tweaked toml for crates.io crate napi 1.7.5 written to /workspace/builds/worker-3/source/Cargo.toml
[INFO] running `Command { std: "/workspace/cargo-home/bin/cargo" "+1.54.0" "generate-lockfile" "--manifest-path" "Cargo.toml" "-Zno-index-update", kill_on_drop: false }`
[INFO] running `Command { std: "/workspace/cargo-home/bin/cargo" "+1.54.0" "fetch" "--manifest-path" "Cargo.toml", kill_on_drop: false }`
[INFO] running `Command { std: "docker" "create" "-v" "/var/lib/crater-agent-workspace/builds/worker-3/target:/opt/rustwide/target:rw,Z" "-v" "/var/lib/crater-agent-workspace/builds/worker-3/source:/opt/rustwide/workdir:ro,Z" "-v" "/var/lib/crater-agent-workspace/cargo-home:/opt/rustwide/cargo-home:ro,Z" "-v" "/var/lib/crater-agent-workspace/rustup-home:/opt/rustwide/rustup-home:ro,Z" "-e" "SOURCE_DIR=/opt/rustwide/workdir" "-e" "CARGO_TARGET_DIR=/opt/rustwide/target" "-e" "CARGO_HOME=/opt/rustwide/cargo-home" "-e" "RUSTUP_HOME=/opt/rustwide/rustup-home" "-w" "/opt/rustwide/workdir" "-m" "1610612736" "--user" "0:0" "--network" "none" "ghcr.io/rust-lang/crates-build-env/linux@sha256:34b6a614d2c27851fe6cbf88fbd1137609cefab8b10d0615aaeb6fd47975d74e" "/opt/rustwide/cargo-home/bin/cargo" "+1.54.0" "metadata" "--no-deps" "--format-version=1", kill_on_drop: false }`
[INFO] [stdout] 622aec9e55478e48ba3502884c0b877ce6dd11cbe641f72aa13b4971d4e70600
[INFO] [stderr] WARNING: Your kernel does not support swap limit capabilities or the cgroup is not mounted. Memory limited without swap.
[INFO] running `Command { std: "docker" "start" "-a" "622aec9e55478e48ba3502884c0b877ce6dd11cbe641f72aa13b4971d4e70600", kill_on_drop: false }`
[INFO] running `Command { std: "docker" "inspect" "622aec9e55478e48ba3502884c0b877ce6dd11cbe641f72aa13b4971d4e70600", kill_on_drop: false }`
[INFO] running `Command { std: "docker" "rm" "-f" "622aec9e55478e48ba3502884c0b877ce6dd11cbe641f72aa13b4971d4e70600", kill_on_drop: false }`
[INFO] [stdout] 622aec9e55478e48ba3502884c0b877ce6dd11cbe641f72aa13b4971d4e70600
[INFO] running `Command { std: "docker" "create" "-v" "/var/lib/crater-agent-workspace/builds/worker-3/target:/opt/rustwide/target:rw,Z" "-v" "/var/lib/crater-agent-workspace/builds/worker-3/source:/opt/rustwide/workdir:ro,Z" "-v" "/var/lib/crater-agent-workspace/cargo-home:/opt/rustwide/cargo-home:ro,Z" "-v" "/var/lib/crater-agent-workspace/rustup-home:/opt/rustwide/rustup-home:ro,Z" "-e" "SOURCE_DIR=/opt/rustwide/workdir" "-e" "CARGO_TARGET_DIR=/opt/rustwide/target" "-e" "CARGO_INCREMENTAL=0" "-e" "RUST_BACKTRACE=full" "-e" "RUSTFLAGS=--cap-lints=warn" "-e" "CARGO_HOME=/opt/rustwide/cargo-home" "-e" "RUSTUP_HOME=/opt/rustwide/rustup-home" "-w" "/opt/rustwide/workdir" "-m" "1610612736" "--user" "0:0" "--network" "none" "ghcr.io/rust-lang/crates-build-env/linux@sha256:34b6a614d2c27851fe6cbf88fbd1137609cefab8b10d0615aaeb6fd47975d74e" "/opt/rustwide/cargo-home/bin/cargo" "+1.54.0" "build" "--frozen" "--message-format=json", kill_on_drop: false }`
[INFO] [stdout] 54adc7121a88bcf26dba68b7383f97510e8379a366450839c8b633927853d2b3
[INFO] [stderr] WARNING: Your kernel does not support swap limit capabilities or the cgroup is not mounted. Memory limited without swap.
[INFO] running `Command { std: "docker" "start" "-a" "54adc7121a88bcf26dba68b7383f97510e8379a366450839c8b633927853d2b3", kill_on_drop: false }`
[INFO] [stderr]    Compiling napi-sys v1.1.1
[INFO] [stderr]    Compiling napi v1.7.5 (/opt/rustwide/workdir)
[INFO] [stderr]     Finished dev [unoptimized + debuginfo] target(s) in 1.92s
[INFO] running `Command { std: "docker" "inspect" "54adc7121a88bcf26dba68b7383f97510e8379a366450839c8b633927853d2b3", kill_on_drop: false }`
[INFO] running `Command { std: "docker" "rm" "-f" "54adc7121a88bcf26dba68b7383f97510e8379a366450839c8b633927853d2b3", kill_on_drop: false }`
[INFO] [stdout] 54adc7121a88bcf26dba68b7383f97510e8379a366450839c8b633927853d2b3
[INFO] running `Command { std: "docker" "create" "-v" "/var/lib/crater-agent-workspace/builds/worker-3/target:/opt/rustwide/target:rw,Z" "-v" "/var/lib/crater-agent-workspace/builds/worker-3/source:/opt/rustwide/workdir:ro,Z" "-v" "/var/lib/crater-agent-workspace/cargo-home:/opt/rustwide/cargo-home:ro,Z" "-v" "/var/lib/crater-agent-workspace/rustup-home:/opt/rustwide/rustup-home:ro,Z" "-e" "SOURCE_DIR=/opt/rustwide/workdir" "-e" "CARGO_TARGET_DIR=/opt/rustwide/target" "-e" "CARGO_INCREMENTAL=0" "-e" "RUST_BACKTRACE=full" "-e" "RUSTFLAGS=--cap-lints=warn" "-e" "CARGO_HOME=/opt/rustwide/cargo-home" "-e" "RUSTUP_HOME=/opt/rustwide/rustup-home" "-w" "/opt/rustwide/workdir" "-m" "1610612736" "--user" "0:0" "--network" "none" "ghcr.io/rust-lang/crates-build-env/linux@sha256:34b6a614d2c27851fe6cbf88fbd1137609cefab8b10d0615aaeb6fd47975d74e" "/opt/rustwide/cargo-home/bin/cargo" "+1.54.0" "test" "--frozen" "--no-run" "--message-format=json", kill_on_drop: false }`
[INFO] [stdout] 5088b44891f111e7114c95d36b4cc3071c311a89d47d3c0b0c1bc7755b0784d8
[INFO] [stderr] WARNING: Your kernel does not support swap limit capabilities or the cgroup is not mounted. Memory limited without swap.
[INFO] running `Command { std: "docker" "start" "-a" "5088b44891f111e7114c95d36b4cc3071c311a89d47d3c0b0c1bc7755b0784d8", kill_on_drop: false }`
[INFO] [stderr]    Compiling napi v1.7.5 (/opt/rustwide/workdir)
[INFO] [stderr]     Finished test [unoptimized + debuginfo] target(s) in 1.43s
[INFO] running `Command { std: "docker" "inspect" "5088b44891f111e7114c95d36b4cc3071c311a89d47d3c0b0c1bc7755b0784d8", kill_on_drop: false }`
[INFO] running `Command { std: "docker" "rm" "-f" "5088b44891f111e7114c95d36b4cc3071c311a89d47d3c0b0c1bc7755b0784d8", kill_on_drop: false }`
[INFO] [stdout] 5088b44891f111e7114c95d36b4cc3071c311a89d47d3c0b0c1bc7755b0784d8
[INFO] running `Command { std: "docker" "create" "-v" "/var/lib/crater-agent-workspace/builds/worker-3/target:/opt/rustwide/target:rw,Z" "-v" "/var/lib/crater-agent-workspace/builds/worker-3/source:/opt/rustwide/workdir:ro,Z" "-v" "/var/lib/crater-agent-workspace/cargo-home:/opt/rustwide/cargo-home:ro,Z" "-v" "/var/lib/crater-agent-workspace/rustup-home:/opt/rustwide/rustup-home:ro,Z" "-e" "SOURCE_DIR=/opt/rustwide/workdir" "-e" "CARGO_TARGET_DIR=/opt/rustwide/target" "-e" "CARGO_INCREMENTAL=0" "-e" "RUST_BACKTRACE=full" "-e" "RUSTFLAGS=--cap-lints=warn" "-e" "CARGO_HOME=/opt/rustwide/cargo-home" "-e" "RUSTUP_HOME=/opt/rustwide/rustup-home" "-w" "/opt/rustwide/workdir" "-m" "1610612736" "--user" "0:0" "--network" "none" "ghcr.io/rust-lang/crates-build-env/linux@sha256:34b6a614d2c27851fe6cbf88fbd1137609cefab8b10d0615aaeb6fd47975d74e" "/opt/rustwide/cargo-home/bin/cargo" "+1.54.0" "test" "--frozen", kill_on_drop: false }`
[INFO] [stdout] 1fca218d79372bbe7ded426c144746cd5f8b100af9c6937dd0c7f34620202b6c
[INFO] [stderr] WARNING: Your kernel does not support swap limit capabilities or the cgroup is not mounted. Memory limited without swap.
[INFO] running `Command { std: "docker" "start" "-a" "1fca218d79372bbe7ded426c144746cd5f8b100af9c6937dd0c7f34620202b6c", kill_on_drop: false }`
[INFO] [stderr]     Blocking waiting for file lock on package cache
[INFO] [stderr]     Finished test [unoptimized + debuginfo] target(s) in 0.08s
[INFO] [stdout] 
[INFO] [stderr]      Running unittests (/opt/rustwide/target/debug/deps/napi-112064b81b8f2b86)
[INFO] [stdout] running 0 tests
[INFO] [stdout] 
[INFO] [stdout] test result: ok. 0 passed; 0 failed; 0 ignored; 0 measured; 0 filtered out; finished in 0.00s
[INFO] [stdout] 
[INFO] [stderr]    Doc-tests napi
[INFO] [stdout] 
[INFO] [stdout] running 5 tests
[INFO] [stdout] test src/lib.rs - (line 41) ... FAILED
[INFO] [stdout] test src/lib.rs - register_module (line 125) ... FAILED
[INFO] [stdout] test src/lib.rs - (line 55) ... FAILED
[INFO] [stdout] test src/js_values/function.rs - js_values::function::JsFunction (line 12) ... FAILED
[INFO] [stdout] test src/lib.rs - (line 20) ... FAILED
[INFO] [stdout] 
[INFO] [stdout] failures:
[INFO] [stdout] 
[INFO] [stdout] ---- src/lib.rs - (line 41) stdout ----
[INFO] [stdout] error: expected one of `.`, `;`, `?`, `}`, or an operator, found `node`
[INFO] [stdout]  --> src/lib.rs:42:40
[INFO] [stdout]   |
[INFO] [stdout] 3 | NAPI_RS_TOKIO_CHANNEL_BUFFER_SIZE=1000 node ./app.js
[INFO] [stdout]   |                                        ^^^^ expected one of `.`, `;`, `?`, `}`, or an operator
[INFO] [stdout] 
[INFO] [stdout] error: aborting due to previous error
[INFO] [stdout] 
[INFO] [stdout] Couldn't compile the test.
[INFO] [stdout] ---- src/lib.rs - register_module (line 125) stdout ----
[INFO] [stdout] error: cannot find macro `register_module` in this scope
[INFO] [stdout]  --> src/lib.rs:126:1
[INFO] [stdout]   |
[INFO] [stdout] 3 | register_module!(test_module, init);
[INFO] [stdout]   | ^^^^^^^^^^^^^^^
[INFO] [stdout]   |
[INFO] [stdout]   = note: consider importing this macro:
[INFO] [stdout]           napi::register_module
[INFO] [stdout] 
[INFO] [stdout] error[E0412]: cannot find type `Module` in this scope
[INFO] [stdout]  --> src/lib.rs:128:22
[INFO] [stdout]   |
[INFO] [stdout] 5 | fn init(module: &mut Module) -> Result<()> {
[INFO] [stdout]   |                      ^^^^^^ not found in this scope
[INFO] [stdout]   |
[INFO] [stdout] help: consider importing this struct
[INFO] [stdout]   |
[INFO] [stdout] 2 | use napi::Module;
[INFO] [stdout]   |
[INFO] [stdout] 
[INFO] [stdout] error[E0425]: cannot find value `native_function` in this scope
[INFO] [stdout]  --> src/lib.rs:129:50
[INFO] [stdout]   |
[INFO] [stdout] 6 |     module.create_named_method("nativeFunction", native_function)?;
[INFO] [stdout]   |                                                  ^^^^^^^^^^^^^^^ not found in this scope
[INFO] [stdout] 
[INFO] [stdout] error[E0107]: this enum takes 2 generic arguments but 1 generic argument was supplied
[INFO] [stdout]    --> src/lib.rs:128:33
[INFO] [stdout]     |
[INFO] [stdout] 5   | fn init(module: &mut Module) -> Result<()> {
[INFO] [stdout]     |                                 ^^^^^^ -- supplied 1 generic argument
[INFO] [stdout]     |                                 |
[INFO] [stdout]     |                                 expected 2 generic arguments
[INFO] [stdout]     |
[INFO] [stdout] note: enum defined here, with 2 generic parameters: `T`, `E`
[INFO] [stdout] help: add missing generic argument
[INFO] [stdout]     |
[INFO] [stdout] 5   | fn init(module: &mut Module) -> Result<(), E> {
[INFO] [stdout]     |                                          ^^^
[INFO] [stdout] 
[INFO] [stdout] error: aborting due to 4 previous errors
[INFO] [stdout] 
[INFO] [stdout] Some errors have detailed explanations: E0107, E0412, E0425.
[INFO] [stdout] For more information about an error, try `rustc --explain E0107`.
[INFO] [stdout] Couldn't compile the test.
[INFO] [stdout] ---- src/lib.rs - (line 55) stdout ----
[INFO] [stdout] error: unexpected token: `...`
[INFO] [stdout]   --> src/lib.rs:67:5
[INFO] [stdout]    |
[INFO] [stdout] 14 |     ...
[INFO] [stdout]    |     ^^^
[INFO] [stdout]    |
[INFO] [stdout] help: use `..` for an exclusive range
[INFO] [stdout]    |
[INFO] [stdout] 14 |     ..
[INFO] [stdout]    |
[INFO] [stdout] help: or `..=` for an inclusive range
[INFO] [stdout]    |
[INFO] [stdout] 14 |     ..=
[INFO] [stdout]    |
[INFO] [stdout] 
[INFO] [stdout] error[E0586]: inclusive range with no end
[INFO] [stdout]   --> src/lib.rs:67:5
[INFO] [stdout]    |
[INFO] [stdout] 14 |     ...
[INFO] [stdout]    |     ^^^ help: use `..` instead
[INFO] [stdout]    |
[INFO] [stdout]    = note: inclusive ranges must be bounded at the end (`..=b` or `a..=b`)
[INFO] [stdout] 
[INFO] [stdout] error: cannot find attribute `js_function` in this scope
[INFO] [stdout]   --> src/lib.rs:70:3
[INFO] [stdout]    |
[INFO] [stdout] 17 | #[js_function]
[INFO] [stdout]    |   ^^^^^^^^^^^
[INFO] [stdout] 
[INFO] [stdout] error: cannot find attribute `js_function` in this scope
[INFO] [stdout]   --> src/lib.rs:63:3
[INFO] [stdout]    |
[INFO] [stdout] 10 | #[js_function(1)]
[INFO] [stdout]    |   ^^^^^^^^^^^
[INFO] [stdout] 
[INFO] [stdout] error: cannot find derive macro `Serialize` in this scope
[INFO] [stdout]  --> src/lib.rs:56:10
[INFO] [stdout]   |
[INFO] [stdout] 3 | #[derive(Serialize, Debug, Deserialize)]
[INFO] [stdout]   |          ^^^^^^^^^
[INFO] [stdout] 
[INFO] [stdout] error: cannot find derive macro `Deserialize` in this scope
[INFO] [stdout]  --> src/lib.rs:56:28
[INFO] [stdout]   |
[INFO] [stdout] 3 | #[derive(Serialize, Debug, Deserialize)]
[INFO] [stdout]   |                            ^^^^^^^^^^^
[INFO] [stdout] 
[INFO] [stdout] error[E0412]: cannot find type `CallContext` in this scope
[INFO] [stdout]   --> src/lib.rs:64:29
[INFO] [stdout]    |
[INFO] [stdout] 11 | fn deserialize_from_js(ctx: CallContext) -> Result<JsUndefined> {
[INFO] [stdout]    |                             ^^^^^^^^^^^ not found in this scope
[INFO] [stdout]    |
[INFO] [stdout] help: consider importing this struct
[INFO] [stdout]    |
[INFO] [stdout] 2  | use napi::CallContext;
[INFO] [stdout]    |
[INFO] [stdout] 
[INFO] [stdout] error[E0412]: cannot find type `JsUndefined` in this scope
[INFO] [stdout]   --> src/lib.rs:64:52
[INFO] [stdout]    |
[INFO] [stdout] 11 | fn deserialize_from_js(ctx: CallContext) -> Result<JsUndefined> {
[INFO] [stdout]    |                                                    ^^^^^^^^^^^ not found in this scope
[INFO] [stdout]    |
[INFO] [stdout] help: consider importing this struct
[INFO] [stdout]    |
[INFO] [stdout] 2  | use napi::JsUndefined;
[INFO] [stdout]    |
[INFO] [stdout] 
[INFO] [stdout] error[E0412]: cannot find type `JsUnknown` in this scope
[INFO] [stdout]   --> src/lib.rs:65:26
[INFO] [stdout]    |
[INFO] [stdout] 12 |     let arg0 = ctx.get::<JsUnknown>(0)?;
[INFO] [stdout]    |                          ^^^^^^^^^ not found in this scope
[INFO] [stdout]    |
[INFO] [stdout] help: consider importing this struct
[INFO] [stdout]    |
[INFO] [stdout] 2  | use napi::JsUnknown;
[INFO] [stdout]    |
[INFO] [stdout] 
[INFO] [stdout] error[E0412]: cannot find type `CallContext` in this scope
[INFO] [stdout]   --> src/lib.rs:71:19
[INFO] [stdout]    |
[INFO] [stdout] 18 | fn serialize(ctx: CallContext) -> Result<JsUnknown> {
[INFO] [stdout]    |                   ^^^^^^^^^^^ not found in this scope
[INFO] [stdout]    |
[INFO] [stdout] help: consider importing this struct
[INFO] [stdout]    |
[INFO] [stdout] 2  | use napi::CallContext;
[INFO] [stdout]    |
[INFO] [stdout] 
[INFO] [stdout] error[E0412]: cannot find type `JsUnknown` in this scope
[INFO] [stdout]   --> src/lib.rs:71:42
[INFO] [stdout]    |
[INFO] [stdout] 18 | fn serialize(ctx: CallContext) -> Result<JsUnknown> {
[INFO] [stdout]    |                                          ^^^^^^^^^ not found in this scope
[INFO] [stdout]    |
[INFO] [stdout] help: consider importing this struct
[INFO] [stdout]    |
[INFO] [stdout] 2  | use napi::JsUnknown;
[INFO] [stdout]    |
[INFO] [stdout] 
[INFO] [stdout] error[E0422]: cannot find struct, variant or union type `AnyObject` in this scope
[INFO] [stdout]   --> src/lib.rs:72:17
[INFO] [stdout]    |
[INFO] [stdout] 4  | struct AnObject {
[INFO] [stdout]    | --------------- similarly named struct `AnObject` defined here
[INFO] [stdout] ...
[INFO] [stdout] 19 |     let value = AnyObject { a: 1, b: vec![0.1, 2.22], c: "hello" };
[INFO] [stdout]    |                 ^^^^^^^^^ help: a struct with a similar name exists: `AnObject`
[INFO] [stdout] 
[INFO] [stdout] error[E0107]: this enum takes 2 generic arguments but 1 generic argument was supplied
[INFO] [stdout]    --> src/lib.rs:71:35
[INFO] [stdout]     |
[INFO] [stdout] 18  | fn serialize(ctx: CallContext) -> Result<JsUnknown> {
[INFO] [stdout]     |                                   ^^^^^^ --------- supplied 1 generic argument
[INFO] [stdout]     |                                   |
[INFO] [stdout]     |                                   expected 2 generic arguments
[INFO] [stdout]     |
[INFO] [stdout] note: enum defined here, with 2 generic parameters: `T`, `E`
[INFO] [stdout] help: add missing generic argument
[INFO] [stdout]     |
[INFO] [stdout] 18  | fn serialize(ctx: CallContext) -> Result<JsUnknown, E> {
[INFO] [stdout]     |                                                   ^^^
[INFO] [stdout] 
[INFO] [stdout] error[E0107]: this enum takes 2 generic arguments but 1 generic argument was supplied
[INFO] [stdout]    --> src/lib.rs:64:45
[INFO] [stdout]     |
[INFO] [stdout] 11  | fn deserialize_from_js(ctx: CallContext) -> Result<JsUndefined> {
[INFO] [stdout]     |                                             ^^^^^^ ----------- supplied 1 generic argument
[INFO] [stdout]     |                                             |
[INFO] [stdout]     |                                             expected 2 generic arguments
[INFO] [stdout]     |
[INFO] [stdout] note: enum defined here, with 2 generic parameters: `T`, `E`
[INFO] [stdout] help: add missing generic argument
[INFO] [stdout]     |
[INFO] [stdout] 11  | fn deserialize_from_js(ctx: CallContext) -> Result<JsUndefined, E> {
[INFO] [stdout]     |                                                               ^^^
[INFO] [stdout] 
[INFO] [stdout] error: aborting due to 14 previous errors
[INFO] [stdout] 
[INFO] [stdout] Some errors have detailed explanations: E0107, E0412, E0422, E0586.
[INFO] [stdout] For more information about an error, try `rustc --explain E0107`.
[INFO] [stdout] Couldn't compile the test.
[INFO] [stdout] ---- src/js_values/function.rs - js_values::function::JsFunction (line 12) stdout ----
[INFO] [stdout] error: cannot find attribute `js_function` in this scope
[INFO] [stdout]  --> src/js_values/function.rs:15:3
[INFO] [stdout]   |
[INFO] [stdout] 6 | #[js_function(1)]
[INFO] [stdout]   |   ^^^^^^^^^^^
[INFO] [stdout] 
[INFO] [stdout] error[E0277]: the `?` operator can only be applied to values that implement `Try`
[INFO] [stdout]  --> src/js_values/function.rs:18:21
[INFO] [stdout]   |
[INFO] [stdout] 9 |     let js_string = ctx.env.create_string("hello".as_ref())?.into_unknown()?;
[INFO] [stdout]   |                     ^^^^^^^^^^^^^^^^^^^^^^^^^^^^^^^^^^^^^^^^^^^^^^^^^^^^^^^^ the `?` operator cannot be applied to type `JsUnknown`
[INFO] [stdout]   |
[INFO] [stdout]   = help: the trait `Try` is not implemented for `JsUnknown`
[INFO] [stdout]   = note: required by `branch`
[INFO] [stdout] 
[INFO] [stdout] error: aborting due to 2 previous errors
[INFO] [stdout] 
[INFO] [stdout] For more information about this error, try `rustc --explain E0277`.
[INFO] [stdout] Couldn't compile the test.
[INFO] [stdout] ---- src/lib.rs - (line 20) stdout ----
[INFO] [stdout] error[E0433]: failed to resolve: use of undeclared crate or module `futures`
[INFO] [stdout]  --> src/lib.rs:21:5
[INFO] [stdout]   |
[INFO] [stdout] 4 | use futures::prelude::*;
[INFO] [stdout]   |     ^^^^^^^ use of undeclared crate or module `futures`
[INFO] [stdout] 
[INFO] [stdout] error[E0432]: unresolved import `tokio`
[INFO] [stdout]  --> src/lib.rs:23:5
[INFO] [stdout]   |
[INFO] [stdout] 6 | use tokio;
[INFO] [stdout]   |     ^^^^^ no external crate `tokio`
[INFO] [stdout] 
[INFO] [stdout] error: cannot find attribute `js_function` in this scope
[INFO] [stdout]  --> src/lib.rs:25:3
[INFO] [stdout]   |
[INFO] [stdout] 8 | #[js_function(1)]
[INFO] [stdout]   |   ^^^^^^^^^^^
[INFO] [stdout] 
[INFO] [stdout] error[E0599]: no method named `as_str` found for struct `JsString` in the current scope
[INFO] [stdout]   --> src/lib.rs:28:32
[INFO] [stdout]    |
[INFO] [stdout] 11 |     let path_str = js_filepath.as_str()?;
[INFO] [stdout]    |                                ^^^^^^ method not found in `JsString`
[INFO] [stdout] 
[INFO] [stdout] error[E0599]: no method named `execute_tokio_future` found for mutable reference `&mut Env` in the current scope
[INFO] [stdout]   --> src/lib.rs:29:13
[INFO] [stdout]    |
[INFO] [stdout] 12 |     ctx.env.execute_tokio_future(
[INFO] [stdout]    |             ^^^^^^^^^^^^^^^^^^^^ method not found in `&mut Env`
[INFO] [stdout] 
[INFO] [stdout] error: aborting due to 5 previous errors
[INFO] [stdout] 
[INFO] [stdout] Some errors have detailed explanations: E0432, E0433, E0599.
[INFO] [stdout] For more information about an error, try `rustc --explain E0432`.
[INFO] [stdout] Couldn't compile the test.
[INFO] [stdout] 
[INFO] [stdout] failures:
[INFO] [stdout]     src/js_values/function.rs - js_values::function::JsFunction (line 12)
[INFO] [stdout]     src/lib.rs - (line 20)
[INFO] [stdout]     src/lib.rs - (line 41)
[INFO] [stdout]     src/lib.rs - (line 55)
[INFO] [stdout]     src/lib.rs - register_module (line 125)
[INFO] [stdout] 
[INFO] [stdout] test result: FAILED. 0 passed; 5 failed; 0 ignored; 0 measured; 0 filtered out; finished in 0.52s
[INFO] [stdout] 
[INFO] [stderr] error: test failed, to rerun pass '--doc'
[INFO] running `Command { std: "docker" "inspect" "1fca218d79372bbe7ded426c144746cd5f8b100af9c6937dd0c7f34620202b6c", kill_on_drop: false }`
[INFO] running `Command { std: "docker" "rm" "-f" "1fca218d79372bbe7ded426c144746cd5f8b100af9c6937dd0c7f34620202b6c", kill_on_drop: false }`
[INFO] [stdout] 1fca218d79372bbe7ded426c144746cd5f8b100af9c6937dd0c7f34620202b6c
