[INFO] fetching crate nameless-clap_generate 3.0.0-beta.2...
[INFO] testing nameless-clap_generate-3.0.0-beta.2 against beta-2021-08-01 for beta-1.55-1
[INFO] extracting crate nameless-clap_generate 3.0.0-beta.2 into /workspace/builds/worker-7/source
[INFO] validating manifest of crates.io crate nameless-clap_generate 3.0.0-beta.2 on toolchain beta-2021-08-01
[INFO] running `Command { std: "/workspace/cargo-home/bin/cargo" "+beta-2021-08-01" "metadata" "--manifest-path" "Cargo.toml" "--no-deps", kill_on_drop: false }`
[INFO] started tweaking crates.io crate nameless-clap_generate 3.0.0-beta.2
[INFO] finished tweaking crates.io crate nameless-clap_generate 3.0.0-beta.2
[INFO] tweaked toml for crates.io crate nameless-clap_generate 3.0.0-beta.2 written to /workspace/builds/worker-7/source/Cargo.toml
[INFO] crate crates.io crate nameless-clap_generate 3.0.0-beta.2 already has a lockfile, it will not be regenerated
[INFO] running `Command { std: "/workspace/cargo-home/bin/cargo" "+beta-2021-08-01" "fetch" "--manifest-path" "Cargo.toml", kill_on_drop: false }`
[INFO] [stderr]  Downloading crates ...
[INFO] [stderr]   Downloaded ctor v0.1.19
[INFO] [stderr]   Downloaded indexmap v1.6.1
[INFO] [stderr]   Downloaded os_str_bytes v3.0.0
[INFO] [stderr]   Downloaded textwrap v0.13.4
[INFO] [stderr]   Downloaded output_vt100 v0.1.2
[INFO] [stderr]   Downloaded regex v1.4.3
[INFO] [stderr]   Downloaded semver-parser v0.9.0
[INFO] [stderr]   Downloaded regex-syntax v0.6.22
[INFO] [stderr]   Downloaded libc v0.2.87
[INFO] [stderr]   Downloaded strsim v0.10.0
[INFO] [stderr]   Downloaded syn v1.0.60
[INFO] [stderr]   Downloaded pretty_assertions v0.6.1
[INFO] [stderr]   Downloaded version-sync v0.9.2
[INFO] [stderr]   Downloaded serde v1.0.123
[INFO] [stderr]   Downloaded pulldown-cmark v0.8.0
[INFO] [stderr]   Downloaded nameless-clap_derive v3.0.0-beta.2
[INFO] [stderr]   Downloaded nameless-clap v3.0.0-beta.2
[INFO] running `Command { std: "docker" "create" "-v" "/var/lib/crater-agent-workspace/builds/worker-7/target:/opt/rustwide/target:rw,Z" "-v" "/var/lib/crater-agent-workspace/builds/worker-7/source:/opt/rustwide/workdir:ro,Z" "-v" "/var/lib/crater-agent-workspace/cargo-home:/opt/rustwide/cargo-home:ro,Z" "-v" "/var/lib/crater-agent-workspace/rustup-home:/opt/rustwide/rustup-home:ro,Z" "-e" "SOURCE_DIR=/opt/rustwide/workdir" "-e" "CARGO_TARGET_DIR=/opt/rustwide/target" "-e" "CARGO_HOME=/opt/rustwide/cargo-home" "-e" "RUSTUP_HOME=/opt/rustwide/rustup-home" "-w" "/opt/rustwide/workdir" "-m" "1610612736" "--user" "0:0" "--network" "none" "ghcr.io/rust-lang/crates-build-env/linux@sha256:34b6a614d2c27851fe6cbf88fbd1137609cefab8b10d0615aaeb6fd47975d74e" "/opt/rustwide/cargo-home/bin/cargo" "+beta-2021-08-01" "metadata" "--no-deps" "--format-version=1", kill_on_drop: false }`
[INFO] [stdout] 149867729b59160b7c5c55e31c2e768820476ff384b8c6b6e134a1267ad0da22
[INFO] [stderr] WARNING: Your kernel does not support swap limit capabilities or the cgroup is not mounted. Memory limited without swap.
[INFO] running `Command { std: "docker" "start" "-a" "149867729b59160b7c5c55e31c2e768820476ff384b8c6b6e134a1267ad0da22", kill_on_drop: false }`
[INFO] running `Command { std: "docker" "inspect" "149867729b59160b7c5c55e31c2e768820476ff384b8c6b6e134a1267ad0da22", kill_on_drop: false }`
[INFO] running `Command { std: "docker" "rm" "-f" "149867729b59160b7c5c55e31c2e768820476ff384b8c6b6e134a1267ad0da22", kill_on_drop: false }`
[INFO] [stdout] 149867729b59160b7c5c55e31c2e768820476ff384b8c6b6e134a1267ad0da22
[INFO] running `Command { std: "docker" "create" "-v" "/var/lib/crater-agent-workspace/builds/worker-7/target:/opt/rustwide/target:rw,Z" "-v" "/var/lib/crater-agent-workspace/builds/worker-7/source:/opt/rustwide/workdir:ro,Z" "-v" "/var/lib/crater-agent-workspace/cargo-home:/opt/rustwide/cargo-home:ro,Z" "-v" "/var/lib/crater-agent-workspace/rustup-home:/opt/rustwide/rustup-home:ro,Z" "-e" "SOURCE_DIR=/opt/rustwide/workdir" "-e" "CARGO_TARGET_DIR=/opt/rustwide/target" "-e" "CARGO_INCREMENTAL=0" "-e" "RUST_BACKTRACE=full" "-e" "RUSTFLAGS=--cap-lints=warn" "-e" "CARGO_HOME=/opt/rustwide/cargo-home" "-e" "RUSTUP_HOME=/opt/rustwide/rustup-home" "-w" "/opt/rustwide/workdir" "-m" "1610612736" "--user" "0:0" "--network" "none" "ghcr.io/rust-lang/crates-build-env/linux@sha256:34b6a614d2c27851fe6cbf88fbd1137609cefab8b10d0615aaeb6fd47975d74e" "/opt/rustwide/cargo-home/bin/cargo" "+beta-2021-08-01" "build" "--frozen" "--message-format=json", kill_on_drop: false }`
[INFO] [stderr] WARNING: Your kernel does not support swap limit capabilities or the cgroup is not mounted. Memory limited without swap.
[INFO] [stdout] 6ecde527d4731862a7edaec8644f67848e15937e9910c2640539acb779fbebe7
[INFO] running `Command { std: "docker" "start" "-a" "6ecde527d4731862a7edaec8644f67848e15937e9910c2640539acb779fbebe7", kill_on_drop: false }`
[INFO] [stderr]    Compiling proc-macro2 v1.0.24
[INFO] [stderr]    Compiling libc v0.2.87
[INFO] [stderr]    Compiling os_str_bytes v3.0.0
[INFO] [stderr]    Compiling textwrap v0.13.4
[INFO] [stderr]    Compiling quote v1.0.9
[INFO] [stderr]    Compiling atty v0.2.14
[INFO] [stderr]    Compiling syn v1.0.60
[INFO] [stderr]    Compiling proc-macro-error-attr v1.0.4
[INFO] [stderr]    Compiling proc-macro-error v1.0.4
[INFO] [stderr]    Compiling nameless-clap_derive v3.0.0-beta.2
[INFO] [stderr]    Compiling nameless-clap v3.0.0-beta.2
[INFO] [stderr]    Compiling nameless-clap_generate v3.0.0-beta.2 (/opt/rustwide/workdir)
[INFO] [stderr]     Finished dev [unoptimized + debuginfo] target(s) in 25.21s
[INFO] running `Command { std: "docker" "inspect" "6ecde527d4731862a7edaec8644f67848e15937e9910c2640539acb779fbebe7", kill_on_drop: false }`
[INFO] running `Command { std: "docker" "rm" "-f" "6ecde527d4731862a7edaec8644f67848e15937e9910c2640539acb779fbebe7", kill_on_drop: false }`
[INFO] [stdout] 6ecde527d4731862a7edaec8644f67848e15937e9910c2640539acb779fbebe7
[INFO] running `Command { std: "docker" "create" "-v" "/var/lib/crater-agent-workspace/builds/worker-7/target:/opt/rustwide/target:rw,Z" "-v" "/var/lib/crater-agent-workspace/builds/worker-7/source:/opt/rustwide/workdir:ro,Z" "-v" "/var/lib/crater-agent-workspace/cargo-home:/opt/rustwide/cargo-home:ro,Z" "-v" "/var/lib/crater-agent-workspace/rustup-home:/opt/rustwide/rustup-home:ro,Z" "-e" "SOURCE_DIR=/opt/rustwide/workdir" "-e" "CARGO_TARGET_DIR=/opt/rustwide/target" "-e" "CARGO_INCREMENTAL=0" "-e" "RUST_BACKTRACE=full" "-e" "RUSTFLAGS=--cap-lints=warn" "-e" "CARGO_HOME=/opt/rustwide/cargo-home" "-e" "RUSTUP_HOME=/opt/rustwide/rustup-home" "-w" "/opt/rustwide/workdir" "-m" "1610612736" "--user" "0:0" "--network" "none" "ghcr.io/rust-lang/crates-build-env/linux@sha256:34b6a614d2c27851fe6cbf88fbd1137609cefab8b10d0615aaeb6fd47975d74e" "/opt/rustwide/cargo-home/bin/cargo" "+beta-2021-08-01" "test" "--frozen" "--no-run" "--message-format=json", kill_on_drop: false }`
[INFO] [stderr] WARNING: Your kernel does not support swap limit capabilities or the cgroup is not mounted. Memory limited without swap.
[INFO] [stdout] dd36f24213ee01dce77fb23c629de3df891a93db1d3e24b800aea23a7f1022a9
[INFO] running `Command { std: "docker" "start" "-a" "dd36f24213ee01dce77fb23c629de3df891a93db1d3e24b800aea23a7f1022a9", kill_on_drop: false }`
[INFO] [stderr]    Compiling regex-syntax v0.6.22
[INFO] [stderr]    Compiling semver-parser v0.9.0
[INFO] [stderr]    Compiling toml v0.5.8
[INFO] [stderr]    Compiling pulldown-cmark v0.8.0
[INFO] [stderr]    Compiling regex v1.4.3
[INFO] [stderr]    Compiling version-sync v0.9.2
[INFO] [stderr]    Compiling nameless-clap_generate v3.0.0-beta.2 (/opt/rustwide/workdir)
[INFO] [stderr]     Finished test [unoptimized + debuginfo] target(s) in 10.10s
[INFO] running `Command { std: "docker" "inspect" "dd36f24213ee01dce77fb23c629de3df891a93db1d3e24b800aea23a7f1022a9", kill_on_drop: false }`
[INFO] running `Command { std: "docker" "rm" "-f" "dd36f24213ee01dce77fb23c629de3df891a93db1d3e24b800aea23a7f1022a9", kill_on_drop: false }`
[INFO] [stdout] dd36f24213ee01dce77fb23c629de3df891a93db1d3e24b800aea23a7f1022a9
[INFO] running `Command { std: "docker" "create" "-v" "/var/lib/crater-agent-workspace/builds/worker-7/target:/opt/rustwide/target:rw,Z" "-v" "/var/lib/crater-agent-workspace/builds/worker-7/source:/opt/rustwide/workdir:ro,Z" "-v" "/var/lib/crater-agent-workspace/cargo-home:/opt/rustwide/cargo-home:ro,Z" "-v" "/var/lib/crater-agent-workspace/rustup-home:/opt/rustwide/rustup-home:ro,Z" "-e" "SOURCE_DIR=/opt/rustwide/workdir" "-e" "CARGO_TARGET_DIR=/opt/rustwide/target" "-e" "CARGO_INCREMENTAL=0" "-e" "RUST_BACKTRACE=full" "-e" "RUSTFLAGS=--cap-lints=warn" "-e" "CARGO_HOME=/opt/rustwide/cargo-home" "-e" "RUSTUP_HOME=/opt/rustwide/rustup-home" "-w" "/opt/rustwide/workdir" "-m" "1610612736" "--user" "0:0" "--network" "none" "ghcr.io/rust-lang/crates-build-env/linux@sha256:34b6a614d2c27851fe6cbf88fbd1137609cefab8b10d0615aaeb6fd47975d74e" "/opt/rustwide/cargo-home/bin/cargo" "+beta-2021-08-01" "test" "--frozen", kill_on_drop: false }`
[INFO] [stdout] 2017fe90dec1a276748a5a55436f67af86802c02030018c810b2f3c155abe25b
[INFO] [stderr] WARNING: Your kernel does not support swap limit capabilities or the cgroup is not mounted. Memory limited without swap.
[INFO] running `Command { std: "docker" "start" "-a" "2017fe90dec1a276748a5a55436f67af86802c02030018c810b2f3c155abe25b", kill_on_drop: false }`
[INFO] [stderr]     Finished test [unoptimized + debuginfo] target(s) in 0.05s
[INFO] [stderr]      Running unittests (/opt/rustwide/target/debug/deps/nameless_clap_generate-0a5de037b3ede84c)
[INFO] [stdout] 
[INFO] [stdout] running 6 tests
[INFO] [stdout] test generators::tests::test_shorts ... ok
[INFO] [stdout] test generators::tests::test_all_subcommands ... ok
[INFO] [stdout] test generators::tests::test_subcommands ... ok
[INFO] [stdout] test generators::tests::test_longs ... ok
[INFO] [stdout] test generators::tests::test_flags ... ok
[INFO] [stdout] test generators::tests::test_find_subcommand_with_path ... ok
[INFO] [stdout] 
[INFO] [stdout] test result: ok. 6 passed; 0 failed; 0 ignored; 0 measured; 0 filtered out; finished in 0.04s
[INFO] [stdout] 
[INFO] [stderr]    Doc-tests nameless-clap_generate
[INFO] [stdout] 
[INFO] [stdout] running 6 tests
[INFO] [stdout] test src/lib.rs - generate (line 154) ... ignored
[INFO] [stdout] test src/lib.rs - generate_to (line 100) ... ignored
[INFO] [stdout] test src/lib.rs - generate_to (line 76) ... ignored
[INFO] [stdout] test src/generators/mod.rs - generators::Generator::file_name (line 16) ... FAILED
[INFO] [stdout] test src/generators/mod.rs - generators::Generator::generate (line 39) ... FAILED
[INFO] [stdout] test src/lib.rs - generate_to (line 54) ... ok
[INFO] [stdout] 
[INFO] [stdout] failures:
[INFO] [stdout] 
[INFO] [stdout] ---- src/generators/mod.rs - generators::Generator::file_name (line 16) stdout ----
[INFO] [stdout] error[E0432]: unresolved import `clap_generate`
[INFO] [stdout]  --> src/generators/mod.rs:19:5
[INFO] [stdout]   |
[INFO] [stdout] 5 | use clap_generate::Generator;
[INFO] [stdout]   |     ^^^^^^^^^^^^^ use of undeclared crate or module `clap_generate`
[INFO] [stdout] 
[INFO] [stdout] error: aborting due to previous error
[INFO] [stdout] 
[INFO] [stdout] For more information about this error, try `rustc --explain E0432`.
[INFO] [stdout] Couldn't compile the test.
[INFO] [stdout] ---- src/generators/mod.rs - generators::Generator::generate (line 39) stdout ----
[INFO] [stdout] error[E0432]: unresolved import `clap_generate`
[INFO] [stdout]  --> src/generators/mod.rs:42:5
[INFO] [stdout]   |
[INFO] [stdout] 5 | use clap_generate::Generator;
[INFO] [stdout]   |     ^^^^^^^^^^^^^ use of undeclared crate or module `clap_generate`
[INFO] [stdout] 
[INFO] [stdout] error: aborting due to previous error
[INFO] [stdout] 
[INFO] [stdout] For more information about this error, try `rustc --explain E0432`.
[INFO] [stdout] Couldn't compile the test.
[INFO] [stdout] 
[INFO] [stdout] failures:
[INFO] [stdout]     src/generators/mod.rs - generators::Generator::file_name (line 16)
[INFO] [stdout]     src/generators/mod.rs - generators::Generator::generate (line 39)
[INFO] [stdout] 
[INFO] [stdout] test result: FAILED. 1 passed; 2 failed; 3 ignored; 0 measured; 0 filtered out; finished in 1.05s
[INFO] [stdout] 
[INFO] [stderr] error: test failed, to rerun pass '--doc'
[INFO] running `Command { std: "docker" "inspect" "2017fe90dec1a276748a5a55436f67af86802c02030018c810b2f3c155abe25b", kill_on_drop: false }`
[INFO] running `Command { std: "docker" "rm" "-f" "2017fe90dec1a276748a5a55436f67af86802c02030018c810b2f3c155abe25b", kill_on_drop: false }`
[INFO] [stdout] 2017fe90dec1a276748a5a55436f67af86802c02030018c810b2f3c155abe25b
