[INFO] fetching crate my-own-uuid 0.1.2...
[INFO] testing my-own-uuid-0.1.2 against beta-2021-08-01 for beta-1.55-1
[INFO] extracting crate my-own-uuid 0.1.2 into /workspace/builds/worker-5/source
[INFO] validating manifest of crates.io crate my-own-uuid 0.1.2 on toolchain beta-2021-08-01
[INFO] running `Command { std: "/workspace/cargo-home/bin/cargo" "+beta-2021-08-01" "metadata" "--manifest-path" "Cargo.toml" "--no-deps", kill_on_drop: false }`
[INFO] started tweaking crates.io crate my-own-uuid 0.1.2
[INFO] finished tweaking crates.io crate my-own-uuid 0.1.2
[INFO] tweaked toml for crates.io crate my-own-uuid 0.1.2 written to /workspace/builds/worker-5/source/Cargo.toml
[INFO] running `Command { std: "/workspace/cargo-home/bin/cargo" "+beta-2021-08-01" "generate-lockfile" "--manifest-path" "Cargo.toml" "-Zno-index-update", kill_on_drop: false }`
[INFO] running `Command { std: "/workspace/cargo-home/bin/cargo" "+beta-2021-08-01" "fetch" "--manifest-path" "Cargo.toml", kill_on_drop: false }`
[INFO] running `Command { std: "docker" "create" "-v" "/var/lib/crater-agent-workspace/builds/worker-5/target:/opt/rustwide/target:rw,Z" "-v" "/var/lib/crater-agent-workspace/builds/worker-5/source:/opt/rustwide/workdir:ro,Z" "-v" "/var/lib/crater-agent-workspace/cargo-home:/opt/rustwide/cargo-home:ro,Z" "-v" "/var/lib/crater-agent-workspace/rustup-home:/opt/rustwide/rustup-home:ro,Z" "-e" "SOURCE_DIR=/opt/rustwide/workdir" "-e" "CARGO_TARGET_DIR=/opt/rustwide/target" "-e" "CARGO_HOME=/opt/rustwide/cargo-home" "-e" "RUSTUP_HOME=/opt/rustwide/rustup-home" "-w" "/opt/rustwide/workdir" "-m" "1610612736" "--user" "0:0" "--network" "none" "ghcr.io/rust-lang/crates-build-env/linux@sha256:34b6a614d2c27851fe6cbf88fbd1137609cefab8b10d0615aaeb6fd47975d74e" "/opt/rustwide/cargo-home/bin/cargo" "+beta-2021-08-01" "metadata" "--no-deps" "--format-version=1", kill_on_drop: false }`
[INFO] [stderr] WARNING: Your kernel does not support swap limit capabilities or the cgroup is not mounted. Memory limited without swap.
[INFO] [stdout] 9d2192bd8f0f609006383e88c5f52f071d68d94d6d0d71bd97f1926debbbdd85
[INFO] running `Command { std: "docker" "start" "-a" "9d2192bd8f0f609006383e88c5f52f071d68d94d6d0d71bd97f1926debbbdd85", kill_on_drop: false }`
[INFO] running `Command { std: "docker" "inspect" "9d2192bd8f0f609006383e88c5f52f071d68d94d6d0d71bd97f1926debbbdd85", kill_on_drop: false }`
[INFO] running `Command { std: "docker" "rm" "-f" "9d2192bd8f0f609006383e88c5f52f071d68d94d6d0d71bd97f1926debbbdd85", kill_on_drop: false }`
[INFO] [stdout] 9d2192bd8f0f609006383e88c5f52f071d68d94d6d0d71bd97f1926debbbdd85
[INFO] running `Command { std: "docker" "create" "-v" "/var/lib/crater-agent-workspace/builds/worker-5/target:/opt/rustwide/target:rw,Z" "-v" "/var/lib/crater-agent-workspace/builds/worker-5/source:/opt/rustwide/workdir:ro,Z" "-v" "/var/lib/crater-agent-workspace/cargo-home:/opt/rustwide/cargo-home:ro,Z" "-v" "/var/lib/crater-agent-workspace/rustup-home:/opt/rustwide/rustup-home:ro,Z" "-e" "SOURCE_DIR=/opt/rustwide/workdir" "-e" "CARGO_TARGET_DIR=/opt/rustwide/target" "-e" "CARGO_INCREMENTAL=0" "-e" "RUST_BACKTRACE=full" "-e" "RUSTFLAGS=--cap-lints=warn" "-e" "CARGO_HOME=/opt/rustwide/cargo-home" "-e" "RUSTUP_HOME=/opt/rustwide/rustup-home" "-w" "/opt/rustwide/workdir" "-m" "1610612736" "--user" "0:0" "--network" "none" "ghcr.io/rust-lang/crates-build-env/linux@sha256:34b6a614d2c27851fe6cbf88fbd1137609cefab8b10d0615aaeb6fd47975d74e" "/opt/rustwide/cargo-home/bin/cargo" "+beta-2021-08-01" "build" "--frozen" "--message-format=json", kill_on_drop: false }`
[INFO] [stdout] eeb6805a1548ad6cce2fa0443dc6685f140d2030e98969b5f66120279b0803c0
[INFO] [stderr] WARNING: Your kernel does not support swap limit capabilities or the cgroup is not mounted. Memory limited without swap.
[INFO] running `Command { std: "docker" "start" "-a" "eeb6805a1548ad6cce2fa0443dc6685f140d2030e98969b5f66120279b0803c0", kill_on_drop: false }`
[INFO] [stderr]    Compiling uuid v0.8.2
[INFO] [stderr]    Compiling my-own-uuid v0.1.2 (/opt/rustwide/workdir)
[INFO] [stderr]     Finished dev [unoptimized + debuginfo] target(s) in 1.20s
[INFO] running `Command { std: "docker" "inspect" "eeb6805a1548ad6cce2fa0443dc6685f140d2030e98969b5f66120279b0803c0", kill_on_drop: false }`
[INFO] running `Command { std: "docker" "rm" "-f" "eeb6805a1548ad6cce2fa0443dc6685f140d2030e98969b5f66120279b0803c0", kill_on_drop: false }`
[INFO] [stdout] eeb6805a1548ad6cce2fa0443dc6685f140d2030e98969b5f66120279b0803c0
[INFO] running `Command { std: "docker" "create" "-v" "/var/lib/crater-agent-workspace/builds/worker-5/target:/opt/rustwide/target:rw,Z" "-v" "/var/lib/crater-agent-workspace/builds/worker-5/source:/opt/rustwide/workdir:ro,Z" "-v" "/var/lib/crater-agent-workspace/cargo-home:/opt/rustwide/cargo-home:ro,Z" "-v" "/var/lib/crater-agent-workspace/rustup-home:/opt/rustwide/rustup-home:ro,Z" "-e" "SOURCE_DIR=/opt/rustwide/workdir" "-e" "CARGO_TARGET_DIR=/opt/rustwide/target" "-e" "CARGO_INCREMENTAL=0" "-e" "RUST_BACKTRACE=full" "-e" "RUSTFLAGS=--cap-lints=warn" "-e" "CARGO_HOME=/opt/rustwide/cargo-home" "-e" "RUSTUP_HOME=/opt/rustwide/rustup-home" "-w" "/opt/rustwide/workdir" "-m" "1610612736" "--user" "0:0" "--network" "none" "ghcr.io/rust-lang/crates-build-env/linux@sha256:34b6a614d2c27851fe6cbf88fbd1137609cefab8b10d0615aaeb6fd47975d74e" "/opt/rustwide/cargo-home/bin/cargo" "+beta-2021-08-01" "test" "--frozen" "--no-run" "--message-format=json", kill_on_drop: false }`
[INFO] [stderr] WARNING: Your kernel does not support swap limit capabilities or the cgroup is not mounted. Memory limited without swap.
[INFO] [stdout] 858f6f6fafb34bb8e87b5cc5361b8a08b5cbf05188aae9bb175cead95cab979a
[INFO] running `Command { std: "docker" "start" "-a" "858f6f6fafb34bb8e87b5cc5361b8a08b5cbf05188aae9bb175cead95cab979a", kill_on_drop: false }`
[INFO] [stderr]     Blocking waiting for file lock on package cache
[INFO] [stderr]    Compiling my-own-uuid v0.1.2 (/opt/rustwide/workdir)
[INFO] [stderr]     Finished test [unoptimized + debuginfo] target(s) in 1.53s
[INFO] running `Command { std: "docker" "inspect" "858f6f6fafb34bb8e87b5cc5361b8a08b5cbf05188aae9bb175cead95cab979a", kill_on_drop: false }`
[INFO] running `Command { std: "docker" "rm" "-f" "858f6f6fafb34bb8e87b5cc5361b8a08b5cbf05188aae9bb175cead95cab979a", kill_on_drop: false }`
[INFO] [stdout] 858f6f6fafb34bb8e87b5cc5361b8a08b5cbf05188aae9bb175cead95cab979a
[INFO] running `Command { std: "docker" "create" "-v" "/var/lib/crater-agent-workspace/builds/worker-5/target:/opt/rustwide/target:rw,Z" "-v" "/var/lib/crater-agent-workspace/builds/worker-5/source:/opt/rustwide/workdir:ro,Z" "-v" "/var/lib/crater-agent-workspace/cargo-home:/opt/rustwide/cargo-home:ro,Z" "-v" "/var/lib/crater-agent-workspace/rustup-home:/opt/rustwide/rustup-home:ro,Z" "-e" "SOURCE_DIR=/opt/rustwide/workdir" "-e" "CARGO_TARGET_DIR=/opt/rustwide/target" "-e" "CARGO_INCREMENTAL=0" "-e" "RUST_BACKTRACE=full" "-e" "RUSTFLAGS=--cap-lints=warn" "-e" "CARGO_HOME=/opt/rustwide/cargo-home" "-e" "RUSTUP_HOME=/opt/rustwide/rustup-home" "-w" "/opt/rustwide/workdir" "-m" "1610612736" "--user" "0:0" "--network" "none" "ghcr.io/rust-lang/crates-build-env/linux@sha256:34b6a614d2c27851fe6cbf88fbd1137609cefab8b10d0615aaeb6fd47975d74e" "/opt/rustwide/cargo-home/bin/cargo" "+beta-2021-08-01" "test" "--frozen", kill_on_drop: false }`
[INFO] [stdout] c269589e7d64261bc4e990a71d14ca0b5802f7495b684c9ec2ef2416f89bdad5
[INFO] [stderr] WARNING: Your kernel does not support swap limit capabilities or the cgroup is not mounted. Memory limited without swap.
[INFO] running `Command { std: "docker" "start" "-a" "c269589e7d64261bc4e990a71d14ca0b5802f7495b684c9ec2ef2416f89bdad5", kill_on_drop: false }`
[INFO] [stderr]     Finished test [unoptimized + debuginfo] target(s) in 0.01s
[INFO] [stderr]      Running unittests (/opt/rustwide/target/debug/deps/my_own_uuid-f910dafdce52b8df)
[INFO] [stdout] 
[INFO] [stdout] running 0 tests
[INFO] [stdout] 
[INFO] [stdout] test result: ok. 0 passed; 0 failed; 0 ignored; 0 measured; 0 filtered out; finished in 0.00s
[INFO] [stdout] 
[INFO] [stderr]    Doc-tests my-own-uuid
[INFO] [stderr] warning: lint `missing_crate_level_docs` has been renamed to `rustdoc::missing_crate_level_docs`
[INFO] [stderr]  --> /opt/rustwide/workdir/src/lib.rs:1:23
[INFO] [stderr]   |
[INFO] [stderr] 1 | #![deny(missing_docs, missing_crate_level_docs)]
[INFO] [stderr]   |                       ^^^^^^^^^^^^^^^^^^^^^^^^ help: use the new name: `rustdoc::missing_crate_level_docs`
[INFO] [stderr]   |
[INFO] [stderr]   = note: `#[warn(renamed_and_removed_lints)]` on by default
[INFO] [stderr] 
[INFO] [stderr] warning: 1 warning emitted
[INFO] [stderr] 
[INFO] [stdout] 
[INFO] [stdout] running 2 tests
[INFO] [stdout] test src/lib.rs - my_own_uuid (line 61) ... FAILED
[INFO] [stdout] test src/lib.rs - my_own_uuid (line 25) ... FAILED
[INFO] [stdout] 
[INFO] [stdout] failures:
[INFO] [stdout] 
[INFO] [stdout] ---- src/lib.rs - my_own_uuid (line 61) stdout ----
[INFO] [stdout] error[E0463]: can't find crate for `mouuid`
[INFO] [stdout]  --> src/lib.rs:61:14
[INFO] [stdout]   |
[INFO] [stdout] 2 | #[macro_use] extern crate mouuid;
[INFO] [stdout]   |              ^^^^^^^^^^^^^^^^^^^^ can't find crate
[INFO] [stdout] 
[INFO] [stdout] error: aborting due to previous error
[INFO] [stdout] 
[INFO] [stdout] For more information about this error, try `rustc --explain E0463`.
[INFO] [stdout] Couldn't compile the test.
[INFO] [stdout] ---- src/lib.rs - my_own_uuid (line 25) stdout ----
[INFO] [stdout] error[E0463]: can't find crate for `mouuid`
[INFO] [stdout]  --> src/lib.rs:25:14
[INFO] [stdout]   |
[INFO] [stdout] 2 | #[macro_use] extern crate mouuid;
[INFO] [stdout]   |              ^^^^^^^^^^^^^^^^^^^^ can't find crate
[INFO] [stdout] 
[INFO] [stdout] error: aborting due to previous error
[INFO] [stdout] 
[INFO] [stdout] For more information about this error, try `rustc --explain E0463`.
[INFO] [stdout] Couldn't compile the test.
[INFO] [stdout] 
[INFO] [stdout] failures:
[INFO] [stdout]     src/lib.rs - my_own_uuid (line 25)
[INFO] [stdout]     src/lib.rs - my_own_uuid (line 61)
[INFO] [stdout] 
[INFO] [stdout] test result: FAILED. 0 passed; 2 failed; 0 ignored; 0 measured; 0 filtered out; finished in 0.26s
[INFO] [stdout] 
[INFO] [stderr] error: test failed, to rerun pass '--doc'
[INFO] running `Command { std: "docker" "inspect" "c269589e7d64261bc4e990a71d14ca0b5802f7495b684c9ec2ef2416f89bdad5", kill_on_drop: false }`
[INFO] running `Command { std: "docker" "rm" "-f" "c269589e7d64261bc4e990a71d14ca0b5802f7495b684c9ec2ef2416f89bdad5", kill_on_drop: false }`
[INFO] [stdout] c269589e7d64261bc4e990a71d14ca0b5802f7495b684c9ec2ef2416f89bdad5
