[INFO] fetching crate multihash-derive 0.7.2...
[INFO] testing multihash-derive-0.7.2 against beta-2021-08-01 for beta-1.55-1
[INFO] extracting crate multihash-derive 0.7.2 into /workspace/builds/worker-2/source
[INFO] validating manifest of crates.io crate multihash-derive 0.7.2 on toolchain beta-2021-08-01
[INFO] running `Command { std: "/workspace/cargo-home/bin/cargo" "+beta-2021-08-01" "metadata" "--manifest-path" "Cargo.toml" "--no-deps", kill_on_drop: false }`
[INFO] started tweaking crates.io crate multihash-derive 0.7.2
[INFO] finished tweaking crates.io crate multihash-derive 0.7.2
[INFO] tweaked toml for crates.io crate multihash-derive 0.7.2 written to /workspace/builds/worker-2/source/Cargo.toml
[INFO] running `Command { std: "/workspace/cargo-home/bin/cargo" "+beta-2021-08-01" "generate-lockfile" "--manifest-path" "Cargo.toml" "-Zno-index-update", kill_on_drop: false }`
[INFO] running `Command { std: "/workspace/cargo-home/bin/cargo" "+beta-2021-08-01" "fetch" "--manifest-path" "Cargo.toml", kill_on_drop: false }`
[INFO] [stderr]  Downloading crates ...
[INFO] [stderr]   Downloaded pretty_assertions v0.7.2
[INFO] running `Command { std: "docker" "create" "-v" "/var/lib/crater-agent-workspace/builds/worker-2/target:/opt/rustwide/target:rw,Z" "-v" "/var/lib/crater-agent-workspace/builds/worker-2/source:/opt/rustwide/workdir:ro,Z" "-v" "/var/lib/crater-agent-workspace/cargo-home:/opt/rustwide/cargo-home:ro,Z" "-v" "/var/lib/crater-agent-workspace/rustup-home:/opt/rustwide/rustup-home:ro,Z" "-e" "SOURCE_DIR=/opt/rustwide/workdir" "-e" "CARGO_TARGET_DIR=/opt/rustwide/target" "-e" "CARGO_HOME=/opt/rustwide/cargo-home" "-e" "RUSTUP_HOME=/opt/rustwide/rustup-home" "-w" "/opt/rustwide/workdir" "-m" "1610612736" "--user" "0:0" "--network" "none" "ghcr.io/rust-lang/crates-build-env/linux@sha256:34b6a614d2c27851fe6cbf88fbd1137609cefab8b10d0615aaeb6fd47975d74e" "/opt/rustwide/cargo-home/bin/cargo" "+beta-2021-08-01" "metadata" "--no-deps" "--format-version=1", kill_on_drop: false }`
[INFO] [stderr] WARNING: Your kernel does not support swap limit capabilities or the cgroup is not mounted. Memory limited without swap.
[INFO] [stdout] 496ac476779decb57743ccdc8fd7f354a3054e25fe44584f630d2288db6d5464
[INFO] running `Command { std: "docker" "start" "-a" "496ac476779decb57743ccdc8fd7f354a3054e25fe44584f630d2288db6d5464", kill_on_drop: false }`
[INFO] running `Command { std: "docker" "inspect" "496ac476779decb57743ccdc8fd7f354a3054e25fe44584f630d2288db6d5464", kill_on_drop: false }`
[INFO] running `Command { std: "docker" "rm" "-f" "496ac476779decb57743ccdc8fd7f354a3054e25fe44584f630d2288db6d5464", kill_on_drop: false }`
[INFO] [stdout] 496ac476779decb57743ccdc8fd7f354a3054e25fe44584f630d2288db6d5464
[INFO] running `Command { std: "docker" "create" "-v" "/var/lib/crater-agent-workspace/builds/worker-2/target:/opt/rustwide/target:rw,Z" "-v" "/var/lib/crater-agent-workspace/builds/worker-2/source:/opt/rustwide/workdir:ro,Z" "-v" "/var/lib/crater-agent-workspace/cargo-home:/opt/rustwide/cargo-home:ro,Z" "-v" "/var/lib/crater-agent-workspace/rustup-home:/opt/rustwide/rustup-home:ro,Z" "-e" "SOURCE_DIR=/opt/rustwide/workdir" "-e" "CARGO_TARGET_DIR=/opt/rustwide/target" "-e" "CARGO_INCREMENTAL=0" "-e" "RUST_BACKTRACE=full" "-e" "RUSTFLAGS=--cap-lints=warn" "-e" "CARGO_HOME=/opt/rustwide/cargo-home" "-e" "RUSTUP_HOME=/opt/rustwide/rustup-home" "-w" "/opt/rustwide/workdir" "-m" "1610612736" "--user" "0:0" "--network" "none" "ghcr.io/rust-lang/crates-build-env/linux@sha256:34b6a614d2c27851fe6cbf88fbd1137609cefab8b10d0615aaeb6fd47975d74e" "/opt/rustwide/cargo-home/bin/cargo" "+beta-2021-08-01" "build" "--frozen" "--message-format=json", kill_on_drop: false }`
[INFO] [stderr] WARNING: Your kernel does not support swap limit capabilities or the cgroup is not mounted. Memory limited without swap.
[INFO] [stdout] 3b33a0c2ac60d6bc90c937414d7d9fe392548ec5a40de15adc7ab98312ac37fa
[INFO] running `Command { std: "docker" "start" "-a" "3b33a0c2ac60d6bc90c937414d7d9fe392548ec5a40de15adc7ab98312ac37fa", kill_on_drop: false }`
[INFO] [stderr]    Compiling syn v1.0.74
[INFO] [stderr]    Compiling synstructure v0.12.5
[INFO] [stderr]    Compiling proc-macro-error v1.0.4
[INFO] [stderr]    Compiling thiserror-impl v1.0.26
[INFO] [stderr]    Compiling thiserror v1.0.26
[INFO] [stderr]    Compiling proc-macro-crate v1.0.0
[INFO] [stderr]    Compiling multihash-derive v0.7.2 (/opt/rustwide/workdir)
[INFO] [stderr]     Finished dev [unoptimized + debuginfo] target(s) in 18.95s
[INFO] running `Command { std: "docker" "inspect" "3b33a0c2ac60d6bc90c937414d7d9fe392548ec5a40de15adc7ab98312ac37fa", kill_on_drop: false }`
[INFO] running `Command { std: "docker" "rm" "-f" "3b33a0c2ac60d6bc90c937414d7d9fe392548ec5a40de15adc7ab98312ac37fa", kill_on_drop: false }`
[INFO] [stdout] 3b33a0c2ac60d6bc90c937414d7d9fe392548ec5a40de15adc7ab98312ac37fa
[INFO] running `Command { std: "docker" "create" "-v" "/var/lib/crater-agent-workspace/builds/worker-2/target:/opt/rustwide/target:rw,Z" "-v" "/var/lib/crater-agent-workspace/builds/worker-2/source:/opt/rustwide/workdir:ro,Z" "-v" "/var/lib/crater-agent-workspace/cargo-home:/opt/rustwide/cargo-home:ro,Z" "-v" "/var/lib/crater-agent-workspace/rustup-home:/opt/rustwide/rustup-home:ro,Z" "-e" "SOURCE_DIR=/opt/rustwide/workdir" "-e" "CARGO_TARGET_DIR=/opt/rustwide/target" "-e" "CARGO_INCREMENTAL=0" "-e" "RUST_BACKTRACE=full" "-e" "RUSTFLAGS=--cap-lints=warn" "-e" "CARGO_HOME=/opt/rustwide/cargo-home" "-e" "RUSTUP_HOME=/opt/rustwide/rustup-home" "-w" "/opt/rustwide/workdir" "-m" "1610612736" "--user" "0:0" "--network" "none" "ghcr.io/rust-lang/crates-build-env/linux@sha256:34b6a614d2c27851fe6cbf88fbd1137609cefab8b10d0615aaeb6fd47975d74e" "/opt/rustwide/cargo-home/bin/cargo" "+beta-2021-08-01" "test" "--frozen" "--no-run" "--message-format=json", kill_on_drop: false }`
[INFO] [stderr] WARNING: Your kernel does not support swap limit capabilities or the cgroup is not mounted. Memory limited without swap.
[INFO] [stdout] a97e68e923e5ffc9e54f373380a44b28e5c7cad516b996bd5cd552b2c5648143
[INFO] running `Command { std: "docker" "start" "-a" "a97e68e923e5ffc9e54f373380a44b28e5c7cad516b996bd5cd552b2c5648143", kill_on_drop: false }`
[INFO] [stderr]    Compiling multihash-derive v0.7.2 (/opt/rustwide/workdir)
[INFO] [stderr]     Finished test [unoptimized + debuginfo] target(s) in 2.67s
[INFO] running `Command { std: "docker" "inspect" "a97e68e923e5ffc9e54f373380a44b28e5c7cad516b996bd5cd552b2c5648143", kill_on_drop: false }`
[INFO] running `Command { std: "docker" "rm" "-f" "a97e68e923e5ffc9e54f373380a44b28e5c7cad516b996bd5cd552b2c5648143", kill_on_drop: false }`
[INFO] [stdout] a97e68e923e5ffc9e54f373380a44b28e5c7cad516b996bd5cd552b2c5648143
[INFO] running `Command { std: "docker" "create" "-v" "/var/lib/crater-agent-workspace/builds/worker-2/target:/opt/rustwide/target:rw,Z" "-v" "/var/lib/crater-agent-workspace/builds/worker-2/source:/opt/rustwide/workdir:ro,Z" "-v" "/var/lib/crater-agent-workspace/cargo-home:/opt/rustwide/cargo-home:ro,Z" "-v" "/var/lib/crater-agent-workspace/rustup-home:/opt/rustwide/rustup-home:ro,Z" "-e" "SOURCE_DIR=/opt/rustwide/workdir" "-e" "CARGO_TARGET_DIR=/opt/rustwide/target" "-e" "CARGO_INCREMENTAL=0" "-e" "RUST_BACKTRACE=full" "-e" "RUSTFLAGS=--cap-lints=warn" "-e" "CARGO_HOME=/opt/rustwide/cargo-home" "-e" "RUSTUP_HOME=/opt/rustwide/rustup-home" "-w" "/opt/rustwide/workdir" "-m" "1610612736" "--user" "0:0" "--network" "none" "ghcr.io/rust-lang/crates-build-env/linux@sha256:34b6a614d2c27851fe6cbf88fbd1137609cefab8b10d0615aaeb6fd47975d74e" "/opt/rustwide/cargo-home/bin/cargo" "+beta-2021-08-01" "test" "--frozen", kill_on_drop: false }`
[INFO] [stdout] 15e522067dfa0067a61d5ce43e371b682c6dbee932a042266365dbc9d26d7436
[INFO] [stderr] WARNING: Your kernel does not support swap limit capabilities or the cgroup is not mounted. Memory limited without swap.
[INFO] running `Command { std: "docker" "start" "-a" "15e522067dfa0067a61d5ce43e371b682c6dbee932a042266365dbc9d26d7436", kill_on_drop: false }`
[INFO] [stderr]     Finished test [unoptimized + debuginfo] target(s) in 0.06s
[INFO] [stderr]      Running unittests (/opt/rustwide/target/debug/deps/multihash_derive-d01c02e7dd635e54)
[INFO] [stdout] 
[INFO] [stdout] running 9 tests
[INFO] [stdout] test multihash::tests::test_multihash_error_digest_invalid_size_type - should panic ... FAILED
[INFO] [stdout] test multihash::tests::test_multihash_error_digest_invalid_size_type2 - should panic ... FAILED
[INFO] [stdout] test multihash::tests::test_multihash_error_code_duplicates - should panic ... FAILED
[INFO] [stdout] test multihash::tests::test_multihash_error_digest_without_typenum - should panic ... FAILED
[INFO] [stdout] test multihash::tests::test_multihash_error_too_small_alloc_size - should panic ... FAILED
[INFO] [stdout] test multihash::tests::test_multihash_error_no_alloc_size - should panic ... FAILED
[INFO] [stdout] test multihash::tests::test_multihash_error_digest_without_typenum_no_alloc_size_errors ... ok
[INFO] [stdout] test multihash::tests::test_multihash_error_code_duplicates_numbers - should panic ... FAILED
[INFO] [stdout] test multihash::tests::test_multihash_derive ... FAILED
[INFO] [stdout] 
[INFO] [stdout] failures:
[INFO] [stdout] 
[INFO] [stdout] ---- multihash::tests::test_multihash_error_digest_invalid_size_type stdout ----
[INFO] [stdout] note: test did not panic as expected
[INFO] [stdout] ---- multihash::tests::test_multihash_error_digest_invalid_size_type2 stdout ----
[INFO] [stdout] note: test did not panic as expected
[INFO] [stdout] ---- multihash::tests::test_multihash_error_code_duplicates stdout ----
[INFO] [stdout] note: test did not panic as expected
[INFO] [stdout] ---- multihash::tests::test_multihash_error_digest_without_typenum stdout ----
[INFO] [stdout] note: test did not panic as expected
[INFO] [stdout] ---- multihash::tests::test_multihash_error_too_small_alloc_size stdout ----
[INFO] [stdout] note: test did not panic as expected
[INFO] [stdout] ---- multihash::tests::test_multihash_error_no_alloc_size stdout ----
[INFO] [stdout] note: test did not panic as expected
[INFO] [stdout] ---- multihash::tests::test_multihash_error_code_duplicates_numbers stdout ----
[INFO] [stdout] note: test did not panic as expected
[INFO] [stdout] ---- multihash::tests::test_multihash_derive stdout ----
[INFO] [stdout] thread 'multihash::tests::test_multihash_derive' panicked at 'assertion failed: `(left == right)`
[INFO] [stdout] 
[INFO] [stdout] [1mDiff[0m [31m< left[0m / [32mright >[0m :
[INFO] [stdout] [31m<"[0m[1;48;5;52;31mc[0m[31mompile[0m[1;48;5;52;31m_[0m[31mer[0m[1;48;5;52;31mr[0m[31mor [0m[1;48;5;52;31m![0m[31m { [0m[1;48;5;52;31m\"C[0m[31mould n[0m[1;48;5;52;31mo[0m[31mt [0m[1;48;5;52;31mf[0m[31mind [0m[1;48;5;52;31m`[0m[31mmultihash[0m[1;48;5;52;31m`[0m[31m in [0m[1;48;5;52;31m`[0m[31mdepende[0m[1;48;5;52;31mn[0m[31mcies[0m[1;48;5;52;31m`[0m[31m or [0m[1;48;5;52;31m`[0m[31mde[0m[1;48;5;52;31mv[0m[31m-de[0m[1;48;5;52;31mp[0m[31mendenc[0m[1;48;5;52;31mi[0m[31me[0m[1;48;5;52;31ms`[0m[31m in [0m[1;48;5;52;31m`/[0m[31mo[0m[1;48;5;52;31mp[0m[31mt[0m[1;48;5;52;31m/[0m[31mru[0m[1;48;5;52;31ms[0m[31mt[0m[1;48;5;52;31mw[0m[31mide[0m[1;48;5;52;31m/w[0m[31morkdir[0m[1;48;5;52;31m/[0m[31mCargo[0m[1;48;5;52;31m.[0m[31mtoml[0m[1;48;5;52;31m`!\"[0m[31m }"[0m
[INFO] [stdout] [32m>"[0m[1;48;5;22;32m# [d[0m[32mo[0m[1;48;5;22;32mc = r\" A Multihash with the sa[0m[32mm[0m[1;48;5;22;32me allocated size as the Multihashes [0m[32mp[0m[1;48;5;22;32mroduces by th[0m[32mi[0m[1;48;5;22;32ms derive.\"] pub type Mu[0m[32ml[0m[1;48;5;22;32mtihash = multihash :: MultihashG[0m[32me[0m[1;48;5;22;32mn[0m[32mer[0m[1;48;5;22;32mic :: < U32 > ; impl multihash :: MultihashDigest f[0m[32mor [0m[1;48;5;22;32mCode[0m[32m { [0m[1;48;5;22;32mtype All[0m[32mo[0m[1;48;5;22;32mcSize = U32 ; fn digest (& self , inp[0m[32mu[0m[1;48;5;22;32mt : & [u8]) -> Mu[0m[32ml[0m[1;48;5;22;32mtihash { use multihash :: Hasher ; match self { Self :: I[0m[32md[0m[1;48;5;22;32mentity256[0m[32m [0m[1;48;5;22;32m=> { let digest = multihash :: Ide[0m[32mnt[0m[1;48;5;22;32mity256[0m[32m [0m[1;48;5;22;32m:: d[0m[32mi[0m[1;48;5;22;32mgest (i[0m[32mn[0m[1;48;5;22;32mput) ; Multihash :: wrap (multihash :: IDENTITY , & [0m[32md[0m[1;48;5;22;32migest[0m[32m [0m[1;48;5;22;32m. as_ref ()) . unwrap () } , Self :: Strobe256 => { let digest = [0m[32mmultihash [0m[1;48;5;22;32m:: Strobe256 :: d[0m[32mi[0m[1;48;5;22;32mgest (i[0m[32mn[0m[1;48;5;22;32mput)[0m[32m [0m[1;48;5;22;32m; Multihash :: wrap (0x38b64f , & [0m[32md[0m[1;48;5;22;32mig[0m[32me[0m[1;48;5;22;32mst . as_ref ()) . unwra[0m[32mp[0m[1;48;5;22;32m () } , _ => unr[0m[32me[0m[1;48;5;22;32machable ! () , } } f[0m[32mn[0m[1;48;5;22;32m multihash_from_[0m[32md[0m[1;48;5;22;32mig[0m[32me[0m[1;48;5;22;32mst < 'a , S , D > (digest : & 'a D) -> Multihash where S : multihash :: Size , D : multihash :: Digest < S > , Self : From < & 'a D > , { let [0m[32mc[0m[1;48;5;22;32mode = Self :: from (& d[0m[32mi[0m[1;48;5;22;32mg[0m[32mes[0m[1;48;5;22;32mt)[0m[32m [0m[1;48;5;22;32m; Multihash :: wrap (c[0m[32mo[0m[1;48;5;22;32mde . into () , & digest . as_[0m[32mr[0m[1;48;5;22;32mef[0m[32m [0m[1;48;5;22;32m()) . unwrap () } } impl From < Co[0m[32mde[0m[1;48;5;22;32m > for u64 { fn from (code : Code) [0m[32m-[0m[1;48;5;22;32m> Self { match co[0m[32mde[0m[1;48;5;22;32m { Cod[0m[32me[0m[1;48;5;22;32m :: Ide[0m[32mn[0m[1;48;5;22;32mtity256 => multihash :: IDENTITY , Co[0m[32mde[0m[1;48;5;22;32m :: Strobe256 => 0x38b64f , _ => u[0m[32mn[0m[1;48;5;22;32mrea[0m[32mc[0m[1;48;5;22;32mhabl[0m[32me [0m[1;48;5;22;32m! () , } } } [0m[32mi[0m[1;48;5;22;32mmpl core :: co[0m[32mn[0m[1;48;5;22;32mvert[0m[32m [0m[1;48;5;22;32m:: TryFr[0m[32mo[0m[1;48;5;22;32mm < u64 > for Code { [0m[32mt[0m[1;48;5;22;32mype E[0m[32mr[0m[1;48;5;22;32mror = m[0m[32mu[0m[1;48;5;22;32ml[0m[32mti[0m[1;48;5;22;32mhash :: Error ; fn try_from (co[0m[32mde[0m[1;48;5;22;32m : u64) -> Result < Self , Self :: Err[0m[32mor[0m[1;48;5;22;32m > { match code { multihash :: IDENTITY => O[0m[32mk[0m[1;48;5;22;32m (Self :: I[0m[32md[0m[1;48;5;22;32ment[0m[32mi[0m[1;48;5;22;32mty256) , 0x38b64f => Ok (Self :: St[0m[32mr[0m[1;48;5;22;32mobe256) , _ => Err (multihash :: Error :: Unsupported[0m[32mC[0m[1;48;5;22;32mode (code)) } } } impl From < & multih[0m[32ma[0m[1;48;5;22;32msh :: IdentityDigest < U32 > > fo[0m[32mr[0m[1;48;5;22;32m Code { fn from (di[0m[32mg[0m[1;48;5;22;32mest : & multihash :: IdentityDigest < U32 >) -> Self { Self :: Identity256 } } impl Fr[0m[32mo[0m[1;48;5;22;32mm < & mul[0m[32mt[0m[1;48;5;22;32mihash :: Str[0m[32mo[0m[1;48;5;22;32mbeDigest < U32 > > for Code { fn fro[0m[32mm[0m[1;48;5;22;32m (digest : & mu[0m[32ml[0m[1;48;5;22;32mtihash :: StrobeDigest < U32 >) -> Self { Self :: Strobe256 }[0m[32m }"[0m
[INFO] [stdout] 
[INFO] [stdout] ', src/utils.rs:54:5
[INFO] [stdout] stack backtrace:
[INFO] [stdout]    0:     0x7f275ee96b00 - std::backtrace_rs::backtrace::libunwind::trace::hff4d1766e93f64f1
[INFO] [stdout]                                at /rustc/53fd98ca776cb875bc9e5514f56b52eb74f9e7a9/library/std/src/../../backtrace/src/backtrace/libunwind.rs:90:5
[INFO] [stdout]    1:     0x7f275ee96b00 - std::backtrace_rs::backtrace::trace_unsynchronized::h56bbc8eb78770bcb
[INFO] [stdout]                                at /rustc/53fd98ca776cb875bc9e5514f56b52eb74f9e7a9/library/std/src/../../backtrace/src/backtrace/mod.rs:66:5
[INFO] [stdout]    2:     0x7f275ee96b00 - std::sys_common::backtrace::_print_fmt::h5c8e75464faca780
[INFO] [stdout]                                at /rustc/53fd98ca776cb875bc9e5514f56b52eb74f9e7a9/library/std/src/sys_common/backtrace.rs:67:5
[INFO] [stdout]    3:     0x7f275ee96b00 - <std::sys_common::backtrace::_print::DisplayBacktrace as core::fmt::Display>::fmt::h48b88277def8b362
[INFO] [stdout]                                at /rustc/53fd98ca776cb875bc9e5514f56b52eb74f9e7a9/library/std/src/sys_common/backtrace.rs:46:22
[INFO] [stdout]    4:     0x7f275ef0463c - core::fmt::write::h3381b3176fe2b3d3
[INFO] [stdout]                                at /rustc/53fd98ca776cb875bc9e5514f56b52eb74f9e7a9/library/core/src/fmt/mod.rs:1115:17
[INFO] [stdout]    5:     0x7f275ee88295 - std::io::Write::write_fmt::h5f34a676f60246b5
[INFO] [stdout]                                at /rustc/53fd98ca776cb875bc9e5514f56b52eb74f9e7a9/library/std/src/io/mod.rs:1665:15
[INFO] [stdout]    6:     0x7f275ee9a81b - std::sys_common::backtrace::_print::ha537687d6c17dd0d
[INFO] [stdout]                                at /rustc/53fd98ca776cb875bc9e5514f56b52eb74f9e7a9/library/std/src/sys_common/backtrace.rs:49:5
[INFO] [stdout]    7:     0x7f275ee9a81b - std::sys_common::backtrace::print::h61376ae57d131d72
[INFO] [stdout]                                at /rustc/53fd98ca776cb875bc9e5514f56b52eb74f9e7a9/library/std/src/sys_common/backtrace.rs:36:9
[INFO] [stdout]    8:     0x7f275ee9a81b - std::panicking::default_hook::{{closure}}::h0f7208c0b9644a54
[INFO] [stdout]                                at /rustc/53fd98ca776cb875bc9e5514f56b52eb74f9e7a9/library/std/src/panicking.rs:208:50
[INFO] [stdout]    9:     0x7f275ee9a32c - std::panicking::default_hook::hdac7fc06578c14ce
[INFO] [stdout]                                at /rustc/53fd98ca776cb875bc9e5514f56b52eb74f9e7a9/library/std/src/panicking.rs:222:9
[INFO] [stdout]   10:     0x7f275ee9b049 - std::panicking::rust_panic_with_hook::h72b21c283da3d1ef
[INFO] [stdout]                                at /rustc/53fd98ca776cb875bc9e5514f56b52eb74f9e7a9/library/std/src/panicking.rs:626:17
[INFO] [stdout]   11:     0x7f275ee9ab07 - std::panicking::begin_panic_handler::{{closure}}::he5778f1729cff84a
[INFO] [stdout]                                at /rustc/53fd98ca776cb875bc9e5514f56b52eb74f9e7a9/library/std/src/panicking.rs:519:13
[INFO] [stdout]   12:     0x7f275ee96fdc - std::sys_common::backtrace::__rust_end_short_backtrace::h2d11ca8b453b4b1d
[INFO] [stdout]                                at /rustc/53fd98ca776cb875bc9e5514f56b52eb74f9e7a9/library/std/src/sys_common/backtrace.rs:141:18
[INFO] [stdout]   13:     0x7f275ee9aa69 - rust_begin_unwind
[INFO] [stdout]                                at /rustc/53fd98ca776cb875bc9e5514f56b52eb74f9e7a9/library/std/src/panicking.rs:515:5
[INFO] [stdout]   14:     0x7f275ee63a6b - std::panicking::begin_panic_fmt::h746518bde832d259
[INFO] [stdout]                                at /rustc/53fd98ca776cb875bc9e5514f56b52eb74f9e7a9/library/std/src/panicking.rs:457:5
[INFO] [stdout]   15:     0x560555d282b4 - multihash_derive::utils::assert_proc_macro::h830d74cf9752461e
[INFO] [stdout]                                at /opt/rustwide/workdir/src/utils.rs:54:5
[INFO] [stdout]   16:     0x560555d12774 - multihash_derive::multihash::tests::test_multihash_derive::h0f2c12fc687ebc56
[INFO] [stdout]                                at /opt/rustwide/workdir/src/multihash.rs:480:9
[INFO] [stdout]   17:     0x560555d0e23a - multihash_derive::multihash::tests::test_multihash_derive::{{closure}}::h55103910dc7bd18e
[INFO] [stdout]                                at /opt/rustwide/workdir/src/multihash.rs:398:5
[INFO] [stdout]   18:     0x560555d3b68e - core::ops::function::FnOnce::call_once::h39b26f4416d0401f
[INFO] [stdout]                                at /rustc/53fd98ca776cb875bc9e5514f56b52eb74f9e7a9/library/core/src/ops/function.rs:227:5
[INFO] [stdout]   19:     0x7f275f1cb983 - core::ops::function::FnOnce::call_once::hbb52c4519d3137b0
[INFO] [stdout]                                at /rustc/53fd98ca776cb875bc9e5514f56b52eb74f9e7a9/library/core/src/ops/function.rs:227:5
[INFO] [stdout]   20:     0x7f275f1cb983 - test::__rust_begin_short_backtrace::h86fe3a2a5a5121af
[INFO] [stdout]                                at /rustc/53fd98ca776cb875bc9e5514f56b52eb74f9e7a9/library/test/src/lib.rs:578:5
[INFO] [stdout]   21:     0x7f275f1ca438 - <alloc::boxed::Box<F,A> as core::ops::function::FnOnce<Args>>::call_once::hfd956bc3d57399be
[INFO] [stdout]                                at /rustc/53fd98ca776cb875bc9e5514f56b52eb74f9e7a9/library/alloc/src/boxed.rs:1572:9
[INFO] [stdout]   22:     0x7f275f1ca438 - <std::panic::AssertUnwindSafe<F> as core::ops::function::FnOnce<()>>::call_once::h40dc93e0ddb5938a
[INFO] [stdout]                                at /rustc/53fd98ca776cb875bc9e5514f56b52eb74f9e7a9/library/std/src/panic.rs:347:9
[INFO] [stdout]   23:     0x7f275f1ca438 - std::panicking::try::do_call::h90d07750cb47c562
[INFO] [stdout]                                at /rustc/53fd98ca776cb875bc9e5514f56b52eb74f9e7a9/library/std/src/panicking.rs:401:40
[INFO] [stdout]   24:     0x7f275f1ca438 - std::panicking::try::h063c84733ad2a629
[INFO] [stdout]                                at /rustc/53fd98ca776cb875bc9e5514f56b52eb74f9e7a9/library/std/src/panicking.rs:365:19
[INFO] [stdout]   25:     0x7f275f1ca438 - std::panic::catch_unwind::h0c464836a84e7c08
[INFO] [stdout]                                at /rustc/53fd98ca776cb875bc9e5514f56b52eb74f9e7a9/library/std/src/panic.rs:434:14
[INFO] [stdout]   26:     0x7f275f1ca438 - test::run_test_in_process::h5cb06ef620b157fc
[INFO] [stdout]                                at /rustc/53fd98ca776cb875bc9e5514f56b52eb74f9e7a9/library/test/src/lib.rs:601:18
[INFO] [stdout]   27:     0x7f275f1ca438 - test::run_test::run_test_inner::{{closure}}::h76f677f4b93f9828
[INFO] [stdout]                                at /rustc/53fd98ca776cb875bc9e5514f56b52eb74f9e7a9/library/test/src/lib.rs:493:39
[INFO] [stdout]   28:     0x7f275f195bad - test::run_test::run_test_inner::{{closure}}::h366d01fe04f4d67a
[INFO] [stdout]                                at /rustc/53fd98ca776cb875bc9e5514f56b52eb74f9e7a9/library/test/src/lib.rs:520:37
[INFO] [stdout]   29:     0x7f275f195bad - std::sys_common::backtrace::__rust_begin_short_backtrace::h7dfa0de4eb395af2
[INFO] [stdout]                                at /rustc/53fd98ca776cb875bc9e5514f56b52eb74f9e7a9/library/std/src/sys_common/backtrace.rs:125:18
[INFO] [stdout]   30:     0x7f275f19b338 - std::thread::Builder::spawn_unchecked::{{closure}}::{{closure}}::hf0a74bb58798037f
[INFO] [stdout]                                at /rustc/53fd98ca776cb875bc9e5514f56b52eb74f9e7a9/library/std/src/thread/mod.rs:476:17
[INFO] [stdout]   31:     0x7f275f19b338 - <std::panic::AssertUnwindSafe<F> as core::ops::function::FnOnce<()>>::call_once::hb024e854818586ac
[INFO] [stdout]                                at /rustc/53fd98ca776cb875bc9e5514f56b52eb74f9e7a9/library/std/src/panic.rs:347:9
[INFO] [stdout]   32:     0x7f275f19b338 - std::panicking::try::do_call::hb2dd9f1d0d48e41d
[INFO] [stdout]                                at /rustc/53fd98ca776cb875bc9e5514f56b52eb74f9e7a9/library/std/src/panicking.rs:401:40
[INFO] [stdout]   33:     0x7f275f19b338 - std::panicking::try::h4717ae7bac8b2bf3
[INFO] [stdout]                                at /rustc/53fd98ca776cb875bc9e5514f56b52eb74f9e7a9/library/std/src/panicking.rs:365:19
[INFO] [stdout]   34:     0x7f275f19b338 - std::panic::catch_unwind::h0dc8a061326ce8d8
[INFO] [stdout]                                at /rustc/53fd98ca776cb875bc9e5514f56b52eb74f9e7a9/library/std/src/panic.rs:434:14
[INFO] [stdout]   35:     0x7f275f19b338 - std::thread::Builder::spawn_unchecked::{{closure}}::haa369e2d6fd00aa1
[INFO] [stdout]                                at /rustc/53fd98ca776cb875bc9e5514f56b52eb74f9e7a9/library/std/src/thread/mod.rs:475:30
[INFO] [stdout]   36:     0x7f275f19b338 - core::ops::function::FnOnce::call_once{{vtable.shim}}::h36dcf3de8b056f17
[INFO] [stdout]                                at /rustc/53fd98ca776cb875bc9e5514f56b52eb74f9e7a9/library/core/src/ops/function.rs:227:5
[INFO] [stdout]   37:     0x7f275eea75d7 - <alloc::boxed::Box<F,A> as core::ops::function::FnOnce<Args>>::call_once::h65c29e4642be2358
[INFO] [stdout]                                at /rustc/53fd98ca776cb875bc9e5514f56b52eb74f9e7a9/library/alloc/src/boxed.rs:1572:9
[INFO] [stdout]   38:     0x7f275eea75d7 - <alloc::boxed::Box<F,A> as core::ops::function::FnOnce<Args>>::call_once::hd0f8f7fbbd9fffbf
[INFO] [stdout]                                at /rustc/53fd98ca776cb875bc9e5514f56b52eb74f9e7a9/library/alloc/src/boxed.rs:1572:9
[INFO] [stdout]   39:     0x7f275eea75d7 - std::sys::unix::thread::Thread::new::thread_start::h2fd22fee3ca77b65
[INFO] [stdout]                                at /rustc/53fd98ca776cb875bc9e5514f56b52eb74f9e7a9/library/std/src/sys/unix/thread.rs:74:17
[INFO] [stdout]   40:     0x7f275ea65609 - start_thread
[INFO] [stdout]   41:     0x7f275eba3293 - clone
[INFO] [stdout]   42:                0x0 - <unknown>
[INFO] [stdout] 
[INFO] [stdout] 
[INFO] [stdout] failures:
[INFO] [stdout]     multihash::tests::test_multihash_derive
[INFO] [stdout]     multihash::tests::test_multihash_error_code_duplicates
[INFO] [stdout]     multihash::tests::test_multihash_error_code_duplicates_numbers
[INFO] [stdout]     multihash::tests::test_multihash_error_digest_invalid_size_type
[INFO] [stdout]     multihash::tests::test_multihash_error_digest_invalid_size_type2
[INFO] [stdout]     multihash::tests::test_multihash_error_digest_without_typenum
[INFO] [stdout]     multihash::tests::test_multihash_error_no_alloc_size
[INFO] [stdout]     multihash::tests::test_multihash_error_too_small_alloc_size
[INFO] [stdout] 
[INFO] [stdout] test result: FAILED. 1 passed; 8 failed; 0 ignored; 0 measured; 0 filtered out; finished in 0.12s
[INFO] [stdout] 
[INFO] [stderr] error: test failed, to rerun pass '--lib'
[INFO] running `Command { std: "docker" "inspect" "15e522067dfa0067a61d5ce43e371b682c6dbee932a042266365dbc9d26d7436", kill_on_drop: false }`
[INFO] running `Command { std: "docker" "rm" "-f" "15e522067dfa0067a61d5ce43e371b682c6dbee932a042266365dbc9d26d7436", kill_on_drop: false }`
[INFO] [stdout] 15e522067dfa0067a61d5ce43e371b682c6dbee932a042266365dbc9d26d7436
