[INFO] fetching crate multi-default-trait-impl 0.1.2...
[INFO] testing multi-default-trait-impl-0.1.2 against 1.54.0 for beta-1.55-1
[INFO] extracting crate multi-default-trait-impl 0.1.2 into /workspace/builds/worker-2/source
[INFO] validating manifest of crates.io crate multi-default-trait-impl 0.1.2 on toolchain 1.54.0
[INFO] running `Command { std: "/workspace/cargo-home/bin/cargo" "+1.54.0" "metadata" "--manifest-path" "Cargo.toml" "--no-deps", kill_on_drop: false }`
[INFO] started tweaking crates.io crate multi-default-trait-impl 0.1.2
[INFO] finished tweaking crates.io crate multi-default-trait-impl 0.1.2
[INFO] tweaked toml for crates.io crate multi-default-trait-impl 0.1.2 written to /workspace/builds/worker-2/source/Cargo.toml
[INFO] running `Command { std: "/workspace/cargo-home/bin/cargo" "+1.54.0" "generate-lockfile" "--manifest-path" "Cargo.toml" "-Zno-index-update", kill_on_drop: false }`
[INFO] running `Command { std: "/workspace/cargo-home/bin/cargo" "+1.54.0" "fetch" "--manifest-path" "Cargo.toml", kill_on_drop: false }`
[INFO] running `Command { std: "docker" "create" "-v" "/var/lib/crater-agent-workspace/builds/worker-2/target:/opt/rustwide/target:rw,Z" "-v" "/var/lib/crater-agent-workspace/builds/worker-2/source:/opt/rustwide/workdir:ro,Z" "-v" "/var/lib/crater-agent-workspace/cargo-home:/opt/rustwide/cargo-home:ro,Z" "-v" "/var/lib/crater-agent-workspace/rustup-home:/opt/rustwide/rustup-home:ro,Z" "-e" "SOURCE_DIR=/opt/rustwide/workdir" "-e" "CARGO_TARGET_DIR=/opt/rustwide/target" "-e" "CARGO_HOME=/opt/rustwide/cargo-home" "-e" "RUSTUP_HOME=/opt/rustwide/rustup-home" "-w" "/opt/rustwide/workdir" "-m" "1610612736" "--user" "0:0" "--network" "none" "ghcr.io/rust-lang/crates-build-env/linux@sha256:34b6a614d2c27851fe6cbf88fbd1137609cefab8b10d0615aaeb6fd47975d74e" "/opt/rustwide/cargo-home/bin/cargo" "+1.54.0" "metadata" "--no-deps" "--format-version=1", kill_on_drop: false }`
[INFO] [stdout] 03708963e980f717e71cccfb11f6ad854f0f7902b98193fd48a589a6eed1c4b2
[INFO] [stderr] WARNING: Your kernel does not support swap limit capabilities or the cgroup is not mounted. Memory limited without swap.
[INFO] running `Command { std: "docker" "start" "-a" "03708963e980f717e71cccfb11f6ad854f0f7902b98193fd48a589a6eed1c4b2", kill_on_drop: false }`
[INFO] running `Command { std: "docker" "inspect" "03708963e980f717e71cccfb11f6ad854f0f7902b98193fd48a589a6eed1c4b2", kill_on_drop: false }`
[INFO] running `Command { std: "docker" "rm" "-f" "03708963e980f717e71cccfb11f6ad854f0f7902b98193fd48a589a6eed1c4b2", kill_on_drop: false }`
[INFO] [stdout] 03708963e980f717e71cccfb11f6ad854f0f7902b98193fd48a589a6eed1c4b2
[INFO] running `Command { std: "docker" "create" "-v" "/var/lib/crater-agent-workspace/builds/worker-2/target:/opt/rustwide/target:rw,Z" "-v" "/var/lib/crater-agent-workspace/builds/worker-2/source:/opt/rustwide/workdir:ro,Z" "-v" "/var/lib/crater-agent-workspace/cargo-home:/opt/rustwide/cargo-home:ro,Z" "-v" "/var/lib/crater-agent-workspace/rustup-home:/opt/rustwide/rustup-home:ro,Z" "-e" "SOURCE_DIR=/opt/rustwide/workdir" "-e" "CARGO_TARGET_DIR=/opt/rustwide/target" "-e" "CARGO_INCREMENTAL=0" "-e" "RUST_BACKTRACE=full" "-e" "RUSTFLAGS=--cap-lints=warn" "-e" "CARGO_HOME=/opt/rustwide/cargo-home" "-e" "RUSTUP_HOME=/opt/rustwide/rustup-home" "-w" "/opt/rustwide/workdir" "-m" "1610612736" "--user" "0:0" "--network" "none" "ghcr.io/rust-lang/crates-build-env/linux@sha256:34b6a614d2c27851fe6cbf88fbd1137609cefab8b10d0615aaeb6fd47975d74e" "/opt/rustwide/cargo-home/bin/cargo" "+1.54.0" "build" "--frozen" "--message-format=json", kill_on_drop: false }`
[INFO] [stdout] 8997500f1cddde00390cd1585fc6e2f1cc0f67b2f27f8ab768217cdf069390e9
[INFO] [stderr] WARNING: Your kernel does not support swap limit capabilities or the cgroup is not mounted. Memory limited without swap.
[INFO] running `Command { std: "docker" "start" "-a" "8997500f1cddde00390cd1585fc6e2f1cc0f67b2f27f8ab768217cdf069390e9", kill_on_drop: false }`
[INFO] [stderr]    Compiling multi-default-trait-impl v0.1.2 (/opt/rustwide/workdir)
[INFO] [stderr]     Finished dev [unoptimized + debuginfo] target(s) in 2.91s
[INFO] running `Command { std: "docker" "inspect" "8997500f1cddde00390cd1585fc6e2f1cc0f67b2f27f8ab768217cdf069390e9", kill_on_drop: false }`
[INFO] running `Command { std: "docker" "rm" "-f" "8997500f1cddde00390cd1585fc6e2f1cc0f67b2f27f8ab768217cdf069390e9", kill_on_drop: false }`
[INFO] [stdout] 8997500f1cddde00390cd1585fc6e2f1cc0f67b2f27f8ab768217cdf069390e9
[INFO] running `Command { std: "docker" "create" "-v" "/var/lib/crater-agent-workspace/builds/worker-2/target:/opt/rustwide/target:rw,Z" "-v" "/var/lib/crater-agent-workspace/builds/worker-2/source:/opt/rustwide/workdir:ro,Z" "-v" "/var/lib/crater-agent-workspace/cargo-home:/opt/rustwide/cargo-home:ro,Z" "-v" "/var/lib/crater-agent-workspace/rustup-home:/opt/rustwide/rustup-home:ro,Z" "-e" "SOURCE_DIR=/opt/rustwide/workdir" "-e" "CARGO_TARGET_DIR=/opt/rustwide/target" "-e" "CARGO_INCREMENTAL=0" "-e" "RUST_BACKTRACE=full" "-e" "RUSTFLAGS=--cap-lints=warn" "-e" "CARGO_HOME=/opt/rustwide/cargo-home" "-e" "RUSTUP_HOME=/opt/rustwide/rustup-home" "-w" "/opt/rustwide/workdir" "-m" "1610612736" "--user" "0:0" "--network" "none" "ghcr.io/rust-lang/crates-build-env/linux@sha256:34b6a614d2c27851fe6cbf88fbd1137609cefab8b10d0615aaeb6fd47975d74e" "/opt/rustwide/cargo-home/bin/cargo" "+1.54.0" "test" "--frozen" "--no-run" "--message-format=json", kill_on_drop: false }`
[INFO] [stdout] 8449b3db2feace73d2baf61977453b1e8e650d84b1ff80db7da48448c0bc80ed
[INFO] [stderr] WARNING: Your kernel does not support swap limit capabilities or the cgroup is not mounted. Memory limited without swap.
[INFO] running `Command { std: "docker" "start" "-a" "8449b3db2feace73d2baf61977453b1e8e650d84b1ff80db7da48448c0bc80ed", kill_on_drop: false }`
[INFO] [stderr]    Compiling multi-default-trait-impl v0.1.2 (/opt/rustwide/workdir)
[INFO] [stderr]     Finished test [unoptimized + debuginfo] target(s) in 1.10s
[INFO] running `Command { std: "docker" "inspect" "8449b3db2feace73d2baf61977453b1e8e650d84b1ff80db7da48448c0bc80ed", kill_on_drop: false }`
[INFO] running `Command { std: "docker" "rm" "-f" "8449b3db2feace73d2baf61977453b1e8e650d84b1ff80db7da48448c0bc80ed", kill_on_drop: false }`
[INFO] [stdout] 8449b3db2feace73d2baf61977453b1e8e650d84b1ff80db7da48448c0bc80ed
[INFO] running `Command { std: "docker" "create" "-v" "/var/lib/crater-agent-workspace/builds/worker-2/target:/opt/rustwide/target:rw,Z" "-v" "/var/lib/crater-agent-workspace/builds/worker-2/source:/opt/rustwide/workdir:ro,Z" "-v" "/var/lib/crater-agent-workspace/cargo-home:/opt/rustwide/cargo-home:ro,Z" "-v" "/var/lib/crater-agent-workspace/rustup-home:/opt/rustwide/rustup-home:ro,Z" "-e" "SOURCE_DIR=/opt/rustwide/workdir" "-e" "CARGO_TARGET_DIR=/opt/rustwide/target" "-e" "CARGO_INCREMENTAL=0" "-e" "RUST_BACKTRACE=full" "-e" "RUSTFLAGS=--cap-lints=warn" "-e" "CARGO_HOME=/opt/rustwide/cargo-home" "-e" "RUSTUP_HOME=/opt/rustwide/rustup-home" "-w" "/opt/rustwide/workdir" "-m" "1610612736" "--user" "0:0" "--network" "none" "ghcr.io/rust-lang/crates-build-env/linux@sha256:34b6a614d2c27851fe6cbf88fbd1137609cefab8b10d0615aaeb6fd47975d74e" "/opt/rustwide/cargo-home/bin/cargo" "+1.54.0" "test" "--frozen", kill_on_drop: false }`
[INFO] [stderr] WARNING: Your kernel does not support swap limit capabilities or the cgroup is not mounted. Memory limited without swap.
[INFO] [stdout] 013b5b4cbb8f5e4c289dc3abffa18cdf1db6002e3ed6bbc7a28b636a4c8033cf
[INFO] running `Command { std: "docker" "start" "-a" "013b5b4cbb8f5e4c289dc3abffa18cdf1db6002e3ed6bbc7a28b636a4c8033cf", kill_on_drop: false }`
[INFO] [stderr]     Finished test [unoptimized + debuginfo] target(s) in 0.02s
[INFO] [stderr]      Running unittests (/opt/rustwide/target/debug/deps/multi_default_trait_impl-f9a82418c9e63f1b)
[INFO] [stdout] 
[INFO] [stderr]    Doc-tests multi-default-trait-impl
[INFO] [stdout] running 0 tests
[INFO] [stdout] 
[INFO] [stdout] test result: ok. 0 passed; 0 failed; 0 ignored; 0 measured; 0 filtered out; finished in 0.00s
[INFO] [stdout] 
[INFO] [stdout] 
[INFO] [stdout] running 3 tests
[INFO] [stdout] test src/lib.rs - (line 14) ... FAILED
[INFO] [stdout] test src/lib.rs - (line 46) ... FAILED
[INFO] [stdout] test src/lib.rs - (line 26) ... FAILED
[INFO] [stdout] 
[INFO] [stdout] failures:
[INFO] [stdout] 
[INFO] [stdout] ---- src/lib.rs - (line 14) stdout ----
[INFO] [stdout] error: cannot find attribute `default_trait_impl` in this scope
[INFO] [stdout]  --> src/lib.rs:15:3
[INFO] [stdout]   |
[INFO] [stdout] 3 | #[default_trait_impl]
[INFO] [stdout]   |   ^^^^^^^^^^^^^^^^^^
[INFO] [stdout] 
[INFO] [stdout] error[E0405]: cannot find trait `Car` in this scope
[INFO] [stdout]  --> src/lib.rs:16:6
[INFO] [stdout]   |
[INFO] [stdout] 4 | impl Car for NewCar {
[INFO] [stdout]   |      ^^^ not found in this scope
[INFO] [stdout] 
[INFO] [stdout] error[E0412]: cannot find type `NewCar` in this scope
[INFO] [stdout]  --> src/lib.rs:16:14
[INFO] [stdout]   |
[INFO] [stdout] 4 | impl Car for NewCar {
[INFO] [stdout]   |              ^^^^^^ not found in this scope
[INFO] [stdout] 
[INFO] [stdout] error: aborting due to 3 previous errors
[INFO] [stdout] 
[INFO] [stdout] Some errors have detailed explanations: E0405, E0412.
[INFO] [stdout] For more information about an error, try `rustc --explain E0405`.
[INFO] [stdout] Couldn't compile the test.
[INFO] [stdout] ---- src/lib.rs - (line 46) stdout ----
[INFO] [stdout] error[E0425]: cannot find value `NewOldFashionedCar` in this scope
[INFO] [stdout]  --> src/lib.rs:48:16
[INFO] [stdout]   |
[INFO] [stdout] 3 |     assert_eq!(NewOldFashionedCar.get_mileage(), Some(6000));
[INFO] [stdout]   |                ^^^^^^^^^^^^^^^^^^ not found in this scope
[INFO] [stdout] 
[INFO] [stdout] error[E0425]: cannot find value `NewOldFashionedCar` in this scope
[INFO] [stdout]  --> src/lib.rs:49:16
[INFO] [stdout]   |
[INFO] [stdout] 4 |     assert_eq!(NewOldFashionedCar.has_bluetooth(), false);
[INFO] [stdout]   |                ^^^^^^^^^^^^^^^^^^ not found in this scope
[INFO] [stdout] 
[INFO] [stdout] error[E0425]: cannot find value `WellUsedNewCar` in this scope
[INFO] [stdout]  --> src/lib.rs:50:16
[INFO] [stdout]   |
[INFO] [stdout] 5 |     assert_eq!(WellUsedNewCar.get_mileage(), Some(100000));
[INFO] [stdout]   |                ^^^^^^^^^^^^^^ not found in this scope
[INFO] [stdout] 
[INFO] [stdout] error[E0425]: cannot find value `WellUsedNewCar` in this scope
[INFO] [stdout]  --> src/lib.rs:51:16
[INFO] [stdout]   |
[INFO] [stdout] 6 |     assert_eq!(WellUsedNewCar.has_bluetooth(), true);
[INFO] [stdout]   |                ^^^^^^^^^^^^^^ not found in this scope
[INFO] [stdout] 
[INFO] [stdout] error: aborting due to 4 previous errors
[INFO] [stdout] 
[INFO] [stdout] For more information about this error, try `rustc --explain E0425`.
[INFO] [stdout] Couldn't compile the test.
[INFO] [stdout] ---- src/lib.rs - (line 26) stdout ----
[INFO] [stdout] error: cannot find attribute `trait_impl` in this scope
[INFO] [stdout]   --> src/lib.rs:37:3
[INFO] [stdout]    |
[INFO] [stdout] 13 | #[trait_impl]
[INFO] [stdout]    |   ^^^^^^^^^^
[INFO] [stdout] 
[INFO] [stdout] error: cannot find attribute `trait_impl` in this scope
[INFO] [stdout]  --> src/lib.rs:29:3
[INFO] [stdout]   |
[INFO] [stdout] 5 | #[trait_impl]
[INFO] [stdout]   |   ^^^^^^^^^^
[INFO] [stdout] 
[INFO] [stdout] error[E0405]: cannot find trait `NewCar` in this scope
[INFO] [stdout]  --> src/lib.rs:30:6
[INFO] [stdout]   |
[INFO] [stdout] 6 | impl NewCar for NewOldFashionedCar {
[INFO] [stdout]   |      ^^^^^^ not found in this scope
[INFO] [stdout] 
[INFO] [stdout] error[E0405]: cannot find trait `NewCar` in this scope
[INFO] [stdout]   --> src/lib.rs:38:6
[INFO] [stdout]    |
[INFO] [stdout] 14 | impl NewCar for WellUsedNewCar {
[INFO] [stdout]    |      ^^^^^^ not found in this scope
[INFO] [stdout] 
[INFO] [stdout] error: aborting due to 4 previous errors
[INFO] [stdout] 
[INFO] [stdout] For more information about this error, try `rustc --explain E0405`.
[INFO] [stdout] Couldn't compile the test.
[INFO] [stdout] 
[INFO] [stdout] failures:
[INFO] [stdout]     src/lib.rs - (line 14)
[INFO] [stdout]     src/lib.rs - (line 26)
[INFO] [stdout]     src/lib.rs - (line 46)
[INFO] [stdout] 
[INFO] [stdout] test result: FAILED. 0 passed; 3 failed; 0 ignored; 0 measured; 0 filtered out; finished in 0.48s
[INFO] [stdout] 
[INFO] [stderr] error: test failed, to rerun pass '--doc'
[INFO] running `Command { std: "docker" "inspect" "013b5b4cbb8f5e4c289dc3abffa18cdf1db6002e3ed6bbc7a28b636a4c8033cf", kill_on_drop: false }`
[INFO] running `Command { std: "docker" "rm" "-f" "013b5b4cbb8f5e4c289dc3abffa18cdf1db6002e3ed6bbc7a28b636a4c8033cf", kill_on_drop: false }`
[INFO] [stdout] 013b5b4cbb8f5e4c289dc3abffa18cdf1db6002e3ed6bbc7a28b636a4c8033cf
