[INFO] fetching crate mt940 0.3.2...
[INFO] testing mt940-0.3.2 against 1.54.0 for beta-1.55-1
[INFO] extracting crate mt940 0.3.2 into /workspace/builds/worker-6/source
[INFO] validating manifest of crates.io crate mt940 0.3.2 on toolchain 1.54.0
[INFO] running `Command { std: "/workspace/cargo-home/bin/cargo" "+1.54.0" "metadata" "--manifest-path" "Cargo.toml" "--no-deps", kill_on_drop: false }`
[INFO] started tweaking crates.io crate mt940 0.3.2
[INFO] finished tweaking crates.io crate mt940 0.3.2
[INFO] tweaked toml for crates.io crate mt940 0.3.2 written to /workspace/builds/worker-6/source/Cargo.toml
[INFO] crate crates.io crate mt940 0.3.2 already has a lockfile, it will not be regenerated
[INFO] running `Command { std: "/workspace/cargo-home/bin/cargo" "+1.54.0" "fetch" "--manifest-path" "Cargo.toml", kill_on_drop: false }`
[INFO] [stderr]     Blocking waiting for file lock on package cache
[INFO] running `Command { std: "docker" "create" "-v" "/var/lib/crater-agent-workspace/builds/worker-6/target:/opt/rustwide/target:rw,Z" "-v" "/var/lib/crater-agent-workspace/builds/worker-6/source:/opt/rustwide/workdir:ro,Z" "-v" "/var/lib/crater-agent-workspace/cargo-home:/opt/rustwide/cargo-home:ro,Z" "-v" "/var/lib/crater-agent-workspace/rustup-home:/opt/rustwide/rustup-home:ro,Z" "-e" "SOURCE_DIR=/opt/rustwide/workdir" "-e" "CARGO_TARGET_DIR=/opt/rustwide/target" "-e" "CARGO_HOME=/opt/rustwide/cargo-home" "-e" "RUSTUP_HOME=/opt/rustwide/rustup-home" "-w" "/opt/rustwide/workdir" "-m" "1610612736" "--user" "0:0" "--network" "none" "ghcr.io/rust-lang/crates-build-env/linux@sha256:34b6a614d2c27851fe6cbf88fbd1137609cefab8b10d0615aaeb6fd47975d74e" "/opt/rustwide/cargo-home/bin/cargo" "+1.54.0" "metadata" "--no-deps" "--format-version=1", kill_on_drop: false }`
[INFO] [stdout] bd4a8d70d767bb81b011233114c69e96d8e375b3f9bd7f8e711cb40c0351ebdc
[INFO] [stderr] WARNING: Your kernel does not support swap limit capabilities or the cgroup is not mounted. Memory limited without swap.
[INFO] running `Command { std: "docker" "start" "-a" "bd4a8d70d767bb81b011233114c69e96d8e375b3f9bd7f8e711cb40c0351ebdc", kill_on_drop: false }`
[INFO] running `Command { std: "docker" "inspect" "bd4a8d70d767bb81b011233114c69e96d8e375b3f9bd7f8e711cb40c0351ebdc", kill_on_drop: false }`
[INFO] running `Command { std: "docker" "rm" "-f" "bd4a8d70d767bb81b011233114c69e96d8e375b3f9bd7f8e711cb40c0351ebdc", kill_on_drop: false }`
[INFO] [stdout] bd4a8d70d767bb81b011233114c69e96d8e375b3f9bd7f8e711cb40c0351ebdc
[INFO] running `Command { std: "docker" "create" "-v" "/var/lib/crater-agent-workspace/builds/worker-6/target:/opt/rustwide/target:rw,Z" "-v" "/var/lib/crater-agent-workspace/builds/worker-6/source:/opt/rustwide/workdir:ro,Z" "-v" "/var/lib/crater-agent-workspace/cargo-home:/opt/rustwide/cargo-home:ro,Z" "-v" "/var/lib/crater-agent-workspace/rustup-home:/opt/rustwide/rustup-home:ro,Z" "-e" "SOURCE_DIR=/opt/rustwide/workdir" "-e" "CARGO_TARGET_DIR=/opt/rustwide/target" "-e" "CARGO_INCREMENTAL=0" "-e" "RUST_BACKTRACE=full" "-e" "RUSTFLAGS=--cap-lints=warn" "-e" "CARGO_HOME=/opt/rustwide/cargo-home" "-e" "RUSTUP_HOME=/opt/rustwide/rustup-home" "-w" "/opt/rustwide/workdir" "-m" "1610612736" "--user" "0:0" "--network" "none" "ghcr.io/rust-lang/crates-build-env/linux@sha256:34b6a614d2c27851fe6cbf88fbd1137609cefab8b10d0615aaeb6fd47975d74e" "/opt/rustwide/cargo-home/bin/cargo" "+1.54.0" "build" "--frozen" "--message-format=json", kill_on_drop: false }`
[INFO] [stdout] 2af35a08f2387d02d673f58d405d1636d6d37df85d3304a58f4a465744b5ddd0
[INFO] [stderr] WARNING: Your kernel does not support swap limit capabilities or the cgroup is not mounted. Memory limited without swap.
[INFO] running `Command { std: "docker" "start" "-a" "2af35a08f2387d02d673f58d405d1636d6d37df85d3304a58f4a465744b5ddd0", kill_on_drop: false }`
[INFO] [stderr]    Compiling syn v1.0.5
[INFO] [stderr]    Compiling same-file v1.0.5
[INFO] [stderr]    Compiling strum v0.16.0
[INFO] [stderr]    Compiling deunicode v1.0.0
[INFO] [stderr]    Compiling num-traits v0.2.8
[INFO] [stderr]    Compiling num-integer v0.1.41
[INFO] [stderr]    Compiling num-bigint v0.2.3
[INFO] [stderr]    Compiling num-complex v0.2.3
[INFO] [stderr]    Compiling num-rational v0.2.2
[INFO] [stderr]    Compiling num-iter v0.1.39
[INFO] [stderr]    Compiling serde_json v1.0.40
[INFO] [stderr]    Compiling semver v0.9.0
[INFO] [stderr]    Compiling pulldown-cmark v0.2.0
[INFO] [stderr]    Compiling tempdir v0.3.7
[INFO] [stderr]    Compiling clap v2.33.0
[INFO] [stderr]    Compiling syn v0.15.44
[INFO] [stderr]    Compiling error-chain v0.12.1
[INFO] [stderr]    Compiling walkdir v2.2.9
[INFO] [stderr]    Compiling chrono v0.4.9
[INFO] [stderr]    Compiling num v0.2.0
[INFO] [stderr]    Compiling rust_decimal v1.0.3
[INFO] [stderr]    Compiling synstructure v0.10.2
[INFO] [stderr]    Compiling pest_generator v2.1.1
[INFO] [stderr]    Compiling failure_derive v0.1.5
[INFO] [stderr]    Compiling serde_derive v1.0.101
[INFO] [stderr]    Compiling pest_derive v2.1.0
[INFO] [stderr]    Compiling strum_macros v0.16.0
[INFO] [stderr]    Compiling failure v0.1.5
[INFO] [stderr]    Compiling cargo_metadata v0.6.4
[INFO] [stderr]    Compiling skeptic v0.13.4
[INFO] [stderr]    Compiling mt940 v0.3.2 (/opt/rustwide/workdir)
[INFO] [stderr]     Finished dev [unoptimized + debuginfo] target(s) in 33.00s
[INFO] running `Command { std: "docker" "inspect" "2af35a08f2387d02d673f58d405d1636d6d37df85d3304a58f4a465744b5ddd0", kill_on_drop: false }`
[INFO] running `Command { std: "docker" "rm" "-f" "2af35a08f2387d02d673f58d405d1636d6d37df85d3304a58f4a465744b5ddd0", kill_on_drop: false }`
[INFO] [stdout] 2af35a08f2387d02d673f58d405d1636d6d37df85d3304a58f4a465744b5ddd0
[INFO] running `Command { std: "docker" "create" "-v" "/var/lib/crater-agent-workspace/builds/worker-6/target:/opt/rustwide/target:rw,Z" "-v" "/var/lib/crater-agent-workspace/builds/worker-6/source:/opt/rustwide/workdir:ro,Z" "-v" "/var/lib/crater-agent-workspace/cargo-home:/opt/rustwide/cargo-home:ro,Z" "-v" "/var/lib/crater-agent-workspace/rustup-home:/opt/rustwide/rustup-home:ro,Z" "-e" "SOURCE_DIR=/opt/rustwide/workdir" "-e" "CARGO_TARGET_DIR=/opt/rustwide/target" "-e" "CARGO_INCREMENTAL=0" "-e" "RUST_BACKTRACE=full" "-e" "RUSTFLAGS=--cap-lints=warn" "-e" "CARGO_HOME=/opt/rustwide/cargo-home" "-e" "RUSTUP_HOME=/opt/rustwide/rustup-home" "-w" "/opt/rustwide/workdir" "-m" "1610612736" "--user" "0:0" "--network" "none" "ghcr.io/rust-lang/crates-build-env/linux@sha256:34b6a614d2c27851fe6cbf88fbd1137609cefab8b10d0615aaeb6fd47975d74e" "/opt/rustwide/cargo-home/bin/cargo" "+1.54.0" "test" "--frozen" "--no-run" "--message-format=json", kill_on_drop: false }`
[INFO] [stderr] WARNING: Your kernel does not support swap limit capabilities or the cgroup is not mounted. Memory limited without swap.
[INFO] [stdout] 6752a7b13599f47f05a1c24d9df18873591c02bcb2a7ae4b39d7434bb28475e9
[INFO] running `Command { std: "docker" "start" "-a" "6752a7b13599f47f05a1c24d9df18873591c02bcb2a7ae4b39d7434bb28475e9", kill_on_drop: false }`
[INFO] [stderr]     Blocking waiting for file lock on package cache
[INFO] [stderr]    Compiling regex-syntax v0.6.12
[INFO] [stderr]    Compiling bit-vec v0.5.1
[INFO] [stderr]    Compiling rand v0.6.5
[INFO] [stderr]    Compiling wait-timeout v0.2.0
[INFO] [stderr]    Compiling rustc_version v0.2.3
[INFO] [stderr]    Compiling rusty-fork v0.2.2
[INFO] [stderr]    Compiling bit-set v0.5.1
[INFO] [stderr]    Compiling rstest v0.3.0
[INFO] [stderr]    Compiling proptest v0.9.4
[INFO] [stderr]    Compiling regex v1.3.1
[INFO] [stderr]    Compiling mt940 v0.3.2 (/opt/rustwide/workdir)
[INFO] [stderr]     Finished test [unoptimized + debuginfo] target(s) in 22.50s
[INFO] running `Command { std: "docker" "inspect" "6752a7b13599f47f05a1c24d9df18873591c02bcb2a7ae4b39d7434bb28475e9", kill_on_drop: false }`
[INFO] running `Command { std: "docker" "rm" "-f" "6752a7b13599f47f05a1c24d9df18873591c02bcb2a7ae4b39d7434bb28475e9", kill_on_drop: false }`
[INFO] [stdout] 6752a7b13599f47f05a1c24d9df18873591c02bcb2a7ae4b39d7434bb28475e9
[INFO] running `Command { std: "docker" "create" "-v" "/var/lib/crater-agent-workspace/builds/worker-6/target:/opt/rustwide/target:rw,Z" "-v" "/var/lib/crater-agent-workspace/builds/worker-6/source:/opt/rustwide/workdir:ro,Z" "-v" "/var/lib/crater-agent-workspace/cargo-home:/opt/rustwide/cargo-home:ro,Z" "-v" "/var/lib/crater-agent-workspace/rustup-home:/opt/rustwide/rustup-home:ro,Z" "-e" "SOURCE_DIR=/opt/rustwide/workdir" "-e" "CARGO_TARGET_DIR=/opt/rustwide/target" "-e" "CARGO_INCREMENTAL=0" "-e" "RUST_BACKTRACE=full" "-e" "RUSTFLAGS=--cap-lints=warn" "-e" "CARGO_HOME=/opt/rustwide/cargo-home" "-e" "RUSTUP_HOME=/opt/rustwide/rustup-home" "-w" "/opt/rustwide/workdir" "-m" "1610612736" "--user" "0:0" "--network" "none" "ghcr.io/rust-lang/crates-build-env/linux@sha256:34b6a614d2c27851fe6cbf88fbd1137609cefab8b10d0615aaeb6fd47975d74e" "/opt/rustwide/cargo-home/bin/cargo" "+1.54.0" "test" "--frozen", kill_on_drop: false }`
[INFO] [stderr] WARNING: Your kernel does not support swap limit capabilities or the cgroup is not mounted. Memory limited without swap.
[INFO] [stdout] 6e39df573ceaf41b1619683d934b111fdb8eb4506e6b73672bcb2207be9e990f
[INFO] running `Command { std: "docker" "start" "-a" "6e39df573ceaf41b1619683d934b111fdb8eb4506e6b73672bcb2207be9e990f", kill_on_drop: false }`
[INFO] [stderr]     Blocking waiting for file lock on package cache
[INFO] [stderr]     Finished test [unoptimized + debuginfo] target(s) in 0.11s
[INFO] [stderr]      Running unittests (/opt/rustwide/target/debug/deps/mt940-e6fc9c81f64cc33a)
[INFO] [stdout] 
[INFO] [stdout] running 38 tests
[INFO] [stdout] test sanitizers::tests::to_swift_charset_special_char_conversions::case_01 ... ok
[INFO] [stdout] test sanitizers::tests::to_swift_charset_special_char_conversions::case_02 ... ok
[INFO] [stdout] test sanitizers::tests::to_swift_charset_sanitize_sentence ... ok
[INFO] [stdout] test sanitizers::tests::strip_stuff_between_messages_last_is_86 ... ok
[INFO] [stdout] test sanitizers::tests::to_swift_charset_special_char_conversions::case_04 ... ok
[INFO] [stdout] test sanitizers::tests::to_swift_charset_special_char_conversions::case_06 ... ok
[INFO] [stdout] test sanitizers::tests::to_swift_charset_special_char_conversions::case_05 ... ok
[INFO] [stdout] test sanitizers::tests::to_swift_charset_special_char_conversions::case_08 ... ok
[INFO] [stdout] test sanitizers::tests::to_swift_charset_special_char_conversions::case_09 ... ok
[INFO] [stdout] test sanitizers::tests::to_swift_charset_special_char_conversions::case_07 ... ok
[INFO] [stdout] test sanitizers::tests::to_swift_charset_special_char_conversions::case_10 ... ok
[INFO] [stdout] test sanitizers::tests::to_swift_charset_special_char_conversions::case_11 ... ok
[INFO] [stdout] test sanitizers::tests::strip_stuff_between_messages_success ... ok
[INFO] [stdout] test sanitizers::tests::to_swift_charset_special_char_conversions::case_13 ... ok
[INFO] [stdout] test sanitizers::tests::to_swift_charset_special_char_conversions::case_12 ... ok
[INFO] [stdout] test tag_parsers::tests::tag_60_input_specific::case_2 ... ok
[INFO] [stdout] test tag_parsers::tests::tag_60_input_specific::case_1 ... ok
[INFO] [stdout] test sanitizers::tests::to_swift_charset_special_char_conversions::case_03 ... ok
[INFO] [stdout] test tag_parsers::tests::tag_60_input_specific::case_5 ... ok
[INFO] [stdout] test tag_parsers::tests::tag_60_input_specific::case_7 ... ok
[INFO] [stdout] test tag_parsers::tests::tag_61_empty_entry_date ... ok
[INFO] [stdout] test tag_parsers::tests::tag_60_input_specific::case_6 ... ok
[INFO] [stdout] test tag_parsers::tests::tag_60_input_specific::case_3 ... ok
[INFO] [stdout] test tag_parsers::tests::tag_60_input_specific::case_8 ... ok
[INFO] [stdout] test tests::parse_mt940_fields ... ok
[INFO] [stdout] test tag_parsers::tests::tag_60_input_specific::case_4 ... ok
[INFO] [stdout] test sanitizers::tests::to_swift_charset_no_parsing_failure_after_conversion ... ok
[INFO] [stdout] test tag_parsers::tests::tag_28_input ... ok
[INFO] [stdout] test tag_parsers::tests::tag_64_input ... ok
[INFO] [stdout] test tag_parsers::tests::tag_65_input ... ok
[INFO] [stdout] test tag_parsers::tests::tag_62_input ... ok
[INFO] [stdout] test tag_parsers::tests::tag_20_input ... ok
[INFO] [stdout] test tag_parsers::tests::tag_60_input ... ok
[INFO] [stdout] test tag_parsers::tests::tag_25_input ... ok
[INFO] [stdout] test tests::dont_crash ... ok
[INFO] [stdout] test tag_parsers::tests::tag_21_input ... ok
[INFO] [stdout] test tag_parsers::tests::tag_86_input ... ok
[INFO] [stdout] test tag_parsers::tests::tag_61_input ... ok
[INFO] [stdout] 
[INFO] [stdout] test result: ok. 38 passed; 0 failed; 0 ignored; 0 measured; 0 filtered out; finished in 2.12s
[INFO] [stdout] 
[INFO] [stderr]      Running unittests (/opt/rustwide/target/debug/deps/sta2json-d906f5aa7bcd6a62)
[INFO] [stdout] 
[INFO] [stdout] running 0 tests
[INFO] [stdout] 
[INFO] [stdout] test result: ok. 0 passed; 0 failed; 0 ignored; 0 measured; 0 filtered out; finished in 0.00s
[INFO] [stdout] 
[INFO] [stderr]      Running tests/integration_tests_mt940.rs (/opt/rustwide/target/debug/deps/integration_tests_mt940-30999da46b9bdc20)
[INFO] [stdout] 
[INFO] [stdout] running 29 tests
[INFO] [stdout] test fail_invalid_utf8 ... ok
[INFO] [stdout] test fail_no_tag_20 ... ok
[INFO] [stdout] test fail_invalid_statement ... ok
[INFO] [stdout] test fail_februrary_30 ... ok
[INFO] [stdout] test fail_unexpected_tag ... ok
[INFO] [stdout] test fail_incomplete_tag_61 ... ok
[INFO] [stdout] test fail_unknown_tag ... ok
[INFO] [stdout] test fail_overly_long_details ... ok
[INFO] [stdout] test parse_mt940_statement_fail::case_1 ... ok
[INFO] [stdout] test parse_mt940_statement_success::case_2 ... ok
[INFO] [stdout] test parse_mt940_statement_fail::case_2 ... ok
[INFO] [stdout] test parse_mt940_statement_success_with_sanitation::case_06 ... ok
[INFO] [stdout] test parse_mt940_statement_success_with_sanitation::case_10 ... ok
[INFO] [stdout] test parse_mt940_statement_success::case_5 ... ok
[INFO] [stdout] test parse_mt940_statement_success_with_sanitation::case_11 ... ok
[INFO] [stdout] test parse_mt940_statement_success_with_sanitation::case_07 ... ok
[INFO] [stdout] test parse_mt940_statement_success_with_sanitation::case_12 ... ok
[INFO] [stdout] test parse_mt940_statement_success_with_sanitation::case_04 ... ok
[INFO] [stdout] test parse_mt940_statement_success_with_sanitation::case_08 ... ok
[INFO] [stdout] test parse_mt940_statement_success_with_sanitation::case_13 ... ok
[INFO] [stdout] test parse_mt940_statement_success_with_sanitation::case_05 ... ok
[INFO] [stdout] test parse_mt940_statement_success_with_sanitation::case_03 ... ok
[INFO] [stdout] test parse_mt940_statement_success_with_sanitation::case_09 ... ok
[INFO] [stdout] test parse_mt940_statement_success_with_sanitation::case_14 ... ok
[INFO] [stdout] test parse_mt940_statement_success_with_sanitation::case_02 ... ok
[INFO] [stdout] test parse_mt940_statement_success::case_4 ... ok
[INFO] [stdout] test parse_mt940_statement_success::case_3 ... ok
[INFO] [stdout] test parse_mt940_statement_success::case_1 ... ok
[INFO] [stdout] test parse_mt940_statement_success_with_sanitation::case_01 ... ok
[INFO] [stdout] 
[INFO] [stdout] test result: ok. 29 passed; 0 failed; 0 ignored; 0 measured; 0 filtered out; finished in 0.17s
[INFO] [stdout] 
[INFO] [stderr]      Running tests/skeptic.rs (/opt/rustwide/target/debug/deps/skeptic-760cd79757964438)
[INFO] [stdout] 
[INFO] [stdout] running 1 test
[INFO] [stderr] error[E0432]: unresolved import `mt940`
[INFO] [stderr]  --> /tmp/rust-skeptic.KgYNoMk2zet5/test.rs:2:5
[INFO] [stderr]   |
[INFO] [stderr] 2 | use mt940::parse_mt940;
[INFO] [stderr]   |     ^^^^^ use of undeclared crate or module `mt940`
[INFO] [stderr] 
[INFO] [stderr] error: aborting due to previous error
[INFO] [stderr] 
[INFO] [stderr] For more information about this error, try `rustc --explain E0432`.
[INFO] [stdout] test readme_sect_library_usage_example_line_28 ... FAILED
[INFO] [stdout] 
[INFO] [stdout] failures:
[INFO] [stdout] 
[INFO] [stdout] ---- readme_sect_library_usage_example_line_28 stdout ----
[INFO] [stdout] thread 'readme_sect_library_usage_example_line_28' panicked at 'Command failed:
[INFO] [stdout] "rustc" "/tmp/rust-skeptic.KgYNoMk2zet5/test.rs" "--verbose" "--crate-type=bin" "--edition=2018" "-L" "/opt/rustwide/target/debug" "-L" "/opt/rustwide/target/debug/deps" "--target" "x86_64-unknown-linux-gnu" "-o" "/tmp/rust-skeptic.KgYNoMk2zet5/out.exe"', /opt/rustwide/cargo-home/registry/src/github.com-1ecc6299db9ec823/skeptic-0.13.4/lib.rs:855:13
[INFO] [stdout] stack backtrace:
[INFO] [stdout]    0:     0x560e03d30e90 - std::backtrace_rs::backtrace::libunwind::trace::h34055254b57d8e79
[INFO] [stdout]                                at /rustc/a178d0322ce20e33eac124758e837cbd80a6f633/library/std/src/../../backtrace/src/backtrace/libunwind.rs:90:5
[INFO] [stdout]    1:     0x560e03d30e90 - std::backtrace_rs::backtrace::trace_unsynchronized::h8f1e3fbd9afff6ec
[INFO] [stdout]                                at /rustc/a178d0322ce20e33eac124758e837cbd80a6f633/library/std/src/../../backtrace/src/backtrace/mod.rs:66:5
[INFO] [stdout]    2:     0x560e03d30e90 - std::sys_common::backtrace::_print_fmt::h3a99a796b770c360
[INFO] [stdout]                                at /rustc/a178d0322ce20e33eac124758e837cbd80a6f633/library/std/src/sys_common/backtrace.rs:67:5
[INFO] [stdout]    3:     0x560e03d30e90 - <std::sys_common::backtrace::_print::DisplayBacktrace as core::fmt::Display>::fmt::h32d1f94a80615d18
[INFO] [stdout]                                at /rustc/a178d0322ce20e33eac124758e837cbd80a6f633/library/std/src/sys_common/backtrace.rs:46:22
[INFO] [stdout]    4:     0x560e03d54cec - core::fmt::write::h306731c068f7162c
[INFO] [stdout]                                at /rustc/a178d0322ce20e33eac124758e837cbd80a6f633/library/core/src/fmt/mod.rs:1110:17
[INFO] [stdout]    5:     0x560e03d2d645 - std::io::Write::write_fmt::h87f19b0a2cd190bc
[INFO] [stdout]                                at /rustc/a178d0322ce20e33eac124758e837cbd80a6f633/library/std/src/io/mod.rs:1588:15
[INFO] [stdout]    6:     0x560e03d3342b - std::sys_common::backtrace::_print::h5abaa2601a852287
[INFO] [stdout]                                at /rustc/a178d0322ce20e33eac124758e837cbd80a6f633/library/std/src/sys_common/backtrace.rs:49:5
[INFO] [stdout]    7:     0x560e03d3342b - std::sys_common::backtrace::print::h8d81445442bb638f
[INFO] [stdout]                                at /rustc/a178d0322ce20e33eac124758e837cbd80a6f633/library/std/src/sys_common/backtrace.rs:36:9
[INFO] [stdout]    8:     0x560e03d3342b - std::panicking::default_hook::{{closure}}::hcfe804496a9fa747
[INFO] [stdout]                                at /rustc/a178d0322ce20e33eac124758e837cbd80a6f633/library/std/src/panicking.rs:208:50
[INFO] [stdout]    9:     0x560e03d32f3c - std::panicking::default_hook::hbea8e3ccf2ba8901
[INFO] [stdout]                                at /rustc/a178d0322ce20e33eac124758e837cbd80a6f633/library/std/src/panicking.rs:222:9
[INFO] [stdout]   10:     0x560e03d33af4 - std::panicking::rust_panic_with_hook::h7ee9e1a2d0f8975a
[INFO] [stdout]                                at /rustc/a178d0322ce20e33eac124758e837cbd80a6f633/library/std/src/panicking.rs:622:17
[INFO] [stdout]   11:     0x560e03d335d7 - std::panicking::begin_panic_handler::{{closure}}::h8ab3b4491718b2c7
[INFO] [stdout]                                at /rustc/a178d0322ce20e33eac124758e837cbd80a6f633/library/std/src/panicking.rs:519:13
[INFO] [stdout]   12:     0x560e03d3138c - std::sys_common::backtrace::__rust_end_short_backtrace::hd489062ffa586a9f
[INFO] [stdout]                                at /rustc/a178d0322ce20e33eac124758e837cbd80a6f633/library/std/src/sys_common/backtrace.rs:141:18
[INFO] [stdout]   13:     0x560e03d33539 - rust_begin_unwind
[INFO] [stdout]                                at /rustc/a178d0322ce20e33eac124758e837cbd80a6f633/library/std/src/panicking.rs:515:5
[INFO] [stdout]   14:     0x560e03bc100b - std::panicking::begin_panic_fmt::h5479575e112541f8
[INFO] [stdout]                                at /rustc/a178d0322ce20e33eac124758e837cbd80a6f633/library/std/src/panicking.rs:457:5
[INFO] [stdout]   15:     0x560e03c036b6 - skeptic::rt::interpret_output::hddc3136fe683963b
[INFO] [stdout]                                at /opt/rustwide/cargo-home/registry/src/github.com-1ecc6299db9ec823/skeptic-0.13.4/lib.rs:855:13
[INFO] [stdout]   16:     0x560e03c02ff2 - skeptic::rt::compile_test_case::h4917de63f126cf9f
[INFO] [stdout]                                at /opt/rustwide/cargo-home/registry/src/github.com-1ecc6299db9ec823/skeptic-0.13.4/lib.rs:833:9
[INFO] [stdout]   17:     0x560e03c02065 - skeptic::rt::run_test::hd47b0fee36a4b53f
[INFO] [stdout]                                at /opt/rustwide/cargo-home/registry/src/github.com-1ecc6299db9ec823/skeptic-0.13.4/lib.rs:749:9
[INFO] [stdout]   18:     0x560e03bc22b4 - skeptic::readme_sect_library_usage_example_line_28::h7e4f81805662b05f
[INFO] [stdout]                                at /opt/rustwide/target/debug/build/mt940-b23f2effd80bf67b/out/skeptic-tests.rs:26:5
[INFO] [stdout]   19:     0x560e03bc219a - skeptic::readme_sect_library_usage_example_line_28::{{closure}}::hba928d4cac285d62
[INFO] [stdout]                                at /opt/rustwide/target/debug/build/mt940-b23f2effd80bf67b/out/skeptic-tests.rs:2:9
[INFO] [stdout]   20:     0x560e03bc250e - core::ops::function::FnOnce::call_once::hb0368dd328ea36dc
[INFO] [stdout]                                at /rustc/a178d0322ce20e33eac124758e837cbd80a6f633/library/core/src/ops/function.rs:227:5
[INFO] [stdout]   21:     0x560e03bea7c3 - core::ops::function::FnOnce::call_once::h152e7e439ff59e19
[INFO] [stdout]                                at /rustc/a178d0322ce20e33eac124758e837cbd80a6f633/library/core/src/ops/function.rs:227:5
[INFO] [stdout]   22:     0x560e03bea7c3 - test::__rust_begin_short_backtrace::h0908f3b1fdbb72ab
[INFO] [stdout]                                at /rustc/a178d0322ce20e33eac124758e837cbd80a6f633/library/test/src/lib.rs:577:5
[INFO] [stdout]   23:     0x560e03be9280 - <alloc::boxed::Box<F,A> as core::ops::function::FnOnce<Args>>::call_once::hf6d2a51e5587546c
[INFO] [stdout]                                at /rustc/a178d0322ce20e33eac124758e837cbd80a6f633/library/alloc/src/boxed.rs:1575:9
[INFO] [stdout]   24:     0x560e03be9280 - <std::panic::AssertUnwindSafe<F> as core::ops::function::FnOnce<()>>::call_once::h8af660f3a89ef593
[INFO] [stdout]                                at /rustc/a178d0322ce20e33eac124758e837cbd80a6f633/library/std/src/panic.rs:347:9
[INFO] [stdout]   25:     0x560e03be9280 - std::panicking::try::do_call::hd36aef60f84b6d36
[INFO] [stdout]                                at /rustc/a178d0322ce20e33eac124758e837cbd80a6f633/library/std/src/panicking.rs:401:40
[INFO] [stdout]   26:     0x560e03be9280 - std::panicking::try::h9932b4480e69817c
[INFO] [stdout]                                at /rustc/a178d0322ce20e33eac124758e837cbd80a6f633/library/std/src/panicking.rs:365:19
[INFO] [stdout]   27:     0x560e03be9280 - std::panic::catch_unwind::h6aa177099cfff5f8
[INFO] [stdout]                                at /rustc/a178d0322ce20e33eac124758e837cbd80a6f633/library/std/src/panic.rs:434:14
[INFO] [stdout]   28:     0x560e03be9280 - test::run_test_in_process::h5884d6f2d99e20c3
[INFO] [stdout]                                at /rustc/a178d0322ce20e33eac124758e837cbd80a6f633/library/test/src/lib.rs:600:18
[INFO] [stdout]   29:     0x560e03be9280 - test::run_test::run_test_inner::{{closure}}::h6fdc58c6d5f5b6e3
[INFO] [stdout]                                at /rustc/a178d0322ce20e33eac124758e837cbd80a6f633/library/test/src/lib.rs:492:39
[INFO] [stdout]   30:     0x560e03bc2932 - test::run_test::run_test_inner::{{closure}}::h408365d67a78ade8
[INFO] [stdout]                                at /rustc/a178d0322ce20e33eac124758e837cbd80a6f633/library/test/src/lib.rs:519:37
[INFO] [stdout]   31:     0x560e03bc2932 - std::sys_common::backtrace::__rust_begin_short_backtrace::hb560b77c4f701523
[INFO] [stdout]                                at /rustc/a178d0322ce20e33eac124758e837cbd80a6f633/library/std/src/sys_common/backtrace.rs:125:18
[INFO] [stdout]   32:     0x560e03bc64e8 - std::thread::Builder::spawn_unchecked::{{closure}}::{{closure}}::hf2e7831dad93c597
[INFO] [stdout]                                at /rustc/a178d0322ce20e33eac124758e837cbd80a6f633/library/std/src/thread/mod.rs:481:17
[INFO] [stdout]   33:     0x560e03bc64e8 - <std::panic::AssertUnwindSafe<F> as core::ops::function::FnOnce<()>>::call_once::hd2e08783d8be4d02
[INFO] [stdout]                                at /rustc/a178d0322ce20e33eac124758e837cbd80a6f633/library/std/src/panic.rs:347:9
[INFO] [stdout]   34:     0x560e03bc64e8 - std::panicking::try::do_call::h062597b7acfd6b82
[INFO] [stdout]                                at /rustc/a178d0322ce20e33eac124758e837cbd80a6f633/library/std/src/panicking.rs:401:40
[INFO] [stdout]   35:     0x560e03bc64e8 - std::panicking::try::h0d7b79db04c14552
[INFO] [stdout]                                at /rustc/a178d0322ce20e33eac124758e837cbd80a6f633/library/std/src/panicking.rs:365:19
[INFO] [stdout]   36:     0x560e03bc64e8 - std::panic::catch_unwind::hb01a0b5e7c8cd43b
[INFO] [stdout]                                at /rustc/a178d0322ce20e33eac124758e837cbd80a6f633/library/std/src/panic.rs:434:14
[INFO] [stdout]   37:     0x560e03bc64e8 - std::thread::Builder::spawn_unchecked::{{closure}}::h5bde48cc887e0d1e
[INFO] [stdout]                                at /rustc/a178d0322ce20e33eac124758e837cbd80a6f633/library/std/src/thread/mod.rs:480:30
[INFO] [stdout]   38:     0x560e03bc64e8 - core::ops::function::FnOnce::call_once{{vtable.shim}}::h745ea30807a29e55
[INFO] [stdout]                                at /rustc/a178d0322ce20e33eac124758e837cbd80a6f633/library/core/src/ops/function.rs:227:5
[INFO] [stdout]   39:     0x560e03d394e7 - <alloc::boxed::Box<F,A> as core::ops::function::FnOnce<Args>>::call_once::h7ece6cfefaff1005
[INFO] [stdout]                                at /rustc/a178d0322ce20e33eac124758e837cbd80a6f633/library/alloc/src/boxed.rs:1575:9
[INFO] [stdout]   40:     0x560e03d394e7 - <alloc::boxed::Box<F,A> as core::ops::function::FnOnce<Args>>::call_once::hb8b48e55c21f193e
[INFO] [stdout]                                at /rustc/a178d0322ce20e33eac124758e837cbd80a6f633/library/alloc/src/boxed.rs:1575:9
[INFO] [stdout]   41:     0x560e03d394e7 - std::sys::unix::thread::Thread::new::thread_start::h8c7c4450dba62914
[INFO] [stdout]                                at /rustc/a178d0322ce20e33eac124758e837cbd80a6f633/library/std/src/sys/unix/thread.rs:71:17
[INFO] [stdout]   42:     0x7f0c1cfe9609 - start_thread
[INFO] [stdout]   43:     0x7f0c1cdbb293 - clone
[INFO] [stdout]   44:                0x0 - <unknown>
[INFO] [stdout] 
[INFO] [stdout] 
[INFO] [stdout] failures:
[INFO] [stdout]     readme_sect_library_usage_example_line_28
[INFO] [stdout] 
[INFO] [stdout] test result: FAILED. 0 passed; 1 failed; 0 ignored; 0 measured; 0 filtered out; finished in 11.31s
[INFO] [stdout] 
[INFO] [stderr] error: test failed, to rerun pass '--test skeptic'
[INFO] running `Command { std: "docker" "inspect" "6e39df573ceaf41b1619683d934b111fdb8eb4506e6b73672bcb2207be9e990f", kill_on_drop: false }`
[INFO] running `Command { std: "docker" "rm" "-f" "6e39df573ceaf41b1619683d934b111fdb8eb4506e6b73672bcb2207be9e990f", kill_on_drop: false }`
[INFO] [stdout] 6e39df573ceaf41b1619683d934b111fdb8eb4506e6b73672bcb2207be9e990f
