[INFO] fetching crate msp430-rt-macros 0.2.4...
[INFO] testing msp430-rt-macros-0.2.4 against 1.54.0 for beta-1.55-1
[INFO] extracting crate msp430-rt-macros 0.2.4 into /workspace/builds/worker-1/source
[INFO] validating manifest of crates.io crate msp430-rt-macros 0.2.4 on toolchain 1.54.0
[INFO] running `Command { std: "/workspace/cargo-home/bin/cargo" "+1.54.0" "metadata" "--manifest-path" "Cargo.toml" "--no-deps", kill_on_drop: false }`
[INFO] started tweaking crates.io crate msp430-rt-macros 0.2.4
[INFO] finished tweaking crates.io crate msp430-rt-macros 0.2.4
[INFO] tweaked toml for crates.io crate msp430-rt-macros 0.2.4 written to /workspace/builds/worker-1/source/Cargo.toml
[INFO] running `Command { std: "/workspace/cargo-home/bin/cargo" "+1.54.0" "generate-lockfile" "--manifest-path" "Cargo.toml" "-Zno-index-update", kill_on_drop: false }`
[INFO] running `Command { std: "/workspace/cargo-home/bin/cargo" "+1.54.0" "fetch" "--manifest-path" "Cargo.toml", kill_on_drop: false }`
[INFO] running `Command { std: "docker" "create" "-v" "/var/lib/crater-agent-workspace/builds/worker-1/target:/opt/rustwide/target:rw,Z" "-v" "/var/lib/crater-agent-workspace/builds/worker-1/source:/opt/rustwide/workdir:ro,Z" "-v" "/var/lib/crater-agent-workspace/cargo-home:/opt/rustwide/cargo-home:ro,Z" "-v" "/var/lib/crater-agent-workspace/rustup-home:/opt/rustwide/rustup-home:ro,Z" "-e" "SOURCE_DIR=/opt/rustwide/workdir" "-e" "CARGO_TARGET_DIR=/opt/rustwide/target" "-e" "CARGO_HOME=/opt/rustwide/cargo-home" "-e" "RUSTUP_HOME=/opt/rustwide/rustup-home" "-w" "/opt/rustwide/workdir" "-m" "1610612736" "--user" "0:0" "--network" "none" "ghcr.io/rust-lang/crates-build-env/linux@sha256:34b6a614d2c27851fe6cbf88fbd1137609cefab8b10d0615aaeb6fd47975d74e" "/opt/rustwide/cargo-home/bin/cargo" "+1.54.0" "metadata" "--no-deps" "--format-version=1", kill_on_drop: false }`
[INFO] [stdout] 014dc70cfab76e16d0dc8db059966d633c465efa0d5ab9e8db680e980fe9b008
[INFO] [stderr] WARNING: Your kernel does not support swap limit capabilities or the cgroup is not mounted. Memory limited without swap.
[INFO] running `Command { std: "docker" "start" "-a" "014dc70cfab76e16d0dc8db059966d633c465efa0d5ab9e8db680e980fe9b008", kill_on_drop: false }`
[INFO] running `Command { std: "docker" "inspect" "014dc70cfab76e16d0dc8db059966d633c465efa0d5ab9e8db680e980fe9b008", kill_on_drop: false }`
[INFO] running `Command { std: "docker" "rm" "-f" "014dc70cfab76e16d0dc8db059966d633c465efa0d5ab9e8db680e980fe9b008", kill_on_drop: false }`
[INFO] [stdout] 014dc70cfab76e16d0dc8db059966d633c465efa0d5ab9e8db680e980fe9b008
[INFO] running `Command { std: "docker" "create" "-v" "/var/lib/crater-agent-workspace/builds/worker-1/target:/opt/rustwide/target:rw,Z" "-v" "/var/lib/crater-agent-workspace/builds/worker-1/source:/opt/rustwide/workdir:ro,Z" "-v" "/var/lib/crater-agent-workspace/cargo-home:/opt/rustwide/cargo-home:ro,Z" "-v" "/var/lib/crater-agent-workspace/rustup-home:/opt/rustwide/rustup-home:ro,Z" "-e" "SOURCE_DIR=/opt/rustwide/workdir" "-e" "CARGO_TARGET_DIR=/opt/rustwide/target" "-e" "CARGO_INCREMENTAL=0" "-e" "RUST_BACKTRACE=full" "-e" "RUSTFLAGS=--cap-lints=warn" "-e" "CARGO_HOME=/opt/rustwide/cargo-home" "-e" "RUSTUP_HOME=/opt/rustwide/rustup-home" "-w" "/opt/rustwide/workdir" "-m" "1610612736" "--user" "0:0" "--network" "none" "ghcr.io/rust-lang/crates-build-env/linux@sha256:34b6a614d2c27851fe6cbf88fbd1137609cefab8b10d0615aaeb6fd47975d74e" "/opt/rustwide/cargo-home/bin/cargo" "+1.54.0" "build" "--frozen" "--message-format=json", kill_on_drop: false }`
[INFO] [stdout] 5b84fb2d2035e74b4ec1ac0c8d14e0f1240287ca3b97f2b58cd8ecc51ebcd122
[INFO] [stderr] WARNING: Your kernel does not support swap limit capabilities or the cgroup is not mounted. Memory limited without swap.
[INFO] running `Command { std: "docker" "start" "-a" "5b84fb2d2035e74b4ec1ac0c8d14e0f1240287ca3b97f2b58cd8ecc51ebcd122", kill_on_drop: false }`
[INFO] [stderr]    Compiling rand v0.6.5
[INFO] [stderr]    Compiling rand_jitter v0.1.4
[INFO] [stderr]    Compiling rand_hc v0.1.0
[INFO] [stderr]    Compiling rand_isaac v0.1.1
[INFO] [stderr]    Compiling rand_xorshift v0.1.1
[INFO] [stderr]    Compiling rand_chacha v0.1.1
[INFO] [stderr]    Compiling rand_pcg v0.1.2
[INFO] [stderr]    Compiling msp430-rt-macros v0.2.4 (/opt/rustwide/workdir)
[INFO] [stderr]     Finished dev [unoptimized + debuginfo] target(s) in 4.84s
[INFO] running `Command { std: "docker" "inspect" "5b84fb2d2035e74b4ec1ac0c8d14e0f1240287ca3b97f2b58cd8ecc51ebcd122", kill_on_drop: false }`
[INFO] running `Command { std: "docker" "rm" "-f" "5b84fb2d2035e74b4ec1ac0c8d14e0f1240287ca3b97f2b58cd8ecc51ebcd122", kill_on_drop: false }`
[INFO] [stdout] 5b84fb2d2035e74b4ec1ac0c8d14e0f1240287ca3b97f2b58cd8ecc51ebcd122
[INFO] running `Command { std: "docker" "create" "-v" "/var/lib/crater-agent-workspace/builds/worker-1/target:/opt/rustwide/target:rw,Z" "-v" "/var/lib/crater-agent-workspace/builds/worker-1/source:/opt/rustwide/workdir:ro,Z" "-v" "/var/lib/crater-agent-workspace/cargo-home:/opt/rustwide/cargo-home:ro,Z" "-v" "/var/lib/crater-agent-workspace/rustup-home:/opt/rustwide/rustup-home:ro,Z" "-e" "SOURCE_DIR=/opt/rustwide/workdir" "-e" "CARGO_TARGET_DIR=/opt/rustwide/target" "-e" "CARGO_INCREMENTAL=0" "-e" "RUST_BACKTRACE=full" "-e" "RUSTFLAGS=--cap-lints=warn" "-e" "CARGO_HOME=/opt/rustwide/cargo-home" "-e" "RUSTUP_HOME=/opt/rustwide/rustup-home" "-w" "/opt/rustwide/workdir" "-m" "1610612736" "--user" "0:0" "--network" "none" "ghcr.io/rust-lang/crates-build-env/linux@sha256:34b6a614d2c27851fe6cbf88fbd1137609cefab8b10d0615aaeb6fd47975d74e" "/opt/rustwide/cargo-home/bin/cargo" "+1.54.0" "test" "--frozen" "--no-run" "--message-format=json", kill_on_drop: false }`
[INFO] [stdout] 16ea8c09156a4feeaba43a947342e831d1c24e64000ecbb16c7afc0b1b12c928
[INFO] [stderr] WARNING: Your kernel does not support swap limit capabilities or the cgroup is not mounted. Memory limited without swap.
[INFO] running `Command { std: "docker" "start" "-a" "16ea8c09156a4feeaba43a947342e831d1c24e64000ecbb16c7afc0b1b12c928", kill_on_drop: false }`
[INFO] [stderr]    Compiling msp430-rt-macros v0.2.4 (/opt/rustwide/workdir)
[INFO] [stderr]     Finished test [unoptimized + debuginfo] target(s) in 0.44s
[INFO] running `Command { std: "docker" "inspect" "16ea8c09156a4feeaba43a947342e831d1c24e64000ecbb16c7afc0b1b12c928", kill_on_drop: false }`
[INFO] running `Command { std: "docker" "rm" "-f" "16ea8c09156a4feeaba43a947342e831d1c24e64000ecbb16c7afc0b1b12c928", kill_on_drop: false }`
[INFO] [stdout] 16ea8c09156a4feeaba43a947342e831d1c24e64000ecbb16c7afc0b1b12c928
[INFO] running `Command { std: "docker" "create" "-v" "/var/lib/crater-agent-workspace/builds/worker-1/target:/opt/rustwide/target:rw,Z" "-v" "/var/lib/crater-agent-workspace/builds/worker-1/source:/opt/rustwide/workdir:ro,Z" "-v" "/var/lib/crater-agent-workspace/cargo-home:/opt/rustwide/cargo-home:ro,Z" "-v" "/var/lib/crater-agent-workspace/rustup-home:/opt/rustwide/rustup-home:ro,Z" "-e" "SOURCE_DIR=/opt/rustwide/workdir" "-e" "CARGO_TARGET_DIR=/opt/rustwide/target" "-e" "CARGO_INCREMENTAL=0" "-e" "RUST_BACKTRACE=full" "-e" "RUSTFLAGS=--cap-lints=warn" "-e" "CARGO_HOME=/opt/rustwide/cargo-home" "-e" "RUSTUP_HOME=/opt/rustwide/rustup-home" "-w" "/opt/rustwide/workdir" "-m" "1610612736" "--user" "0:0" "--network" "none" "ghcr.io/rust-lang/crates-build-env/linux@sha256:34b6a614d2c27851fe6cbf88fbd1137609cefab8b10d0615aaeb6fd47975d74e" "/opt/rustwide/cargo-home/bin/cargo" "+1.54.0" "test" "--frozen", kill_on_drop: false }`
[INFO] [stdout] 6f327f3d2a26bfb04506e3928868db37fad0614a4bc6e7c805bd306e76283cbf
[INFO] [stderr] WARNING: Your kernel does not support swap limit capabilities or the cgroup is not mounted. Memory limited without swap.
[INFO] running `Command { std: "docker" "start" "-a" "6f327f3d2a26bfb04506e3928868db37fad0614a4bc6e7c805bd306e76283cbf", kill_on_drop: false }`
[INFO] [stderr]     Finished test [unoptimized + debuginfo] target(s) in 0.01s
[INFO] [stderr]      Running unittests (/opt/rustwide/target/debug/deps/msp430_rt_macros-b7c23f46cc55fbf1)
[INFO] [stdout] 
[INFO] [stdout] running 0 tests
[INFO] [stdout] 
[INFO] [stdout] test result: ok. 0 passed; 0 failed; 0 ignored; 0 measured; 0 filtered out; finished in 0.00s
[INFO] [stdout] 
[INFO] [stderr]    Doc-tests msp430-rt-macros
[INFO] [stdout] 
[INFO] [stdout] running 5 tests
[INFO] [stdout] test src/lib.rs - interrupt (line 163) ... ignored
[INFO] [stdout] test src/lib.rs - interrupt (line 205) ... ignored
[INFO] [stdout] test src/lib.rs - entry (line 44) - compile ... ok
[INFO] [stdout] test src/lib.rs - pre_init (line 330) ... FAILED
[INFO] [stdout] test src/lib.rs - entry (line 57) - compile ... FAILED
[INFO] [stdout] 
[INFO] [stdout] failures:
[INFO] [stdout] 
[INFO] [stdout] ---- src/lib.rs - pre_init (line 330) stdout ----
[INFO] [stdout] error[E0432]: unresolved import `msp430_macros`
[INFO] [stdout]  --> src/lib.rs:331:5
[INFO] [stdout]   |
[INFO] [stdout] 2 | use msp430_macros::pre_init;
[INFO] [stdout]   |     ^^^^^^^^^^^^^ use of undeclared crate or module `msp430_macros`
[INFO] [stdout] 
[INFO] [stdout] error: cannot determine resolution for the attribute macro `pre_init`
[INFO] [stdout]  --> src/lib.rs:332:3
[INFO] [stdout]   |
[INFO] [stdout] 3 | #[pre_init]
[INFO] [stdout]   |   ^^^^^^^^
[INFO] [stdout]   |
[INFO] [stdout]   = note: import resolution is stuck, try simplifying macro imports
[INFO] [stdout] 
[INFO] [stdout] error: aborting due to 2 previous errors
[INFO] [stdout] 
[INFO] [stdout] For more information about this error, try `rustc --explain E0432`.
[INFO] [stdout] Couldn't compile the test.
[INFO] [stdout] ---- src/lib.rs - entry (line 57) stdout ----
[INFO] [stdout] error[E0432]: unresolved import `msp430_macros`
[INFO] [stdout]  --> src/lib.rs:59:5
[INFO] [stdout]   |
[INFO] [stdout] 3 | use msp430_macros::entry;
[INFO] [stdout]   |     ^^^^^^^^^^^^^ use of undeclared crate or module `msp430_macros`
[INFO] [stdout] 
[INFO] [stdout] error: cannot determine resolution for the attribute macro `entry`
[INFO] [stdout]  --> src/lib.rs:60:3
[INFO] [stdout]   |
[INFO] [stdout] 4 | #[entry]
[INFO] [stdout]   |   ^^^^^
[INFO] [stdout]   |
[INFO] [stdout]   = note: import resolution is stuck, try simplifying macro imports
[INFO] [stdout] 
[INFO] [stdout] error[E0412]: cannot find type `CriticalSection` in this scope
[INFO] [stdout]  --> src/lib.rs:61:14
[INFO] [stdout]   |
[INFO] [stdout] 5 | fn main(_cs: CriticalSection) -> ! {
[INFO] [stdout]   |              ^^^^^^^^^^^^^^^ not found in this scope
[INFO] [stdout] 
[INFO] [stdout] error[E0308]: mismatched types
[INFO] [stdout]  --> src/lib.rs:64:33
[INFO] [stdout]   |
[INFO] [stdout] 8 |     let foo: &'static mut u32 = FOO;
[INFO] [stdout]   |              ----------------   ^^^
[INFO] [stdout]   |              |                  |
[INFO] [stdout]   |              |                  expected `&mut u32`, found `u32`
[INFO] [stdout]   |              |                  help: consider mutably borrowing here: `&mut FOO`
[INFO] [stdout]   |              expected due to this
[INFO] [stdout] 
[INFO] [stdout] error: aborting due to 4 previous errors
[INFO] [stdout] 
[INFO] [stdout] Some errors have detailed explanations: E0308, E0412, E0432.
[INFO] [stdout] For more information about an error, try `rustc --explain E0308`.
[INFO] [stdout] Couldn't compile the test.
[INFO] [stdout] 
[INFO] [stdout] failures:
[INFO] [stdout]     src/lib.rs - entry (line 57)
[INFO] [stdout]     src/lib.rs - pre_init (line 330)
[INFO] [stdout] 
[INFO] [stdout] test result: FAILED. 1 passed; 2 failed; 2 ignored; 0 measured; 0 filtered out; finished in 0.24s
[INFO] [stdout] 
[INFO] [stderr] error: test failed, to rerun pass '--doc'
[INFO] running `Command { std: "docker" "inspect" "6f327f3d2a26bfb04506e3928868db37fad0614a4bc6e7c805bd306e76283cbf", kill_on_drop: false }`
[INFO] running `Command { std: "docker" "rm" "-f" "6f327f3d2a26bfb04506e3928868db37fad0614a4bc6e7c805bd306e76283cbf", kill_on_drop: false }`
[INFO] [stdout] 6f327f3d2a26bfb04506e3928868db37fad0614a4bc6e7c805bd306e76283cbf
