[INFO] fetching crate msi 0.3.0...
[INFO] testing msi-0.3.0 against 1.54.0 for beta-1.55-1
[INFO] extracting crate msi 0.3.0 into /workspace/builds/worker-5/source
[INFO] validating manifest of crates.io crate msi 0.3.0 on toolchain 1.54.0
[INFO] running `Command { std: "/workspace/cargo-home/bin/cargo" "+1.54.0" "metadata" "--manifest-path" "Cargo.toml" "--no-deps", kill_on_drop: false }`
[INFO] started tweaking crates.io crate msi 0.3.0
[INFO] finished tweaking crates.io crate msi 0.3.0
[INFO] tweaked toml for crates.io crate msi 0.3.0 written to /workspace/builds/worker-5/source/Cargo.toml
[INFO] crate crates.io crate msi 0.3.0 already has a lockfile, it will not be regenerated
[INFO] running `Command { std: "/workspace/cargo-home/bin/cargo" "+1.54.0" "fetch" "--manifest-path" "Cargo.toml", kill_on_drop: false }`
[INFO] running `Command { std: "docker" "create" "-v" "/var/lib/crater-agent-workspace/builds/worker-5/target:/opt/rustwide/target:rw,Z" "-v" "/var/lib/crater-agent-workspace/builds/worker-5/source:/opt/rustwide/workdir:ro,Z" "-v" "/var/lib/crater-agent-workspace/cargo-home:/opt/rustwide/cargo-home:ro,Z" "-v" "/var/lib/crater-agent-workspace/rustup-home:/opt/rustwide/rustup-home:ro,Z" "-e" "SOURCE_DIR=/opt/rustwide/workdir" "-e" "CARGO_TARGET_DIR=/opt/rustwide/target" "-e" "CARGO_HOME=/opt/rustwide/cargo-home" "-e" "RUSTUP_HOME=/opt/rustwide/rustup-home" "-w" "/opt/rustwide/workdir" "-m" "1610612736" "--user" "0:0" "--network" "none" "ghcr.io/rust-lang/crates-build-env/linux@sha256:34b6a614d2c27851fe6cbf88fbd1137609cefab8b10d0615aaeb6fd47975d74e" "/opt/rustwide/cargo-home/bin/cargo" "+1.54.0" "metadata" "--no-deps" "--format-version=1", kill_on_drop: false }`
[INFO] [stdout] 00c6304c1ad6ce798b162c702e1fa57498fb852b9a61b84db026cc7200425a00
[INFO] [stderr] WARNING: Your kernel does not support swap limit capabilities or the cgroup is not mounted. Memory limited without swap.
[INFO] running `Command { std: "docker" "start" "-a" "00c6304c1ad6ce798b162c702e1fa57498fb852b9a61b84db026cc7200425a00", kill_on_drop: false }`
[INFO] running `Command { std: "docker" "inspect" "00c6304c1ad6ce798b162c702e1fa57498fb852b9a61b84db026cc7200425a00", kill_on_drop: false }`
[INFO] running `Command { std: "docker" "rm" "-f" "00c6304c1ad6ce798b162c702e1fa57498fb852b9a61b84db026cc7200425a00", kill_on_drop: false }`
[INFO] [stdout] 00c6304c1ad6ce798b162c702e1fa57498fb852b9a61b84db026cc7200425a00
[INFO] running `Command { std: "docker" "create" "-v" "/var/lib/crater-agent-workspace/builds/worker-5/target:/opt/rustwide/target:rw,Z" "-v" "/var/lib/crater-agent-workspace/builds/worker-5/source:/opt/rustwide/workdir:ro,Z" "-v" "/var/lib/crater-agent-workspace/cargo-home:/opt/rustwide/cargo-home:ro,Z" "-v" "/var/lib/crater-agent-workspace/rustup-home:/opt/rustwide/rustup-home:ro,Z" "-e" "SOURCE_DIR=/opt/rustwide/workdir" "-e" "CARGO_TARGET_DIR=/opt/rustwide/target" "-e" "CARGO_INCREMENTAL=0" "-e" "RUST_BACKTRACE=full" "-e" "RUSTFLAGS=--cap-lints=warn" "-e" "CARGO_HOME=/opt/rustwide/cargo-home" "-e" "RUSTUP_HOME=/opt/rustwide/rustup-home" "-w" "/opt/rustwide/workdir" "-m" "1610612736" "--user" "0:0" "--network" "none" "ghcr.io/rust-lang/crates-build-env/linux@sha256:34b6a614d2c27851fe6cbf88fbd1137609cefab8b10d0615aaeb6fd47975d74e" "/opt/rustwide/cargo-home/bin/cargo" "+1.54.0" "build" "--frozen" "--message-format=json", kill_on_drop: false }`
[INFO] [stdout] b12a4b23d6627a866c9ee6e0912ba8bf00acf4747abef9e89bd9a04fdd094ed3
[INFO] [stderr] WARNING: Your kernel does not support swap limit capabilities or the cgroup is not mounted. Memory limited without swap.
[INFO] running `Command { std: "docker" "start" "-a" "b12a4b23d6627a866c9ee6e0912ba8bf00acf4747abef9e89bd9a04fdd094ed3", kill_on_drop: false }`
[INFO] [stderr]    Compiling encoding_index_tests v0.1.4
[INFO] [stderr]    Compiling uuid v0.8.1
[INFO] [stderr]    Compiling encoding-index-simpchinese v1.20141219.5
[INFO] [stderr]    Compiling encoding-index-tradchinese v1.20141219.5
[INFO] [stderr]    Compiling encoding-index-singlebyte v1.20141219.5
[INFO] [stderr]    Compiling encoding-index-korean v1.20141219.5
[INFO] [stderr]    Compiling encoding-index-japanese v1.20141219.5
[INFO] [stderr]    Compiling cfb v0.4.0
[INFO] [stderr]    Compiling encoding v0.2.33
[INFO] [stderr]    Compiling msi v0.3.0 (/opt/rustwide/workdir)
[INFO] [stderr]     Finished dev [unoptimized + debuginfo] target(s) in 4.63s
[INFO] running `Command { std: "docker" "inspect" "b12a4b23d6627a866c9ee6e0912ba8bf00acf4747abef9e89bd9a04fdd094ed3", kill_on_drop: false }`
[INFO] running `Command { std: "docker" "rm" "-f" "b12a4b23d6627a866c9ee6e0912ba8bf00acf4747abef9e89bd9a04fdd094ed3", kill_on_drop: false }`
[INFO] [stdout] b12a4b23d6627a866c9ee6e0912ba8bf00acf4747abef9e89bd9a04fdd094ed3
[INFO] running `Command { std: "docker" "create" "-v" "/var/lib/crater-agent-workspace/builds/worker-5/target:/opt/rustwide/target:rw,Z" "-v" "/var/lib/crater-agent-workspace/builds/worker-5/source:/opt/rustwide/workdir:ro,Z" "-v" "/var/lib/crater-agent-workspace/cargo-home:/opt/rustwide/cargo-home:ro,Z" "-v" "/var/lib/crater-agent-workspace/rustup-home:/opt/rustwide/rustup-home:ro,Z" "-e" "SOURCE_DIR=/opt/rustwide/workdir" "-e" "CARGO_TARGET_DIR=/opt/rustwide/target" "-e" "CARGO_INCREMENTAL=0" "-e" "RUST_BACKTRACE=full" "-e" "RUSTFLAGS=--cap-lints=warn" "-e" "CARGO_HOME=/opt/rustwide/cargo-home" "-e" "RUSTUP_HOME=/opt/rustwide/rustup-home" "-w" "/opt/rustwide/workdir" "-m" "1610612736" "--user" "0:0" "--network" "none" "ghcr.io/rust-lang/crates-build-env/linux@sha256:34b6a614d2c27851fe6cbf88fbd1137609cefab8b10d0615aaeb6fd47975d74e" "/opt/rustwide/cargo-home/bin/cargo" "+1.54.0" "test" "--frozen" "--no-run" "--message-format=json", kill_on_drop: false }`
[INFO] [stdout] 5e0954190809b03dd2a50de658c81862084420d391c684e55698a487c64b4e13
[INFO] [stderr] WARNING: Your kernel does not support swap limit capabilities or the cgroup is not mounted. Memory limited without swap.
[INFO] running `Command { std: "docker" "start" "-a" "5e0954190809b03dd2a50de658c81862084420d391c684e55698a487c64b4e13", kill_on_drop: false }`
[INFO] [stderr]    Compiling syn v1.0.50
[INFO] [stderr]    Compiling pest_generator v2.1.3
[INFO] [stderr]    Compiling pest_derive v2.1.0
[INFO] [stderr]    Compiling msi v0.3.0 (/opt/rustwide/workdir)
[INFO] [stderr]     Finished test [unoptimized + debuginfo] target(s) in 26.73s
[INFO] running `Command { std: "docker" "inspect" "5e0954190809b03dd2a50de658c81862084420d391c684e55698a487c64b4e13", kill_on_drop: false }`
[INFO] running `Command { std: "docker" "rm" "-f" "5e0954190809b03dd2a50de658c81862084420d391c684e55698a487c64b4e13", kill_on_drop: false }`
[INFO] [stdout] 5e0954190809b03dd2a50de658c81862084420d391c684e55698a487c64b4e13
[INFO] running `Command { std: "docker" "create" "-v" "/var/lib/crater-agent-workspace/builds/worker-5/target:/opt/rustwide/target:rw,Z" "-v" "/var/lib/crater-agent-workspace/builds/worker-5/source:/opt/rustwide/workdir:ro,Z" "-v" "/var/lib/crater-agent-workspace/cargo-home:/opt/rustwide/cargo-home:ro,Z" "-v" "/var/lib/crater-agent-workspace/rustup-home:/opt/rustwide/rustup-home:ro,Z" "-e" "SOURCE_DIR=/opt/rustwide/workdir" "-e" "CARGO_TARGET_DIR=/opt/rustwide/target" "-e" "CARGO_INCREMENTAL=0" "-e" "RUST_BACKTRACE=full" "-e" "RUSTFLAGS=--cap-lints=warn" "-e" "CARGO_HOME=/opt/rustwide/cargo-home" "-e" "RUSTUP_HOME=/opt/rustwide/rustup-home" "-w" "/opt/rustwide/workdir" "-m" "1610612736" "--user" "0:0" "--network" "none" "ghcr.io/rust-lang/crates-build-env/linux@sha256:34b6a614d2c27851fe6cbf88fbd1137609cefab8b10d0615aaeb6fd47975d74e" "/opt/rustwide/cargo-home/bin/cargo" "+1.54.0" "test" "--frozen", kill_on_drop: false }`
[INFO] [stdout] c7e3546d662783c29bbf0fe3710b73d66e21d6b6c6147802a661d2f7ce4d4611
[INFO] [stderr] WARNING: Your kernel does not support swap limit capabilities or the cgroup is not mounted. Memory limited without swap.
[INFO] running `Command { std: "docker" "start" "-a" "c7e3546d662783c29bbf0fe3710b73d66e21d6b6c6147802a661d2f7ce4d4611", kill_on_drop: false }`
[INFO] [stderr]     Finished test [unoptimized + debuginfo] target(s) in 0.04s
[INFO] [stderr]      Running unittests (/opt/rustwide/target/debug/deps/msi-145a7d069705a0b4)
[INFO] [stdout] 
[INFO] [stdout] running 58 tests
[INFO] [stdout] test internal::codepage::tests::decoding_error ... ok
[INFO] [stdout] test internal::category::tests::category_string_round_trip ... ok
[INFO] [stdout] test internal::codepage::tests::decode_string ... ok
[INFO] [stdout] test internal::codepage::tests::encoding_error ... ok
[INFO] [stdout] test internal::codepage::tests::encode_string ... ok
[INFO] [stdout] test internal::codepage::tests::id_round_trip ... ok
[INFO] [stdout] test internal::column::tests::read_column_value ... ok
[INFO] [stdout] test internal::column::tests::valid_column_name ... ok
[INFO] [stdout] test internal::column::tests::write_column_value ... ok
[INFO] [stdout] test internal::column::tests::valid_column_value ... ok
[INFO] [stdout] test internal::expr::tests::constant_folding ... ok
[INFO] [stdout] test internal::expr::tests::column_names ... ok
[INFO] [stdout] test internal::language::tests::lang_codes_are_sorted ... ok
[INFO] [stdout] test internal::expr::tests::display ... ok
[INFO] [stdout] test internal::expr::tests::evaluate ... ok
[INFO] [stdout] test internal::language::tests::lang_tags_are_unique ... ok
[INFO] [stdout] test internal::language::tests::sublang_codes_are_sorted ... ok
[INFO] [stdout] test internal::language::tests::lang_codes_are_unique ... ok
[INFO] [stdout] test internal::language::tests::sublang_tags_start_with_lang_tag ... ok
[INFO] [stdout] test internal::propset::tests::read_property_set ... ok
[INFO] [stdout] test internal::propset::tests::write_property_set ... ok
[INFO] [stdout] test internal::propset::tests::write_property_value ... ok
[INFO] [stdout] test internal::query::tests::display_insert ... ok
[INFO] [stdout] test internal::query::tests::display_update ... ok
[INFO] [stdout] test internal::streamname::tests::decode_stream_name ... ok
[INFO] [stdout] test internal::query::tests::display_select ... ok
[INFO] [stdout] test internal::query::tests::display_delete ... ok
[INFO] [stdout] test internal::language::tests::sublang_tags_are_unique ... ok
[INFO] [stdout] test internal::streamname::tests::encode_stream_name ... ok
[INFO] [stdout] test internal::streamname::tests::is_valid_stream_name ... ok
[INFO] [stdout] test internal::streamname::tests::to_from_b64 ... ok
[INFO] [stdout] test internal::language::tests::sublang_codes_are_unique ... ok
[INFO] [stdout] test internal::stringpool::tests::build_string_pool ... ok
[INFO] [stdout] test internal::stringpool::tests::long_string_refs ... ok
[INFO] [stdout] test internal::stringpool::tests::max_refcount ... ok
[INFO] [stdout] test internal::stringpool::tests::new_string_pool ... ok
[INFO] [stdout] test internal::propset::tests::read_property_value ... ok
[INFO] [stdout] test internal::stringpool::tests::read_string_ref ... ok
[INFO] [stdout] test internal::stringpool::tests::repeated_string ... ok
[INFO] [stdout] test internal::stringpool::tests::write_string_ref ... ok
[INFO] [stdout] test internal::table::tests::valid_table_name ... ok
[INFO] [stdout] test internal::time::tests::from_system_time ... ok
[INFO] [stdout] test internal::value::tests::format_value ... ok
[INFO] [stdout] test internal::time::tests::to_system_time ... ok
[INFO] [stdout] test internal::value::tests::value_from ... ok
[INFO] [stdout] test internal::stringpool::tests::write_string_pool ... ok
[INFO] [stdout] test internal::stringpool::tests::reuse_entries ... ok
[INFO] [stdout] test internal::stringpool::tests::string_over_64k ... ok
[INFO] [stdout] test internal::package::tests::select_rows ... ok
[INFO] [stdout] test internal::package::tests::join_tables ... ok
[INFO] [stdout] test internal::package::tests::update_rows ... ok
[INFO] [stdout] test internal::package::tests::insert_rows ... ok
[INFO] [stdout] test internal::package::tests::set_database_codepage ... ok
[INFO] [stdout] test internal::value::tests::create_value_ref ... ok
[INFO] [stdout] test internal::summary::tests::set_properties ... ok
[INFO] [stdout] test internal::summary::tests::template_property ... ok
[INFO] [stdout] test internal::propset::tests::property_value_round_trip ... FAILED
[INFO] [stdout] test internal::stringpool::tests::invalid_codepage - should panic ... ok
[INFO] [stdout] 
[INFO] [stdout] failures:
[INFO] [stdout] 
[INFO] [stdout] ---- internal::propset::tests::property_value_round_trip stdout ----
[INFO] [stdout] thread 'internal::propset::tests::property_value_round_trip' panicked at 'assertion failed: `(left == right)`
[INFO] [stdout]   left: `FileTime(SystemTime { tv_sec: 1628323942, tv_nsec: 869019300 })`,
[INFO] [stdout]  right: `FileTime(SystemTime { tv_sec: 1628323942, tv_nsec: 869019393 })`', src/internal/propset.rs:508:13
[INFO] [stdout] stack backtrace:
[INFO] [stdout]    0:     0x5560e5021550 - std::backtrace_rs::backtrace::libunwind::trace::h34055254b57d8e79
[INFO] [stdout]                                at /rustc/a178d0322ce20e33eac124758e837cbd80a6f633/library/std/src/../../backtrace/src/backtrace/libunwind.rs:90:5
[INFO] [stdout]    1:     0x5560e5021550 - std::backtrace_rs::backtrace::trace_unsynchronized::h8f1e3fbd9afff6ec
[INFO] [stdout]                                at /rustc/a178d0322ce20e33eac124758e837cbd80a6f633/library/std/src/../../backtrace/src/backtrace/mod.rs:66:5
[INFO] [stdout]    2:     0x5560e5021550 - std::sys_common::backtrace::_print_fmt::h3a99a796b770c360
[INFO] [stdout]                                at /rustc/a178d0322ce20e33eac124758e837cbd80a6f633/library/std/src/sys_common/backtrace.rs:67:5
[INFO] [stdout]    3:     0x5560e5021550 - <std::sys_common::backtrace::_print::DisplayBacktrace as core::fmt::Display>::fmt::h32d1f94a80615d18
[INFO] [stdout]                                at /rustc/a178d0322ce20e33eac124758e837cbd80a6f633/library/std/src/sys_common/backtrace.rs:46:22
[INFO] [stdout]    4:     0x5560e50440ec - core::fmt::write::h306731c068f7162c
[INFO] [stdout]                                at /rustc/a178d0322ce20e33eac124758e837cbd80a6f633/library/core/src/fmt/mod.rs:1110:17
[INFO] [stdout]    5:     0x5560e501e255 - std::io::Write::write_fmt::h87f19b0a2cd190bc
[INFO] [stdout]                                at /rustc/a178d0322ce20e33eac124758e837cbd80a6f633/library/std/src/io/mod.rs:1588:15
[INFO] [stdout]    6:     0x5560e50236bb - std::sys_common::backtrace::_print::h5abaa2601a852287
[INFO] [stdout]                                at /rustc/a178d0322ce20e33eac124758e837cbd80a6f633/library/std/src/sys_common/backtrace.rs:49:5
[INFO] [stdout]    7:     0x5560e50236bb - std::sys_common::backtrace::print::h8d81445442bb638f
[INFO] [stdout]                                at /rustc/a178d0322ce20e33eac124758e837cbd80a6f633/library/std/src/sys_common/backtrace.rs:36:9
[INFO] [stdout]    8:     0x5560e50236bb - std::panicking::default_hook::{{closure}}::hcfe804496a9fa747
[INFO] [stdout]                                at /rustc/a178d0322ce20e33eac124758e837cbd80a6f633/library/std/src/panicking.rs:208:50
[INFO] [stdout]    9:     0x5560e50231cc - std::panicking::default_hook::hbea8e3ccf2ba8901
[INFO] [stdout]                                at /rustc/a178d0322ce20e33eac124758e837cbd80a6f633/library/std/src/panicking.rs:222:9
[INFO] [stdout]   10:     0x5560e5023d84 - std::panicking::rust_panic_with_hook::h7ee9e1a2d0f8975a
[INFO] [stdout]                                at /rustc/a178d0322ce20e33eac124758e837cbd80a6f633/library/std/src/panicking.rs:622:17
[INFO] [stdout]   11:     0x5560e5023867 - std::panicking::begin_panic_handler::{{closure}}::h8ab3b4491718b2c7
[INFO] [stdout]                                at /rustc/a178d0322ce20e33eac124758e837cbd80a6f633/library/std/src/panicking.rs:519:13
[INFO] [stdout]   12:     0x5560e5021a4c - std::sys_common::backtrace::__rust_end_short_backtrace::hd489062ffa586a9f
[INFO] [stdout]                                at /rustc/a178d0322ce20e33eac124758e837cbd80a6f633/library/std/src/sys_common/backtrace.rs:141:18
[INFO] [stdout]   13:     0x5560e50237c9 - rust_begin_unwind
[INFO] [stdout]                                at /rustc/a178d0322ce20e33eac124758e837cbd80a6f633/library/std/src/panicking.rs:515:5
[INFO] [stdout]   14:     0x5560e4e67651 - core::panicking::panic_fmt::hca6330e3e14086b4
[INFO] [stdout]                                at /rustc/a178d0322ce20e33eac124758e837cbd80a6f633/library/core/src/panicking.rs:92:14
[INFO] [stdout]   15:     0x5560e50429d8 - core::panicking::assert_failed_inner::h33b45280069a80ed
[INFO] [stdout]   16:     0x5560e4f65eba - core::panicking::assert_failed::hcca6a498d0061ccc
[INFO] [stdout]                                at /rustc/a178d0322ce20e33eac124758e837cbd80a6f633/library/core/src/panicking.rs:117:5
[INFO] [stdout]   17:     0x5560e4f19209 - msi::internal::propset::tests::property_value_round_trip::hc91eb918e52d4cbc
[INFO] [stdout]                                at /opt/rustwide/workdir/src/internal/propset.rs:508:13
[INFO] [stdout]   18:     0x5560e4f18ada - msi::internal::propset::tests::property_value_round_trip::{{closure}}::hbe8662a553ed9665
[INFO] [stdout]                                at /opt/rustwide/workdir/src/internal/propset.rs:487:5
[INFO] [stdout]   19:     0x5560e4f8cd9e - core::ops::function::FnOnce::call_once::h291f3df3169ef3fa
[INFO] [stdout]                                at /rustc/a178d0322ce20e33eac124758e837cbd80a6f633/library/core/src/ops/function.rs:227:5
[INFO] [stdout]   20:     0x5560e4fc7863 - core::ops::function::FnOnce::call_once::h152e7e439ff59e19
[INFO] [stdout]                                at /rustc/a178d0322ce20e33eac124758e837cbd80a6f633/library/core/src/ops/function.rs:227:5
[INFO] [stdout]   21:     0x5560e4fc7863 - test::__rust_begin_short_backtrace::h0908f3b1fdbb72ab
[INFO] [stdout]                                at /rustc/a178d0322ce20e33eac124758e837cbd80a6f633/library/test/src/lib.rs:577:5
[INFO] [stdout]   22:     0x5560e4fc6320 - <alloc::boxed::Box<F,A> as core::ops::function::FnOnce<Args>>::call_once::hf6d2a51e5587546c
[INFO] [stdout]                                at /rustc/a178d0322ce20e33eac124758e837cbd80a6f633/library/alloc/src/boxed.rs:1575:9
[INFO] [stdout]   23:     0x5560e4fc6320 - <std::panic::AssertUnwindSafe<F> as core::ops::function::FnOnce<()>>::call_once::h8af660f3a89ef593
[INFO] [stdout]                                at /rustc/a178d0322ce20e33eac124758e837cbd80a6f633/library/std/src/panic.rs:347:9
[INFO] [stdout]   24:     0x5560e4fc6320 - std::panicking::try::do_call::hd36aef60f84b6d36
[INFO] [stdout]                                at /rustc/a178d0322ce20e33eac124758e837cbd80a6f633/library/std/src/panicking.rs:401:40
[INFO] [stdout]   25:     0x5560e4fc6320 - std::panicking::try::h9932b4480e69817c
[INFO] [stdout]                                at /rustc/a178d0322ce20e33eac124758e837cbd80a6f633/library/std/src/panicking.rs:365:19
[INFO] [stdout]   26:     0x5560e4fc6320 - std::panic::catch_unwind::h6aa177099cfff5f8
[INFO] [stdout]                                at /rustc/a178d0322ce20e33eac124758e837cbd80a6f633/library/std/src/panic.rs:434:14
[INFO] [stdout]   27:     0x5560e4fc6320 - test::run_test_in_process::h5884d6f2d99e20c3
[INFO] [stdout]                                at /rustc/a178d0322ce20e33eac124758e837cbd80a6f633/library/test/src/lib.rs:600:18
[INFO] [stdout]   28:     0x5560e4fc6320 - test::run_test::run_test_inner::{{closure}}::h6fdc58c6d5f5b6e3
[INFO] [stdout]                                at /rustc/a178d0322ce20e33eac124758e837cbd80a6f633/library/test/src/lib.rs:492:39
[INFO] [stdout]   29:     0x5560e4f9f9d2 - test::run_test::run_test_inner::{{closure}}::h408365d67a78ade8
[INFO] [stdout]                                at /rustc/a178d0322ce20e33eac124758e837cbd80a6f633/library/test/src/lib.rs:519:37
[INFO] [stdout]   30:     0x5560e4f9f9d2 - std::sys_common::backtrace::__rust_begin_short_backtrace::hb560b77c4f701523
[INFO] [stdout]                                at /rustc/a178d0322ce20e33eac124758e837cbd80a6f633/library/std/src/sys_common/backtrace.rs:125:18
[INFO] [stdout]   31:     0x5560e4fa3588 - std::thread::Builder::spawn_unchecked::{{closure}}::{{closure}}::hf2e7831dad93c597
[INFO] [stdout]                                at /rustc/a178d0322ce20e33eac124758e837cbd80a6f633/library/std/src/thread/mod.rs:481:17
[INFO] [stdout]   32:     0x5560e4fa3588 - <std::panic::AssertUnwindSafe<F> as core::ops::function::FnOnce<()>>::call_once::hd2e08783d8be4d02
[INFO] [stdout]                                at /rustc/a178d0322ce20e33eac124758e837cbd80a6f633/library/std/src/panic.rs:347:9
[INFO] [stdout]   33:     0x5560e4fa3588 - std::panicking::try::do_call::h062597b7acfd6b82
[INFO] [stdout]                                at /rustc/a178d0322ce20e33eac124758e837cbd80a6f633/library/std/src/panicking.rs:401:40
[INFO] [stdout]   34:     0x5560e4fa3588 - std::panicking::try::h0d7b79db04c14552
[INFO] [stdout]                                at /rustc/a178d0322ce20e33eac124758e837cbd80a6f633/library/std/src/panicking.rs:365:19
[INFO] [stdout]   35:     0x5560e4fa3588 - std::panic::catch_unwind::hb01a0b5e7c8cd43b
[INFO] [stdout]                                at /rustc/a178d0322ce20e33eac124758e837cbd80a6f633/library/std/src/panic.rs:434:14
[INFO] [stdout]   36:     0x5560e4fa3588 - std::thread::Builder::spawn_unchecked::{{closure}}::h5bde48cc887e0d1e
[INFO] [stdout]                                at /rustc/a178d0322ce20e33eac124758e837cbd80a6f633/library/std/src/thread/mod.rs:480:30
[INFO] [stdout]   37:     0x5560e4fa3588 - core::ops::function::FnOnce::call_once{{vtable.shim}}::h745ea30807a29e55
[INFO] [stdout]                                at /rustc/a178d0322ce20e33eac124758e837cbd80a6f633/library/core/src/ops/function.rs:227:5
[INFO] [stdout]   38:     0x5560e5028847 - <alloc::boxed::Box<F,A> as core::ops::function::FnOnce<Args>>::call_once::h7ece6cfefaff1005
[INFO] [stdout]                                at /rustc/a178d0322ce20e33eac124758e837cbd80a6f633/library/alloc/src/boxed.rs:1575:9
[INFO] [stdout]   39:     0x5560e5028847 - <alloc::boxed::Box<F,A> as core::ops::function::FnOnce<Args>>::call_once::hb8b48e55c21f193e
[INFO] [stdout]                                at /rustc/a178d0322ce20e33eac124758e837cbd80a6f633/library/alloc/src/boxed.rs:1575:9
[INFO] [stdout]   40:     0x5560e5028847 - std::sys::unix::thread::Thread::new::thread_start::h8c7c4450dba62914
[INFO] [stdout]                                at /rustc/a178d0322ce20e33eac124758e837cbd80a6f633/library/std/src/sys/unix/thread.rs:71:17
[INFO] [stdout]   41:     0x7fbc6caec609 - start_thread
[INFO] [stdout]   42:     0x7fbc6c8be293 - clone
[INFO] [stdout]   43:                0x0 - <unknown>
[INFO] [stdout] 
[INFO] [stdout] 
[INFO] [stdout] failures:
[INFO] [stdout]     internal::propset::tests::property_value_round_trip
[INFO] [stdout] 
[INFO] [stdout] test result: FAILED. 57 passed; 1 failed; 0 ignored; 0 measured; 0 filtered out; finished in 0.02s
[INFO] [stdout] 
[INFO] [stderr] error: test failed, to rerun pass '--lib'
[INFO] running `Command { std: "docker" "inspect" "c7e3546d662783c29bbf0fe3710b73d66e21d6b6c6147802a661d2f7ce4d4611", kill_on_drop: false }`
[INFO] running `Command { std: "docker" "rm" "-f" "c7e3546d662783c29bbf0fe3710b73d66e21d6b6c6147802a661d2f7ce4d4611", kill_on_drop: false }`
[INFO] [stdout] c7e3546d662783c29bbf0fe3710b73d66e21d6b6c6147802a661d2f7ce4d4611
