[INFO] fetching crate mrusta 0.0.1...
[INFO] testing mrusta-0.0.1 against 1.54.0 for beta-1.55-1
[INFO] extracting crate mrusta 0.0.1 into /workspace/builds/worker-4/source
[INFO] validating manifest of crates.io crate mrusta 0.0.1 on toolchain 1.54.0
[INFO] running `Command { std: "/workspace/cargo-home/bin/cargo" "+1.54.0" "metadata" "--manifest-path" "Cargo.toml" "--no-deps", kill_on_drop: false }`
[INFO] started tweaking crates.io crate mrusta 0.0.1
[INFO] finished tweaking crates.io crate mrusta 0.0.1
[INFO] tweaked toml for crates.io crate mrusta 0.0.1 written to /workspace/builds/worker-4/source/Cargo.toml
[INFO] running `Command { std: "/workspace/cargo-home/bin/cargo" "+1.54.0" "generate-lockfile" "--manifest-path" "Cargo.toml" "-Zno-index-update", kill_on_drop: false }`
[INFO] [stderr]     Blocking waiting for file lock on package cache
[INFO] running `Command { std: "/workspace/cargo-home/bin/cargo" "+1.54.0" "fetch" "--manifest-path" "Cargo.toml", kill_on_drop: false }`
[INFO] [stderr]     Blocking waiting for file lock on package cache
[INFO] running `Command { std: "docker" "create" "-v" "/var/lib/crater-agent-workspace/builds/worker-4/target:/opt/rustwide/target:rw,Z" "-v" "/var/lib/crater-agent-workspace/builds/worker-4/source:/opt/rustwide/workdir:ro,Z" "-v" "/var/lib/crater-agent-workspace/cargo-home:/opt/rustwide/cargo-home:ro,Z" "-v" "/var/lib/crater-agent-workspace/rustup-home:/opt/rustwide/rustup-home:ro,Z" "-e" "SOURCE_DIR=/opt/rustwide/workdir" "-e" "CARGO_TARGET_DIR=/opt/rustwide/target" "-e" "CARGO_HOME=/opt/rustwide/cargo-home" "-e" "RUSTUP_HOME=/opt/rustwide/rustup-home" "-w" "/opt/rustwide/workdir" "-m" "1610612736" "--user" "0:0" "--network" "none" "ghcr.io/rust-lang/crates-build-env/linux@sha256:34b6a614d2c27851fe6cbf88fbd1137609cefab8b10d0615aaeb6fd47975d74e" "/opt/rustwide/cargo-home/bin/cargo" "+1.54.0" "metadata" "--no-deps" "--format-version=1", kill_on_drop: false }`
[INFO] [stdout] 413cefcd3e9f84f54d01744bc463cf4c16eb75c7a312f6b8d4c9bb32af9b866f
[INFO] [stderr] WARNING: Your kernel does not support swap limit capabilities or the cgroup is not mounted. Memory limited without swap.
[INFO] running `Command { std: "docker" "start" "-a" "413cefcd3e9f84f54d01744bc463cf4c16eb75c7a312f6b8d4c9bb32af9b866f", kill_on_drop: false }`
[INFO] running `Command { std: "docker" "inspect" "413cefcd3e9f84f54d01744bc463cf4c16eb75c7a312f6b8d4c9bb32af9b866f", kill_on_drop: false }`
[INFO] running `Command { std: "docker" "rm" "-f" "413cefcd3e9f84f54d01744bc463cf4c16eb75c7a312f6b8d4c9bb32af9b866f", kill_on_drop: false }`
[INFO] [stdout] 413cefcd3e9f84f54d01744bc463cf4c16eb75c7a312f6b8d4c9bb32af9b866f
[INFO] running `Command { std: "docker" "create" "-v" "/var/lib/crater-agent-workspace/builds/worker-4/target:/opt/rustwide/target:rw,Z" "-v" "/var/lib/crater-agent-workspace/builds/worker-4/source:/opt/rustwide/workdir:ro,Z" "-v" "/var/lib/crater-agent-workspace/cargo-home:/opt/rustwide/cargo-home:ro,Z" "-v" "/var/lib/crater-agent-workspace/rustup-home:/opt/rustwide/rustup-home:ro,Z" "-e" "SOURCE_DIR=/opt/rustwide/workdir" "-e" "CARGO_TARGET_DIR=/opt/rustwide/target" "-e" "CARGO_INCREMENTAL=0" "-e" "RUST_BACKTRACE=full" "-e" "RUSTFLAGS=--cap-lints=warn" "-e" "CARGO_HOME=/opt/rustwide/cargo-home" "-e" "RUSTUP_HOME=/opt/rustwide/rustup-home" "-w" "/opt/rustwide/workdir" "-m" "1610612736" "--user" "0:0" "--network" "none" "ghcr.io/rust-lang/crates-build-env/linux@sha256:34b6a614d2c27851fe6cbf88fbd1137609cefab8b10d0615aaeb6fd47975d74e" "/opt/rustwide/cargo-home/bin/cargo" "+1.54.0" "build" "--frozen" "--message-format=json", kill_on_drop: false }`
[INFO] [stderr] WARNING: Your kernel does not support swap limit capabilities or the cgroup is not mounted. Memory limited without swap.
[INFO] [stdout] dd9b5179e446fd2661a73b9389aa03e8deb01421c35004fbd6c46d703ccf0b5a
[INFO] running `Command { std: "docker" "start" "-a" "dd9b5179e446fd2661a73b9389aa03e8deb01421c35004fbd6c46d703ccf0b5a", kill_on_drop: false }`
[INFO] [stderr]    Compiling mrusta v0.0.1 (/opt/rustwide/workdir)
[INFO] [stdout] warning: field is never read: `value`
[INFO] [stdout]  --> src/types.rs:2:5
[INFO] [stdout]   |
[INFO] [stdout] 2 |     value: u32,
[INFO] [stdout]   |     ^^^^^^^^^^
[INFO] [stdout]   |
[INFO] [stdout]   = note: `#[warn(dead_code)]` on by default
[INFO] [stdout] 
[INFO] [stdout] 
[INFO] [stdout] warning: 1 warning emitted
[INFO] [stdout] 
[INFO] [stdout] 
[INFO] [stderr]     Finished dev [unoptimized + debuginfo] target(s) in 0.62s
[INFO] running `Command { std: "docker" "inspect" "dd9b5179e446fd2661a73b9389aa03e8deb01421c35004fbd6c46d703ccf0b5a", kill_on_drop: false }`
[INFO] running `Command { std: "docker" "rm" "-f" "dd9b5179e446fd2661a73b9389aa03e8deb01421c35004fbd6c46d703ccf0b5a", kill_on_drop: false }`
[INFO] [stdout] dd9b5179e446fd2661a73b9389aa03e8deb01421c35004fbd6c46d703ccf0b5a
[INFO] running `Command { std: "docker" "create" "-v" "/var/lib/crater-agent-workspace/builds/worker-4/target:/opt/rustwide/target:rw,Z" "-v" "/var/lib/crater-agent-workspace/builds/worker-4/source:/opt/rustwide/workdir:ro,Z" "-v" "/var/lib/crater-agent-workspace/cargo-home:/opt/rustwide/cargo-home:ro,Z" "-v" "/var/lib/crater-agent-workspace/rustup-home:/opt/rustwide/rustup-home:ro,Z" "-e" "SOURCE_DIR=/opt/rustwide/workdir" "-e" "CARGO_TARGET_DIR=/opt/rustwide/target" "-e" "CARGO_INCREMENTAL=0" "-e" "RUST_BACKTRACE=full" "-e" "RUSTFLAGS=--cap-lints=warn" "-e" "CARGO_HOME=/opt/rustwide/cargo-home" "-e" "RUSTUP_HOME=/opt/rustwide/rustup-home" "-w" "/opt/rustwide/workdir" "-m" "1610612736" "--user" "0:0" "--network" "none" "ghcr.io/rust-lang/crates-build-env/linux@sha256:34b6a614d2c27851fe6cbf88fbd1137609cefab8b10d0615aaeb6fd47975d74e" "/opt/rustwide/cargo-home/bin/cargo" "+1.54.0" "test" "--frozen" "--no-run" "--message-format=json", kill_on_drop: false }`
[INFO] [stderr] WARNING: Your kernel does not support swap limit capabilities or the cgroup is not mounted. Memory limited without swap.
[INFO] [stdout] 81aad254e1cc287cd6b194ac3baee80d916c8d430878a25d93786aa149e2f5ae
[INFO] running `Command { std: "docker" "start" "-a" "81aad254e1cc287cd6b194ac3baee80d916c8d430878a25d93786aa149e2f5ae", kill_on_drop: false }`
[INFO] [stdout] warning: field is never read: `value`
[INFO] [stdout]  --> src/types.rs:2:5
[INFO] [stdout]   |
[INFO] [stdout] 2 |     value: u32,
[INFO] [stdout]   |     ^^^^^^^^^^
[INFO] [stdout]   |
[INFO] [stdout]   = note: `#[warn(dead_code)]` on by default
[INFO] [stdout] 
[INFO] [stdout] 
[INFO] [stderr]    Compiling mrusta v0.0.1 (/opt/rustwide/workdir)
[INFO] [stdout] warning: 1 warning emitted
[INFO] [stdout] 
[INFO] [stdout] 
[INFO] [stdout] warning: field is never read: `value`
[INFO] [stdout]  --> src/types.rs:2:5
[INFO] [stdout]   |
[INFO] [stdout] 2 |     value: u32,
[INFO] [stdout]   |     ^^^^^^^^^^
[INFO] [stdout]   |
[INFO] [stdout]   = note: `#[warn(dead_code)]` on by default
[INFO] [stdout] 
[INFO] [stdout] 
[INFO] [stdout] warning: 1 warning emitted
[INFO] [stdout] 
[INFO] [stdout] 
[INFO] [stderr]     Finished test [unoptimized + debuginfo] target(s) in 0.44s
[INFO] running `Command { std: "docker" "inspect" "81aad254e1cc287cd6b194ac3baee80d916c8d430878a25d93786aa149e2f5ae", kill_on_drop: false }`
[INFO] running `Command { std: "docker" "rm" "-f" "81aad254e1cc287cd6b194ac3baee80d916c8d430878a25d93786aa149e2f5ae", kill_on_drop: false }`
[INFO] [stdout] 81aad254e1cc287cd6b194ac3baee80d916c8d430878a25d93786aa149e2f5ae
[INFO] running `Command { std: "docker" "create" "-v" "/var/lib/crater-agent-workspace/builds/worker-4/target:/opt/rustwide/target:rw,Z" "-v" "/var/lib/crater-agent-workspace/builds/worker-4/source:/opt/rustwide/workdir:ro,Z" "-v" "/var/lib/crater-agent-workspace/cargo-home:/opt/rustwide/cargo-home:ro,Z" "-v" "/var/lib/crater-agent-workspace/rustup-home:/opt/rustwide/rustup-home:ro,Z" "-e" "SOURCE_DIR=/opt/rustwide/workdir" "-e" "CARGO_TARGET_DIR=/opt/rustwide/target" "-e" "CARGO_INCREMENTAL=0" "-e" "RUST_BACKTRACE=full" "-e" "RUSTFLAGS=--cap-lints=warn" "-e" "CARGO_HOME=/opt/rustwide/cargo-home" "-e" "RUSTUP_HOME=/opt/rustwide/rustup-home" "-w" "/opt/rustwide/workdir" "-m" "1610612736" "--user" "0:0" "--network" "none" "ghcr.io/rust-lang/crates-build-env/linux@sha256:34b6a614d2c27851fe6cbf88fbd1137609cefab8b10d0615aaeb6fd47975d74e" "/opt/rustwide/cargo-home/bin/cargo" "+1.54.0" "test" "--frozen", kill_on_drop: false }`
[INFO] [stdout] b54deb4a9e5312f5f41a0b1e59ca0d3a99f70af3edfdcdc0eaee91fbb4f053c0
[INFO] [stderr] WARNING: Your kernel does not support swap limit capabilities or the cgroup is not mounted. Memory limited without swap.
[INFO] running `Command { std: "docker" "start" "-a" "b54deb4a9e5312f5f41a0b1e59ca0d3a99f70af3edfdcdc0eaee91fbb4f053c0", kill_on_drop: false }`
[INFO] [stderr] warning: field is never read: `value`
[INFO] [stderr]  --> src/types.rs:2:5
[INFO] [stderr]   |
[INFO] [stderr] 2 |     value: u32,
[INFO] [stderr]   |     ^^^^^^^^^^
[INFO] [stderr]   |
[INFO] [stderr]   = note: `#[warn(dead_code)]` on by default
[INFO] [stderr] 
[INFO] [stderr] warning: 1 warning emitted
[INFO] [stderr] 
[INFO] [stderr] warning: field is never read: `value`
[INFO] [stderr]  --> src/types.rs:2:5
[INFO] [stderr]   |
[INFO] [stderr] 2 |     value: u32,
[INFO] [stderr]   |     ^^^^^^^^^^
[INFO] [stderr]   |
[INFO] [stderr]   = note: `#[warn(dead_code)]` on by default
[INFO] [stderr] 
[INFO] [stderr] warning: 1 warning emitted
[INFO] [stderr] 
[INFO] [stderr]     Finished test [unoptimized + debuginfo] target(s) in 0.00s
[INFO] [stderr]      Running unittests (/opt/rustwide/target/debug/deps/mrusta-7dca30f2b0807ffd)
[INFO] [stdout] 
[INFO] [stdout] running 2 tests
[INFO] [stdout] test utils::tests::it_adds_one ... ok
[INFO] [stdout] test utils::tests::it_reduces_one ... ok
[INFO] [stdout] 
[INFO] [stdout] test result: ok. 2 passed; 0 failed; 0 ignored; 0 measured; 0 filtered out; finished in 0.00s
[INFO] [stdout] 
[INFO] [stderr]    Doc-tests mrusta
[INFO] [stdout] 
[INFO] [stdout] running 2 tests
[INFO] [stdout] test src/utils.rs - utils::fns::plus_one (line 6) ... FAILED
[INFO] [stdout] test src/utils.rs - utils::fns::minus_one (line 19) ... FAILED
[INFO] [stdout] 
[INFO] [stdout] failures:
[INFO] [stdout] 
[INFO] [stdout] ---- src/utils.rs - utils::fns::plus_one (line 6) stdout ----
[INFO] [stdout] error[E0433]: failed to resolve: use of undeclared crate or module `nafsy`
[INFO] [stdout]  --> src/utils.rs:9:15
[INFO] [stdout]   |
[INFO] [stdout] 5 | assert_eq!(6, nafsy::plus_one(five));
[INFO] [stdout]   |               ^^^^^ use of undeclared crate or module `nafsy`
[INFO] [stdout] 
[INFO] [stdout] error: aborting due to previous error
[INFO] [stdout] 
[INFO] [stdout] For more information about this error, try `rustc --explain E0433`.
[INFO] [stdout] Couldn't compile the test.
[INFO] [stdout] ---- src/utils.rs - utils::fns::minus_one (line 19) stdout ----
[INFO] [stdout] error[E0433]: failed to resolve: use of undeclared crate or module `nafsy`
[INFO] [stdout]  --> src/utils.rs:22:15
[INFO] [stdout]   |
[INFO] [stdout] 5 | assert_eq!(4, nafsy::minus_one(five));
[INFO] [stdout]   |               ^^^^^ use of undeclared crate or module `nafsy`
[INFO] [stdout] 
[INFO] [stdout] error: aborting due to previous error
[INFO] [stdout] 
[INFO] [stdout] For more information about this error, try `rustc --explain E0433`.
[INFO] [stdout] Couldn't compile the test.
[INFO] [stdout] 
[INFO] [stdout] failures:
[INFO] [stdout]     src/utils.rs - utils::fns::minus_one (line 19)
[INFO] [stdout]     src/utils.rs - utils::fns::plus_one (line 6)
[INFO] [stdout] 
[INFO] [stdout] test result: FAILED. 0 passed; 2 failed; 0 ignored; 0 measured; 0 filtered out; finished in 0.18s
[INFO] [stdout] 
[INFO] [stderr] error: test failed, to rerun pass '--doc'
[INFO] running `Command { std: "docker" "inspect" "b54deb4a9e5312f5f41a0b1e59ca0d3a99f70af3edfdcdc0eaee91fbb4f053c0", kill_on_drop: false }`
[INFO] running `Command { std: "docker" "rm" "-f" "b54deb4a9e5312f5f41a0b1e59ca0d3a99f70af3edfdcdc0eaee91fbb4f053c0", kill_on_drop: false }`
[INFO] [stdout] b54deb4a9e5312f5f41a0b1e59ca0d3a99f70af3edfdcdc0eaee91fbb4f053c0
