[INFO] fetching crate mquote 0.1.0...
[INFO] testing mquote-0.1.0 against 1.54.0 for beta-1.55-1
[INFO] extracting crate mquote 0.1.0 into /workspace/builds/worker-5/source
[INFO] validating manifest of crates.io crate mquote 0.1.0 on toolchain 1.54.0
[INFO] running `Command { std: "/workspace/cargo-home/bin/cargo" "+1.54.0" "metadata" "--manifest-path" "Cargo.toml" "--no-deps", kill_on_drop: false }`
[INFO] started tweaking crates.io crate mquote 0.1.0
[INFO] finished tweaking crates.io crate mquote 0.1.0
[INFO] tweaked toml for crates.io crate mquote 0.1.0 written to /workspace/builds/worker-5/source/Cargo.toml
[INFO] running `Command { std: "/workspace/cargo-home/bin/cargo" "+1.54.0" "generate-lockfile" "--manifest-path" "Cargo.toml" "-Zno-index-update", kill_on_drop: false }`
[INFO] running `Command { std: "/workspace/cargo-home/bin/cargo" "+1.54.0" "fetch" "--manifest-path" "Cargo.toml", kill_on_drop: false }`
[INFO] running `Command { std: "docker" "create" "-v" "/var/lib/crater-agent-workspace/builds/worker-5/target:/opt/rustwide/target:rw,Z" "-v" "/var/lib/crater-agent-workspace/builds/worker-5/source:/opt/rustwide/workdir:ro,Z" "-v" "/var/lib/crater-agent-workspace/cargo-home:/opt/rustwide/cargo-home:ro,Z" "-v" "/var/lib/crater-agent-workspace/rustup-home:/opt/rustwide/rustup-home:ro,Z" "-e" "SOURCE_DIR=/opt/rustwide/workdir" "-e" "CARGO_TARGET_DIR=/opt/rustwide/target" "-e" "CARGO_HOME=/opt/rustwide/cargo-home" "-e" "RUSTUP_HOME=/opt/rustwide/rustup-home" "-w" "/opt/rustwide/workdir" "-m" "1610612736" "--user" "0:0" "--network" "none" "ghcr.io/rust-lang/crates-build-env/linux@sha256:34b6a614d2c27851fe6cbf88fbd1137609cefab8b10d0615aaeb6fd47975d74e" "/opt/rustwide/cargo-home/bin/cargo" "+1.54.0" "metadata" "--no-deps" "--format-version=1", kill_on_drop: false }`
[INFO] [stderr] WARNING: Your kernel does not support swap limit capabilities or the cgroup is not mounted. Memory limited without swap.
[INFO] [stdout] c89e2ee1eeddc4934ace8155f4663b0b758e60e2cedbe35d496385e9c81fdf1b
[INFO] running `Command { std: "docker" "start" "-a" "c89e2ee1eeddc4934ace8155f4663b0b758e60e2cedbe35d496385e9c81fdf1b", kill_on_drop: false }`
[INFO] running `Command { std: "docker" "inspect" "c89e2ee1eeddc4934ace8155f4663b0b758e60e2cedbe35d496385e9c81fdf1b", kill_on_drop: false }`
[INFO] running `Command { std: "docker" "rm" "-f" "c89e2ee1eeddc4934ace8155f4663b0b758e60e2cedbe35d496385e9c81fdf1b", kill_on_drop: false }`
[INFO] [stdout] c89e2ee1eeddc4934ace8155f4663b0b758e60e2cedbe35d496385e9c81fdf1b
[INFO] running `Command { std: "docker" "create" "-v" "/var/lib/crater-agent-workspace/builds/worker-5/target:/opt/rustwide/target:rw,Z" "-v" "/var/lib/crater-agent-workspace/builds/worker-5/source:/opt/rustwide/workdir:ro,Z" "-v" "/var/lib/crater-agent-workspace/cargo-home:/opt/rustwide/cargo-home:ro,Z" "-v" "/var/lib/crater-agent-workspace/rustup-home:/opt/rustwide/rustup-home:ro,Z" "-e" "SOURCE_DIR=/opt/rustwide/workdir" "-e" "CARGO_TARGET_DIR=/opt/rustwide/target" "-e" "CARGO_INCREMENTAL=0" "-e" "RUST_BACKTRACE=full" "-e" "RUSTFLAGS=--cap-lints=warn" "-e" "CARGO_HOME=/opt/rustwide/cargo-home" "-e" "RUSTUP_HOME=/opt/rustwide/rustup-home" "-w" "/opt/rustwide/workdir" "-m" "1610612736" "--user" "0:0" "--network" "none" "ghcr.io/rust-lang/crates-build-env/linux@sha256:34b6a614d2c27851fe6cbf88fbd1137609cefab8b10d0615aaeb6fd47975d74e" "/opt/rustwide/cargo-home/bin/cargo" "+1.54.0" "build" "--frozen" "--message-format=json", kill_on_drop: false }`
[INFO] [stdout] 4cafa6f68f12b7019dd3ae23c4d25e2e372126e3516b358dfbdf05480d4835fb
[INFO] [stderr] WARNING: Your kernel does not support swap limit capabilities or the cgroup is not mounted. Memory limited without swap.
[INFO] running `Command { std: "docker" "start" "-a" "4cafa6f68f12b7019dd3ae23c4d25e2e372126e3516b358dfbdf05480d4835fb", kill_on_drop: false }`
[INFO] [stderr]    Compiling mquote-impl v0.1.0
[INFO] [stderr]    Compiling mquote v0.1.0 (/opt/rustwide/workdir)
[INFO] [stderr]     Finished dev [unoptimized + debuginfo] target(s) in 1.57s
[INFO] running `Command { std: "docker" "inspect" "4cafa6f68f12b7019dd3ae23c4d25e2e372126e3516b358dfbdf05480d4835fb", kill_on_drop: false }`
[INFO] running `Command { std: "docker" "rm" "-f" "4cafa6f68f12b7019dd3ae23c4d25e2e372126e3516b358dfbdf05480d4835fb", kill_on_drop: false }`
[INFO] [stdout] 4cafa6f68f12b7019dd3ae23c4d25e2e372126e3516b358dfbdf05480d4835fb
[INFO] running `Command { std: "docker" "create" "-v" "/var/lib/crater-agent-workspace/builds/worker-5/target:/opt/rustwide/target:rw,Z" "-v" "/var/lib/crater-agent-workspace/builds/worker-5/source:/opt/rustwide/workdir:ro,Z" "-v" "/var/lib/crater-agent-workspace/cargo-home:/opt/rustwide/cargo-home:ro,Z" "-v" "/var/lib/crater-agent-workspace/rustup-home:/opt/rustwide/rustup-home:ro,Z" "-e" "SOURCE_DIR=/opt/rustwide/workdir" "-e" "CARGO_TARGET_DIR=/opt/rustwide/target" "-e" "CARGO_INCREMENTAL=0" "-e" "RUST_BACKTRACE=full" "-e" "RUSTFLAGS=--cap-lints=warn" "-e" "CARGO_HOME=/opt/rustwide/cargo-home" "-e" "RUSTUP_HOME=/opt/rustwide/rustup-home" "-w" "/opt/rustwide/workdir" "-m" "1610612736" "--user" "0:0" "--network" "none" "ghcr.io/rust-lang/crates-build-env/linux@sha256:34b6a614d2c27851fe6cbf88fbd1137609cefab8b10d0615aaeb6fd47975d74e" "/opt/rustwide/cargo-home/bin/cargo" "+1.54.0" "test" "--frozen" "--no-run" "--message-format=json", kill_on_drop: false }`
[INFO] [stdout] 74ca0cd1641e2799d29dbb5b86eefe4b48688cc2433bef46b508d9aeae4a526a
[INFO] [stderr] WARNING: Your kernel does not support swap limit capabilities or the cgroup is not mounted. Memory limited without swap.
[INFO] running `Command { std: "docker" "start" "-a" "74ca0cd1641e2799d29dbb5b86eefe4b48688cc2433bef46b508d9aeae4a526a", kill_on_drop: false }`
[INFO] [stderr]    Compiling trybuild v1.0.43
[INFO] [stderr]    Compiling mquote v0.1.0 (/opt/rustwide/workdir)
[INFO] [stderr]     Finished test [unoptimized + debuginfo] target(s) in 8.31s
[INFO] running `Command { std: "docker" "inspect" "74ca0cd1641e2799d29dbb5b86eefe4b48688cc2433bef46b508d9aeae4a526a", kill_on_drop: false }`
[INFO] running `Command { std: "docker" "rm" "-f" "74ca0cd1641e2799d29dbb5b86eefe4b48688cc2433bef46b508d9aeae4a526a", kill_on_drop: false }`
[INFO] [stdout] 74ca0cd1641e2799d29dbb5b86eefe4b48688cc2433bef46b508d9aeae4a526a
[INFO] running `Command { std: "docker" "create" "-v" "/var/lib/crater-agent-workspace/builds/worker-5/target:/opt/rustwide/target:rw,Z" "-v" "/var/lib/crater-agent-workspace/builds/worker-5/source:/opt/rustwide/workdir:ro,Z" "-v" "/var/lib/crater-agent-workspace/cargo-home:/opt/rustwide/cargo-home:ro,Z" "-v" "/var/lib/crater-agent-workspace/rustup-home:/opt/rustwide/rustup-home:ro,Z" "-e" "SOURCE_DIR=/opt/rustwide/workdir" "-e" "CARGO_TARGET_DIR=/opt/rustwide/target" "-e" "CARGO_INCREMENTAL=0" "-e" "RUST_BACKTRACE=full" "-e" "RUSTFLAGS=--cap-lints=warn" "-e" "CARGO_HOME=/opt/rustwide/cargo-home" "-e" "RUSTUP_HOME=/opt/rustwide/rustup-home" "-w" "/opt/rustwide/workdir" "-m" "1610612736" "--user" "0:0" "--network" "none" "ghcr.io/rust-lang/crates-build-env/linux@sha256:34b6a614d2c27851fe6cbf88fbd1137609cefab8b10d0615aaeb6fd47975d74e" "/opt/rustwide/cargo-home/bin/cargo" "+1.54.0" "test" "--frozen", kill_on_drop: false }`
[INFO] [stdout] d6fc2de9b27bbadd98b16ee2e62f978e46d855860be7c045d6d4c3e9a0c14243
[INFO] [stderr] WARNING: Your kernel does not support swap limit capabilities or the cgroup is not mounted. Memory limited without swap.
[INFO] running `Command { std: "docker" "start" "-a" "d6fc2de9b27bbadd98b16ee2e62f978e46d855860be7c045d6d4c3e9a0c14243", kill_on_drop: false }`
[INFO] [stderr]     Finished test [unoptimized + debuginfo] target(s) in 0.02s
[INFO] [stderr]      Running unittests (/opt/rustwide/target/debug/deps/mquote-f22077756a0fe5f9)
[INFO] [stdout] 
[INFO] [stdout] running 0 tests
[INFO] [stdout] 
[INFO] [stdout] test result: ok. 0 passed; 0 failed; 0 ignored; 0 measured; 0 filtered out; finished in 0.00s
[INFO] [stdout] 
[INFO] [stderr]      Running tests/catch_fail_messages.rs (/opt/rustwide/target/debug/deps/catch_fail_messages-b945beec6b344e14)
[INFO] [stdout] 
[INFO] [stdout] running 1 test
[INFO] [stderr]    Compiling proc-macro2 v0.4.30
[INFO] [stderr]    Compiling unicode-xid v0.1.0
[INFO] [stderr]    Compiling proc-macro-hack v0.5.19
[INFO] [stderr]     Checking quote v0.6.13
[INFO] [stderr]    Compiling mquote-impl v0.1.0
[INFO] [stderr]     Checking mquote v0.1.0 (/opt/rustwide/workdir)
[INFO] [stderr]     Checking mquote-tests v0.0.0 (/opt/rustwide/target/tests/mquote)
[INFO] [stderr]     Finished dev [unoptimized + debuginfo] target(s) in 5.16s
[INFO] [stderr] 
[INFO] [stderr] 
[INFO] [stderr] test tests/fail_cases/cannot_use_same_variable_twice_in_extend_insertion.rs ... mismatch
[INFO] [stderr] 
[INFO] [stderr] EXPECTED:
[INFO] [stderr] ┈┈┈┈┈┈┈┈┈┈┈┈┈┈┈┈┈┈┈┈┈┈┈┈┈┈┈┈┈┈┈┈┈┈┈┈┈┈┈┈┈┈┈┈┈┈┈┈┈┈┈┈┈┈┈┈┈┈┈┈
[INFO] [stderr] error[E0382]: use of moved value: `insertion`
[INFO] [stderr]  --> $DIR/cannot_use_same_variable_twice_in_extend_insertion.rs:7:46
[INFO] [stderr]   |
[INFO] [stderr] 6 |     let insertion = mquote!(h e l l o);
[INFO] [stderr]   |         --------- move occurs because `insertion` has type `mquote::__rt::proc_macro2::TokenStream`, which does not implement the `Copy` trait
[INFO] [stderr] 7 |     let q = mquote!(let _ = [ ^{insertion} ^{insertion} ]);
[INFO] [stderr]   |                                 ---------    ^^^^^^^^^ value used here after move
[INFO] [stderr]   |                                 |
[INFO] [stderr]   |                                 value moved here
[INFO] [stderr] 
[INFO] [stderr] For more information about this error, try `rustc --explain E0382`.
[INFO] [stderr] ┈┈┈┈┈┈┈┈┈┈┈┈┈┈┈┈┈┈┈┈┈┈┈┈┈┈┈┈┈┈┈┈┈┈┈┈┈┈┈┈┈┈┈┈┈┈┈┈┈┈┈┈┈┈┈┈┈┈┈┈
[INFO] [stderr] 
[INFO] [stderr] ACTUAL OUTPUT:
[INFO] [stderr] ┈┈┈┈┈┈┈┈┈┈┈┈┈┈┈┈┈┈┈┈┈┈┈┈┈┈┈┈┈┈┈┈┈┈┈┈┈┈┈┈┈┈┈┈┈┈┈┈┈┈┈┈┈┈┈┈┈┈┈┈
[INFO] [stderr] error[E0382]: use of moved value: `insertion`
[INFO] [stderr]  --> $DIR/cannot_use_same_variable_twice_in_extend_insertion.rs:7:46
[INFO] [stderr]   |
[INFO] [stderr] 6 |     let insertion = mquote!(h e l l o);
[INFO] [stderr]   |         --------- move occurs because `insertion` has type `TokenStream`, which does not implement the `Copy` trait
[INFO] [stderr] 7 |     let q = mquote!(let _ = [ ^{insertion} ^{insertion} ]);
[INFO] [stderr]   |                                 ---------    ^^^^^^^^^ value used here after move
[INFO] [stderr]   |                                 |
[INFO] [stderr]   |                                 value moved here
[INFO] [stderr]   |
[INFO] [stderr]   = note: this error originates in the macro `proc_macro_call` (in Nightly builds, run with -Z macro-backtrace for more info)
[INFO] [stderr] ┈┈┈┈┈┈┈┈┈┈┈┈┈┈┈┈┈┈┈┈┈┈┈┈┈┈┈┈┈┈┈┈┈┈┈┈┈┈┈┈┈┈┈┈┈┈┈┈┈┈┈┈┈┈┈┈┈┈┈┈
[INFO] [stderr] note: If the actual output is the correct output you can bless it by rerunning
[INFO] [stderr]       your test with the environment variable TRYBUILD=overwrite
[INFO] [stderr] 
[INFO] [stderr] test tests/fail_cases/invalid_insertion.rs ... mismatch
[INFO] [stderr] 
[INFO] [stderr] EXPECTED:
[INFO] [stderr] ┈┈┈┈┈┈┈┈┈┈┈┈┈┈┈┈┈┈┈┈┈┈┈┈┈┈┈┈┈┈┈┈┈┈┈┈┈┈┈┈┈┈┈┈┈┈┈┈┈┈┈┈┈┈┈┈┈┈┈┈
[INFO] [stderr] error: expected expression, found `;`
[INFO] [stderr]   --> $DIR/invalid_insertion.rs:10:10
[INFO] [stderr]    |
[INFO] [stderr] 10 |         #{!!!}
[INFO] [stderr]    |          ^^^^^ expected expression
[INFO] [stderr] 
[INFO] [stderr] error[E0425]: cannot find value `heh` in this scope
[INFO] [stderr]  --> $DIR/invalid_insertion.rs:7:11
[INFO] [stderr]   |
[INFO] [stderr] 7 |         #{heh}
[INFO] [stderr]   |           ^^^ not found in this scope
[INFO] [stderr] 
[INFO] [stderr] error[E0425]: cannot find value `requested_span` in this scope
[INFO] [stderr]  --> $DIR/invalid_insertion.rs:8:11
[INFO] [stderr]   |
[INFO] [stderr] 8 |         #{requested_span}
[INFO] [stderr]   |           ^^^^^^^^^^^^^^ not found in this scope
[INFO] [stderr] 
[INFO] [stderr] error[E0425]: cannot find value `inner_stream` in this scope
[INFO] [stderr]  --> $DIR/invalid_insertion.rs:9:13
[INFO] [stderr]   |
[INFO] [stderr] 9 |         { #{inner_stream} }
[INFO] [stderr]   |             ^^^^^^^^^^^^ not found in this scope
[INFO] [stderr] 
[INFO] [stderr] For more information about this error, try `rustc --explain E0425`.
[INFO] [stderr] ┈┈┈┈┈┈┈┈┈┈┈┈┈┈┈┈┈┈┈┈┈┈┈┈┈┈┈┈┈┈┈┈┈┈┈┈┈┈┈┈┈┈┈┈┈┈┈┈┈┈┈┈┈┈┈┈┈┈┈┈
[INFO] [stderr] 
[INFO] [stderr] ACTUAL OUTPUT:
[INFO] [stderr] ┈┈┈┈┈┈┈┈┈┈┈┈┈┈┈┈┈┈┈┈┈┈┈┈┈┈┈┈┈┈┈┈┈┈┈┈┈┈┈┈┈┈┈┈┈┈┈┈┈┈┈┈┈┈┈┈┈┈┈┈
[INFO] [stderr] error: expected expression, found `;`
[INFO] [stderr]   --> $DIR/invalid_insertion.rs:10:10
[INFO] [stderr]    |
[INFO] [stderr] 10 |         #{!!!}
[INFO] [stderr]    |          ^^^^^ expected expression
[INFO] [stderr]    |
[INFO] [stderr]    = note: this error originates in the macro `proc_macro_call` (in Nightly builds, run with -Z macro-backtrace for more info)
[INFO] [stderr] 
[INFO] [stderr] error[E0425]: cannot find value `heh` in this scope
[INFO] [stderr]  --> $DIR/invalid_insertion.rs:7:11
[INFO] [stderr]   |
[INFO] [stderr] 7 |         #{heh}
[INFO] [stderr]   |           ^^^ not found in this scope
[INFO] [stderr]   |
[INFO] [stderr]   = note: this error originates in the macro `proc_macro_call` (in Nightly builds, run with -Z macro-backtrace for more info)
[INFO] [stderr] 
[INFO] [stderr] error[E0425]: cannot find value `requested_span` in this scope
[INFO] [stderr]  --> $DIR/invalid_insertion.rs:8:11
[INFO] [stderr]   |
[INFO] [stderr] 8 |         #{requested_span}
[INFO] [stderr]   |           ^^^^^^^^^^^^^^ not found in this scope
[INFO] [stderr]   |
[INFO] [stderr]   = note: this error originates in the macro `proc_macro_call` (in Nightly builds, run with -Z macro-backtrace for more info)
[INFO] [stderr] 
[INFO] [stderr] error[E0425]: cannot find value `inner_stream` in this scope
[INFO] [stderr]  --> $DIR/invalid_insertion.rs:9:13
[INFO] [stderr]   |
[INFO] [stderr] 9 |         { #{inner_stream} }
[INFO] [stderr]   |             ^^^^^^^^^^^^ not found in this scope
[INFO] [stderr]   |
[INFO] [stderr]   = note: this error originates in the macro `proc_macro_call` (in Nightly builds, run with -Z macro-backtrace for more info)
[INFO] [stderr] ┈┈┈┈┈┈┈┈┈┈┈┈┈┈┈┈┈┈┈┈┈┈┈┈┈┈┈┈┈┈┈┈┈┈┈┈┈┈┈┈┈┈┈┈┈┈┈┈┈┈┈┈┈┈┈┈┈┈┈┈
[INFO] [stderr] note: If the actual output is the correct output you can bless it by rerunning
[INFO] [stderr]       your test with the environment variable TRYBUILD=overwrite
[INFO] [stderr] 
[INFO] [stderr] test tests/fail_cases/missing_data.rs ... mismatch
[INFO] [stderr] 
[INFO] [stderr] EXPECTED:
[INFO] [stderr] ┈┈┈┈┈┈┈┈┈┈┈┈┈┈┈┈┈┈┈┈┈┈┈┈┈┈┈┈┈┈┈┈┈┈┈┈┈┈┈┈┈┈┈┈┈┈┈┈┈┈┈┈┈┈┈┈┈┈┈┈
[INFO] [stderr] error: Missing condition in #{if .. }
[INFO] [stderr]  --> $DIR/missing_data.rs:6:23
[INFO] [stderr]   |
[INFO] [stderr] 6 |     let _ = mquote!(#{if} 123 #{endif});
[INFO] [stderr]   |                       ^^
[INFO] [stderr] 
[INFO] [stderr] error: Missing var and expression in #{for var in expression}
[INFO] [stderr]  --> $DIR/missing_data.rs:8:23
[INFO] [stderr]   |
[INFO] [stderr] 8 |     let _ = mquote!(#{for} repeative #{endfor});
[INFO] [stderr]   |                       ^^^
[INFO] [stderr] 
[INFO] [stderr] error: Missing matching expression in #{match .. }
[INFO] [stderr]  --> $DIR/missing_data.rs:9:23
[INFO] [stderr]   |
[INFO] [stderr] 9 |     let _ = mquote!(#{match}#{of Some(x)} #{x} #{endmatch});
[INFO] [stderr]   |                       ^^^^^
[INFO] [stderr] 
[INFO] [stderr] error: Missing pattern in #{of .. }
[INFO] [stderr]   --> $DIR/missing_data.rs:10:42
[INFO] [stderr]    |
[INFO] [stderr] 10 |     let _ = mquote!(#{match Some("1")} #{of} hi #{endmatch});
[INFO] [stderr]    |                                          ^^
[INFO] [stderr] ┈┈┈┈┈┈┈┈┈┈┈┈┈┈┈┈┈┈┈┈┈┈┈┈┈┈┈┈┈┈┈┈┈┈┈┈┈┈┈┈┈┈┈┈┈┈┈┈┈┈┈┈┈┈┈┈┈┈┈┈
[INFO] [stderr] 
[INFO] [stderr] ACTUAL OUTPUT:
[INFO] [stderr] ┈┈┈┈┈┈┈┈┈┈┈┈┈┈┈┈┈┈┈┈┈┈┈┈┈┈┈┈┈┈┈┈┈┈┈┈┈┈┈┈┈┈┈┈┈┈┈┈┈┈┈┈┈┈┈┈┈┈┈┈
[INFO] [stderr] error: Missing condition in #{if .. }
[INFO] [stderr]  --> $DIR/missing_data.rs:6:23
[INFO] [stderr]   |
[INFO] [stderr] 6 |     let _ = mquote!(#{if} 123 #{endif});
[INFO] [stderr]   |                       ^^
[INFO] [stderr]   |
[INFO] [stderr]   = note: this error originates in the macro `proc_macro_call` (in Nightly builds, run with -Z macro-backtrace for more info)
[INFO] [stderr] 
[INFO] [stderr] error: Missing var and expression in #{for var in expression}
[INFO] [stderr]  --> $DIR/missing_data.rs:8:23
[INFO] [stderr]   |
[INFO] [stderr] 8 |     let _ = mquote!(#{for} repeative #{endfor});
[INFO] [stderr]   |                       ^^^
[INFO] [stderr]   |
[INFO] [stderr]   = note: this error originates in the macro `proc_macro_call` (in Nightly builds, run with -Z macro-backtrace for more info)
[INFO] [stderr] 
[INFO] [stderr] error: Missing matching expression in #{match .. }
[INFO] [stderr]  --> $DIR/missing_data.rs:9:23
[INFO] [stderr]   |
[INFO] [stderr] 9 |     let _ = mquote!(#{match}#{of Some(x)} #{x} #{endmatch});
[INFO] [stderr]   |                       ^^^^^
[INFO] [stderr]   |
[INFO] [stderr]   = note: this error originates in the macro `proc_macro_call` (in Nightly builds, run with -Z macro-backtrace for more info)
[INFO] [stderr] 
[INFO] [stderr] error: Missing pattern in #{of .. }
[INFO] [stderr]   --> $DIR/missing_data.rs:10:42
[INFO] [stderr]    |
[INFO] [stderr] 10 |     let _ = mquote!(#{match Some("1")} #{of} hi #{endmatch});
[INFO] [stderr]    |                                          ^^
[INFO] [stderr]    |
[INFO] [stderr]    = note: this error originates in the macro `proc_macro_call` (in Nightly builds, run with -Z macro-backtrace for more info)
[INFO] [stderr] ┈┈┈┈┈┈┈┈┈┈┈┈┈┈┈┈┈┈┈┈┈┈┈┈┈┈┈┈┈┈┈┈┈┈┈┈┈┈┈┈┈┈┈┈┈┈┈┈┈┈┈┈┈┈┈┈┈┈┈┈
[INFO] [stderr] note: If the actual output is the correct output you can bless it by rerunning
[INFO] [stderr]       your test with the environment variable TRYBUILD=overwrite
[INFO] [stderr] 
[INFO] [stderr] test tests/fail_cases/unexpected_tokens_between_match_and_of.rs ... mismatch
[INFO] [stderr] 
[INFO] [stderr] EXPECTED:
[INFO] [stderr] ┈┈┈┈┈┈┈┈┈┈┈┈┈┈┈┈┈┈┈┈┈┈┈┈┈┈┈┈┈┈┈┈┈┈┈┈┈┈┈┈┈┈┈┈┈┈┈┈┈┈┈┈┈┈┈┈┈┈┈┈
[INFO] [stderr] error: Expected #{of ..}
[INFO] [stderr]  --> $DIR/unexpected_tokens_between_match_and_of.rs:7:28
[INFO] [stderr]   |
[INFO] [stderr] 7 |         #{match Some("1")} unexpected stuff
[INFO] [stderr]   |                            ^^^^^^^^^^
[INFO] [stderr] ┈┈┈┈┈┈┈┈┈┈┈┈┈┈┈┈┈┈┈┈┈┈┈┈┈┈┈┈┈┈┈┈┈┈┈┈┈┈┈┈┈┈┈┈┈┈┈┈┈┈┈┈┈┈┈┈┈┈┈┈
[INFO] [stderr] 
[INFO] [stderr] ACTUAL OUTPUT:
[INFO] [stderr] ┈┈┈┈┈┈┈┈┈┈┈┈┈┈┈┈┈┈┈┈┈┈┈┈┈┈┈┈┈┈┈┈┈┈┈┈┈┈┈┈┈┈┈┈┈┈┈┈┈┈┈┈┈┈┈┈┈┈┈┈
[INFO] [stderr] error: Expected #{of ..}
[INFO] [stderr]  --> $DIR/unexpected_tokens_between_match_and_of.rs:7:28
[INFO] [stderr]   |
[INFO] [stderr] 7 |         #{match Some("1")} unexpected stuff
[INFO] [stderr]   |                            ^^^^^^^^^^
[INFO] [stderr]   |
[INFO] [stderr]   = note: this error originates in the macro `proc_macro_call` (in Nightly builds, run with -Z macro-backtrace for more info)
[INFO] [stderr] ┈┈┈┈┈┈┈┈┈┈┈┈┈┈┈┈┈┈┈┈┈┈┈┈┈┈┈┈┈┈┈┈┈┈┈┈┈┈┈┈┈┈┈┈┈┈┈┈┈┈┈┈┈┈┈┈┈┈┈┈
[INFO] [stderr] note: If the actual output is the correct output you can bless it by rerunning
[INFO] [stderr]       your test with the environment variable TRYBUILD=overwrite
[INFO] [stderr] 
[INFO] [stderr] 
[INFO] [stderr] 
[INFO] [stdout] test cases ... FAILED
[INFO] [stdout] 
[INFO] [stdout] failures:
[INFO] [stdout] 
[INFO] [stdout] ---- cases stdout ----
[INFO] [stdout] thread 'cases' panicked at '4 of 4 tests failed', /opt/rustwide/cargo-home/registry/src/github.com-1ecc6299db9ec823/trybuild-1.0.43/src/run.rs:73:13
[INFO] [stdout] stack backtrace:
[INFO] [stdout]    0:     0x557d3e017400 - std::backtrace_rs::backtrace::libunwind::trace::h34055254b57d8e79
[INFO] [stdout]                                at /rustc/a178d0322ce20e33eac124758e837cbd80a6f633/library/std/src/../../backtrace/src/backtrace/libunwind.rs:90:5
[INFO] [stdout]    1:     0x557d3e017400 - std::backtrace_rs::backtrace::trace_unsynchronized::h8f1e3fbd9afff6ec
[INFO] [stdout]                                at /rustc/a178d0322ce20e33eac124758e837cbd80a6f633/library/std/src/../../backtrace/src/backtrace/mod.rs:66:5
[INFO] [stdout]    2:     0x557d3e017400 - std::sys_common::backtrace::_print_fmt::h3a99a796b770c360
[INFO] [stdout]                                at /rustc/a178d0322ce20e33eac124758e837cbd80a6f633/library/std/src/sys_common/backtrace.rs:67:5
[INFO] [stdout]    3:     0x557d3e017400 - <std::sys_common::backtrace::_print::DisplayBacktrace as core::fmt::Display>::fmt::h32d1f94a80615d18
[INFO] [stdout]                                at /rustc/a178d0322ce20e33eac124758e837cbd80a6f633/library/std/src/sys_common/backtrace.rs:46:22
[INFO] [stdout]    4:     0x557d3e03c93c - core::fmt::write::h306731c068f7162c
[INFO] [stdout]                                at /rustc/a178d0322ce20e33eac124758e837cbd80a6f633/library/core/src/fmt/mod.rs:1110:17
[INFO] [stdout]    5:     0x557d3e013825 - std::io::Write::write_fmt::h87f19b0a2cd190bc
[INFO] [stdout]                                at /rustc/a178d0322ce20e33eac124758e837cbd80a6f633/library/std/src/io/mod.rs:1588:15
[INFO] [stdout]    6:     0x557d3e01971b - std::sys_common::backtrace::_print::h5abaa2601a852287
[INFO] [stdout]                                at /rustc/a178d0322ce20e33eac124758e837cbd80a6f633/library/std/src/sys_common/backtrace.rs:49:5
[INFO] [stdout]    7:     0x557d3e01971b - std::sys_common::backtrace::print::h8d81445442bb638f
[INFO] [stdout]                                at /rustc/a178d0322ce20e33eac124758e837cbd80a6f633/library/std/src/sys_common/backtrace.rs:36:9
[INFO] [stdout]    8:     0x557d3e01971b - std::panicking::default_hook::{{closure}}::hcfe804496a9fa747
[INFO] [stdout]                                at /rustc/a178d0322ce20e33eac124758e837cbd80a6f633/library/std/src/panicking.rs:208:50
[INFO] [stdout]    9:     0x557d3e01922c - std::panicking::default_hook::hbea8e3ccf2ba8901
[INFO] [stdout]                                at /rustc/a178d0322ce20e33eac124758e837cbd80a6f633/library/std/src/panicking.rs:222:9
[INFO] [stdout]   10:     0x557d3e019de4 - std::panicking::rust_panic_with_hook::h7ee9e1a2d0f8975a
[INFO] [stdout]                                at /rustc/a178d0322ce20e33eac124758e837cbd80a6f633/library/std/src/panicking.rs:622:17
[INFO] [stdout]   11:     0x557d3e0198c7 - std::panicking::begin_panic_handler::{{closure}}::h8ab3b4491718b2c7
[INFO] [stdout]                                at /rustc/a178d0322ce20e33eac124758e837cbd80a6f633/library/std/src/panicking.rs:519:13
[INFO] [stdout]   12:     0x557d3e0178fc - std::sys_common::backtrace::__rust_end_short_backtrace::hd489062ffa586a9f
[INFO] [stdout]                                at /rustc/a178d0322ce20e33eac124758e837cbd80a6f633/library/std/src/sys_common/backtrace.rs:141:18
[INFO] [stdout]   13:     0x557d3e019829 - rust_begin_unwind
[INFO] [stdout]                                at /rustc/a178d0322ce20e33eac124758e837cbd80a6f633/library/std/src/panicking.rs:515:5
[INFO] [stdout]   14:     0x557d3ddbbf9b - std::panicking::begin_panic_fmt::h5479575e112541f8
[INFO] [stdout]                                at /rustc/a178d0322ce20e33eac124758e837cbd80a6f633/library/std/src/panicking.rs:457:5
[INFO] [stdout]   15:     0x557d3de2bcf2 - trybuild::run::<impl trybuild::Runner>::run::h6e72c1030dbd49d5
[INFO] [stdout]                                at /opt/rustwide/cargo-home/registry/src/github.com-1ecc6299db9ec823/trybuild-1.0.43/src/run.rs:73:13
[INFO] [stdout]   16:     0x557d3de30962 - <trybuild::TestCases as core::ops::drop::Drop>::drop::h6bbf84492cb52f3f
[INFO] [stdout]                                at /opt/rustwide/cargo-home/registry/src/github.com-1ecc6299db9ec823/trybuild-1.0.43/src/lib.rs:306:13
[INFO] [stdout]   17:     0x557d3ddbddf7 - core::ptr::drop_in_place<trybuild::TestCases>::h00edfca0d2c097f5
[INFO] [stdout]                                at /rustc/a178d0322ce20e33eac124758e837cbd80a6f633/library/core/src/ptr/mod.rs:192:1
[INFO] [stdout]   18:     0x557d3ddbe041 - catch_fail_messages::cases::hf874fccd8abbd6ff
[INFO] [stdout]                                at /opt/rustwide/workdir/tests/catch_fail_messages.rs:7:1
[INFO] [stdout]   19:     0x557d3ddbdffa - catch_fail_messages::cases::{{closure}}::h5477b1b50e102f72
[INFO] [stdout]                                at /opt/rustwide/workdir/tests/catch_fail_messages.rs:4:1
[INFO] [stdout]   20:     0x557d3ddbdd9e - core::ops::function::FnOnce::call_once::hdb1a6948763fff81
[INFO] [stdout]                                at /rustc/a178d0322ce20e33eac124758e837cbd80a6f633/library/core/src/ops/function.rs:227:5
[INFO] [stdout]   21:     0x557d3dde6843 - core::ops::function::FnOnce::call_once::h152e7e439ff59e19
[INFO] [stdout]                                at /rustc/a178d0322ce20e33eac124758e837cbd80a6f633/library/core/src/ops/function.rs:227:5
[INFO] [stdout]   22:     0x557d3dde6843 - test::__rust_begin_short_backtrace::h0908f3b1fdbb72ab
[INFO] [stdout]                                at /rustc/a178d0322ce20e33eac124758e837cbd80a6f633/library/test/src/lib.rs:577:5
[INFO] [stdout]   23:     0x557d3dde5300 - <alloc::boxed::Box<F,A> as core::ops::function::FnOnce<Args>>::call_once::hf6d2a51e5587546c
[INFO] [stdout]                                at /rustc/a178d0322ce20e33eac124758e837cbd80a6f633/library/alloc/src/boxed.rs:1575:9
[INFO] [stdout]   24:     0x557d3dde5300 - <std::panic::AssertUnwindSafe<F> as core::ops::function::FnOnce<()>>::call_once::h8af660f3a89ef593
[INFO] [stdout]                                at /rustc/a178d0322ce20e33eac124758e837cbd80a6f633/library/std/src/panic.rs:347:9
[INFO] [stdout]   25:     0x557d3dde5300 - std::panicking::try::do_call::hd36aef60f84b6d36
[INFO] [stdout]                                at /rustc/a178d0322ce20e33eac124758e837cbd80a6f633/library/std/src/panicking.rs:401:40
[INFO] [stdout]   26:     0x557d3dde5300 - std::panicking::try::h9932b4480e69817c
[INFO] [stdout]                                at /rustc/a178d0322ce20e33eac124758e837cbd80a6f633/library/std/src/panicking.rs:365:19
[INFO] [stdout]   27:     0x557d3dde5300 - std::panic::catch_unwind::h6aa177099cfff5f8
[INFO] [stdout]                                at /rustc/a178d0322ce20e33eac124758e837cbd80a6f633/library/std/src/panic.rs:434:14
[INFO] [stdout]   28:     0x557d3dde5300 - test::run_test_in_process::h5884d6f2d99e20c3
[INFO] [stdout]                                at /rustc/a178d0322ce20e33eac124758e837cbd80a6f633/library/test/src/lib.rs:600:18
[INFO] [stdout]   29:     0x557d3dde5300 - test::run_test::run_test_inner::{{closure}}::h6fdc58c6d5f5b6e3
[INFO] [stdout]                                at /rustc/a178d0322ce20e33eac124758e837cbd80a6f633/library/test/src/lib.rs:492:39
[INFO] [stdout]   30:     0x557d3ddbe9b2 - test::run_test::run_test_inner::{{closure}}::h408365d67a78ade8
[INFO] [stdout]                                at /rustc/a178d0322ce20e33eac124758e837cbd80a6f633/library/test/src/lib.rs:519:37
[INFO] [stdout]   31:     0x557d3ddbe9b2 - std::sys_common::backtrace::__rust_begin_short_backtrace::hb560b77c4f701523
[INFO] [stdout]                                at /rustc/a178d0322ce20e33eac124758e837cbd80a6f633/library/std/src/sys_common/backtrace.rs:125:18
[INFO] [stdout]   32:     0x557d3ddc2568 - std::thread::Builder::spawn_unchecked::{{closure}}::{{closure}}::hf2e7831dad93c597
[INFO] [stdout]                                at /rustc/a178d0322ce20e33eac124758e837cbd80a6f633/library/std/src/thread/mod.rs:481:17
[INFO] [stdout]   33:     0x557d3ddc2568 - <std::panic::AssertUnwindSafe<F> as core::ops::function::FnOnce<()>>::call_once::hd2e08783d8be4d02
[INFO] [stdout]                                at /rustc/a178d0322ce20e33eac124758e837cbd80a6f633/library/std/src/panic.rs:347:9
[INFO] [stdout]   34:     0x557d3ddc2568 - std::panicking::try::do_call::h062597b7acfd6b82
[INFO] [stdout]                                at /rustc/a178d0322ce20e33eac124758e837cbd80a6f633/library/std/src/panicking.rs:401:40
[INFO] [stdout]   35:     0x557d3ddc2568 - std::panicking::try::h0d7b79db04c14552
[INFO] [stdout]                                at /rustc/a178d0322ce20e33eac124758e837cbd80a6f633/library/std/src/panicking.rs:365:19
[INFO] [stdout]   36:     0x557d3ddc2568 - std::panic::catch_unwind::hb01a0b5e7c8cd43b
[INFO] [stdout]                                at /rustc/a178d0322ce20e33eac124758e837cbd80a6f633/library/std/src/panic.rs:434:14
[INFO] [stdout]   37:     0x557d3ddc2568 - std::thread::Builder::spawn_unchecked::{{closure}}::h5bde48cc887e0d1e
[INFO] [stdout]                                at /rustc/a178d0322ce20e33eac124758e837cbd80a6f633/library/std/src/thread/mod.rs:480:30
[INFO] [stdout]   38:     0x557d3ddc2568 - core::ops::function::FnOnce::call_once{{vtable.shim}}::h745ea30807a29e55
[INFO] [stdout]                                at /rustc/a178d0322ce20e33eac124758e837cbd80a6f633/library/core/src/ops/function.rs:227:5
[INFO] [stdout]   39:     0x557d3e01fda7 - <alloc::boxed::Box<F,A> as core::ops::function::FnOnce<Args>>::call_once::h7ece6cfefaff1005
[INFO] [stdout]                                at /rustc/a178d0322ce20e33eac124758e837cbd80a6f633/library/alloc/src/boxed.rs:1575:9
[INFO] [stdout]   40:     0x557d3e01fda7 - <alloc::boxed::Box<F,A> as core::ops::function::FnOnce<Args>>::call_once::hb8b48e55c21f193e
[INFO] [stdout]                                at /rustc/a178d0322ce20e33eac124758e837cbd80a6f633/library/alloc/src/boxed.rs:1575:9
[INFO] [stdout]   41:     0x557d3e01fda7 - std::sys::unix::thread::Thread::new::thread_start::h8c7c4450dba62914
[INFO] [stdout]                                at /rustc/a178d0322ce20e33eac124758e837cbd80a6f633/library/std/src/sys/unix/thread.rs:71:17
[INFO] [stdout]   42:     0x7f39dff97609 - start_thread
[INFO] [stdout]   43:     0x7f39dfd69293 - clone
[INFO] [stdout]   44:                0x0 - <unknown>
[INFO] [stdout] 
[INFO] [stdout] 
[INFO] [stdout] failures:
[INFO] [stdout]     cases
[INFO] [stdout] 
[INFO] [stdout] test result: FAILED. 0 passed; 1 failed; 0 ignored; 0 measured; 0 filtered out; finished in 6.17s
[INFO] [stdout] 
[INFO] [stderr] error: test failed, to rerun pass '--test catch_fail_messages'
[INFO] running `Command { std: "docker" "inspect" "d6fc2de9b27bbadd98b16ee2e62f978e46d855860be7c045d6d4c3e9a0c14243", kill_on_drop: false }`
[INFO] running `Command { std: "docker" "rm" "-f" "d6fc2de9b27bbadd98b16ee2e62f978e46d855860be7c045d6d4c3e9a0c14243", kill_on_drop: false }`
[INFO] [stdout] d6fc2de9b27bbadd98b16ee2e62f978e46d855860be7c045d6d4c3e9a0c14243
