[INFO] fetching crate mqtt-async-client 0.2.0...
[INFO] testing mqtt-async-client-0.2.0 against 1.54.0 for beta-1.55-1
[INFO] extracting crate mqtt-async-client 0.2.0 into /workspace/builds/worker-3/source
[INFO] validating manifest of crates.io crate mqtt-async-client 0.2.0 on toolchain 1.54.0
[INFO] running `Command { std: "/workspace/cargo-home/bin/cargo" "+1.54.0" "metadata" "--manifest-path" "Cargo.toml" "--no-deps", kill_on_drop: false }`
[INFO] started tweaking crates.io crate mqtt-async-client 0.2.0
[INFO] finished tweaking crates.io crate mqtt-async-client 0.2.0
[INFO] tweaked toml for crates.io crate mqtt-async-client 0.2.0 written to /workspace/builds/worker-3/source/Cargo.toml
[INFO] crate crates.io crate mqtt-async-client 0.2.0 already has a lockfile, it will not be regenerated
[INFO] running `Command { std: "/workspace/cargo-home/bin/cargo" "+1.54.0" "fetch" "--manifest-path" "Cargo.toml", kill_on_drop: false }`
[INFO] [stderr]     Blocking waiting for file lock on package cache
[INFO] running `Command { std: "docker" "create" "-v" "/var/lib/crater-agent-workspace/builds/worker-3/target:/opt/rustwide/target:rw,Z" "-v" "/var/lib/crater-agent-workspace/builds/worker-3/source:/opt/rustwide/workdir:ro,Z" "-v" "/var/lib/crater-agent-workspace/cargo-home:/opt/rustwide/cargo-home:ro,Z" "-v" "/var/lib/crater-agent-workspace/rustup-home:/opt/rustwide/rustup-home:ro,Z" "-e" "SOURCE_DIR=/opt/rustwide/workdir" "-e" "CARGO_TARGET_DIR=/opt/rustwide/target" "-e" "CARGO_HOME=/opt/rustwide/cargo-home" "-e" "RUSTUP_HOME=/opt/rustwide/rustup-home" "-w" "/opt/rustwide/workdir" "-m" "1610612736" "--user" "0:0" "--network" "none" "ghcr.io/rust-lang/crates-build-env/linux@sha256:34b6a614d2c27851fe6cbf88fbd1137609cefab8b10d0615aaeb6fd47975d74e" "/opt/rustwide/cargo-home/bin/cargo" "+1.54.0" "metadata" "--no-deps" "--format-version=1", kill_on_drop: false }`
[INFO] [stdout] 33f38c34a4f199bed460370b2408fd3c93486afa4e23b821c14573d6af19d5ef
[INFO] [stderr] WARNING: Your kernel does not support swap limit capabilities or the cgroup is not mounted. Memory limited without swap.
[INFO] running `Command { std: "docker" "start" "-a" "33f38c34a4f199bed460370b2408fd3c93486afa4e23b821c14573d6af19d5ef", kill_on_drop: false }`
[INFO] running `Command { std: "docker" "inspect" "33f38c34a4f199bed460370b2408fd3c93486afa4e23b821c14573d6af19d5ef", kill_on_drop: false }`
[INFO] running `Command { std: "docker" "rm" "-f" "33f38c34a4f199bed460370b2408fd3c93486afa4e23b821c14573d6af19d5ef", kill_on_drop: false }`
[INFO] [stdout] 33f38c34a4f199bed460370b2408fd3c93486afa4e23b821c14573d6af19d5ef
[INFO] running `Command { std: "docker" "create" "-v" "/var/lib/crater-agent-workspace/builds/worker-3/target:/opt/rustwide/target:rw,Z" "-v" "/var/lib/crater-agent-workspace/builds/worker-3/source:/opt/rustwide/workdir:ro,Z" "-v" "/var/lib/crater-agent-workspace/cargo-home:/opt/rustwide/cargo-home:ro,Z" "-v" "/var/lib/crater-agent-workspace/rustup-home:/opt/rustwide/rustup-home:ro,Z" "-e" "SOURCE_DIR=/opt/rustwide/workdir" "-e" "CARGO_TARGET_DIR=/opt/rustwide/target" "-e" "CARGO_INCREMENTAL=0" "-e" "RUST_BACKTRACE=full" "-e" "RUSTFLAGS=--cap-lints=warn" "-e" "CARGO_HOME=/opt/rustwide/cargo-home" "-e" "RUSTUP_HOME=/opt/rustwide/rustup-home" "-w" "/opt/rustwide/workdir" "-m" "1610612736" "--user" "0:0" "--network" "none" "ghcr.io/rust-lang/crates-build-env/linux@sha256:34b6a614d2c27851fe6cbf88fbd1137609cefab8b10d0615aaeb6fd47975d74e" "/opt/rustwide/cargo-home/bin/cargo" "+1.54.0" "build" "--frozen" "--message-format=json", kill_on_drop: false }`
[INFO] [stdout] 66d6b98d51687ea68102da70fe9b94c1f7736a00d30ca2a9d61cee1fcf71b066
[INFO] [stderr] WARNING: Your kernel does not support swap limit capabilities or the cgroup is not mounted. Memory limited without swap.
[INFO] running `Command { std: "docker" "start" "-a" "66d6b98d51687ea68102da70fe9b94c1f7736a00d30ca2a9d61cee1fcf71b066", kill_on_drop: false }`
[INFO] [stderr]    Compiling ring v0.16.20
[INFO] [stderr]    Compiling tokio v1.2.0
[INFO] [stderr]    Compiling iovec v0.1.4
[INFO] [stderr]    Compiling mio v0.7.8
[INFO] [stderr]    Compiling syn v1.0.60
[INFO] [stderr]    Compiling bytes v0.4.12
[INFO] [stderr]    Compiling mqttrs v0.2.0
[INFO] [stderr]    Compiling sct v0.6.0
[INFO] [stderr]    Compiling webpki v0.21.4
[INFO] [stderr]    Compiling rustls v0.19.0
[INFO] [stderr]    Compiling tokio-macros v1.1.0
[INFO] [stderr]    Compiling futures-macro v0.3.12
[INFO] [stderr]    Compiling futures-util v0.3.12
[INFO] [stderr]    Compiling tokio-rustls v0.22.0
[INFO] [stderr]    Compiling mqtt-async-client v0.2.0 (/opt/rustwide/workdir)
[INFO] [stderr]     Finished dev [unoptimized + debuginfo] target(s) in 21.07s
[INFO] running `Command { std: "docker" "inspect" "66d6b98d51687ea68102da70fe9b94c1f7736a00d30ca2a9d61cee1fcf71b066", kill_on_drop: false }`
[INFO] running `Command { std: "docker" "rm" "-f" "66d6b98d51687ea68102da70fe9b94c1f7736a00d30ca2a9d61cee1fcf71b066", kill_on_drop: false }`
[INFO] [stdout] 66d6b98d51687ea68102da70fe9b94c1f7736a00d30ca2a9d61cee1fcf71b066
[INFO] running `Command { std: "docker" "create" "-v" "/var/lib/crater-agent-workspace/builds/worker-3/target:/opt/rustwide/target:rw,Z" "-v" "/var/lib/crater-agent-workspace/builds/worker-3/source:/opt/rustwide/workdir:ro,Z" "-v" "/var/lib/crater-agent-workspace/cargo-home:/opt/rustwide/cargo-home:ro,Z" "-v" "/var/lib/crater-agent-workspace/rustup-home:/opt/rustwide/rustup-home:ro,Z" "-e" "SOURCE_DIR=/opt/rustwide/workdir" "-e" "CARGO_TARGET_DIR=/opt/rustwide/target" "-e" "CARGO_INCREMENTAL=0" "-e" "RUST_BACKTRACE=full" "-e" "RUSTFLAGS=--cap-lints=warn" "-e" "CARGO_HOME=/opt/rustwide/cargo-home" "-e" "RUSTUP_HOME=/opt/rustwide/rustup-home" "-w" "/opt/rustwide/workdir" "-m" "1610612736" "--user" "0:0" "--network" "none" "ghcr.io/rust-lang/crates-build-env/linux@sha256:34b6a614d2c27851fe6cbf88fbd1137609cefab8b10d0615aaeb6fd47975d74e" "/opt/rustwide/cargo-home/bin/cargo" "+1.54.0" "test" "--frozen" "--no-run" "--message-format=json", kill_on_drop: false }`
[INFO] [stderr] WARNING: Your kernel does not support swap limit capabilities or the cgroup is not mounted. Memory limited without swap.
[INFO] [stdout] 660c9b0fba9ae49e9aab39b82413fd8419ce5a4cbde17810cdee0dd94bee3df7
[INFO] running `Command { std: "docker" "start" "-a" "660c9b0fba9ae49e9aab39b82413fd8419ce5a4cbde17810cdee0dd94bee3df7", kill_on_drop: false }`
[INFO] [stderr]    Compiling atty v0.2.14
[INFO] [stderr]    Compiling regex v1.4.3
[INFO] [stderr]    Compiling proc-macro-error v1.0.4
[INFO] [stderr]    Compiling webpki-roots v0.18.0
[INFO] [stderr]    Compiling clap v2.33.3
[INFO] [stderr]    Compiling structopt-derive v0.4.14
[INFO] [stderr]    Compiling env_logger v0.7.1
[INFO] [stderr]    Compiling structopt v0.3.21
[INFO] [stderr]    Compiling mqtt-async-client v0.2.0 (/opt/rustwide/workdir)
[INFO] [stderr]     Finished test [unoptimized + debuginfo] target(s) in 10.24s
[INFO] running `Command { std: "docker" "inspect" "660c9b0fba9ae49e9aab39b82413fd8419ce5a4cbde17810cdee0dd94bee3df7", kill_on_drop: false }`
[INFO] running `Command { std: "docker" "rm" "-f" "660c9b0fba9ae49e9aab39b82413fd8419ce5a4cbde17810cdee0dd94bee3df7", kill_on_drop: false }`
[INFO] [stdout] 660c9b0fba9ae49e9aab39b82413fd8419ce5a4cbde17810cdee0dd94bee3df7
[INFO] running `Command { std: "docker" "create" "-v" "/var/lib/crater-agent-workspace/builds/worker-3/target:/opt/rustwide/target:rw,Z" "-v" "/var/lib/crater-agent-workspace/builds/worker-3/source:/opt/rustwide/workdir:ro,Z" "-v" "/var/lib/crater-agent-workspace/cargo-home:/opt/rustwide/cargo-home:ro,Z" "-v" "/var/lib/crater-agent-workspace/rustup-home:/opt/rustwide/rustup-home:ro,Z" "-e" "SOURCE_DIR=/opt/rustwide/workdir" "-e" "CARGO_TARGET_DIR=/opt/rustwide/target" "-e" "CARGO_INCREMENTAL=0" "-e" "RUST_BACKTRACE=full" "-e" "RUSTFLAGS=--cap-lints=warn" "-e" "CARGO_HOME=/opt/rustwide/cargo-home" "-e" "RUSTUP_HOME=/opt/rustwide/rustup-home" "-w" "/opt/rustwide/workdir" "-m" "1610612736" "--user" "0:0" "--network" "none" "ghcr.io/rust-lang/crates-build-env/linux@sha256:34b6a614d2c27851fe6cbf88fbd1137609cefab8b10d0615aaeb6fd47975d74e" "/opt/rustwide/cargo-home/bin/cargo" "+1.54.0" "test" "--frozen", kill_on_drop: false }`
[INFO] [stdout] 6ba8f0be9506f14c5ae1e9e3fde287bd4f7c87f7891b29fea0fc566801277d26
[INFO] [stderr] WARNING: Your kernel does not support swap limit capabilities or the cgroup is not mounted. Memory limited without swap.
[INFO] running `Command { std: "docker" "start" "-a" "6ba8f0be9506f14c5ae1e9e3fde287bd4f7c87f7891b29fea0fc566801277d26", kill_on_drop: false }`
[INFO] [stderr]     Finished test [unoptimized + debuginfo] target(s) in 0.05s
[INFO] [stderr]      Running unittests (/opt/rustwide/target/debug/deps/mqtt_async_client-bae7564c6c5a5e30)
[INFO] [stdout] 
[INFO] [stdout] running 15 tests
[INFO] [stdout] test client::client::test::client_is_send ... ok
[INFO] [stdout] test util::free_pid_list::tests::clear ... ok
[INFO] [stdout] test util::free_pid_list::tests::bounds_ex ... ok
[INFO] [stdout] test util::free_pid_list::tests::double_free_lower_bound ... ok
[INFO] [stdout] test util::free_pid_list::tests::double_free_upper_bound ... ok
[INFO] [stdout] test util::free_pid_list::tests::ex_1 ... ok
[INFO] [stdout] test util::free_pid_list::tests::free_case_merge_above ... ok
[INFO] [stdout] test util::free_pid_list::tests::free_case_merge_above_and_below ... ok
[INFO] [stdout] test util::free_pid_list::tests::free_case_merge_below ... ok
[INFO] [stdout] test util::free_pid_list::tests::free_case_new_range ... ok
[INFO] [stdout] test util::free_pid_list::tests::bad_bounds_zero - should panic ... ok
[INFO] [stdout] test util::free_pid_list::tests::bounds_bad_free_lb - should panic ... ok
[INFO] [stdout] test util::free_pid_list::tests::bounds_bad_free_ub - should panic ... ok
[INFO] [stdout] test util::free_pid_list::tests::bad_bounds_swapped - should panic ... ok
[INFO] [stdout] test util::free_pid_list::tests::empty ... ok
[INFO] [stdout] 
[INFO] [stdout] test result: ok. 15 passed; 0 failed; 0 ignored; 0 measured; 0 filtered out; finished in 0.07s
[INFO] [stdout] 
[INFO] [stderr]      Running tests/integration_test.rs (/opt/rustwide/target/debug/deps/integration_test-6bbefe0c82bba357)
[INFO] [stdout] 
[INFO] [stdout] running 4 tests
[INFO] [stderr] [2021-08-07T08:21:19Z ERROR mqtt_async_client::client::client] IoTask: Error connecting: Cannot assign requested address (os error 99)
[INFO] [stderr] [2021-08-07T08:21:19Z ERROR mqtt_async_client::client::client] IoTask: Error connecting: Cannot assign requested address (os error 99)
[INFO] [stderr] [2021-08-07T08:21:19Z ERROR mqtt_async_client::client::client] IoTask: Error connecting: Cannot assign requested address (os error 99)
[INFO] [stderr] [2021-08-07T08:21:19Z ERROR mqtt_async_client::client::client] IoTask: Error connecting: Cannot assign requested address (os error 99)
[INFO] [stderr] [2021-08-07T08:21:20Z ERROR mqtt_async_client::client::client] IoTask: Error connecting: Cannot assign requested address (os error 99)
[INFO] [stderr] [2021-08-07T08:21:20Z ERROR mqtt_async_client::client::client] IoTask: Error connecting: Cannot assign requested address (os error 99)
[INFO] [stderr] [2021-08-07T08:21:20Z ERROR mqtt_async_client::client::client] IoTask: Error connecting: Cannot assign requested address (os error 99)
[INFO] [stderr] [2021-08-07T08:21:20Z ERROR mqtt_async_client::client::client] IoTask: Error connecting: Cannot assign requested address (os error 99)
[INFO] [stderr] [2021-08-07T08:21:21Z ERROR mqtt_async_client::client::client] IoTask: Error connecting: Cannot assign requested address (os error 99)
[INFO] [stderr] [2021-08-07T08:21:21Z ERROR mqtt_async_client::client::client] IoTask: Error connecting: Cannot assign requested address (os error 99)
[INFO] [stderr] [2021-08-07T08:21:21Z ERROR mqtt_async_client::client::client] IoTask: Error connecting: Cannot assign requested address (os error 99)
[INFO] [stderr] [2021-08-07T08:21:21Z ERROR mqtt_async_client::client::client] IoTask: Error connecting: Cannot assign requested address (os error 99)
[INFO] [stderr] [2021-08-07T08:21:22Z ERROR mqtt_async_client::client::client] IoTask: Error connecting: Cannot assign requested address (os error 99)
[INFO] [stderr] [2021-08-07T08:21:22Z ERROR mqtt_async_client::client::client] IoTask: Error connecting: Cannot assign requested address (os error 99)
[INFO] [stderr] [2021-08-07T08:21:22Z ERROR mqtt_async_client::client::client] IoTask: Error connecting: Cannot assign requested address (os error 99)
[INFO] [stderr] [2021-08-07T08:21:22Z ERROR mqtt_async_client::client::client] IoTask: Error connecting: Cannot assign requested address (os error 99)
[INFO] [stderr] [2021-08-07T08:21:23Z ERROR mqtt_async_client::client::client] IoTask: Error connecting: Cannot assign requested address (os error 99)
[INFO] [stderr] [2021-08-07T08:21:23Z ERROR mqtt_async_client::client::client] IoTask: Error connecting: Cannot assign requested address (os error 99)
[INFO] [stderr] [2021-08-07T08:21:23Z ERROR mqtt_async_client::client::client] IoTask: Error connecting: Cannot assign requested address (os error 99)
[INFO] [stderr] [2021-08-07T08:21:23Z ERROR mqtt_async_client::client::client] IoTask: Error connecting: Cannot assign requested address (os error 99)
[INFO] [stderr] [2021-08-07T08:21:24Z ERROR mqtt_async_client::client::client] IoTask: Error connecting: Cannot assign requested address (os error 99)
[INFO] [stderr] [2021-08-07T08:21:24Z ERROR mqtt_async_client::client::client] IoTask: Error connecting: Cannot assign requested address (os error 99)
[INFO] [stderr] [2021-08-07T08:21:24Z ERROR mqtt_async_client::client::client] IoTask: Error connecting: Cannot assign requested address (os error 99)
[INFO] [stderr] [2021-08-07T08:21:24Z ERROR mqtt_async_client::client::client] IoTask: Error connecting: Cannot assign requested address (os error 99)
[INFO] [stderr] [2021-08-07T08:21:25Z ERROR mqtt_async_client::client::client] IoTask: Error connecting: Cannot assign requested address (os error 99)
[INFO] [stderr] [2021-08-07T08:21:25Z ERROR mqtt_async_client::client::client] IoTask: Error connecting: Cannot assign requested address (os error 99)
[INFO] [stderr] [2021-08-07T08:21:25Z ERROR mqtt_async_client::client::client] IoTask: Error connecting: Cannot assign requested address (os error 99)
[INFO] [stderr] [2021-08-07T08:21:25Z ERROR mqtt_async_client::client::client] IoTask: Error connecting: Cannot assign requested address (os error 99)
[INFO] [stderr] [2021-08-07T08:21:26Z ERROR mqtt_async_client::client::client] IoTask: Error connecting: Cannot assign requested address (os error 99)
[INFO] [stderr] [2021-08-07T08:21:26Z ERROR mqtt_async_client::client::client] IoTask: Error connecting: Cannot assign requested address (os error 99)
[INFO] [stderr] [2021-08-07T08:21:26Z ERROR mqtt_async_client::client::client] IoTask: Error connecting: Cannot assign requested address (os error 99)
[INFO] [stderr] [2021-08-07T08:21:26Z ERROR mqtt_async_client::client::client] IoTask: Error connecting: Cannot assign requested address (os error 99)
[INFO] [stderr] [2021-08-07T08:21:27Z ERROR mqtt_async_client::client::client] IoTask: Error connecting: Cannot assign requested address (os error 99)
[INFO] [stderr] [2021-08-07T08:21:27Z ERROR mqtt_async_client::client::client] IoTask: Error connecting: Cannot assign requested address (os error 99)
[INFO] [stderr] [2021-08-07T08:21:27Z ERROR mqtt_async_client::client::client] IoTask: Error connecting: Cannot assign requested address (os error 99)
[INFO] [stderr] [2021-08-07T08:21:27Z ERROR mqtt_async_client::client::client] IoTask: Error connecting: Cannot assign requested address (os error 99)
[INFO] [stderr] [2021-08-07T08:21:28Z ERROR mqtt_async_client::client::client] IoTask: Error connecting: Cannot assign requested address (os error 99)
[INFO] [stderr] [2021-08-07T08:21:28Z ERROR mqtt_async_client::client::client] IoTask: Error connecting: Cannot assign requested address (os error 99)
[INFO] [stderr] [2021-08-07T08:21:28Z ERROR mqtt_async_client::client::client] IoTask: Error connecting: Cannot assign requested address (os error 99)
[INFO] [stderr] [2021-08-07T08:21:28Z ERROR mqtt_async_client::client::client] IoTask: Error connecting: Cannot assign requested address (os error 99)
[INFO] [stderr] [2021-08-07T08:21:29Z ERROR mqtt_async_client::client::client] IoTask: Error connecting: Cannot assign requested address (os error 99)
[INFO] [stderr] [2021-08-07T08:21:29Z ERROR mqtt_async_client::client::client] IoTask: Error connecting: Cannot assign requested address (os error 99)
[INFO] [stderr] [2021-08-07T08:21:29Z ERROR mqtt_async_client::client::client] IoTask: Error connecting: Cannot assign requested address (os error 99)
[INFO] [stderr] [2021-08-07T08:21:29Z ERROR mqtt_async_client::client::client] IoTask: Error connecting: Cannot assign requested address (os error 99)
[INFO] [stderr] [2021-08-07T08:21:30Z ERROR mqtt_async_client::client::client] IoTask: Error connecting: Cannot assign requested address (os error 99)
[INFO] [stderr] [2021-08-07T08:21:30Z ERROR mqtt_async_client::client::client] IoTask: Error connecting: Cannot assign requested address (os error 99)
[INFO] [stderr] [2021-08-07T08:21:30Z ERROR mqtt_async_client::client::client] IoTask: Error connecting: Cannot assign requested address (os error 99)
[INFO] [stderr] [2021-08-07T08:21:30Z ERROR mqtt_async_client::client::client] IoTask: Error connecting: Cannot assign requested address (os error 99)
[INFO] [stderr] [2021-08-07T08:21:31Z ERROR mqtt_async_client::client::client] IoTask: Error connecting: Cannot assign requested address (os error 99)
[INFO] [stderr] [2021-08-07T08:21:31Z ERROR mqtt_async_client::client::client] IoTask: Error connecting: Cannot assign requested address (os error 99)
[INFO] [stderr] [2021-08-07T08:21:31Z ERROR mqtt_async_client::client::client] IoTask: Error connecting: Cannot assign requested address (os error 99)
[INFO] [stderr] [2021-08-07T08:21:31Z ERROR mqtt_async_client::client::client] IoTask: Error connecting: Cannot assign requested address (os error 99)
[INFO] [stderr] [2021-08-07T08:21:32Z ERROR mqtt_async_client::client::client] IoTask: Error connecting: Cannot assign requested address (os error 99)
[INFO] [stderr] [2021-08-07T08:21:32Z ERROR mqtt_async_client::client::client] IoTask: Error connecting: Cannot assign requested address (os error 99)
[INFO] [stderr] [2021-08-07T08:21:32Z ERROR mqtt_async_client::client::client] IoTask: Error connecting: Cannot assign requested address (os error 99)
[INFO] [stderr] [2021-08-07T08:21:32Z ERROR mqtt_async_client::client::client] IoTask: Error connecting: Cannot assign requested address (os error 99)
[INFO] [stderr] [2021-08-07T08:21:33Z ERROR mqtt_async_client::client::client] IoTask: Error connecting: Cannot assign requested address (os error 99)
[INFO] [stderr] [2021-08-07T08:21:33Z ERROR mqtt_async_client::client::client] IoTask: Error connecting: Cannot assign requested address (os error 99)
[INFO] [stderr] [2021-08-07T08:21:33Z ERROR mqtt_async_client::client::client] IoTask: Error connecting: Cannot assign requested address (os error 99)
[INFO] [stderr] [2021-08-07T08:21:33Z ERROR mqtt_async_client::client::client] IoTask: Error connecting: Cannot assign requested address (os error 99)
[INFO] [stderr] [2021-08-07T08:21:34Z ERROR mqtt_async_client::client::client] IoTask: Error connecting: Cannot assign requested address (os error 99)
[INFO] [stderr] [2021-08-07T08:21:34Z ERROR mqtt_async_client::client::client] IoTask: Error connecting: Cannot assign requested address (os error 99)
[INFO] [stderr] [2021-08-07T08:21:34Z ERROR mqtt_async_client::client::client] IoTask: Error connecting: Cannot assign requested address (os error 99)
[INFO] [stderr] [2021-08-07T08:21:34Z ERROR mqtt_async_client::client::client] IoTask: Error connecting: Cannot assign requested address (os error 99)
[INFO] [stderr] [2021-08-07T08:21:35Z ERROR mqtt_async_client::client::client] IoTask: Error connecting: Cannot assign requested address (os error 99)
[INFO] [stderr] [2021-08-07T08:21:35Z ERROR mqtt_async_client::client::client] IoTask: Error connecting: Cannot assign requested address (os error 99)
[INFO] [stderr] [2021-08-07T08:21:35Z ERROR mqtt_async_client::client::client] IoTask: Error connecting: Cannot assign requested address (os error 99)
[INFO] [stderr] [2021-08-07T08:21:35Z ERROR mqtt_async_client::client::client] IoTask: Error connecting: Cannot assign requested address (os error 99)
[INFO] [stderr] [2021-08-07T08:21:36Z ERROR mqtt_async_client::client::client] IoTask: Error connecting: Cannot assign requested address (os error 99)
[INFO] [stderr] [2021-08-07T08:21:36Z ERROR mqtt_async_client::client::client] IoTask: Error connecting: Cannot assign requested address (os error 99)
[INFO] [stderr] [2021-08-07T08:21:36Z ERROR mqtt_async_client::client::client] IoTask: Error connecting: Cannot assign requested address (os error 99)
[INFO] [stderr] [2021-08-07T08:21:36Z ERROR mqtt_async_client::client::client] IoTask: Error connecting: Cannot assign requested address (os error 99)
[INFO] [stderr] [2021-08-07T08:21:37Z ERROR mqtt_async_client::client::client] IoTask: Error connecting: Cannot assign requested address (os error 99)
[INFO] [stderr] [2021-08-07T08:21:37Z ERROR mqtt_async_client::client::client] IoTask: Error connecting: Cannot assign requested address (os error 99)
[INFO] [stderr] [2021-08-07T08:21:37Z ERROR mqtt_async_client::client::client] IoTask: Error connecting: Cannot assign requested address (os error 99)
[INFO] [stderr] [2021-08-07T08:21:37Z ERROR mqtt_async_client::client::client] IoTask: Error connecting: Cannot assign requested address (os error 99)
[INFO] [stderr] [2021-08-07T08:21:38Z ERROR mqtt_async_client::client::client] IoTask: Error connecting: Cannot assign requested address (os error 99)
[INFO] [stderr] [2021-08-07T08:21:38Z ERROR mqtt_async_client::client::client] IoTask: Error connecting: Cannot assign requested address (os error 99)
[INFO] [stderr] [2021-08-07T08:21:38Z ERROR mqtt_async_client::client::client] IoTask: Error connecting: Cannot assign requested address (os error 99)
[INFO] [stderr] [2021-08-07T08:21:38Z ERROR mqtt_async_client::client::client] IoTask: Error connecting: Cannot assign requested address (os error 99)
[INFO] [stdout] test unsubscribe ... FAILED
[INFO] [stdout] test pub_and_sub_tls ... FAILED
[INFO] [stdout] test pub_and_sub_plain ... FAILED
[INFO] [stdout] test retain ... FAILED
[INFO] [stdout] 
[INFO] [stdout] failures:
[INFO] [stdout] 
[INFO] [stdout] ---- unsubscribe stdout ----
[INFO] [stdout] Error: String("Timeout waiting for Suback after 20000ms")
[INFO] [stdout] thread 'unsubscribe' panicked at 'assertion failed: `(left == right)`
[INFO] [stdout]   left: `1`,
[INFO] [stdout]  right: `0`: the test returned a termination value with a non-zero status code (1) which indicates a failure', /rustc/a178d0322ce20e33eac124758e837cbd80a6f633/library/test/src/lib.rs:193:5
[INFO] [stdout] stack backtrace:
[INFO] [stdout]    0:     0x562941aa7b80 - std::backtrace_rs::backtrace::libunwind::trace::h34055254b57d8e79
[INFO] [stdout]                                at /rustc/a178d0322ce20e33eac124758e837cbd80a6f633/library/std/src/../../backtrace/src/backtrace/libunwind.rs:90:5
[INFO] [stdout]    1:     0x562941aa7b80 - std::backtrace_rs::backtrace::trace_unsynchronized::h8f1e3fbd9afff6ec
[INFO] [stdout]                                at /rustc/a178d0322ce20e33eac124758e837cbd80a6f633/library/std/src/../../backtrace/src/backtrace/mod.rs:66:5
[INFO] [stdout]    2:     0x562941aa7b80 - std::sys_common::backtrace::_print_fmt::h3a99a796b770c360
[INFO] [stdout]                                at /rustc/a178d0322ce20e33eac124758e837cbd80a6f633/library/std/src/sys_common/backtrace.rs:67:5
[INFO] [stdout]    3:     0x562941aa7b80 - <std::sys_common::backtrace::_print::DisplayBacktrace as core::fmt::Display>::fmt::h32d1f94a80615d18
[INFO] [stdout]                                at /rustc/a178d0322ce20e33eac124758e837cbd80a6f633/library/std/src/sys_common/backtrace.rs:46:22
[INFO] [stdout]    4:     0x562941acb21c - core::fmt::write::h306731c068f7162c
[INFO] [stdout]                                at /rustc/a178d0322ce20e33eac124758e837cbd80a6f633/library/core/src/fmt/mod.rs:1110:17
[INFO] [stdout]    5:     0x562941aa2ed5 - std::io::Write::write_fmt::h87f19b0a2cd190bc
[INFO] [stdout]                                at /rustc/a178d0322ce20e33eac124758e837cbd80a6f633/library/std/src/io/mod.rs:1588:15
[INFO] [stdout]    6:     0x562941aa9d5b - std::sys_common::backtrace::_print::h5abaa2601a852287
[INFO] [stdout]                                at /rustc/a178d0322ce20e33eac124758e837cbd80a6f633/library/std/src/sys_common/backtrace.rs:49:5
[INFO] [stdout]    7:     0x562941aa9d5b - std::sys_common::backtrace::print::h8d81445442bb638f
[INFO] [stdout]                                at /rustc/a178d0322ce20e33eac124758e837cbd80a6f633/library/std/src/sys_common/backtrace.rs:36:9
[INFO] [stdout]    8:     0x562941aa9d5b - std::panicking::default_hook::{{closure}}::hcfe804496a9fa747
[INFO] [stdout]                                at /rustc/a178d0322ce20e33eac124758e837cbd80a6f633/library/std/src/panicking.rs:208:50
[INFO] [stdout]    9:     0x562941aa986c - std::panicking::default_hook::hbea8e3ccf2ba8901
[INFO] [stdout]                                at /rustc/a178d0322ce20e33eac124758e837cbd80a6f633/library/std/src/panicking.rs:222:9
[INFO] [stdout]   10:     0x562941aaa424 - std::panicking::rust_panic_with_hook::h7ee9e1a2d0f8975a
[INFO] [stdout]                                at /rustc/a178d0322ce20e33eac124758e837cbd80a6f633/library/std/src/panicking.rs:622:17
[INFO] [stdout]   11:     0x562941aa9f07 - std::panicking::begin_panic_handler::{{closure}}::h8ab3b4491718b2c7
[INFO] [stdout]                                at /rustc/a178d0322ce20e33eac124758e837cbd80a6f633/library/std/src/panicking.rs:519:13
[INFO] [stdout]   12:     0x562941aa807c - std::sys_common::backtrace::__rust_end_short_backtrace::hd489062ffa586a9f
[INFO] [stdout]                                at /rustc/a178d0322ce20e33eac124758e837cbd80a6f633/library/std/src/sys_common/backtrace.rs:141:18
[INFO] [stdout]   13:     0x562941aa9e69 - rust_begin_unwind
[INFO] [stdout]                                at /rustc/a178d0322ce20e33eac124758e837cbd80a6f633/library/std/src/panicking.rs:515:5
[INFO] [stdout]   14:     0x5629415bfd31 - core::panicking::panic_fmt::hca6330e3e14086b4
[INFO] [stdout]                                at /rustc/a178d0322ce20e33eac124758e837cbd80a6f633/library/core/src/panicking.rs:92:14
[INFO] [stdout]   15:     0x562941ac967e - core::panicking::assert_failed_inner::h33b45280069a80ed
[INFO] [stdout]   16:     0x562941a477fa - core::panicking::assert_failed::ha4aa7f5a9079892a
[INFO] [stdout]                                at /rustc/a178d0322ce20e33eac124758e837cbd80a6f633/library/core/src/panicking.rs:117:5
[INFO] [stdout]   17:     0x5629415df129 - test::assert_test_result::hec3babb42933436e
[INFO] [stdout]                                at /rustc/a178d0322ce20e33eac124758e837cbd80a6f633/library/test/src/lib.rs:193:5
[INFO] [stdout]   18:     0x5629415db109 - integration_test::unsubscribe::{{closure}}::h9e659b5c911cf05b
[INFO] [stdout]                                at /opt/rustwide/workdir/tests/integration_test.rs:105:1
[INFO] [stdout]   19:     0x5629415d363e - core::ops::function::FnOnce::call_once::hc1a199b62523ecff
[INFO] [stdout]                                at /rustc/a178d0322ce20e33eac124758e837cbd80a6f633/library/core/src/ops/function.rs:227:5
[INFO] [stdout]   20:     0x5629417c1ee3 - core::ops::function::FnOnce::call_once::h152e7e439ff59e19
[INFO] [stdout]                                at /rustc/a178d0322ce20e33eac124758e837cbd80a6f633/library/core/src/ops/function.rs:227:5
[INFO] [stdout]   21:     0x5629417c1ee3 - test::__rust_begin_short_backtrace::h0908f3b1fdbb72ab
[INFO] [stdout]                                at /rustc/a178d0322ce20e33eac124758e837cbd80a6f633/library/test/src/lib.rs:577:5
[INFO] [stdout]   22:     0x5629417c09a0 - <alloc::boxed::Box<F,A> as core::ops::function::FnOnce<Args>>::call_once::hf6d2a51e5587546c
[INFO] [stdout]                                at /rustc/a178d0322ce20e33eac124758e837cbd80a6f633/library/alloc/src/boxed.rs:1575:9
[INFO] [stdout]   23:     0x5629417c09a0 - <std::panic::AssertUnwindSafe<F> as core::ops::function::FnOnce<()>>::call_once::h8af660f3a89ef593
[INFO] [stdout]                                at /rustc/a178d0322ce20e33eac124758e837cbd80a6f633/library/std/src/panic.rs:347:9
[INFO] [stdout]   24:     0x5629417c09a0 - std::panicking::try::do_call::hd36aef60f84b6d36
[INFO] [stdout]                                at /rustc/a178d0322ce20e33eac124758e837cbd80a6f633/library/std/src/panicking.rs:401:40
[INFO] [stdout]   25:     0x5629417c09a0 - std::panicking::try::h9932b4480e69817c
[INFO] [stdout]                                at /rustc/a178d0322ce20e33eac124758e837cbd80a6f633/library/std/src/panicking.rs:365:19
[INFO] [stdout]   26:     0x5629417c09a0 - std::panic::catch_unwind::h6aa177099cfff5f8
[INFO] [stdout]                                at /rustc/a178d0322ce20e33eac124758e837cbd80a6f633/library/std/src/panic.rs:434:14
[INFO] [stdout]   27:     0x5629417c09a0 - test::run_test_in_process::h5884d6f2d99e20c3
[INFO] [stdout]                                at /rustc/a178d0322ce20e33eac124758e837cbd80a6f633/library/test/src/lib.rs:600:18
[INFO] [stdout]   28:     0x5629417c09a0 - test::run_test::run_test_inner::{{closure}}::h6fdc58c6d5f5b6e3
[INFO] [stdout]                                at /rustc/a178d0322ce20e33eac124758e837cbd80a6f633/library/test/src/lib.rs:492:39
[INFO] [stdout]   29:     0x56294179a052 - test::run_test::run_test_inner::{{closure}}::h408365d67a78ade8
[INFO] [stdout]                                at /rustc/a178d0322ce20e33eac124758e837cbd80a6f633/library/test/src/lib.rs:519:37
[INFO] [stdout]   30:     0x56294179a052 - std::sys_common::backtrace::__rust_begin_short_backtrace::hb560b77c4f701523
[INFO] [stdout]                                at /rustc/a178d0322ce20e33eac124758e837cbd80a6f633/library/std/src/sys_common/backtrace.rs:125:18
[INFO] [stdout]   31:     0x56294179dc08 - std::thread::Builder::spawn_unchecked::{{closure}}::{{closure}}::hf2e7831dad93c597
[INFO] [stdout]                                at /rustc/a178d0322ce20e33eac124758e837cbd80a6f633/library/std/src/thread/mod.rs:481:17
[INFO] [stdout]   32:     0x56294179dc08 - <std::panic::AssertUnwindSafe<F> as core::ops::function::FnOnce<()>>::call_once::hd2e08783d8be4d02
[INFO] [stdout]                                at /rustc/a178d0322ce20e33eac124758e837cbd80a6f633/library/std/src/panic.rs:347:9
[INFO] [stdout]   33:     0x56294179dc08 - std::panicking::try::do_call::h062597b7acfd6b82
[INFO] [stdout]                                at /rustc/a178d0322ce20e33eac124758e837cbd80a6f633/library/std/src/panicking.rs:401:40
[INFO] [stdout]   34:     0x56294179dc08 - std::panicking::try::h0d7b79db04c14552
[INFO] [stdout]                                at /rustc/a178d0322ce20e33eac124758e837cbd80a6f633/library/std/src/panicking.rs:365:19
[INFO] [stdout]   35:     0x56294179dc08 - std::panic::catch_unwind::hb01a0b5e7c8cd43b
[INFO] [stdout]                                at /rustc/a178d0322ce20e33eac124758e837cbd80a6f633/library/std/src/panic.rs:434:14
[INFO] [stdout]   36:     0x56294179dc08 - std::thread::Builder::spawn_unchecked::{{closure}}::h5bde48cc887e0d1e
[INFO] [stdout]                                at /rustc/a178d0322ce20e33eac124758e837cbd80a6f633/library/std/src/thread/mod.rs:480:30
[INFO] [stdout]   37:     0x56294179dc08 - core::ops::function::FnOnce::call_once{{vtable.shim}}::h745ea30807a29e55
[INFO] [stdout]                                at /rustc/a178d0322ce20e33eac124758e837cbd80a6f633/library/core/src/ops/function.rs:227:5
[INFO] [stdout]   38:     0x562941aaf5a7 - <alloc::boxed::Box<F,A> as core::ops::function::FnOnce<Args>>::call_once::h7ece6cfefaff1005
[INFO] [stdout]                                at /rustc/a178d0322ce20e33eac124758e837cbd80a6f633/library/alloc/src/boxed.rs:1575:9
[INFO] [stdout]   39:     0x562941aaf5a7 - <alloc::boxed::Box<F,A> as core::ops::function::FnOnce<Args>>::call_once::hb8b48e55c21f193e
[INFO] [stdout]                                at /rustc/a178d0322ce20e33eac124758e837cbd80a6f633/library/alloc/src/boxed.rs:1575:9
[INFO] [stdout]   40:     0x562941aaf5a7 - std::sys::unix::thread::Thread::new::thread_start::h8c7c4450dba62914
[INFO] [stdout]                                at /rustc/a178d0322ce20e33eac124758e837cbd80a6f633/library/std/src/sys/unix/thread.rs:71:17
[INFO] [stdout]   41:     0x7fc58f723609 - start_thread
[INFO] [stdout]   42:     0x7fc58f4f5293 - clone
[INFO] [stdout]   43:                0x0 - <unknown>
[INFO] [stdout] 
[INFO] [stdout] ---- pub_and_sub_tls stdout ----
[INFO] [stdout] Error: String("Timeout waiting for Suback after 20000ms")
[INFO] [stdout] thread 'pub_and_sub_tls' panicked at 'assertion failed: `(left == right)`
[INFO] [stdout]   left: `1`,
[INFO] [stdout]  right: `0`: the test returned a termination value with a non-zero status code (1) which indicates a failure', /rustc/a178d0322ce20e33eac124758e837cbd80a6f633/library/test/src/lib.rs:193:5
[INFO] [stdout] stack backtrace:
[INFO] [stdout]    0:     0x562941aa7b80 - std::backtrace_rs::backtrace::libunwind::trace::h34055254b57d8e79
[INFO] [stdout]                                at /rustc/a178d0322ce20e33eac124758e837cbd80a6f633/library/std/src/../../backtrace/src/backtrace/libunwind.rs:90:5
[INFO] [stdout]    1:     0x562941aa7b80 - std::backtrace_rs::backtrace::trace_unsynchronized::h8f1e3fbd9afff6ec
[INFO] [stdout]                                at /rustc/a178d0322ce20e33eac124758e837cbd80a6f633/library/std/src/../../backtrace/src/backtrace/mod.rs:66:5
[INFO] [stdout]    2:     0x562941aa7b80 - std::sys_common::backtrace::_print_fmt::h3a99a796b770c360
[INFO] [stdout]                                at /rustc/a178d0322ce20e33eac124758e837cbd80a6f633/library/std/src/sys_common/backtrace.rs:67:5
[INFO] [stdout]    3:     0x562941aa7b80 - <std::sys_common::backtrace::_print::DisplayBacktrace as core::fmt::Display>::fmt::h32d1f94a80615d18
[INFO] [stdout]                                at /rustc/a178d0322ce20e33eac124758e837cbd80a6f633/library/std/src/sys_common/backtrace.rs:46:22
[INFO] [stdout]    4:     0x562941acb21c - core::fmt::write::h306731c068f7162c
[INFO] [stdout]                                at /rustc/a178d0322ce20e33eac124758e837cbd80a6f633/library/core/src/fmt/mod.rs:1110:17
[INFO] [stdout]    5:     0x562941aa2ed5 - std::io::Write::write_fmt::h87f19b0a2cd190bc
[INFO] [stdout]                                at /rustc/a178d0322ce20e33eac124758e837cbd80a6f633/library/std/src/io/mod.rs:1588:15
[INFO] [stdout]    6:     0x562941aa9d5b - std::sys_common::backtrace::_print::h5abaa2601a852287
[INFO] [stdout]                                at /rustc/a178d0322ce20e33eac124758e837cbd80a6f633/library/std/src/sys_common/backtrace.rs:49:5
[INFO] [stdout]    7:     0x562941aa9d5b - std::sys_common::backtrace::print::h8d81445442bb638f
[INFO] [stdout]                                at /rustc/a178d0322ce20e33eac124758e837cbd80a6f633/library/std/src/sys_common/backtrace.rs:36:9
[INFO] [stdout]    8:     0x562941aa9d5b - std::panicking::default_hook::{{closure}}::hcfe804496a9fa747
[INFO] [stdout]                                at /rustc/a178d0322ce20e33eac124758e837cbd80a6f633/library/std/src/panicking.rs:208:50
[INFO] [stdout]    9:     0x562941aa986c - std::panicking::default_hook::hbea8e3ccf2ba8901
[INFO] [stdout]                                at /rustc/a178d0322ce20e33eac124758e837cbd80a6f633/library/std/src/panicking.rs:222:9
[INFO] [stdout]   10:     0x562941aaa424 - std::panicking::rust_panic_with_hook::h7ee9e1a2d0f8975a
[INFO] [stdout]                                at /rustc/a178d0322ce20e33eac124758e837cbd80a6f633/library/std/src/panicking.rs:622:17
[INFO] [stdout]   11:     0x562941aa9f07 - std::panicking::begin_panic_handler::{{closure}}::h8ab3b4491718b2c7
[INFO] [stdout]                                at /rustc/a178d0322ce20e33eac124758e837cbd80a6f633/library/std/src/panicking.rs:519:13
[INFO] [stdout]   12:     0x562941aa807c - std::sys_common::backtrace::__rust_end_short_backtrace::hd489062ffa586a9f
[INFO] [stdout]                                at /rustc/a178d0322ce20e33eac124758e837cbd80a6f633/library/std/src/sys_common/backtrace.rs:141:18
[INFO] [stdout]   13:     0x562941aa9e69 - rust_begin_unwind
[INFO] [stdout]                                at /rustc/a178d0322ce20e33eac124758e837cbd80a6f633/library/std/src/panicking.rs:515:5
[INFO] [stdout]   14:     0x5629415bfd31 - core::panicking::panic_fmt::hca6330e3e14086b4
[INFO] [stdout]                                at /rustc/a178d0322ce20e33eac124758e837cbd80a6f633/library/core/src/panicking.rs:92:14
[INFO] [stdout]   15:     0x562941ac967e - core::panicking::assert_failed_inner::h33b45280069a80ed
[INFO] [stdout]   16:     0x562941a477fa - core::panicking::assert_failed::ha4aa7f5a9079892a
[INFO] [stdout]                                at /rustc/a178d0322ce20e33eac124758e837cbd80a6f633/library/core/src/panicking.rs:117:5
[INFO] [stdout]   17:     0x5629415df129 - test::assert_test_result::hec3babb42933436e
[INFO] [stdout]                                at /rustc/a178d0322ce20e33eac124758e837cbd80a6f633/library/test/src/lib.rs:193:5
[INFO] [stdout]   18:     0x5629415d9a69 - integration_test::pub_and_sub_tls::{{closure}}::h9666d452d9f7274e
[INFO] [stdout]                                at /opt/rustwide/workdir/tests/integration_test.rs:76:1
[INFO] [stdout]   19:     0x5629415d35fe - core::ops::function::FnOnce::call_once::h91dd732e8f728ed9
[INFO] [stdout]                                at /rustc/a178d0322ce20e33eac124758e837cbd80a6f633/library/core/src/ops/function.rs:227:5
[INFO] [stdout]   20:     0x5629417c1ee3 - core::ops::function::FnOnce::call_once::h152e7e439ff59e19
[INFO] [stdout]                                at /rustc/a178d0322ce20e33eac124758e837cbd80a6f633/library/core/src/ops/function.rs:227:5
[INFO] [stdout]   21:     0x5629417c1ee3 - test::__rust_begin_short_backtrace::h0908f3b1fdbb72ab
[INFO] [stdout]                                at /rustc/a178d0322ce20e33eac124758e837cbd80a6f633/library/test/src/lib.rs:577:5
[INFO] [stdout]   22:     0x5629417c09a0 - <alloc::boxed::Box<F,A> as core::ops::function::FnOnce<Args>>::call_once::hf6d2a51e5587546c
[INFO] [stdout]                                at /rustc/a178d0322ce20e33eac124758e837cbd80a6f633/library/alloc/src/boxed.rs:1575:9
[INFO] [stdout]   23:     0x5629417c09a0 - <std::panic::AssertUnwindSafe<F> as core::ops::function::FnOnce<()>>::call_once::h8af660f3a89ef593
[INFO] [stdout]                                at /rustc/a178d0322ce20e33eac124758e837cbd80a6f633/library/std/src/panic.rs:347:9
[INFO] [stdout]   24:     0x5629417c09a0 - std::panicking::try::do_call::hd36aef60f84b6d36
[INFO] [stdout]                                at /rustc/a178d0322ce20e33eac124758e837cbd80a6f633/library/std/src/panicking.rs:401:40
[INFO] [stdout]   25:     0x5629417c09a0 - std::panicking::try::h9932b4480e69817c
[INFO] [stdout]                                at /rustc/a178d0322ce20e33eac124758e837cbd80a6f633/library/std/src/panicking.rs:365:19
[INFO] [stdout]   26:     0x5629417c09a0 - std::panic::catch_unwind::h6aa177099cfff5f8
[INFO] [stdout]                                at /rustc/a178d0322ce20e33eac124758e837cbd80a6f633/library/std/src/panic.rs:434:14
[INFO] [stdout]   27:     0x5629417c09a0 - test::run_test_in_process::h5884d6f2d99e20c3
[INFO] [stdout]                                at /rustc/a178d0322ce20e33eac124758e837cbd80a6f633/library/test/src/lib.rs:600:18
[INFO] [stdout]   28:     0x5629417c09a0 - test::run_test::run_test_inner::{{closure}}::h6fdc58c6d5f5b6e3
[INFO] [stdout]                                at /rustc/a178d0322ce20e33eac124758e837cbd80a6f633/library/test/src/lib.rs:492:39
[INFO] [stdout]   29:     0x56294179a052 - test::run_test::run_test_inner::{{closure}}::h408365d67a78ade8
[INFO] [stdout]                                at /rustc/a178d0322ce20e33eac124758e837cbd80a6f633/library/test/src/lib.rs:519:37
[INFO] [stdout]   30:     0x56294179a052 - std::sys_common::backtrace::__rust_begin_short_backtrace::hb560b77c4f701523
[INFO] [stdout]                                at /rustc/a178d0322ce20e33eac124758e837cbd80a6f633/library/std/src/sys_common/backtrace.rs:125:18
[INFO] [stdout]   31:     0x56294179dc08 - std::thread::Builder::spawn_unchecked::{{closure}}::{{closure}}::hf2e7831dad93c597
[INFO] [stdout]                                at /rustc/a178d0322ce20e33eac124758e837cbd80a6f633/library/std/src/thread/mod.rs:481:17
[INFO] [stdout]   32:     0x56294179dc08 - <std::panic::AssertUnwindSafe<F> as core::ops::function::FnOnce<()>>::call_once::hd2e08783d8be4d02
[INFO] [stdout]                                at /rustc/a178d0322ce20e33eac124758e837cbd80a6f633/library/std/src/panic.rs:347:9
[INFO] [stdout]   33:     0x56294179dc08 - std::panicking::try::do_call::h062597b7acfd6b82
[INFO] [stdout]                                at /rustc/a178d0322ce20e33eac124758e837cbd80a6f633/library/std/src/panicking.rs:401:40
[INFO] [stdout]   34:     0x56294179dc08 - std::panicking::try::h0d7b79db04c14552
[INFO] [stdout]                                at /rustc/a178d0322ce20e33eac124758e837cbd80a6f633/library/std/src/panicking.rs:365:19
[INFO] [stdout]   35:     0x56294179dc08 - std::panic::catch_unwind::hb01a0b5e7c8cd43b
[INFO] [stdout]                                at /rustc/a178d0322ce20e33eac124758e837cbd80a6f633/library/std/src/panic.rs:434:14
[INFO] [stdout]   36:     0x56294179dc08 - std::thread::Builder::spawn_unchecked::{{closure}}::h5bde48cc887e0d1e
[INFO] [stdout]                                at /rustc/a178d0322ce20e33eac124758e837cbd80a6f633/library/std/src/thread/mod.rs:480:30
[INFO] [stdout]   37:     0x56294179dc08 - core::ops::function::FnOnce::call_once{{vtable.shim}}::h745ea30807a29e55
[INFO] [stdout]                                at /rustc/a178d0322ce20e33eac124758e837cbd80a6f633/library/core/src/ops/function.rs:227:5
[INFO] [stdout]   38:     0x562941aaf5a7 - <alloc::boxed::Box<F,A> as core::ops::function::FnOnce<Args>>::call_once::h7ece6cfefaff1005
[INFO] [stdout]                                at /rustc/a178d0322ce20e33eac124758e837cbd80a6f633/library/alloc/src/boxed.rs:1575:9
[INFO] [stdout]   39:     0x562941aaf5a7 - <alloc::boxed::Box<F,A> as core::ops::function::FnOnce<Args>>::call_once::hb8b48e55c21f193e
[INFO] [stdout]                                at /rustc/a178d0322ce20e33eac124758e837cbd80a6f633/library/alloc/src/boxed.rs:1575:9
[INFO] [stdout]   40:     0x562941aaf5a7 - std::sys::unix::thread::Thread::new::thread_start::h8c7c4450dba62914
[INFO] [stdout]                                at /rustc/a178d0322ce20e33eac124758e837cbd80a6f633/library/std/src/sys/unix/thread.rs:71:17
[INFO] [stdout]   41:     0x7fc58f723609 - start_thread
[INFO] [stdout]   42:     0x7fc58f4f5293 - clone
[INFO] [stdout]   43:                0x0 - <unknown>
[INFO] [stdout] 
[INFO] [stdout] ---- pub_and_sub_plain stdout ----
[INFO] [stdout] Error: String("Timeout waiting for Suback after 20000ms")
[INFO] [stdout] thread 'pub_and_sub_plain' panicked at 'assertion failed: `(left == right)`
[INFO] [stdout]   left: `1`,
[INFO] [stdout]  right: `0`: the test returned a termination value with a non-zero status code (1) which indicates a failure', /rustc/a178d0322ce20e33eac124758e837cbd80a6f633/library/test/src/lib.rs:193:5
[INFO] [stdout] stack backtrace:
[INFO] [stdout]    0:     0x562941aa7b80 - std::backtrace_rs::backtrace::libunwind::trace::h34055254b57d8e79
[INFO] [stdout]                                at /rustc/a178d0322ce20e33eac124758e837cbd80a6f633/library/std/src/../../backtrace/src/backtrace/libunwind.rs:90:5
[INFO] [stdout]    1:     0x562941aa7b80 - std::backtrace_rs::backtrace::trace_unsynchronized::h8f1e3fbd9afff6ec
[INFO] [stdout]                                at /rustc/a178d0322ce20e33eac124758e837cbd80a6f633/library/std/src/../../backtrace/src/backtrace/mod.rs:66:5
[INFO] [stdout]    2:     0x562941aa7b80 - std::sys_common::backtrace::_print_fmt::h3a99a796b770c360
[INFO] [stdout]                                at /rustc/a178d0322ce20e33eac124758e837cbd80a6f633/library/std/src/sys_common/backtrace.rs:67:5
[INFO] [stdout]    3:     0x562941aa7b80 - <std::sys_common::backtrace::_print::DisplayBacktrace as core::fmt::Display>::fmt::h32d1f94a80615d18
[INFO] [stdout]                                at /rustc/a178d0322ce20e33eac124758e837cbd80a6f633/library/std/src/sys_common/backtrace.rs:46:22
[INFO] [stdout]    4:     0x562941acb21c - core::fmt::write::h306731c068f7162c
[INFO] [stdout]                                at /rustc/a178d0322ce20e33eac124758e837cbd80a6f633/library/core/src/fmt/mod.rs:1110:17
[INFO] [stdout]    5:     0x562941aa2ed5 - std::io::Write::write_fmt::h87f19b0a2cd190bc
[INFO] [stdout]                                at /rustc/a178d0322ce20e33eac124758e837cbd80a6f633/library/std/src/io/mod.rs:1588:15
[INFO] [stdout]    6:     0x562941aa9d5b - std::sys_common::backtrace::_print::h5abaa2601a852287
[INFO] [stdout]                                at /rustc/a178d0322ce20e33eac124758e837cbd80a6f633/library/std/src/sys_common/backtrace.rs:49:5
[INFO] [stdout]    7:     0x562941aa9d5b - std::sys_common::backtrace::print::h8d81445442bb638f
[INFO] [stdout]                                at /rustc/a178d0322ce20e33eac124758e837cbd80a6f633/library/std/src/sys_common/backtrace.rs:36:9
[INFO] [stdout]    8:     0x562941aa9d5b - std::panicking::default_hook::{{closure}}::hcfe804496a9fa747
[INFO] [stdout]                                at /rustc/a178d0322ce20e33eac124758e837cbd80a6f633/library/std/src/panicking.rs:208:50
[INFO] [stdout]    9:     0x562941aa986c - std::panicking::default_hook::hbea8e3ccf2ba8901
[INFO] [stdout]                                at /rustc/a178d0322ce20e33eac124758e837cbd80a6f633/library/std/src/panicking.rs:222:9
[INFO] [stdout]   10:     0x562941aaa424 - std::panicking::rust_panic_with_hook::h7ee9e1a2d0f8975a
[INFO] [stdout]                                at /rustc/a178d0322ce20e33eac124758e837cbd80a6f633/library/std/src/panicking.rs:622:17
[INFO] [stdout]   11:     0x562941aa9f07 - std::panicking::begin_panic_handler::{{closure}}::h8ab3b4491718b2c7
[INFO] [stdout]                                at /rustc/a178d0322ce20e33eac124758e837cbd80a6f633/library/std/src/panicking.rs:519:13
[INFO] [stdout]   12:     0x562941aa807c - std::sys_common::backtrace::__rust_end_short_backtrace::hd489062ffa586a9f
[INFO] [stdout]                                at /rustc/a178d0322ce20e33eac124758e837cbd80a6f633/library/std/src/sys_common/backtrace.rs:141:18
[INFO] [stdout]   13:     0x562941aa9e69 - rust_begin_unwind
[INFO] [stdout]                                at /rustc/a178d0322ce20e33eac124758e837cbd80a6f633/library/std/src/panicking.rs:515:5
[INFO] [stdout]   14:     0x5629415bfd31 - core::panicking::panic_fmt::hca6330e3e14086b4
[INFO] [stdout]                                at /rustc/a178d0322ce20e33eac124758e837cbd80a6f633/library/core/src/panicking.rs:92:14
[INFO] [stdout]   15:     0x562941ac967e - core::panicking::assert_failed_inner::h33b45280069a80ed
[INFO] [stdout]   16:     0x562941a477fa - core::panicking::assert_failed::ha4aa7f5a9079892a
[INFO] [stdout]                                at /rustc/a178d0322ce20e33eac124758e837cbd80a6f633/library/core/src/panicking.rs:117:5
[INFO] [stdout]   17:     0x5629415df129 - test::assert_test_result::hec3babb42933436e
[INFO] [stdout]                                at /rustc/a178d0322ce20e33eac124758e837cbd80a6f633/library/test/src/lib.rs:193:5
[INFO] [stdout]   18:     0x5629415d83c9 - integration_test::pub_and_sub_plain::{{closure}}::hea6dee7591cf8261
[INFO] [stdout]                                at /opt/rustwide/workdir/tests/integration_test.rs:46:1
[INFO] [stdout]   19:     0x5629415d352e - core::ops::function::FnOnce::call_once::h55d5bfacc19796a6
[INFO] [stdout]                                at /rustc/a178d0322ce20e33eac124758e837cbd80a6f633/library/core/src/ops/function.rs:227:5
[INFO] [stdout]   20:     0x5629417c1ee3 - core::ops::function::FnOnce::call_once::h152e7e439ff59e19
[INFO] [stdout]                                at /rustc/a178d0322ce20e33eac124758e837cbd80a6f633/library/core/src/ops/function.rs:227:5
[INFO] [stdout]   21:     0x5629417c1ee3 - test::__rust_begin_short_backtrace::h0908f3b1fdbb72ab
[INFO] [stdout]                                at /rustc/a178d0322ce20e33eac124758e837cbd80a6f633/library/test/src/lib.rs:577:5
[INFO] [stdout]   22:     0x5629417c09a0 - <alloc::boxed::Box<F,A> as core::ops::function::FnOnce<Args>>::call_once::hf6d2a51e5587546c
[INFO] [stdout]                                at /rustc/a178d0322ce20e33eac124758e837cbd80a6f633/library/alloc/src/boxed.rs:1575:9
[INFO] [stdout]   23:     0x5629417c09a0 - <std::panic::AssertUnwindSafe<F> as core::ops::function::FnOnce<()>>::call_once::h8af660f3a89ef593
[INFO] [stdout]                                at /rustc/a178d0322ce20e33eac124758e837cbd80a6f633/library/std/src/panic.rs:347:9
[INFO] [stdout]   24:     0x5629417c09a0 - std::panicking::try::do_call::hd36aef60f84b6d36
[INFO] [stdout]                                at /rustc/a178d0322ce20e33eac124758e837cbd80a6f633/library/std/src/panicking.rs:401:40
[INFO] [stdout]   25:     0x5629417c09a0 - std::panicking::try::h9932b4480e69817c
[INFO] [stdout]                                at /rustc/a178d0322ce20e33eac124758e837cbd80a6f633/library/std/src/panicking.rs:365:19
[INFO] [stdout]   26:     0x5629417c09a0 - std::panic::catch_unwind::h6aa177099cfff5f8
[INFO] [stdout]                                at /rustc/a178d0322ce20e33eac124758e837cbd80a6f633/library/std/src/panic.rs:434:14
[INFO] [stdout]   27:     0x5629417c09a0 - test::run_test_in_process::h5884d6f2d99e20c3
[INFO] [stdout]                                at /rustc/a178d0322ce20e33eac124758e837cbd80a6f633/library/test/src/lib.rs:600:18
[INFO] [stdout]   28:     0x5629417c09a0 - test::run_test::run_test_inner::{{closure}}::h6fdc58c6d5f5b6e3
[INFO] [stdout]                                at /rustc/a178d0322ce20e33eac124758e837cbd80a6f633/library/test/src/lib.rs:492:39
[INFO] [stdout]   29:     0x56294179a052 - test::run_test::run_test_inner::{{closure}}::h408365d67a78ade8
[INFO] [stdout]                                at /rustc/a178d0322ce20e33eac124758e837cbd80a6f633/library/test/src/lib.rs:519:37
[INFO] [stdout]   30:     0x56294179a052 - std::sys_common::backtrace::__rust_begin_short_backtrace::hb560b77c4f701523
[INFO] [stdout]                                at /rustc/a178d0322ce20e33eac124758e837cbd80a6f633/library/std/src/sys_common/backtrace.rs:125:18
[INFO] [stdout]   31:     0x56294179dc08 - std::thread::Builder::spawn_unchecked::{{closure}}::{{closure}}::hf2e7831dad93c597
[INFO] [stdout]                                at /rustc/a178d0322ce20e33eac124758e837cbd80a6f633/library/std/src/thread/mod.rs:481:17
[INFO] [stdout]   32:     0x56294179dc08 - <std::panic::AssertUnwindSafe<F> as core::ops::function::FnOnce<()>>::call_once::hd2e08783d8be4d02
[INFO] [stdout]                                at /rustc/a178d0322ce20e33eac124758e837cbd80a6f633/library/std/src/panic.rs:347:9
[INFO] [stdout]   33:     0x56294179dc08 - std::panicking::try::do_call::h062597b7acfd6b82
[INFO] [stdout]                                at /rustc/a178d0322ce20e33eac124758e837cbd80a6f633/library/std/src/panicking.rs:401:40
[INFO] [stdout]   34:     0x56294179dc08 - std::panicking::try::h0d7b79db04c14552
[INFO] [stdout]                                at /rustc/a178d0322ce20e33eac124758e837cbd80a6f633/library/std/src/panicking.rs:365:19
[INFO] [stdout]   35:     0x56294179dc08 - std::panic::catch_unwind::hb01a0b5e7c8cd43b
[INFO] [stdout]                                at /rustc/a178d0322ce20e33eac124758e837cbd80a6f633/library/std/src/panic.rs:434:14
[INFO] [stdout]   36:     0x56294179dc08 - std::thread::Builder::spawn_unchecked::{{closure}}::h5bde48cc887e0d1e
[INFO] [stdout]                                at /rustc/a178d0322ce20e33eac124758e837cbd80a6f633/library/std/src/thread/mod.rs:480:30
[INFO] [stdout]   37:     0x56294179dc08 - core::ops::function::FnOnce::call_once{{vtable.shim}}::h745ea30807a29e55
[INFO] [stdout]                                at /rustc/a178d0322ce20e33eac124758e837cbd80a6f633/library/core/src/ops/function.rs:227:5
[INFO] [stdout]   38:     0x562941aaf5a7 - <alloc::boxed::Box<F,A> as core::ops::function::FnOnce<Args>>::call_once::h7ece6cfefaff1005
[INFO] [stdout]                                at /rustc/a178d0322ce20e33eac124758e837cbd80a6f633/library/alloc/src/boxed.rs:1575:9
[INFO] [stdout]   39:     0x562941aaf5a7 - <alloc::boxed::Box<F,A> as core::ops::function::FnOnce<Args>>::call_once::hb8b48e55c21f193e
[INFO] [stdout]                                at /rustc/a178d0322ce20e33eac124758e837cbd80a6f633/library/alloc/src/boxed.rs:1575:9
[INFO] [stdout]   40:     0x562941aaf5a7 - std::sys::unix::thread::Thread::new::thread_start::h8c7c4450dba62914
[INFO] [stdout]                                at /rustc/a178d0322ce20e33eac124758e837cbd80a6f633/library/std/src/sys/unix/thread.rs:71:17
[INFO] [stdout]   41:     0x7fc58f723609 - start_thread
[INFO] [stdout]   42:     0x7fc58f4f5293 - clone
[INFO] [stdout]   43:                0x0 - <unknown>
[INFO] [stdout] 
[INFO] [stdout] ---- retain stdout ----
[INFO] [stdout] Error: String("Timeout writing publish after 20000ms")
[INFO] [stdout] thread 'retain' panicked at 'assertion failed: `(left == right)`
[INFO] [stdout]   left: `1`,
[INFO] [stdout]  right: `0`: the test returned a termination value with a non-zero status code (1) which indicates a failure', /rustc/a178d0322ce20e33eac124758e837cbd80a6f633/library/test/src/lib.rs:193:5
[INFO] [stdout] stack backtrace:
[INFO] [stdout]    0:     0x562941aa7b80 - std::backtrace_rs::backtrace::libunwind::trace::h34055254b57d8e79
[INFO] [stdout]                                at /rustc/a178d0322ce20e33eac124758e837cbd80a6f633/library/std/src/../../backtrace/src/backtrace/libunwind.rs:90:5
[INFO] [stdout]    1:     0x562941aa7b80 - std::backtrace_rs::backtrace::trace_unsynchronized::h8f1e3fbd9afff6ec
[INFO] [stdout]                                at /rustc/a178d0322ce20e33eac124758e837cbd80a6f633/library/std/src/../../backtrace/src/backtrace/mod.rs:66:5
[INFO] [stdout]    2:     0x562941aa7b80 - std::sys_common::backtrace::_print_fmt::h3a99a796b770c360
[INFO] [stdout]                                at /rustc/a178d0322ce20e33eac124758e837cbd80a6f633/library/std/src/sys_common/backtrace.rs:67:5
[INFO] [stdout]    3:     0x562941aa7b80 - <std::sys_common::backtrace::_print::DisplayBacktrace as core::fmt::Display>::fmt::h32d1f94a80615d18
[INFO] [stdout]                                at /rustc/a178d0322ce20e33eac124758e837cbd80a6f633/library/std/src/sys_common/backtrace.rs:46:22
[INFO] [stdout]    4:     0x562941acb21c - core::fmt::write::h306731c068f7162c
[INFO] [stdout]                                at /rustc/a178d0322ce20e33eac124758e837cbd80a6f633/library/core/src/fmt/mod.rs:1110:17
[INFO] [stdout]    5:     0x562941aa2ed5 - std::io::Write::write_fmt::h87f19b0a2cd190bc
[INFO] [stdout]                                at /rustc/a178d0322ce20e33eac124758e837cbd80a6f633/library/std/src/io/mod.rs:1588:15
[INFO] [stdout]    6:     0x562941aa9d5b - std::sys_common::backtrace::_print::h5abaa2601a852287
[INFO] [stdout]                                at /rustc/a178d0322ce20e33eac124758e837cbd80a6f633/library/std/src/sys_common/backtrace.rs:49:5
[INFO] [stdout]    7:     0x562941aa9d5b - std::sys_common::backtrace::print::h8d81445442bb638f
[INFO] [stdout]                                at /rustc/a178d0322ce20e33eac124758e837cbd80a6f633/library/std/src/sys_common/backtrace.rs:36:9
[INFO] [stdout]    8:     0x562941aa9d5b - std::panicking::default_hook::{{closure}}::hcfe804496a9fa747
[INFO] [stdout]                                at /rustc/a178d0322ce20e33eac124758e837cbd80a6f633/library/std/src/panicking.rs:208:50
[INFO] [stdout]    9:     0x562941aa986c - std::panicking::default_hook::hbea8e3ccf2ba8901
[INFO] [stdout]                                at /rustc/a178d0322ce20e33eac124758e837cbd80a6f633/library/std/src/panicking.rs:222:9
[INFO] [stdout]   10:     0x562941aaa424 - std::panicking::rust_panic_with_hook::h7ee9e1a2d0f8975a
[INFO] [stdout]                                at /rustc/a178d0322ce20e33eac124758e837cbd80a6f633/library/std/src/panicking.rs:622:17
[INFO] [stdout]   11:     0x562941aa9f07 - std::panicking::begin_panic_handler::{{closure}}::h8ab3b4491718b2c7
[INFO] [stdout]                                at /rustc/a178d0322ce20e33eac124758e837cbd80a6f633/library/std/src/panicking.rs:519:13
[INFO] [stdout]   12:     0x562941aa807c - std::sys_common::backtrace::__rust_end_short_backtrace::hd489062ffa586a9f
[INFO] [stdout]                                at /rustc/a178d0322ce20e33eac124758e837cbd80a6f633/library/std/src/sys_common/backtrace.rs:141:18
[INFO] [stdout]   13:     0x562941aa9e69 - rust_begin_unwind
[INFO] [stdout]                                at /rustc/a178d0322ce20e33eac124758e837cbd80a6f633/library/std/src/panicking.rs:515:5
[INFO] [stdout]   14:     0x5629415bfd31 - core::panicking::panic_fmt::hca6330e3e14086b4
[INFO] [stdout]                                at /rustc/a178d0322ce20e33eac124758e837cbd80a6f633/library/core/src/panicking.rs:92:14
[INFO] [stdout]   15:     0x562941ac967e - core::panicking::assert_failed_inner::h33b45280069a80ed
[INFO] [stdout]   16:     0x562941a477fa - core::panicking::assert_failed::ha4aa7f5a9079892a
[INFO] [stdout]                                at /rustc/a178d0322ce20e33eac124758e837cbd80a6f633/library/core/src/panicking.rs:117:5
[INFO] [stdout]   17:     0x5629415df129 - test::assert_test_result::hec3babb42933436e
[INFO] [stdout]                                at /rustc/a178d0322ce20e33eac124758e837cbd80a6f633/library/test/src/lib.rs:193:5
[INFO] [stdout]   18:     0x5629415dc869 - integration_test::retain::{{closure}}::h817e4e146e1254b5
[INFO] [stdout]                                at /opt/rustwide/workdir/tests/integration_test.rs:138:1
[INFO] [stdout]   19:     0x5629415d356e - core::ops::function::FnOnce::call_once::h6b40d76fbbb17da5
[INFO] [stdout]                                at /rustc/a178d0322ce20e33eac124758e837cbd80a6f633/library/core/src/ops/function.rs:227:5
[INFO] [stdout]   20:     0x5629417c1ee3 - core::ops::function::FnOnce::call_once::h152e7e439ff59e19
[INFO] [stdout]                                at /rustc/a178d0322ce20e33eac124758e837cbd80a6f633/library/core/src/ops/function.rs:227:5
[INFO] [stdout]   21:     0x5629417c1ee3 - test::__rust_begin_short_backtrace::h0908f3b1fdbb72ab
[INFO] [stdout]                                at /rustc/a178d0322ce20e33eac124758e837cbd80a6f633/library/test/src/lib.rs:577:5
[INFO] [stdout]   22:     0x5629417c09a0 - <alloc::boxed::Box<F,A> as core::ops::function::FnOnce<Args>>::call_once::hf6d2a51e5587546c
[INFO] [stdout]                                at /rustc/a178d0322ce20e33eac124758e837cbd80a6f633/library/alloc/src/boxed.rs:1575:9
[INFO] [stdout]   23:     0x5629417c09a0 - <std::panic::AssertUnwindSafe<F> as core::ops::function::FnOnce<()>>::call_once::h8af660f3a89ef593
[INFO] [stdout]                                at /rustc/a178d0322ce20e33eac124758e837cbd80a6f633/library/std/src/panic.rs:347:9
[INFO] [stdout]   24:     0x5629417c09a0 - std::panicking::try::do_call::hd36aef60f84b6d36
[INFO] [stdout]                                at /rustc/a178d0322ce20e33eac124758e837cbd80a6f633/library/std/src/panicking.rs:401:40
[INFO] [stdout]   25:     0x5629417c09a0 - std::panicking::try::h9932b4480e69817c
[INFO] [stdout]                                at /rustc/a178d0322ce20e33eac124758e837cbd80a6f633/library/std/src/panicking.rs:365:19
[INFO] [stdout]   26:     0x5629417c09a0 - std::panic::catch_unwind::h6aa177099cfff5f8
[INFO] [stdout]                                at /rustc/a178d0322ce20e33eac124758e837cbd80a6f633/library/std/src/panic.rs:434:14
[INFO] [stdout]   27:     0x5629417c09a0 - test::run_test_in_process::h5884d6f2d99e20c3
[INFO] [stdout]                                at /rustc/a178d0322ce20e33eac124758e837cbd80a6f633/library/test/src/lib.rs:600:18
[INFO] [stdout]   28:     0x5629417c09a0 - test::run_test::run_test_inner::{{closure}}::h6fdc58c6d5f5b6e3
[INFO] [stdout]                                at /rustc/a178d0322ce20e33eac124758e837cbd80a6f633/library/test/src/lib.rs:492:39
[INFO] [stdout]   29:     0x56294179a052 - test::run_test::run_test_inner::{{closure}}::h408365d67a78ade8
[INFO] [stdout]                                at /rustc/a178d0322ce20e33eac124758e837cbd80a6f633/library/test/src/lib.rs:519:37
[INFO] [stdout]   30:     0x56294179a052 - std::sys_common::backtrace::__rust_begin_short_backtrace::hb560b77c4f701523
[INFO] [stdout]                                at /rustc/a178d0322ce20e33eac124758e837cbd80a6f633/library/std/src/sys_common/backtrace.rs:125:18
[INFO] [stdout]   31:     0x56294179dc08 - std::thread::Builder::spawn_unchecked::{{closure}}::{{closure}}::hf2e7831dad93c597
[INFO] [stdout]                                at /rustc/a178d0322ce20e33eac124758e837cbd80a6f633/library/std/src/thread/mod.rs:481:17
[INFO] [stdout]   32:     0x56294179dc08 - <std::panic::AssertUnwindSafe<F> as core::ops::function::FnOnce<()>>::call_once::hd2e08783d8be4d02
[INFO] [stdout]                                at /rustc/a178d0322ce20e33eac124758e837cbd80a6f633/library/std/src/panic.rs:347:9
[INFO] [stdout]   33:     0x56294179dc08 - std::panicking::try::do_call::h062597b7acfd6b82
[INFO] [stdout]                                at /rustc/a178d0322ce20e33eac124758e837cbd80a6f633/library/std/src/panicking.rs:401:40
[INFO] [stdout]   34:     0x56294179dc08 - std::panicking::try::h0d7b79db04c14552
[INFO] [stdout]                                at /rustc/a178d0322ce20e33eac124758e837cbd80a6f633/library/std/src/panicking.rs:365:19
[INFO] [stdout]   35:     0x56294179dc08 - std::panic::catch_unwind::hb01a0b5e7c8cd43b
[INFO] [stdout]                                at /rustc/a178d0322ce20e33eac124758e837cbd80a6f633/library/std/src/panic.rs:434:14
[INFO] [stdout]   36:     0x56294179dc08 - std::thread::Builder::spawn_unchecked::{{closure}}::h5bde48cc887e0d1e
[INFO] [stdout]                                at /rustc/a178d0322ce20e33eac124758e837cbd80a6f633/library/std/src/thread/mod.rs:480:30
[INFO] [stdout]   37:     0x56294179dc08 - core::ops::function::FnOnce::call_once{{vtable.shim}}::h745ea30807a29e55
[INFO] [stdout]                                at /rustc/a178d0322ce20e33eac124758e837cbd80a6f633/library/core/src/ops/function.rs:227:5
[INFO] [stdout]   38:     0x562941aaf5a7 - <alloc::boxed::Box<F,A> as core::ops::function::FnOnce<Args>>::call_once::h7ece6cfefaff1005
[INFO] [stdout]                                at /rustc/a178d0322ce20e33eac124758e837cbd80a6f633/library/alloc/src/boxed.rs:1575:9
[INFO] [stdout]   39:     0x562941aaf5a7 - <alloc::boxed::Box<F,A> as core::ops::function::FnOnce<Args>>::call_once::hb8b48e55c21f193e
[INFO] [stdout]                                at /rustc/a178d0322ce20e33eac124758e837cbd80a6f633/library/alloc/src/boxed.rs:1575:9
[INFO] [stdout]   40:     0x562941aaf5a7 - std::sys::unix::thread::Thread::new::thread_start::h8c7c4450dba62914
[INFO] [stdout]                                at /rustc/a178d0322ce20e33eac124758e837cbd80a6f633/library/std/src/sys/unix/thread.rs:71:17
[INFO] [stdout]   41:     0x7fc58f723609 - start_thread
[INFO] [stdout]   42:     0x7fc58f4f5293 - clone
[INFO] [stdout]   43:                0x0 - <unknown>
[INFO] [stdout] 
[INFO] [stdout] 
[INFO] [stdout] failures:
[INFO] [stdout]     pub_and_sub_plain
[INFO] [stdout]     pub_and_sub_tls
[INFO] [stdout]     retain
[INFO] [stdout]     unsubscribe
[INFO] [stdout] 
[INFO] [stdout] test result: FAILED. 0 passed; 4 failed; 0 ignored; 0 measured; 0 filtered out; finished in 20.03s
[INFO] [stdout] 
[INFO] [stderr] error: test failed, to rerun pass '--test integration_test'
[INFO] running `Command { std: "docker" "inspect" "6ba8f0be9506f14c5ae1e9e3fde287bd4f7c87f7891b29fea0fc566801277d26", kill_on_drop: false }`
[INFO] running `Command { std: "docker" "rm" "-f" "6ba8f0be9506f14c5ae1e9e3fde287bd4f7c87f7891b29fea0fc566801277d26", kill_on_drop: false }`
[INFO] [stdout] 6ba8f0be9506f14c5ae1e9e3fde287bd4f7c87f7891b29fea0fc566801277d26
