[INFO] fetching crate mpsse 0.3.0...
[INFO] testing mpsse-0.3.0 against 1.54.0 for beta-1.55-1
[INFO] extracting crate mpsse 0.3.0 into /workspace/builds/worker-15/source
[INFO] validating manifest of crates.io crate mpsse 0.3.0 on toolchain 1.54.0
[INFO] running `Command { std: "/workspace/cargo-home/bin/cargo" "+1.54.0" "metadata" "--manifest-path" "Cargo.toml" "--no-deps", kill_on_drop: false }`
[INFO] started tweaking crates.io crate mpsse 0.3.0
[INFO] finished tweaking crates.io crate mpsse 0.3.0
[INFO] tweaked toml for crates.io crate mpsse 0.3.0 written to /workspace/builds/worker-15/source/Cargo.toml
[INFO] running `Command { std: "/workspace/cargo-home/bin/cargo" "+1.54.0" "generate-lockfile" "--manifest-path" "Cargo.toml" "-Zno-index-update", kill_on_drop: false }`
[INFO] running `Command { std: "/workspace/cargo-home/bin/cargo" "+1.54.0" "fetch" "--manifest-path" "Cargo.toml", kill_on_drop: false }`
[INFO] running `Command { std: "docker" "create" "-v" "/var/lib/crater-agent-workspace/builds/worker-15/target:/opt/rustwide/target:rw,Z" "-v" "/var/lib/crater-agent-workspace/builds/worker-15/source:/opt/rustwide/workdir:ro,Z" "-v" "/var/lib/crater-agent-workspace/cargo-home:/opt/rustwide/cargo-home:ro,Z" "-v" "/var/lib/crater-agent-workspace/rustup-home:/opt/rustwide/rustup-home:ro,Z" "-e" "SOURCE_DIR=/opt/rustwide/workdir" "-e" "CARGO_TARGET_DIR=/opt/rustwide/target" "-e" "CARGO_HOME=/opt/rustwide/cargo-home" "-e" "RUSTUP_HOME=/opt/rustwide/rustup-home" "-w" "/opt/rustwide/workdir" "-m" "1610612736" "--user" "0:0" "--network" "none" "ghcr.io/rust-lang/crates-build-env/linux@sha256:34b6a614d2c27851fe6cbf88fbd1137609cefab8b10d0615aaeb6fd47975d74e" "/opt/rustwide/cargo-home/bin/cargo" "+1.54.0" "metadata" "--no-deps" "--format-version=1", kill_on_drop: false }`
[INFO] [stdout] 3562e38d7b04afeacd8c708f25d7e7b1738b08604d3813dfd7b6bac0fdb0b9cb
[INFO] running `Command { std: "docker" "start" "-a" "3562e38d7b04afeacd8c708f25d7e7b1738b08604d3813dfd7b6bac0fdb0b9cb", kill_on_drop: false }`
[INFO] running `Command { std: "docker" "inspect" "3562e38d7b04afeacd8c708f25d7e7b1738b08604d3813dfd7b6bac0fdb0b9cb", kill_on_drop: false }`
[INFO] running `Command { std: "docker" "rm" "-f" "3562e38d7b04afeacd8c708f25d7e7b1738b08604d3813dfd7b6bac0fdb0b9cb", kill_on_drop: false }`
[INFO] [stdout] 3562e38d7b04afeacd8c708f25d7e7b1738b08604d3813dfd7b6bac0fdb0b9cb
[INFO] running `Command { std: "docker" "create" "-v" "/var/lib/crater-agent-workspace/builds/worker-15/target:/opt/rustwide/target:rw,Z" "-v" "/var/lib/crater-agent-workspace/builds/worker-15/source:/opt/rustwide/workdir:ro,Z" "-v" "/var/lib/crater-agent-workspace/cargo-home:/opt/rustwide/cargo-home:ro,Z" "-v" "/var/lib/crater-agent-workspace/rustup-home:/opt/rustwide/rustup-home:ro,Z" "-e" "SOURCE_DIR=/opt/rustwide/workdir" "-e" "CARGO_TARGET_DIR=/opt/rustwide/target" "-e" "CARGO_INCREMENTAL=0" "-e" "RUST_BACKTRACE=full" "-e" "RUSTFLAGS=--cap-lints=warn" "-e" "CARGO_HOME=/opt/rustwide/cargo-home" "-e" "RUSTUP_HOME=/opt/rustwide/rustup-home" "-w" "/opt/rustwide/workdir" "-m" "1610612736" "--user" "0:0" "--network" "none" "ghcr.io/rust-lang/crates-build-env/linux@sha256:34b6a614d2c27851fe6cbf88fbd1137609cefab8b10d0615aaeb6fd47975d74e" "/opt/rustwide/cargo-home/bin/cargo" "+1.54.0" "build" "--frozen" "--message-format=json", kill_on_drop: false }`
[INFO] [stdout] 00a5a6d05831b39238216099f0c76d94e3c74525650a25c939621f72bd7975b5
[INFO] running `Command { std: "docker" "start" "-a" "00a5a6d05831b39238216099f0c76d94e3c74525650a25c939621f72bd7975b5", kill_on_drop: false }`
[INFO] [stderr]    Compiling mpsse v0.3.0 (/opt/rustwide/workdir)
[INFO] [stderr]     Finished dev [unoptimized + debuginfo] target(s) in 0.86s
[INFO] running `Command { std: "docker" "inspect" "00a5a6d05831b39238216099f0c76d94e3c74525650a25c939621f72bd7975b5", kill_on_drop: false }`
[INFO] running `Command { std: "docker" "rm" "-f" "00a5a6d05831b39238216099f0c76d94e3c74525650a25c939621f72bd7975b5", kill_on_drop: false }`
[INFO] [stdout] 00a5a6d05831b39238216099f0c76d94e3c74525650a25c939621f72bd7975b5
[INFO] running `Command { std: "docker" "create" "-v" "/var/lib/crater-agent-workspace/builds/worker-15/target:/opt/rustwide/target:rw,Z" "-v" "/var/lib/crater-agent-workspace/builds/worker-15/source:/opt/rustwide/workdir:ro,Z" "-v" "/var/lib/crater-agent-workspace/cargo-home:/opt/rustwide/cargo-home:ro,Z" "-v" "/var/lib/crater-agent-workspace/rustup-home:/opt/rustwide/rustup-home:ro,Z" "-e" "SOURCE_DIR=/opt/rustwide/workdir" "-e" "CARGO_TARGET_DIR=/opt/rustwide/target" "-e" "CARGO_INCREMENTAL=0" "-e" "RUST_BACKTRACE=full" "-e" "RUSTFLAGS=--cap-lints=warn" "-e" "CARGO_HOME=/opt/rustwide/cargo-home" "-e" "RUSTUP_HOME=/opt/rustwide/rustup-home" "-w" "/opt/rustwide/workdir" "-m" "1610612736" "--user" "0:0" "--network" "none" "ghcr.io/rust-lang/crates-build-env/linux@sha256:34b6a614d2c27851fe6cbf88fbd1137609cefab8b10d0615aaeb6fd47975d74e" "/opt/rustwide/cargo-home/bin/cargo" "+1.54.0" "test" "--frozen" "--no-run" "--message-format=json", kill_on_drop: false }`
[INFO] [stdout] f2feaac4d71391c79780b35a79d710563b0ad8ab4658099058f78a8f5f86ee25
[INFO] running `Command { std: "docker" "start" "-a" "f2feaac4d71391c79780b35a79d710563b0ad8ab4658099058f78a8f5f86ee25", kill_on_drop: false }`
[INFO] [stderr]    Compiling mpsse v0.3.0 (/opt/rustwide/workdir)
[INFO] [stderr]     Finished test [unoptimized + debuginfo] target(s) in 0.69s
[INFO] running `Command { std: "docker" "inspect" "f2feaac4d71391c79780b35a79d710563b0ad8ab4658099058f78a8f5f86ee25", kill_on_drop: false }`
[INFO] running `Command { std: "docker" "rm" "-f" "f2feaac4d71391c79780b35a79d710563b0ad8ab4658099058f78a8f5f86ee25", kill_on_drop: false }`
[INFO] [stdout] f2feaac4d71391c79780b35a79d710563b0ad8ab4658099058f78a8f5f86ee25
[INFO] running `Command { std: "docker" "create" "-v" "/var/lib/crater-agent-workspace/builds/worker-15/target:/opt/rustwide/target:rw,Z" "-v" "/var/lib/crater-agent-workspace/builds/worker-15/source:/opt/rustwide/workdir:ro,Z" "-v" "/var/lib/crater-agent-workspace/cargo-home:/opt/rustwide/cargo-home:ro,Z" "-v" "/var/lib/crater-agent-workspace/rustup-home:/opt/rustwide/rustup-home:ro,Z" "-e" "SOURCE_DIR=/opt/rustwide/workdir" "-e" "CARGO_TARGET_DIR=/opt/rustwide/target" "-e" "CARGO_INCREMENTAL=0" "-e" "RUST_BACKTRACE=full" "-e" "RUSTFLAGS=--cap-lints=warn" "-e" "CARGO_HOME=/opt/rustwide/cargo-home" "-e" "RUSTUP_HOME=/opt/rustwide/rustup-home" "-w" "/opt/rustwide/workdir" "-m" "1610612736" "--user" "0:0" "--network" "none" "ghcr.io/rust-lang/crates-build-env/linux@sha256:34b6a614d2c27851fe6cbf88fbd1137609cefab8b10d0615aaeb6fd47975d74e" "/opt/rustwide/cargo-home/bin/cargo" "+1.54.0" "test" "--frozen", kill_on_drop: false }`
[INFO] [stdout] ed981564ef144618f5707eb3e93cd19e6cd113d9685ce85d81ef0f282610dbf6
[INFO] running `Command { std: "docker" "start" "-a" "ed981564ef144618f5707eb3e93cd19e6cd113d9685ce85d81ef0f282610dbf6", kill_on_drop: false }`
[INFO] [stderr]     Finished test [unoptimized + debuginfo] target(s) in 0.00s
[INFO] [stderr]      Running unittests (/opt/rustwide/target/debug/deps/mpsse-21348a13b3e62be5)
[INFO] [stdout] 
[INFO] [stdout] running 5 tests
[INFO] [stdout] test builder::read_builder_tests::syntax_test ... ok
[INFO] [stdout] test builder::set_freq_tests::syntax_test ... ok
[INFO] [stdout] test builder::write_builder_tests::syntax_test ... ok
[INFO] [stdout] test command::pin_direction_array_tests::test ... ok
[INFO] [stdout] test command::pin_value_array_tests::test ... ok
[INFO] [stdout] 
[INFO] [stdout] test result: ok. 5 passed; 0 failed; 0 ignored; 0 measured; 0 filtered out; finished in 0.00s
[INFO] [stdout] 
[INFO] [stderr]    Doc-tests mpsse
[INFO] [stdout] 
[INFO] [stdout] running 13 tests
[INFO] [stdout] test src/command.rs - command::BitDirection::LsbFirst (line 15) - compile ... FAILED
[INFO] [stdout] test src/command.rs - command::BitDirection::MsbFirst (line 22) - compile ... FAILED
[INFO] [stdout] test src/builder.rs - builder::Builder::read_data (line 72) ... ok
[INFO] [stdout] test src/lib.rs - (line 4) ... ok
[INFO] [stdout] test src/builder.rs - builder::Builder::set_pins (line 100) ... ok
[INFO] [stdout] test src/builder.rs - builder::ReadBuilder::with_clock_direction (line 218) ... ok
[INFO] [stdout] test src/builder.rs - builder::Builder::write_data (line 45) ... ok
[INFO] [stdout] test src/builder.rs - builder::Builder::wait_for_io (line 182) ... ok
[INFO] [stdout] test src/builder.rs - builder::WriteBuilder::with_bit_direction (line 316) ... ok
[INFO] [stdout] test src/builder.rs - builder::Builder::set_frequency (line 153) ... ok
[INFO] [stdout] test src/builder.rs - builder::WriteBuilder::with_clock_direction (line 292) ... ok
[INFO] [stdout] test src/builder.rs - builder::Builder::read_pins (line 128) ... ok
[INFO] [stdout] test src/builder.rs - builder::ReadBuilder::with_bit_direction (line 242) ... ok
[INFO] [stdout] 
[INFO] [stdout] failures:
[INFO] [stdout] 
[INFO] [stdout] ---- src/command.rs - command::BitDirection::LsbFirst (line 15) stdout ----
[INFO] [stdout] error: expected one of `.`, `;`, `?`, `}`, or an operator, found `,`
[INFO] [stdout]  --> src/command.rs:16:9
[INFO] [stdout]   |
[INFO] [stdout] 3 | 0x02 = 0, 1, 0, 0, 0, 0, 0, 0
[INFO] [stdout]   |         ^ expected one of `.`, `;`, `?`, `}`, or an operator
[INFO] [stdout] 
[INFO] [stdout] error: aborting due to previous error
[INFO] [stdout] 
[INFO] [stdout] Couldn't compile the test.
[INFO] [stdout] ---- src/command.rs - command::BitDirection::MsbFirst (line 22) stdout ----
[INFO] [stdout] error: expected one of `.`, `;`, `?`, `}`, or an operator, found `,`
[INFO] [stdout]  --> src/command.rs:23:9
[INFO] [stdout]   |
[INFO] [stdout] 3 | 0x02 = 0, 0, 0, 0, 0, 0, 1, 0
[INFO] [stdout]   |         ^ expected one of `.`, `;`, `?`, `}`, or an operator
[INFO] [stdout] 
[INFO] [stdout] error: aborting due to previous error
[INFO] [stdout] 
[INFO] [stdout] Couldn't compile the test.
[INFO] [stdout] 
[INFO] [stdout] failures:
[INFO] [stdout]     src/command.rs - command::BitDirection::LsbFirst (line 15)
[INFO] [stdout]     src/command.rs - command::BitDirection::MsbFirst (line 22)
[INFO] [stdout] 
[INFO] [stdout] test result: FAILED. 11 passed; 2 failed; 0 ignored; 0 measured; 0 filtered out; finished in 0.39s
[INFO] [stdout] 
[INFO] [stderr] error: test failed, to rerun pass '--doc'
[INFO] running `Command { std: "docker" "inspect" "ed981564ef144618f5707eb3e93cd19e6cd113d9685ce85d81ef0f282610dbf6", kill_on_drop: false }`
[INFO] running `Command { std: "docker" "rm" "-f" "ed981564ef144618f5707eb3e93cd19e6cd113d9685ce85d81ef0f282610dbf6", kill_on_drop: false }`
[INFO] [stdout] ed981564ef144618f5707eb3e93cd19e6cd113d9685ce85d81ef0f282610dbf6
