[INFO] fetching crate mp4parse 0.11.5...
[INFO] testing mp4parse-0.11.5 against beta-2021-08-01 for beta-1.55-1
[INFO] extracting crate mp4parse 0.11.5 into /workspace/builds/worker-8/source
[INFO] validating manifest of crates.io crate mp4parse 0.11.5 on toolchain beta-2021-08-01
[INFO] running `Command { std: "/workspace/cargo-home/bin/cargo" "+beta-2021-08-01" "metadata" "--manifest-path" "Cargo.toml" "--no-deps", kill_on_drop: false }`
[INFO] started tweaking crates.io crate mp4parse 0.11.5
[INFO] finished tweaking crates.io crate mp4parse 0.11.5
[INFO] tweaked toml for crates.io crate mp4parse 0.11.5 written to /workspace/builds/worker-8/source/Cargo.toml
[INFO] running `Command { std: "/workspace/cargo-home/bin/cargo" "+beta-2021-08-01" "generate-lockfile" "--manifest-path" "Cargo.toml" "-Zno-index-update", kill_on_drop: false }`
[INFO] [stderr]     Blocking waiting for file lock on package cache
[INFO] running `Command { std: "/workspace/cargo-home/bin/cargo" "+beta-2021-08-01" "fetch" "--manifest-path" "Cargo.toml", kill_on_drop: false }`
[INFO] [stderr]     Blocking waiting for file lock on package cache
[INFO] [stderr]  Downloading crates ...
[INFO] [stderr]   Downloaded test-assembler v0.1.5
[INFO] running `Command { std: "docker" "create" "-v" "/var/lib/crater-agent-workspace/builds/worker-8/target:/opt/rustwide/target:rw,Z" "-v" "/var/lib/crater-agent-workspace/builds/worker-8/source:/opt/rustwide/workdir:ro,Z" "-v" "/var/lib/crater-agent-workspace/cargo-home:/opt/rustwide/cargo-home:ro,Z" "-v" "/var/lib/crater-agent-workspace/rustup-home:/opt/rustwide/rustup-home:ro,Z" "-e" "SOURCE_DIR=/opt/rustwide/workdir" "-e" "CARGO_TARGET_DIR=/opt/rustwide/target" "-e" "CARGO_HOME=/opt/rustwide/cargo-home" "-e" "RUSTUP_HOME=/opt/rustwide/rustup-home" "-w" "/opt/rustwide/workdir" "-m" "1610612736" "--user" "0:0" "--network" "none" "ghcr.io/rust-lang/crates-build-env/linux@sha256:34b6a614d2c27851fe6cbf88fbd1137609cefab8b10d0615aaeb6fd47975d74e" "/opt/rustwide/cargo-home/bin/cargo" "+beta-2021-08-01" "metadata" "--no-deps" "--format-version=1", kill_on_drop: false }`
[INFO] [stdout] 5978a5a47e22e57cd549f8a66af939120a9a9dff50d16f3bcb1130e0666f9b15
[INFO] running `Command { std: "docker" "start" "-a" "5978a5a47e22e57cd549f8a66af939120a9a9dff50d16f3bcb1130e0666f9b15", kill_on_drop: false }`
[INFO] running `Command { std: "docker" "inspect" "5978a5a47e22e57cd549f8a66af939120a9a9dff50d16f3bcb1130e0666f9b15", kill_on_drop: false }`
[INFO] running `Command { std: "docker" "rm" "-f" "5978a5a47e22e57cd549f8a66af939120a9a9dff50d16f3bcb1130e0666f9b15", kill_on_drop: false }`
[INFO] [stdout] 5978a5a47e22e57cd549f8a66af939120a9a9dff50d16f3bcb1130e0666f9b15
[INFO] running `Command { std: "docker" "create" "-v" "/var/lib/crater-agent-workspace/builds/worker-8/target:/opt/rustwide/target:rw,Z" "-v" "/var/lib/crater-agent-workspace/builds/worker-8/source:/opt/rustwide/workdir:ro,Z" "-v" "/var/lib/crater-agent-workspace/cargo-home:/opt/rustwide/cargo-home:ro,Z" "-v" "/var/lib/crater-agent-workspace/rustup-home:/opt/rustwide/rustup-home:ro,Z" "-e" "SOURCE_DIR=/opt/rustwide/workdir" "-e" "CARGO_TARGET_DIR=/opt/rustwide/target" "-e" "CARGO_INCREMENTAL=0" "-e" "RUST_BACKTRACE=full" "-e" "RUSTFLAGS=--cap-lints=warn" "-e" "CARGO_HOME=/opt/rustwide/cargo-home" "-e" "RUSTUP_HOME=/opt/rustwide/rustup-home" "-w" "/opt/rustwide/workdir" "-m" "1610612736" "--user" "0:0" "--network" "none" "ghcr.io/rust-lang/crates-build-env/linux@sha256:34b6a614d2c27851fe6cbf88fbd1137609cefab8b10d0615aaeb6fd47975d74e" "/opt/rustwide/cargo-home/bin/cargo" "+beta-2021-08-01" "build" "--frozen" "--message-format=json", kill_on_drop: false }`
[INFO] [stdout] b7dabc61fe5a646bbe4faff53ca822254f4973c4d80779aee4491e7748edc632
[INFO] running `Command { std: "docker" "start" "-a" "b7dabc61fe5a646bbe4faff53ca822254f4973c4d80779aee4491e7748edc632", kill_on_drop: false }`
[INFO] [stderr]    Compiling regex-syntax v0.6.25
[INFO] [stderr]    Compiling humantime v2.1.0
[INFO] [stderr]    Compiling hashbrown v0.9.1
[INFO] [stderr]    Compiling bitreader v0.3.4
[INFO] [stderr]    Compiling atty v0.2.14
[INFO] [stderr]    Compiling fallible_collections v0.3.1
[INFO] [stderr]    Compiling regex v1.5.4
[INFO] [stderr]    Compiling env_logger v0.8.4
[INFO] [stderr]    Compiling mp4parse v0.11.5 (/opt/rustwide/workdir)
[INFO] [stderr]     Finished dev [unoptimized + debuginfo] target(s) in 8.19s
[INFO] running `Command { std: "docker" "inspect" "b7dabc61fe5a646bbe4faff53ca822254f4973c4d80779aee4491e7748edc632", kill_on_drop: false }`
[INFO] running `Command { std: "docker" "rm" "-f" "b7dabc61fe5a646bbe4faff53ca822254f4973c4d80779aee4491e7748edc632", kill_on_drop: false }`
[INFO] [stdout] b7dabc61fe5a646bbe4faff53ca822254f4973c4d80779aee4491e7748edc632
[INFO] running `Command { std: "docker" "create" "-v" "/var/lib/crater-agent-workspace/builds/worker-8/target:/opt/rustwide/target:rw,Z" "-v" "/var/lib/crater-agent-workspace/builds/worker-8/source:/opt/rustwide/workdir:ro,Z" "-v" "/var/lib/crater-agent-workspace/cargo-home:/opt/rustwide/cargo-home:ro,Z" "-v" "/var/lib/crater-agent-workspace/rustup-home:/opt/rustwide/rustup-home:ro,Z" "-e" "SOURCE_DIR=/opt/rustwide/workdir" "-e" "CARGO_TARGET_DIR=/opt/rustwide/target" "-e" "CARGO_INCREMENTAL=0" "-e" "RUST_BACKTRACE=full" "-e" "RUSTFLAGS=--cap-lints=warn" "-e" "CARGO_HOME=/opt/rustwide/cargo-home" "-e" "RUSTUP_HOME=/opt/rustwide/rustup-home" "-w" "/opt/rustwide/workdir" "-m" "1610612736" "--user" "0:0" "--network" "none" "ghcr.io/rust-lang/crates-build-env/linux@sha256:34b6a614d2c27851fe6cbf88fbd1137609cefab8b10d0615aaeb6fd47975d74e" "/opt/rustwide/cargo-home/bin/cargo" "+beta-2021-08-01" "test" "--frozen" "--no-run" "--message-format=json", kill_on_drop: false }`
[INFO] [stdout] 6608999b761cc838f62d247f886b56593d672c45260ae49b43bce9b750d9480c
[INFO] running `Command { std: "docker" "start" "-a" "6608999b761cc838f62d247f886b56593d672c45260ae49b43bce9b750d9480c", kill_on_drop: false }`
[INFO] [stderr]    Compiling crossbeam-utils v0.8.5
[INFO] [stderr]    Compiling crossbeam-epoch v0.9.5
[INFO] [stderr]    Compiling rayon-core v1.9.1
[INFO] [stderr]    Compiling regex-automata v0.1.10
[INFO] [stderr]    Compiling plotters-backend v0.3.2
[INFO] [stderr]    Compiling half v1.7.1
[INFO] [stderr]    Compiling same-file v1.0.6
[INFO] [stderr]    Compiling byteorder v0.5.3
[INFO] [stderr]    Compiling oorandom v11.1.3
[INFO] [stderr]    Compiling memoffset v0.6.4
[INFO] [stderr]    Compiling rayon v1.5.1
[INFO] [stderr]    Compiling itertools v0.10.1
[INFO] [stderr]    Compiling serde_json v1.0.66
[INFO] [stderr]    Compiling csv-core v0.1.10
[INFO] [stderr]    Compiling clap v2.33.3
[INFO] [stderr]    Compiling cast v0.2.7
[INFO] [stderr]    Compiling walkdir v2.3.2
[INFO] [stderr]    Compiling test-assembler v0.1.5
[INFO] [stderr]    Compiling serde_cbor v0.11.1
[INFO] [stderr]    Compiling bstr v0.2.16
[INFO] [stderr]    Compiling plotters-svg v0.3.1
[INFO] [stderr]    Compiling plotters v0.3.1
[INFO] [stderr]    Compiling crossbeam-channel v0.5.1
[INFO] [stderr]    Compiling tinytemplate v1.2.1
[INFO] [stderr]    Compiling csv v1.1.6
[INFO] [stderr]    Compiling crossbeam-deque v0.8.1
[INFO] [stderr]    Compiling criterion-plot v0.4.4
[INFO] [stderr]    Compiling criterion v0.3.5
[INFO] [stderr]    Compiling mp4parse v0.11.5 (/opt/rustwide/workdir)
[INFO] [stderr]     Finished test [unoptimized + debuginfo] target(s) in 20.52s
[INFO] running `Command { std: "docker" "inspect" "6608999b761cc838f62d247f886b56593d672c45260ae49b43bce9b750d9480c", kill_on_drop: false }`
[INFO] running `Command { std: "docker" "rm" "-f" "6608999b761cc838f62d247f886b56593d672c45260ae49b43bce9b750d9480c", kill_on_drop: false }`
[INFO] [stdout] 6608999b761cc838f62d247f886b56593d672c45260ae49b43bce9b750d9480c
[INFO] running `Command { std: "docker" "create" "-v" "/var/lib/crater-agent-workspace/builds/worker-8/target:/opt/rustwide/target:rw,Z" "-v" "/var/lib/crater-agent-workspace/builds/worker-8/source:/opt/rustwide/workdir:ro,Z" "-v" "/var/lib/crater-agent-workspace/cargo-home:/opt/rustwide/cargo-home:ro,Z" "-v" "/var/lib/crater-agent-workspace/rustup-home:/opt/rustwide/rustup-home:ro,Z" "-e" "SOURCE_DIR=/opt/rustwide/workdir" "-e" "CARGO_TARGET_DIR=/opt/rustwide/target" "-e" "CARGO_INCREMENTAL=0" "-e" "RUST_BACKTRACE=full" "-e" "RUSTFLAGS=--cap-lints=warn" "-e" "CARGO_HOME=/opt/rustwide/cargo-home" "-e" "RUSTUP_HOME=/opt/rustwide/rustup-home" "-w" "/opt/rustwide/workdir" "-m" "1610612736" "--user" "0:0" "--network" "none" "ghcr.io/rust-lang/crates-build-env/linux@sha256:34b6a614d2c27851fe6cbf88fbd1137609cefab8b10d0615aaeb6fd47975d74e" "/opt/rustwide/cargo-home/bin/cargo" "+beta-2021-08-01" "test" "--frozen", kill_on_drop: false }`
[INFO] [stdout] 56a36680fad574adbdafe60eddd041177f19700da825840bedbe57776a730d34
[INFO] running `Command { std: "docker" "start" "-a" "56a36680fad574adbdafe60eddd041177f19700da825840bedbe57776a730d34", kill_on_drop: false }`
[INFO] [stderr]     Finished test [unoptimized + debuginfo] target(s) in 0.06s
[INFO] [stderr]      Running unittests (/opt/rustwide/target/debug/deps/mp4parse-9d4e0ae6fe1a569a)
[INFO] [stdout] 
[INFO] [stdout] running 68 tests
[INFO] [stdout] test media_data_box_tests::extent_to_end_after_mdat_returns_none ... ok
[INFO] [stdout] test media_data_box_tests::extent_to_end_which_is_all_of_mdat ... ok
[INFO] [stdout] test media_data_box_tests::extent_to_end_which_is_subset_of_mdat ... ok
[INFO] [stdout] test media_data_box_tests::extent_with_length_after_mdat_returns_none ... ok
[INFO] [stdout] test media_data_box_tests::extent_to_end_before_mdat_returns_none ... ok
[INFO] [stdout] test media_data_box_tests::extent_with_length_before_mdat_returns_none ... ok
[INFO] [stdout] test media_data_box_tests::extent_with_length_crossing_back_mdat_boundary_returns_none ... ok
[INFO] [stdout] test media_data_box_tests::extent_to_end_which_overflows_usize ... ok
[INFO] [stdout] test media_data_box_tests::extent_with_length_crossing_front_mdat_boundary_returns_none ... ok
[INFO] [stdout] test media_data_box_tests::extent_with_length_which_is_subset_of_mdat ... ok
[INFO] [stdout] test media_data_box_tests::extent_with_length_which_is_all_of_mdat ... ok
[INFO] [stdout] test tests::avcc_limit ... ok
[INFO] [stdout] test tests::esds_limit ... ok
[INFO] [stdout] test tests::esds_limit_2 ... ok
[INFO] [stdout] test tests::long_flac_metadata ... ok
[INFO] [stdout] test tests::max_table_limit ... ok
[INFO] [stdout] test tests::read_box_header_long ... ok
[INFO] [stdout] test tests::read_box_header_long_invalid_size ... ok
[INFO] [stdout] test tests::read_box_header_short ... ok
[INFO] [stdout] test tests::read_alac ... ok
[INFO] [stdout] test tests::read_box_header_short_invalid_size ... ok
[INFO] [stdout] test tests::read_box_header_short_unknown_size ... ok
[INFO] [stdout] test tests::read_box_header_truncated_uuid ... ok
[INFO] [stdout] test tests::read_box_header_uuid ... ok
[INFO] [stdout] test tests::read_dfla ... ok
[INFO] [stdout] test tests::read_descriptor_80 ... ok
[INFO] [stdout] test tests::read_dops ... ok
[INFO] [stdout] test tests::read_edts_bogus ... ok
[INFO] [stdout] test tests::read_elst_v0 ... ok
[INFO] [stdout] test tests::read_esds_byte_extension_descriptor ... ok
[INFO] [stdout] test tests::read_esds_invalid_descriptor ... ok
[INFO] [stdout] test tests::read_esds_one_byte_extension_descriptor ... ok
[INFO] [stdout] test tests::read_invalid_pssh ... ok
[INFO] [stdout] test tests::read_ftyp ... ok
[INFO] [stdout] test tests::read_esds_aac_type5 ... ok
[INFO] [stdout] test tests::read_flac ... ok
[INFO] [stdout] test tests::read_elst_zero_entries ... ok
[INFO] [stdout] test tests::read_hdlr_short_name ... ok
[INFO] [stdout] test tests::read_ftyp_case ... ok
[INFO] [stdout] test tests::read_f4v_stsd ... ok
[INFO] [stdout] test tests::read_hdlr_zero_length_name ... ok
[INFO] [stdout] test tests::read_to_end_oom ... ok
[INFO] [stdout] test tests::read_truncated_ftyp ... ok
[INFO] [stdout] test tests::read_to_end_ ... ok
[INFO] [stdout] test tests::read_mdhd_v0 ... ok
[INFO] [stdout] test tests::read_esds_redundant_descriptor ... ok
[INFO] [stdout] test tests::read_elst_v1 ... ok
[INFO] [stdout] test tests::serialize_opus_header ... ok
[INFO] [stdout] test tests::read_vpcc_version_1 ... ok
[INFO] [stdout] test tests::read_mvhd_v0 ... ok
[INFO] [stdout] test tests::read_opus ... ok
[INFO] [stdout] test tests::read_stsd_lpcm ... ok
[INFO] [stdout] test tests::read_mdhd_invalid_timescale ... ok
[INFO] [stdout] test tests::read_stsd_mp4v ... ok
[INFO] [stdout] test tests::read_mdhd_unknown_duration ... ok
[INFO] [stdout] test tests::read_mvhd_unknown_duration ... ok
[INFO] [stdout] test tests::read_esds ... ok
[INFO] [stdout] test tests::read_qt_wave_atom ... ok
[INFO] [stdout] test tests::unknown_audio_sample_entry ... ok
[INFO] [stdout] test tests::skip_padding_in_stsd ... ok
[INFO] [stdout] test tests::unknown_video_sample_entry ... ok
[INFO] [stdout] test tests::skip_padding_in_boxes ... ok
[INFO] [stdout] test tests::read_mvhd_v1 ... ok
[INFO] [stdout] test tests::read_hdlr ... ok
[INFO] [stdout] test tests::read_mdhd_v1 ... ok
[INFO] [stdout] test tests::read_vpcc_version_0 ... ok
[INFO] [stdout] test tests::read_mvhd_invalid_timescale ... ok
[INFO] [stdout] test media_data_box_tests::extent_with_length_which_overflows_usize_panics - should panic ... ok
[INFO] [stdout] 
[INFO] [stdout] test result: ok. 68 passed; 0 failed; 0 ignored; 0 measured; 0 filtered out; finished in 0.03s
[INFO] [stdout] 
[INFO] [stderr]      Running tests/overflow.rs (/opt/rustwide/target/debug/deps/overflow-0888e52fcac2abb5)
[INFO] [stdout] 
[INFO] [stdout] running 1 test
[INFO] [stdout] test overflow_protection - should panic ... ok
[INFO] [stdout] 
[INFO] [stdout] test result: ok. 1 passed; 0 failed; 0 ignored; 0 measured; 0 filtered out; finished in 0.01s
[INFO] [stdout] 
[INFO] [stderr]      Running tests/public.rs (/opt/rustwide/target/debug/deps/public-1b61695ab833fe47)
[INFO] [stdout] 
[INFO] [stdout] running 18 tests
[INFO] [stdout] test public_avif_primary_item_is_grid ... ignored
[INFO] [stdout] test public_avif_bad_ipma_flags ... ok
[INFO] [stdout] test public_avif_bad_ipma_version ... ok
[INFO] [stdout] test public_avif_alpha_item ... ok
[INFO] [stdout] test public_avif_primary_item_split_extents ... ok
[INFO] [stdout] test public_avif_bug_1661347 ... ok
[INFO] [stdout] test public_api ... FAILED
[INFO] [stdout] test public_audio_cbcs ... FAILED
[INFO] [stdout] test public_audio_tenc ... FAILED
[INFO] [stdout] test public_avif_primary_item ... FAILED
[INFO] [stdout] test public_metadata ... FAILED
[INFO] [stdout] test public_video_cbcs ... FAILED
[INFO] [stdout] test public_metadata_gnre ... FAILED
[INFO] [stdout] test public_mp4_bug_1185230 ... FAILED
[INFO] [stdout] test public_video_av1 ... FAILED
[INFO] [stdout] test public_video_cenc ... FAILED
[INFO] [stdout] test public_avif_read_samples ... FAILED
[INFO] [stderr] error: test failed, to rerun pass '--test public'
[INFO] [stderr] 
[INFO] [stderr] Caused by:
[INFO] [stderr]   process didn't exit successfully: `/opt/rustwide/target/debug/deps/public-1b61695ab833fe47` (signal: 9, SIGKILL: kill)
[INFO] running `Command { std: "docker" "inspect" "56a36680fad574adbdafe60eddd041177f19700da825840bedbe57776a730d34", kill_on_drop: false }`
[INFO] running `Command { std: "docker" "rm" "-f" "56a36680fad574adbdafe60eddd041177f19700da825840bedbe57776a730d34", kill_on_drop: false }`
[INFO] [stdout] 56a36680fad574adbdafe60eddd041177f19700da825840bedbe57776a730d34
