[INFO] fetching crate morphism 0.4.1...
[INFO] testing morphism-0.4.1 against beta-2021-08-01 for beta-1.55-1
[INFO] extracting crate morphism 0.4.1 into /workspace/builds/worker-9/source
[INFO] validating manifest of crates.io crate morphism 0.4.1 on toolchain beta-2021-08-01
[INFO] running `Command { std: "/workspace/cargo-home/bin/cargo" "+beta-2021-08-01" "metadata" "--manifest-path" "Cargo.toml" "--no-deps", kill_on_drop: false }`
[INFO] started tweaking crates.io crate morphism 0.4.1
[INFO] finished tweaking crates.io crate morphism 0.4.1
[INFO] tweaked toml for crates.io crate morphism 0.4.1 written to /workspace/builds/worker-9/source/Cargo.toml
[INFO] running `Command { std: "/workspace/cargo-home/bin/cargo" "+beta-2021-08-01" "generate-lockfile" "--manifest-path" "Cargo.toml" "-Zno-index-update", kill_on_drop: false }`
[INFO] [stderr]     Blocking waiting for file lock on package cache
[INFO] running `Command { std: "/workspace/cargo-home/bin/cargo" "+beta-2021-08-01" "fetch" "--manifest-path" "Cargo.toml", kill_on_drop: false }`
[INFO] running `Command { std: "docker" "create" "-v" "/var/lib/crater-agent-workspace/builds/worker-9/target:/opt/rustwide/target:rw,Z" "-v" "/var/lib/crater-agent-workspace/builds/worker-9/source:/opt/rustwide/workdir:ro,Z" "-v" "/var/lib/crater-agent-workspace/cargo-home:/opt/rustwide/cargo-home:ro,Z" "-v" "/var/lib/crater-agent-workspace/rustup-home:/opt/rustwide/rustup-home:ro,Z" "-e" "SOURCE_DIR=/opt/rustwide/workdir" "-e" "CARGO_TARGET_DIR=/opt/rustwide/target" "-e" "CARGO_HOME=/opt/rustwide/cargo-home" "-e" "RUSTUP_HOME=/opt/rustwide/rustup-home" "-w" "/opt/rustwide/workdir" "-m" "1610612736" "--user" "0:0" "--network" "none" "ghcr.io/rust-lang/crates-build-env/linux@sha256:34b6a614d2c27851fe6cbf88fbd1137609cefab8b10d0615aaeb6fd47975d74e" "/opt/rustwide/cargo-home/bin/cargo" "+beta-2021-08-01" "metadata" "--no-deps" "--format-version=1", kill_on_drop: false }`
[INFO] [stdout] 2b74b668bf89a72b495695a267d07155f722a99726742d0ff7fa95fd615218b5
[INFO] running `Command { std: "docker" "start" "-a" "2b74b668bf89a72b495695a267d07155f722a99726742d0ff7fa95fd615218b5", kill_on_drop: false }`
[INFO] running `Command { std: "docker" "inspect" "2b74b668bf89a72b495695a267d07155f722a99726742d0ff7fa95fd615218b5", kill_on_drop: false }`
[INFO] running `Command { std: "docker" "rm" "-f" "2b74b668bf89a72b495695a267d07155f722a99726742d0ff7fa95fd615218b5", kill_on_drop: false }`
[INFO] [stdout] 2b74b668bf89a72b495695a267d07155f722a99726742d0ff7fa95fd615218b5
[INFO] running `Command { std: "docker" "create" "-v" "/var/lib/crater-agent-workspace/builds/worker-9/target:/opt/rustwide/target:rw,Z" "-v" "/var/lib/crater-agent-workspace/builds/worker-9/source:/opt/rustwide/workdir:ro,Z" "-v" "/var/lib/crater-agent-workspace/cargo-home:/opt/rustwide/cargo-home:ro,Z" "-v" "/var/lib/crater-agent-workspace/rustup-home:/opt/rustwide/rustup-home:ro,Z" "-e" "SOURCE_DIR=/opt/rustwide/workdir" "-e" "CARGO_TARGET_DIR=/opt/rustwide/target" "-e" "CARGO_INCREMENTAL=0" "-e" "RUST_BACKTRACE=full" "-e" "RUSTFLAGS=--cap-lints=warn" "-e" "CARGO_HOME=/opt/rustwide/cargo-home" "-e" "RUSTUP_HOME=/opt/rustwide/rustup-home" "-w" "/opt/rustwide/workdir" "-m" "1610612736" "--user" "0:0" "--network" "none" "ghcr.io/rust-lang/crates-build-env/linux@sha256:34b6a614d2c27851fe6cbf88fbd1137609cefab8b10d0615aaeb6fd47975d74e" "/opt/rustwide/cargo-home/bin/cargo" "+beta-2021-08-01" "build" "--frozen" "--message-format=json", kill_on_drop: false }`
[INFO] [stdout] e8c4d599b8b3468fc1eebf12c0dfbe8d50cb61860091da8ee540113014c83d6b
[INFO] running `Command { std: "docker" "start" "-a" "e8c4d599b8b3468fc1eebf12c0dfbe8d50cb61860091da8ee540113014c83d6b", kill_on_drop: false }`
[INFO] [stderr]    Compiling morphism v0.4.1 (/opt/rustwide/workdir)
[INFO] [stdout] warning: trait objects without an explicit `dyn` are deprecated
[INFO] [stdout]   --> src/lib.rs:33:35
[INFO] [stdout]    |
[INFO] [stdout] 33 |     mfns: LinkedList<VecDeque<Box<Fn(*const ()) -> *const () + 'a>>>,
[INFO] [stdout]    |                                   ^^^^^^^^^^^^^^^^^^^^^^^^^^^^^^^ help: use `dyn`: `dyn Fn(*const ()) -> *const () + 'a`
[INFO] [stdout]    |
[INFO] [stdout]    = note: `#[warn(bare_trait_objects)]` on by default
[INFO] [stdout]    = warning: this is accepted in the current edition (Rust 2015) but is a hard error in Rust 2021!
[INFO] [stdout]    = note: for more information, see issue #80165 <https://github.com/rust-lang/rust/issues/80165>
[INFO] [stdout] 
[INFO] [stdout] 
[INFO] [stderr]     Finished dev [unoptimized + debuginfo] target(s) in 0.74s
[INFO] [stdout] warning: 1 warning emitted
[INFO] [stdout] 
[INFO] [stdout] 
[INFO] running `Command { std: "docker" "inspect" "e8c4d599b8b3468fc1eebf12c0dfbe8d50cb61860091da8ee540113014c83d6b", kill_on_drop: false }`
[INFO] running `Command { std: "docker" "rm" "-f" "e8c4d599b8b3468fc1eebf12c0dfbe8d50cb61860091da8ee540113014c83d6b", kill_on_drop: false }`
[INFO] [stdout] e8c4d599b8b3468fc1eebf12c0dfbe8d50cb61860091da8ee540113014c83d6b
[INFO] running `Command { std: "docker" "create" "-v" "/var/lib/crater-agent-workspace/builds/worker-9/target:/opt/rustwide/target:rw,Z" "-v" "/var/lib/crater-agent-workspace/builds/worker-9/source:/opt/rustwide/workdir:ro,Z" "-v" "/var/lib/crater-agent-workspace/cargo-home:/opt/rustwide/cargo-home:ro,Z" "-v" "/var/lib/crater-agent-workspace/rustup-home:/opt/rustwide/rustup-home:ro,Z" "-e" "SOURCE_DIR=/opt/rustwide/workdir" "-e" "CARGO_TARGET_DIR=/opt/rustwide/target" "-e" "CARGO_INCREMENTAL=0" "-e" "RUST_BACKTRACE=full" "-e" "RUSTFLAGS=--cap-lints=warn" "-e" "CARGO_HOME=/opt/rustwide/cargo-home" "-e" "RUSTUP_HOME=/opt/rustwide/rustup-home" "-w" "/opt/rustwide/workdir" "-m" "1610612736" "--user" "0:0" "--network" "none" "ghcr.io/rust-lang/crates-build-env/linux@sha256:34b6a614d2c27851fe6cbf88fbd1137609cefab8b10d0615aaeb6fd47975d74e" "/opt/rustwide/cargo-home/bin/cargo" "+beta-2021-08-01" "test" "--frozen" "--no-run" "--message-format=json", kill_on_drop: false }`
[INFO] [stdout] 0e3c16c6e68e9bec1a1920c7154a68ae2cd0c85d420536ae41ed937b73024512
[INFO] running `Command { std: "docker" "start" "-a" "0e3c16c6e68e9bec1a1920c7154a68ae2cd0c85d420536ae41ed937b73024512", kill_on_drop: false }`
[INFO] [stdout] warning: trait objects without an explicit `dyn` are deprecated
[INFO] [stdout]   --> src/lib.rs:33:35
[INFO] [stdout]    |
[INFO] [stdout] 33 |     mfns: LinkedList<VecDeque<Box<Fn(*const ()) -> *const () + 'a>>>,
[INFO] [stdout]    |                                   ^^^^^^^^^^^^^^^^^^^^^^^^^^^^^^^ help: use `dyn`: `dyn Fn(*const ()) -> *const () + 'a`
[INFO] [stdout]    |
[INFO] [stdout]    = note: `#[warn(bare_trait_objects)]` on by default
[INFO] [stdout]    = warning: this is accepted in the current edition (Rust 2015) but is a hard error in Rust 2021!
[INFO] [stdout]    = note: for more information, see issue #80165 <https://github.com/rust-lang/rust/issues/80165>
[INFO] [stdout] 
[INFO] [stdout] 
[INFO] [stderr]    Compiling morphism v0.4.1 (/opt/rustwide/workdir)
[INFO] [stdout] warning: 1 warning emitted
[INFO] [stdout] 
[INFO] [stdout] 
[INFO] [stdout] warning: trait objects without an explicit `dyn` are deprecated
[INFO] [stdout]   --> src/lib.rs:33:35
[INFO] [stdout]    |
[INFO] [stdout] 33 |     mfns: LinkedList<VecDeque<Box<Fn(*const ()) -> *const () + 'a>>>,
[INFO] [stdout]    |                                   ^^^^^^^^^^^^^^^^^^^^^^^^^^^^^^^ help: use `dyn`: `dyn Fn(*const ()) -> *const () + 'a`
[INFO] [stdout]    |
[INFO] [stdout]    = note: `#[warn(bare_trait_objects)]` on by default
[INFO] [stdout]    = warning: this is accepted in the current edition (Rust 2015) but is a hard error in Rust 2021!
[INFO] [stdout]    = note: for more information, see issue #80165 <https://github.com/rust-lang/rust/issues/80165>
[INFO] [stdout] 
[INFO] [stdout] 
[INFO] [stdout] warning: 1 warning emitted
[INFO] [stdout] 
[INFO] [stdout] 
[INFO] [stderr]     Finished test [unoptimized + debuginfo] target(s) in 0.94s
[INFO] running `Command { std: "docker" "inspect" "0e3c16c6e68e9bec1a1920c7154a68ae2cd0c85d420536ae41ed937b73024512", kill_on_drop: false }`
[INFO] running `Command { std: "docker" "rm" "-f" "0e3c16c6e68e9bec1a1920c7154a68ae2cd0c85d420536ae41ed937b73024512", kill_on_drop: false }`
[INFO] [stdout] 0e3c16c6e68e9bec1a1920c7154a68ae2cd0c85d420536ae41ed937b73024512
[INFO] running `Command { std: "docker" "create" "-v" "/var/lib/crater-agent-workspace/builds/worker-9/target:/opt/rustwide/target:rw,Z" "-v" "/var/lib/crater-agent-workspace/builds/worker-9/source:/opt/rustwide/workdir:ro,Z" "-v" "/var/lib/crater-agent-workspace/cargo-home:/opt/rustwide/cargo-home:ro,Z" "-v" "/var/lib/crater-agent-workspace/rustup-home:/opt/rustwide/rustup-home:ro,Z" "-e" "SOURCE_DIR=/opt/rustwide/workdir" "-e" "CARGO_TARGET_DIR=/opt/rustwide/target" "-e" "CARGO_INCREMENTAL=0" "-e" "RUST_BACKTRACE=full" "-e" "RUSTFLAGS=--cap-lints=warn" "-e" "CARGO_HOME=/opt/rustwide/cargo-home" "-e" "RUSTUP_HOME=/opt/rustwide/rustup-home" "-w" "/opt/rustwide/workdir" "-m" "1610612736" "--user" "0:0" "--network" "none" "ghcr.io/rust-lang/crates-build-env/linux@sha256:34b6a614d2c27851fe6cbf88fbd1137609cefab8b10d0615aaeb6fd47975d74e" "/opt/rustwide/cargo-home/bin/cargo" "+beta-2021-08-01" "test" "--frozen", kill_on_drop: false }`
[INFO] [stdout] a05e6907426af053577fd3df9486c3439f140b3b8a8d1178f47b2a1b2bb73436
[INFO] running `Command { std: "docker" "start" "-a" "a05e6907426af053577fd3df9486c3439f140b3b8a8d1178f47b2a1b2bb73436", kill_on_drop: false }`
[INFO] [stdout] 
[INFO] [stderr] warning: trait objects without an explicit `dyn` are deprecated
[INFO] [stdout] running 1 test
[INFO] [stderr]   --> src/lib.rs:33:35
[INFO] [stderr]    |
[INFO] [stderr] 33 |     mfns: LinkedList<VecDeque<Box<Fn(*const ()) -> *const () + 'a>>>,
[INFO] [stderr]    |                                   ^^^^^^^^^^^^^^^^^^^^^^^^^^^^^^^ help: use `dyn`: `dyn Fn(*const ()) -> *const () + 'a`
[INFO] [stderr]    |
[INFO] [stderr]    = note: `#[warn(bare_trait_objects)]` on by default
[INFO] [stderr]    = warning: this is accepted in the current edition (Rust 2015) but is a hard error in Rust 2021!
[INFO] [stderr]    = note: for more information, see issue #80165 <https://github.com/rust-lang/rust/issues/80165>
[INFO] [stderr] 
[INFO] [stderr] warning: `morphism` (lib) generated 1 warning
[INFO] [stderr] warning: `morphism` (lib test) generated 1 warning (1 duplicate)
[INFO] [stderr]     Finished test [unoptimized + debuginfo] target(s) in 0.01s
[INFO] [stderr]      Running unittests (/opt/rustwide/target/debug/deps/morphism-2d3b7a86286b74e3)
[INFO] [stdout] test tests::readme ... ok
[INFO] [stderr]    Doc-tests morphism
[INFO] [stdout] 
[INFO] [stdout] test result: ok. 1 passed; 0 failed; 0 ignored; 0 measured; 0 filtered out; finished in 0.23s
[INFO] [stdout] 
[INFO] [stdout] 
[INFO] [stdout] running 6 tests
[INFO] [stdout] test src/lib.rs - Morphism::push_back (line 191) ... FAILED
[INFO] [stdout] test src/lib.rs - Morphism::tail (line 166) ... FAILED
[INFO] [stdout] test src/lib.rs - Morphism::then (line 213) ... FAILED
[INFO] [stdout] test src/lib.rs - Morphism::head (line 92) ... FAILED
[INFO] [stdout] test src/lib.rs - Morphism::new (line 44) ... FAILED
[INFO] [stdout] test src/lib.rs - Morphism::push_front (line 117) ... FAILED
[INFO] [stdout] 
[INFO] [stdout] failures:
[INFO] [stdout] 
[INFO] [stdout] ---- src/lib.rs - Morphism::push_back (line 191) stdout ----
[INFO] [stdout] error: type `morphism::Void` is private
[INFO] [stdout]  --> src/lib.rs:194:13
[INFO] [stdout]   |
[INFO] [stdout] 6 | let mut f = Morphism::new::<u64>();
[INFO] [stdout]   |             ^^^^^^^^^^^^^^^^^^^^ private type
[INFO] [stdout] 
[INFO] [stdout] error: aborting due to previous error
[INFO] [stdout] 
[INFO] [stdout] Couldn't compile the test.
[INFO] [stdout] ---- src/lib.rs - Morphism::tail (line 166) stdout ----
[INFO] [stdout] error: type `morphism::Void` is private
[INFO] [stdout]  --> src/lib.rs:169:9
[INFO] [stdout]   |
[INFO] [stdout] 6 | let f = Morphism::new::<u64>()
[INFO] [stdout]   |         ^^^^^^^^^^^^^^^^^^^^ private type
[INFO] [stdout] 
[INFO] [stdout] error: aborting due to previous error
[INFO] [stdout] 
[INFO] [stdout] Couldn't compile the test.
[INFO] [stdout] ---- src/lib.rs - Morphism::then (line 213) stdout ----
[INFO] [stdout] error: type `morphism::Void` is private
[INFO] [stdout]  --> src/lib.rs:216:13
[INFO] [stdout]   |
[INFO] [stdout] 6 | let mut f = Morphism::new::<u64>();
[INFO] [stdout]   |             ^^^^^^^^^^^^^^^^^^^^ private type
[INFO] [stdout] 
[INFO] [stdout] error: type `morphism::Void` is private
[INFO] [stdout]   --> src/lib.rs:223:13
[INFO] [stdout]    |
[INFO] [stdout] 13 | let mut g = Morphism::new::<Option<u64>>();
[INFO] [stdout]    |             ^^^^^^^^^^^^^^^^^^^^^^^^^^^^ private type
[INFO] [stdout] 
[INFO] [stdout] error: aborting due to 2 previous errors
[INFO] [stdout] 
[INFO] [stdout] Couldn't compile the test.
[INFO] [stdout] ---- src/lib.rs - Morphism::head (line 92) stdout ----
[INFO] [stdout] error: type `morphism::Void` is private
[INFO] [stdout]  --> src/lib.rs:95:9
[INFO] [stdout]   |
[INFO] [stdout] 6 | let f = Morphism::new::<Option<String>>()
[INFO] [stdout]   |         ^^^^^^^^^^^^^^^^^^^^^^^^^^^^^^^ private type
[INFO] [stdout] 
[INFO] [stdout] error: aborting due to previous error
[INFO] [stdout] 
[INFO] [stdout] Couldn't compile the test.
[INFO] [stdout] ---- src/lib.rs - Morphism::new (line 44) stdout ----
[INFO] [stdout] error: type `morphism::Void` is private
[INFO] [stdout]  --> src/lib.rs:47:12
[INFO] [stdout]   |
[INFO] [stdout] 6 | assert_eq!(Morphism::new::<u64>().run(42u64), 42u64);
[INFO] [stdout]   |            ^^^^^^^^^^^^^^^^^^^^ private type
[INFO] [stdout] 
[INFO] [stdout] error: aborting due to previous error
[INFO] [stdout] 
[INFO] [stdout] Couldn't compile the test.
[INFO] [stdout] ---- src/lib.rs - Morphism::push_front (line 117) stdout ----
[INFO] [stdout] error: type `morphism::Void` is private
[INFO] [stdout]  --> src/lib.rs:120:13
[INFO] [stdout]   |
[INFO] [stdout] 6 | let mut f = Morphism::new::<u64>();
[INFO] [stdout]   |             ^^^^^^^^^^^^^^^^^^^^ private type
[INFO] [stdout] 
[INFO] [stdout] error: aborting due to previous error
[INFO] [stdout] 
[INFO] [stdout] Couldn't compile the test.
[INFO] [stdout] 
[INFO] [stdout] failures:
[INFO] [stdout]     src/lib.rs - Morphism::head (line 92)
[INFO] [stdout]     src/lib.rs - Morphism::new (line 44)
[INFO] [stdout]     src/lib.rs - Morphism::push_back (line 191)
[INFO] [stdout]     src/lib.rs - Morphism::push_front (line 117)
[INFO] [stdout]     src/lib.rs - Morphism::tail (line 166)
[INFO] [stdout]     src/lib.rs - Morphism::then (line 213)
[INFO] [stdout] 
[INFO] [stdout] test result: FAILED. 0 passed; 6 failed; 0 ignored; 0 measured; 0 filtered out; finished in 0.25s
[INFO] [stdout] 
[INFO] [stderr] error: test failed, to rerun pass '--doc'
[INFO] running `Command { std: "docker" "inspect" "a05e6907426af053577fd3df9486c3439f140b3b8a8d1178f47b2a1b2bb73436", kill_on_drop: false }`
[INFO] running `Command { std: "docker" "rm" "-f" "a05e6907426af053577fd3df9486c3439f140b3b8a8d1178f47b2a1b2bb73436", kill_on_drop: false }`
[INFO] [stdout] a05e6907426af053577fd3df9486c3439f140b3b8a8d1178f47b2a1b2bb73436
