[INFO] fetching crate mongod-derive 0.2.2...
[INFO] testing mongod-derive-0.2.2 against 1.54.0 for beta-1.55-1
[INFO] extracting crate mongod-derive 0.2.2 into /workspace/builds/worker-2/source
[INFO] validating manifest of crates.io crate mongod-derive 0.2.2 on toolchain 1.54.0
[INFO] running `Command { std: "/workspace/cargo-home/bin/cargo" "+1.54.0" "metadata" "--manifest-path" "Cargo.toml" "--no-deps", kill_on_drop: false }`
[INFO] started tweaking crates.io crate mongod-derive 0.2.2
[INFO] finished tweaking crates.io crate mongod-derive 0.2.2
[INFO] tweaked toml for crates.io crate mongod-derive 0.2.2 written to /workspace/builds/worker-2/source/Cargo.toml
[INFO] running `Command { std: "/workspace/cargo-home/bin/cargo" "+1.54.0" "generate-lockfile" "--manifest-path" "Cargo.toml" "-Zno-index-update", kill_on_drop: false }`
[INFO] running `Command { std: "/workspace/cargo-home/bin/cargo" "+1.54.0" "fetch" "--manifest-path" "Cargo.toml", kill_on_drop: false }`
[INFO] running `Command { std: "docker" "create" "-v" "/var/lib/crater-agent-workspace/builds/worker-2/target:/opt/rustwide/target:rw,Z" "-v" "/var/lib/crater-agent-workspace/builds/worker-2/source:/opt/rustwide/workdir:ro,Z" "-v" "/var/lib/crater-agent-workspace/cargo-home:/opt/rustwide/cargo-home:ro,Z" "-v" "/var/lib/crater-agent-workspace/rustup-home:/opt/rustwide/rustup-home:ro,Z" "-e" "SOURCE_DIR=/opt/rustwide/workdir" "-e" "CARGO_TARGET_DIR=/opt/rustwide/target" "-e" "CARGO_HOME=/opt/rustwide/cargo-home" "-e" "RUSTUP_HOME=/opt/rustwide/rustup-home" "-w" "/opt/rustwide/workdir" "-m" "1610612736" "--user" "0:0" "--network" "none" "ghcr.io/rust-lang/crates-build-env/linux@sha256:34b6a614d2c27851fe6cbf88fbd1137609cefab8b10d0615aaeb6fd47975d74e" "/opt/rustwide/cargo-home/bin/cargo" "+1.54.0" "metadata" "--no-deps" "--format-version=1", kill_on_drop: false }`
[INFO] [stdout] c32c5bb2199bbe91fd934cd4ba6cae818a0ca033d21a379f57400df66eb4e13c
[INFO] running `Command { std: "docker" "start" "-a" "c32c5bb2199bbe91fd934cd4ba6cae818a0ca033d21a379f57400df66eb4e13c", kill_on_drop: false }`
[INFO] running `Command { std: "docker" "inspect" "c32c5bb2199bbe91fd934cd4ba6cae818a0ca033d21a379f57400df66eb4e13c", kill_on_drop: false }`
[INFO] running `Command { std: "docker" "rm" "-f" "c32c5bb2199bbe91fd934cd4ba6cae818a0ca033d21a379f57400df66eb4e13c", kill_on_drop: false }`
[INFO] [stdout] c32c5bb2199bbe91fd934cd4ba6cae818a0ca033d21a379f57400df66eb4e13c
[INFO] running `Command { std: "docker" "create" "-v" "/var/lib/crater-agent-workspace/builds/worker-2/target:/opt/rustwide/target:rw,Z" "-v" "/var/lib/crater-agent-workspace/builds/worker-2/source:/opt/rustwide/workdir:ro,Z" "-v" "/var/lib/crater-agent-workspace/cargo-home:/opt/rustwide/cargo-home:ro,Z" "-v" "/var/lib/crater-agent-workspace/rustup-home:/opt/rustwide/rustup-home:ro,Z" "-e" "SOURCE_DIR=/opt/rustwide/workdir" "-e" "CARGO_TARGET_DIR=/opt/rustwide/target" "-e" "CARGO_INCREMENTAL=0" "-e" "RUST_BACKTRACE=full" "-e" "RUSTFLAGS=--cap-lints=warn" "-e" "CARGO_HOME=/opt/rustwide/cargo-home" "-e" "RUSTUP_HOME=/opt/rustwide/rustup-home" "-w" "/opt/rustwide/workdir" "-m" "1610612736" "--user" "0:0" "--network" "none" "ghcr.io/rust-lang/crates-build-env/linux@sha256:34b6a614d2c27851fe6cbf88fbd1137609cefab8b10d0615aaeb6fd47975d74e" "/opt/rustwide/cargo-home/bin/cargo" "+1.54.0" "build" "--frozen" "--message-format=json", kill_on_drop: false }`
[INFO] [stdout] bd28820bc91393109f2740b8a323742d7ce336a69fd6ebf21bee61d34a02f366
[INFO] running `Command { std: "docker" "start" "-a" "bd28820bc91393109f2740b8a323742d7ce336a69fd6ebf21bee61d34a02f366", kill_on_drop: false }`
[INFO] [stderr]    Compiling Inflector v0.11.4
[INFO] [stderr]    Compiling mongod-derive v0.2.2 (/opt/rustwide/workdir)
[INFO] [stderr]     Finished dev [unoptimized + debuginfo] target(s) in 5.34s
[INFO] running `Command { std: "docker" "inspect" "bd28820bc91393109f2740b8a323742d7ce336a69fd6ebf21bee61d34a02f366", kill_on_drop: false }`
[INFO] running `Command { std: "docker" "rm" "-f" "bd28820bc91393109f2740b8a323742d7ce336a69fd6ebf21bee61d34a02f366", kill_on_drop: false }`
[INFO] [stdout] bd28820bc91393109f2740b8a323742d7ce336a69fd6ebf21bee61d34a02f366
[INFO] running `Command { std: "docker" "create" "-v" "/var/lib/crater-agent-workspace/builds/worker-2/target:/opt/rustwide/target:rw,Z" "-v" "/var/lib/crater-agent-workspace/builds/worker-2/source:/opt/rustwide/workdir:ro,Z" "-v" "/var/lib/crater-agent-workspace/cargo-home:/opt/rustwide/cargo-home:ro,Z" "-v" "/var/lib/crater-agent-workspace/rustup-home:/opt/rustwide/rustup-home:ro,Z" "-e" "SOURCE_DIR=/opt/rustwide/workdir" "-e" "CARGO_TARGET_DIR=/opt/rustwide/target" "-e" "CARGO_INCREMENTAL=0" "-e" "RUST_BACKTRACE=full" "-e" "RUSTFLAGS=--cap-lints=warn" "-e" "CARGO_HOME=/opt/rustwide/cargo-home" "-e" "RUSTUP_HOME=/opt/rustwide/rustup-home" "-w" "/opt/rustwide/workdir" "-m" "1610612736" "--user" "0:0" "--network" "none" "ghcr.io/rust-lang/crates-build-env/linux@sha256:34b6a614d2c27851fe6cbf88fbd1137609cefab8b10d0615aaeb6fd47975d74e" "/opt/rustwide/cargo-home/bin/cargo" "+1.54.0" "test" "--frozen" "--no-run" "--message-format=json", kill_on_drop: false }`
[INFO] [stdout] dde8cf0ed80e5de83cc3e05c95df3a3fa1329dbdd87fe61a67b7850160e5f620
[INFO] running `Command { std: "docker" "start" "-a" "dde8cf0ed80e5de83cc3e05c95df3a3fa1329dbdd87fe61a67b7850160e5f620", kill_on_drop: false }`
[INFO] [stderr]    Compiling mongod-derive v0.2.2 (/opt/rustwide/workdir)
[INFO] [stderr]     Finished test [unoptimized + debuginfo] target(s) in 1.47s
[INFO] running `Command { std: "docker" "inspect" "dde8cf0ed80e5de83cc3e05c95df3a3fa1329dbdd87fe61a67b7850160e5f620", kill_on_drop: false }`
[INFO] running `Command { std: "docker" "rm" "-f" "dde8cf0ed80e5de83cc3e05c95df3a3fa1329dbdd87fe61a67b7850160e5f620", kill_on_drop: false }`
[INFO] [stdout] dde8cf0ed80e5de83cc3e05c95df3a3fa1329dbdd87fe61a67b7850160e5f620
[INFO] running `Command { std: "docker" "create" "-v" "/var/lib/crater-agent-workspace/builds/worker-2/target:/opt/rustwide/target:rw,Z" "-v" "/var/lib/crater-agent-workspace/builds/worker-2/source:/opt/rustwide/workdir:ro,Z" "-v" "/var/lib/crater-agent-workspace/cargo-home:/opt/rustwide/cargo-home:ro,Z" "-v" "/var/lib/crater-agent-workspace/rustup-home:/opt/rustwide/rustup-home:ro,Z" "-e" "SOURCE_DIR=/opt/rustwide/workdir" "-e" "CARGO_TARGET_DIR=/opt/rustwide/target" "-e" "CARGO_INCREMENTAL=0" "-e" "RUST_BACKTRACE=full" "-e" "RUSTFLAGS=--cap-lints=warn" "-e" "CARGO_HOME=/opt/rustwide/cargo-home" "-e" "RUSTUP_HOME=/opt/rustwide/rustup-home" "-w" "/opt/rustwide/workdir" "-m" "1610612736" "--user" "0:0" "--network" "none" "ghcr.io/rust-lang/crates-build-env/linux@sha256:34b6a614d2c27851fe6cbf88fbd1137609cefab8b10d0615aaeb6fd47975d74e" "/opt/rustwide/cargo-home/bin/cargo" "+1.54.0" "test" "--frozen", kill_on_drop: false }`
[INFO] [stdout] 0f591be1fa687e0b10496be54d11e877edc9c55d781f6e1911efddb57499a7d9
[INFO] running `Command { std: "docker" "start" "-a" "0f591be1fa687e0b10496be54d11e877edc9c55d781f6e1911efddb57499a7d9", kill_on_drop: false }`
[INFO] [stderr]     Finished test [unoptimized + debuginfo] target(s) in 0.02s
[INFO] [stdout] 
[INFO] [stderr]      Running unittests (/opt/rustwide/target/debug/deps/mongod_derive-abaa44dc976619a6)
[INFO] [stdout] running 0 tests
[INFO] [stderr]    Doc-tests mongod-derive
[INFO] [stdout] 
[INFO] [stdout] test result: ok. 0 passed; 0 failed; 0 ignored; 0 measured; 0 filtered out; finished in 0.00s
[INFO] [stdout] 
[INFO] [stdout] 
[INFO] [stdout] running 11 tests
[INFO] [stdout] test src/lib.rs - (line 9) ... FAILED
[INFO] [stdout] test src/lib.rs - derive_collection (line 160) ... FAILED
[INFO] [stdout] test src/lib.rs - derive_bson (line 104) ... FAILED
[INFO] [stdout] test src/lib.rs - derive_collection (line 202) ... FAILED
[INFO] [stdout] test src/lib.rs - derive_collection (line 143) ... FAILED
[INFO] [stdout] test src/lib.rs - derive_collection (line 181) ... FAILED
[INFO] [stdout] test src/lib.rs - derive_collection (line 246) ... FAILED
[INFO] [stdout] test src/lib.rs - derive_bson (line 80) ... FAILED
[INFO] [stdout] test src/lib.rs - derive_bson (line 58) ... FAILED
[INFO] [stdout] test src/lib.rs - (line 20) ... FAILED
[INFO] [stdout] test src/lib.rs - derive_collection (line 228) ... FAILED
[INFO] [stdout] 
[INFO] [stdout] failures:
[INFO] [stdout] 
[INFO] [stdout] ---- src/lib.rs - (line 9) stdout ----
[INFO] [stdout] error[E0463]: can't find crate for `mongod`
[INFO] [stdout]  --> src/lib.rs:11:10
[INFO] [stdout]   |
[INFO] [stdout] 5 | #[derive(Bson)]
[INFO] [stdout]   |          ^^^^ can't find crate
[INFO] [stdout]   |
[INFO] [stdout]   = note: this error originates in the derive macro `Bson` (in Nightly builds, run with -Z macro-backtrace for more info)
[INFO] [stdout] 
[INFO] [stdout] error: aborting due to previous error
[INFO] [stdout] 
[INFO] [stdout] For more information about this error, try `rustc --explain E0463`.
[INFO] [stdout] Couldn't compile the test.
[INFO] [stdout] ---- src/lib.rs - derive_collection (line 160) stdout ----
[INFO] [stdout] error[E0463]: can't find crate for `mongod`
[INFO] [stdout]  --> src/lib.rs:163:10
[INFO] [stdout]   |
[INFO] [stdout] 6 | #[derive(mongod_derive::Bson)]
[INFO] [stdout]   |          ^^^^^^^^^^^^^^^^^^^ can't find crate
[INFO] [stdout]   |
[INFO] [stdout]   = note: this error originates in the derive macro `mongod_derive::Bson` (in Nightly builds, run with -Z macro-backtrace for more info)
[INFO] [stdout] 
[INFO] [stdout] error: aborting due to previous error
[INFO] [stdout] 
[INFO] [stdout] For more information about this error, try `rustc --explain E0463`.
[INFO] [stdout] Couldn't compile the test.
[INFO] [stdout] ---- src/lib.rs - derive_bson (line 104) stdout ----
[INFO] [stdout] error[E0463]: can't find crate for `mongod`
[INFO] [stdout]  --> src/lib.rs:108:10
[INFO] [stdout]   |
[INFO] [stdout] 7 | #[derive(Bson)]
[INFO] [stdout]   |          ^^^^ can't find crate
[INFO] [stdout]   |
[INFO] [stdout]   = note: this error originates in the derive macro `Bson` (in Nightly builds, run with -Z macro-backtrace for more info)
[INFO] [stdout] 
[INFO] [stdout] error: aborting due to previous error
[INFO] [stdout] 
[INFO] [stdout] For more information about this error, try `rustc --explain E0463`.
[INFO] [stdout] Couldn't compile the test.
[INFO] [stdout] ---- src/lib.rs - derive_collection (line 202) stdout ----
[INFO] [stdout] error[E0463]: can't find crate for `mongod`
[INFO] [stdout]  --> src/lib.rs:205:10
[INFO] [stdout]   |
[INFO] [stdout] 6 | #[derive(mongod_derive::Bson)]
[INFO] [stdout]   |          ^^^^^^^^^^^^^^^^^^^ can't find crate
[INFO] [stdout]   |
[INFO] [stdout]   = note: this error originates in the derive macro `mongod_derive::Bson` (in Nightly builds, run with -Z macro-backtrace for more info)
[INFO] [stdout] 
[INFO] [stdout] error: aborting due to previous error
[INFO] [stdout] 
[INFO] [stdout] For more information about this error, try `rustc --explain E0463`.
[INFO] [stdout] Couldn't compile the test.
[INFO] [stdout] ---- src/lib.rs - derive_collection (line 143) stdout ----
[INFO] [stdout] error[E0463]: can't find crate for `mongod`
[INFO] [stdout]  --> src/lib.rs:146:10
[INFO] [stdout]   |
[INFO] [stdout] 6 | #[derive(mongod_derive::Bson)]
[INFO] [stdout]   |          ^^^^^^^^^^^^^^^^^^^ can't find crate
[INFO] [stdout]   |
[INFO] [stdout]   = note: this error originates in the derive macro `mongod_derive::Bson` (in Nightly builds, run with -Z macro-backtrace for more info)
[INFO] [stdout] 
[INFO] [stdout] error: aborting due to previous error
[INFO] [stdout] 
[INFO] [stdout] For more information about this error, try `rustc --explain E0463`.
[INFO] [stdout] Couldn't compile the test.
[INFO] [stdout] ---- src/lib.rs - derive_collection (line 181) stdout ----
[INFO] [stdout] error[E0463]: can't find crate for `mongod`
[INFO] [stdout]  --> src/lib.rs:184:10
[INFO] [stdout]   |
[INFO] [stdout] 6 | #[derive(mongod_derive::Bson)]
[INFO] [stdout]   |          ^^^^^^^^^^^^^^^^^^^ can't find crate
[INFO] [stdout]   |
[INFO] [stdout]   = note: this error originates in the derive macro `mongod_derive::Bson` (in Nightly builds, run with -Z macro-backtrace for more info)
[INFO] [stdout] 
[INFO] [stdout] error: aborting due to previous error
[INFO] [stdout] 
[INFO] [stdout] For more information about this error, try `rustc --explain E0463`.
[INFO] [stdout] Couldn't compile the test.
[INFO] [stdout] ---- src/lib.rs - derive_collection (line 246) stdout ----
[INFO] [stdout] error[E0463]: can't find crate for `mongod`
[INFO] [stdout]  --> src/lib.rs:249:10
[INFO] [stdout]   |
[INFO] [stdout] 6 | #[derive(mongod_derive::Bson)]
[INFO] [stdout]   |          ^^^^^^^^^^^^^^^^^^^ can't find crate
[INFO] [stdout]   |
[INFO] [stdout]   = note: this error originates in the derive macro `mongod_derive::Bson` (in Nightly builds, run with -Z macro-backtrace for more info)
[INFO] [stdout] 
[INFO] [stdout] error: aborting due to previous error
[INFO] [stdout] 
[INFO] [stdout] For more information about this error, try `rustc --explain E0463`.
[INFO] [stdout] Couldn't compile the test.
[INFO] [stdout] ---- src/lib.rs - derive_bson (line 80) stdout ----
[INFO] [stdout] error[E0463]: can't find crate for `mongod`
[INFO] [stdout]  --> src/lib.rs:84:10
[INFO] [stdout]   |
[INFO] [stdout] 7 | #[derive(Bson)]
[INFO] [stdout]   |          ^^^^ can't find crate
[INFO] [stdout]   |
[INFO] [stdout]   = note: this error originates in the derive macro `Bson` (in Nightly builds, run with -Z macro-backtrace for more info)
[INFO] [stdout] 
[INFO] [stdout] error: aborting due to previous error
[INFO] [stdout] 
[INFO] [stdout] For more information about this error, try `rustc --explain E0463`.
[INFO] [stdout] Couldn't compile the test.
[INFO] [stdout] ---- src/lib.rs - derive_bson (line 58) stdout ----
[INFO] [stdout] error[E0463]: can't find crate for `mongod`
[INFO] [stdout]  --> src/lib.rs:62:17
[INFO] [stdout]   |
[INFO] [stdout] 7 | #[derive(Debug, Bson)]
[INFO] [stdout]   |                 ^^^^ can't find crate
[INFO] [stdout]   |
[INFO] [stdout]   = note: this error originates in the derive macro `Bson` (in Nightly builds, run with -Z macro-backtrace for more info)
[INFO] [stdout] 
[INFO] [stdout] error: aborting due to previous error
[INFO] [stdout] 
[INFO] [stdout] For more information about this error, try `rustc --explain E0463`.
[INFO] [stdout] Couldn't compile the test.
[INFO] [stdout] ---- src/lib.rs - (line 20) stdout ----
[INFO] [stdout] error[E0463]: can't find crate for `mongod`
[INFO] [stdout]  --> src/lib.rs:23:10
[INFO] [stdout]   |
[INFO] [stdout] 6 | #[derive(mongod_derive::Bson)]
[INFO] [stdout]   |          ^^^^^^^^^^^^^^^^^^^ can't find crate
[INFO] [stdout]   |
[INFO] [stdout]   = note: this error originates in the derive macro `mongod_derive::Bson` (in Nightly builds, run with -Z macro-backtrace for more info)
[INFO] [stdout] 
[INFO] [stdout] error: aborting due to previous error
[INFO] [stdout] 
[INFO] [stdout] For more information about this error, try `rustc --explain E0463`.
[INFO] [stdout] Couldn't compile the test.
[INFO] [stdout] ---- src/lib.rs - derive_collection (line 228) stdout ----
[INFO] [stdout] error[E0463]: can't find crate for `mongod`
[INFO] [stdout]  --> src/lib.rs:231:10
[INFO] [stdout]   |
[INFO] [stdout] 6 | #[derive(mongod_derive::Bson)]
[INFO] [stdout]   |          ^^^^^^^^^^^^^^^^^^^ can't find crate
[INFO] [stdout]   |
[INFO] [stdout]   = note: this error originates in the derive macro `mongod_derive::Bson` (in Nightly builds, run with -Z macro-backtrace for more info)
[INFO] [stdout] 
[INFO] [stdout] error: aborting due to previous error
[INFO] [stdout] 
[INFO] [stdout] For more information about this error, try `rustc --explain E0463`.
[INFO] [stdout] Couldn't compile the test.
[INFO] [stdout] 
[INFO] [stdout] failures:
[INFO] [stdout]     src/lib.rs - (line 20)
[INFO] [stdout]     src/lib.rs - (line 9)
[INFO] [stdout]     src/lib.rs - derive_bson (line 104)
[INFO] [stdout]     src/lib.rs - derive_bson (line 58)
[INFO] [stdout]     src/lib.rs - derive_bson (line 80)
[INFO] [stdout]     src/lib.rs - derive_collection (line 143)
[INFO] [stdout]     src/lib.rs - derive_collection (line 160)
[INFO] [stdout]     src/lib.rs - derive_collection (line 181)
[INFO] [stdout]     src/lib.rs - derive_collection (line 202)
[INFO] [stdout]     src/lib.rs - derive_collection (line 228)
[INFO] [stdout]     src/lib.rs - derive_collection (line 246)
[INFO] [stdout] 
[INFO] [stdout] test result: FAILED. 0 passed; 11 failed; 0 ignored; 0 measured; 0 filtered out; finished in 0.61s
[INFO] [stdout] 
[INFO] [stderr] error: test failed, to rerun pass '--doc'
[INFO] running `Command { std: "docker" "inspect" "0f591be1fa687e0b10496be54d11e877edc9c55d781f6e1911efddb57499a7d9", kill_on_drop: false }`
[INFO] running `Command { std: "docker" "rm" "-f" "0f591be1fa687e0b10496be54d11e877edc9c55d781f6e1911efddb57499a7d9", kill_on_drop: false }`
[INFO] [stdout] 0f591be1fa687e0b10496be54d11e877edc9c55d781f6e1911efddb57499a7d9
