[INFO] fetching crate modio 0.6.2...
[INFO] testing modio-0.6.2 against beta-2021-08-01 for beta-1.55-1
[INFO] extracting crate modio 0.6.2 into /workspace/builds/worker-9/source
[INFO] validating manifest of crates.io crate modio 0.6.2 on toolchain beta-2021-08-01
[INFO] running `Command { std: "/workspace/cargo-home/bin/cargo" "+beta-2021-08-01" "metadata" "--manifest-path" "Cargo.toml" "--no-deps", kill_on_drop: false }`
[INFO] started tweaking crates.io crate modio 0.6.2
[INFO] finished tweaking crates.io crate modio 0.6.2
[INFO] tweaked toml for crates.io crate modio 0.6.2 written to /workspace/builds/worker-9/source/Cargo.toml
[INFO] crate crates.io crate modio 0.6.2 already has a lockfile, it will not be regenerated
[INFO] running `Command { std: "/workspace/cargo-home/bin/cargo" "+beta-2021-08-01" "fetch" "--manifest-path" "Cargo.toml", kill_on_drop: false }`
[INFO] [stderr]  Downloading crates ...
[INFO] [stderr]   Downloaded httptest v0.15.1
[INFO] running `Command { std: "docker" "create" "-v" "/var/lib/crater-agent-workspace/builds/worker-9/target:/opt/rustwide/target:rw,Z" "-v" "/var/lib/crater-agent-workspace/builds/worker-9/source:/opt/rustwide/workdir:ro,Z" "-v" "/var/lib/crater-agent-workspace/cargo-home:/opt/rustwide/cargo-home:ro,Z" "-v" "/var/lib/crater-agent-workspace/rustup-home:/opt/rustwide/rustup-home:ro,Z" "-e" "SOURCE_DIR=/opt/rustwide/workdir" "-e" "CARGO_TARGET_DIR=/opt/rustwide/target" "-e" "CARGO_HOME=/opt/rustwide/cargo-home" "-e" "RUSTUP_HOME=/opt/rustwide/rustup-home" "-w" "/opt/rustwide/workdir" "-m" "1610612736" "--user" "0:0" "--network" "none" "ghcr.io/rust-lang/crates-build-env/linux@sha256:34b6a614d2c27851fe6cbf88fbd1137609cefab8b10d0615aaeb6fd47975d74e" "/opt/rustwide/cargo-home/bin/cargo" "+beta-2021-08-01" "metadata" "--no-deps" "--format-version=1", kill_on_drop: false }`
[INFO] [stdout] 2ef2788bd0f9dfc91340a6e5535186b7af7775fe879ab49f93497431d0f15308
[INFO] running `Command { std: "docker" "start" "-a" "2ef2788bd0f9dfc91340a6e5535186b7af7775fe879ab49f93497431d0f15308", kill_on_drop: false }`
[INFO] running `Command { std: "docker" "inspect" "2ef2788bd0f9dfc91340a6e5535186b7af7775fe879ab49f93497431d0f15308", kill_on_drop: false }`
[INFO] running `Command { std: "docker" "rm" "-f" "2ef2788bd0f9dfc91340a6e5535186b7af7775fe879ab49f93497431d0f15308", kill_on_drop: false }`
[INFO] [stdout] 2ef2788bd0f9dfc91340a6e5535186b7af7775fe879ab49f93497431d0f15308
[INFO] running `Command { std: "docker" "create" "-v" "/var/lib/crater-agent-workspace/builds/worker-9/target:/opt/rustwide/target:rw,Z" "-v" "/var/lib/crater-agent-workspace/builds/worker-9/source:/opt/rustwide/workdir:ro,Z" "-v" "/var/lib/crater-agent-workspace/cargo-home:/opt/rustwide/cargo-home:ro,Z" "-v" "/var/lib/crater-agent-workspace/rustup-home:/opt/rustwide/rustup-home:ro,Z" "-e" "SOURCE_DIR=/opt/rustwide/workdir" "-e" "CARGO_TARGET_DIR=/opt/rustwide/target" "-e" "CARGO_INCREMENTAL=0" "-e" "RUST_BACKTRACE=full" "-e" "RUSTFLAGS=--cap-lints=warn" "-e" "CARGO_HOME=/opt/rustwide/cargo-home" "-e" "RUSTUP_HOME=/opt/rustwide/rustup-home" "-w" "/opt/rustwide/workdir" "-m" "1610612736" "--user" "0:0" "--network" "none" "ghcr.io/rust-lang/crates-build-env/linux@sha256:34b6a614d2c27851fe6cbf88fbd1137609cefab8b10d0615aaeb6fd47975d74e" "/opt/rustwide/cargo-home/bin/cargo" "+beta-2021-08-01" "build" "--frozen" "--message-format=json", kill_on_drop: false }`
[INFO] [stdout] 01c4d4f9533a678e2d3ddb0bac35f0feda942f424d76b296a23d1e4f5b092acb
[INFO] running `Command { std: "docker" "start" "-a" "01c4d4f9533a678e2d3ddb0bac35f0feda942f424d76b296a23d1e4f5b092acb", kill_on_drop: false }`
[INFO] [stderr]    Compiling syn v1.0.60
[INFO] [stderr]    Compiling futures-io v0.3.12
[INFO] [stderr]    Compiling tracing-core v0.1.17
[INFO] [stderr]    Compiling futures-channel v0.3.12
[INFO] [stderr]    Compiling http v0.2.3
[INFO] [stderr]    Compiling futures-task v0.3.12
[INFO] [stderr]    Compiling openssl v0.10.32
[INFO] [stderr]    Compiling openssl-sys v0.9.60
[INFO] [stderr]    Compiling native-tls v0.2.7
[INFO] [stderr]    Compiling idna v0.2.1
[INFO] [stderr]    Compiling mime_guess v2.0.3
[INFO] [stderr]    Compiling http-body v0.4.0
[INFO] [stderr]    Compiling tokio-macros v1.1.0
[INFO] [stderr]    Compiling tracing-attributes v0.1.12
[INFO] [stderr]    Compiling pin-project-internal v0.4.27
[INFO] [stderr]    Compiling serde_derive v1.0.123
[INFO] [stderr]    Compiling futures-macro v0.3.12
[INFO] [stderr]    Compiling pin-project-internal v1.0.5
[INFO] [stderr]    Compiling futures-util v0.3.12
[INFO] [stderr]    Compiling tokio v1.2.0
[INFO] [stderr]    Compiling tracing v0.1.23
[INFO] [stderr]    Compiling pin-project v1.0.5
[INFO] [stderr]    Compiling pin-project v0.4.27
[INFO] [stderr]    Compiling tracing-futures v0.2.4
[INFO] [stderr]    Compiling serde v1.0.123
[INFO] [stderr]    Compiling tokio-util v0.6.3
[INFO] [stderr]    Compiling tokio-native-tls v0.3.0
[INFO] [stderr]    Compiling h2 v0.3.0
[INFO] [stderr]    Compiling serde_urlencoded v0.7.0
[INFO] [stderr]    Compiling url v2.2.0
[INFO] [stderr]    Compiling serde_json v1.0.62
[INFO] [stderr]    Compiling hyper v0.14.4
[INFO] [stderr]    Compiling hyper-tls v0.5.0
[INFO] [stderr]    Compiling reqwest v0.11.0
[INFO] [stderr]    Compiling modio v0.6.2 (/opt/rustwide/workdir)
[INFO] [stderr]     Finished dev [unoptimized + debuginfo] target(s) in 50.63s
[INFO] running `Command { std: "docker" "inspect" "01c4d4f9533a678e2d3ddb0bac35f0feda942f424d76b296a23d1e4f5b092acb", kill_on_drop: false }`
[INFO] running `Command { std: "docker" "rm" "-f" "01c4d4f9533a678e2d3ddb0bac35f0feda942f424d76b296a23d1e4f5b092acb", kill_on_drop: false }`
[INFO] [stdout] 01c4d4f9533a678e2d3ddb0bac35f0feda942f424d76b296a23d1e4f5b092acb
[INFO] running `Command { std: "docker" "create" "-v" "/var/lib/crater-agent-workspace/builds/worker-9/target:/opt/rustwide/target:rw,Z" "-v" "/var/lib/crater-agent-workspace/builds/worker-9/source:/opt/rustwide/workdir:ro,Z" "-v" "/var/lib/crater-agent-workspace/cargo-home:/opt/rustwide/cargo-home:ro,Z" "-v" "/var/lib/crater-agent-workspace/rustup-home:/opt/rustwide/rustup-home:ro,Z" "-e" "SOURCE_DIR=/opt/rustwide/workdir" "-e" "CARGO_TARGET_DIR=/opt/rustwide/target" "-e" "CARGO_INCREMENTAL=0" "-e" "RUST_BACKTRACE=full" "-e" "RUSTFLAGS=--cap-lints=warn" "-e" "CARGO_HOME=/opt/rustwide/cargo-home" "-e" "RUSTUP_HOME=/opt/rustwide/rustup-home" "-w" "/opt/rustwide/workdir" "-m" "1610612736" "--user" "0:0" "--network" "none" "ghcr.io/rust-lang/crates-build-env/linux@sha256:34b6a614d2c27851fe6cbf88fbd1137609cefab8b10d0615aaeb6fd47975d74e" "/opt/rustwide/cargo-home/bin/cargo" "+beta-2021-08-01" "test" "--frozen" "--no-run" "--message-format=json", kill_on_drop: false }`
[INFO] [stdout] 897e3e66d5a15df932634b87e6a88678cb9bd945fccc0506a5ec69881011e212
[INFO] running `Command { std: "docker" "start" "-a" "897e3e66d5a15df932634b87e6a88678cb9bd945fccc0506a5ec69881011e212", kill_on_drop: false }`
[INFO] [stderr]    Compiling regex-syntax v0.6.22
[INFO] [stderr]    Compiling byteorder v1.4.2
[INFO] [stderr]    Compiling md5 v0.7.0
[INFO] [stderr]    Compiling crossbeam-utils v0.8.1
[INFO] [stderr]    Compiling sharded-slab v0.1.1
[INFO] [stderr]    Compiling time v0.1.43
[INFO] [stderr]    Compiling tracing-log v0.1.1
[INFO] [stderr]    Compiling futures v0.3.12
[INFO] [stderr]    Compiling tracing-serde v0.1.2
[INFO] [stderr]    Compiling chrono v0.4.19
[INFO] [stderr]    Compiling crossbeam-channel v0.5.0
[INFO] [stderr]    Compiling regex-automata v0.1.9
[INFO] [stderr]    Compiling regex v1.4.3
[INFO] [stderr]    Compiling matchers v0.0.1
[INFO] [stderr]    Compiling bstr v0.2.15
[INFO] [stderr]    Compiling tracing-subscriber v0.2.15
[INFO] [stderr]    Compiling httptest v0.15.1
[INFO] [stderr]    Compiling modio v0.6.2 (/opt/rustwide/workdir)
[INFO] [stderr]     Finished test [unoptimized + debuginfo] target(s) in 28.60s
[INFO] running `Command { std: "docker" "inspect" "897e3e66d5a15df932634b87e6a88678cb9bd945fccc0506a5ec69881011e212", kill_on_drop: false }`
[INFO] running `Command { std: "docker" "rm" "-f" "897e3e66d5a15df932634b87e6a88678cb9bd945fccc0506a5ec69881011e212", kill_on_drop: false }`
[INFO] [stdout] 897e3e66d5a15df932634b87e6a88678cb9bd945fccc0506a5ec69881011e212
[INFO] running `Command { std: "docker" "create" "-v" "/var/lib/crater-agent-workspace/builds/worker-9/target:/opt/rustwide/target:rw,Z" "-v" "/var/lib/crater-agent-workspace/builds/worker-9/source:/opt/rustwide/workdir:ro,Z" "-v" "/var/lib/crater-agent-workspace/cargo-home:/opt/rustwide/cargo-home:ro,Z" "-v" "/var/lib/crater-agent-workspace/rustup-home:/opt/rustwide/rustup-home:ro,Z" "-e" "SOURCE_DIR=/opt/rustwide/workdir" "-e" "CARGO_TARGET_DIR=/opt/rustwide/target" "-e" "CARGO_INCREMENTAL=0" "-e" "RUST_BACKTRACE=full" "-e" "RUSTFLAGS=--cap-lints=warn" "-e" "CARGO_HOME=/opt/rustwide/cargo-home" "-e" "RUSTUP_HOME=/opt/rustwide/rustup-home" "-w" "/opt/rustwide/workdir" "-m" "1610612736" "--user" "0:0" "--network" "none" "ghcr.io/rust-lang/crates-build-env/linux@sha256:34b6a614d2c27851fe6cbf88fbd1137609cefab8b10d0615aaeb6fd47975d74e" "/opt/rustwide/cargo-home/bin/cargo" "+beta-2021-08-01" "test" "--frozen", kill_on_drop: false }`
[INFO] [stdout] 30d40ffa7a012234f8d14b3903f0585001cfbaef447f55de05e31ff6ca4e7119
[INFO] running `Command { std: "docker" "start" "-a" "30d40ffa7a012234f8d14b3903f0585001cfbaef447f55de05e31ff6ca4e7119", kill_on_drop: false }`
[INFO] [stderr]     Finished test [unoptimized + debuginfo] target(s) in 0.14s
[INFO] [stderr]      Running unittests (/opt/rustwide/target/debug/deps/modio-4fde6286041a175c)
[INFO] [stdout] 
[INFO] [stdout] running 7 tests
[INFO] [stdout] test filter::test::custom_filters ... ok
[INFO] [stdout] test filter::test::std_ops_add ... ok
[INFO] [stdout] test routing::tests::pieces ... ok
[INFO] [stderr]    Doc-tests modio
[INFO] [stdout] test types::tests::deserialize_empty_object ... ok
[INFO] [stdout] test filter::test::filters ... ok
[INFO] [stdout] test types::tests::unknown_mod_event_type ... ok
[INFO] [stdout] test types::tests::unknown_user_event_type ... ok
[INFO] [stdout] 
[INFO] [stdout] test result: ok. 7 passed; 0 failed; 0 ignored; 0 measured; 0 filtered out; finished in 0.01s
[INFO] [stdout] 
[INFO] [stdout] 
[INFO] [stdout] running 27 tests
[INFO] [stdout] test src/auth.rs - auth::Auth::external (line 210) - compile ... ok
[INFO] [stdout] test src/lib.rs - (line 46) - compile ... ok
[INFO] [stdout] test src/loader.rs - loader::Query<T>::paged (line 101) - compile ... ok
[INFO] [stdout] test src/client.rs - client::Modio::download (line 292) - compile ... ok
[INFO] [stdout] test src/download.rs - download::Downloader::bytes (line 57) - compile ... ok
[INFO] [stdout] test src/loader.rs - loader::Query<T>::iter (line 60) - compile ... ok
[INFO] [stdout] test src/auth.rs - auth::Auth (line 107) - compile ... ok
[INFO] [stdout] test src/download.rs - download::Downloader::save_to_file (line 34) - compile ... ok
[INFO] [stdout] test src/download.rs - download::Downloader::stream (line 77) - compile ... ok
[INFO] [stdout] test src/lib.rs - (line 28) - compile ... ok
[INFO] [stdout] test src/filter.rs - filter::prelude (line 204) ... ok
[INFO] [stdout] test src/lib.rs - (line 76) - compile ... ok
[INFO] [stdout] test src/mods.rs - mods::filters (line 407) ... FAILED
[INFO] [stdout] test src/user.rs - user::filters::events (line 109) ... FAILED
[INFO] [stdout] test src/games.rs - games::filters (line 188) ... FAILED
[INFO] [stderr] error: test failed, to rerun pass '--doc'
[INFO] [stderr] 
[INFO] [stderr] Caused by:
[INFO] [stderr]   process didn't exit successfully: `rustdoc --edition=2018 --crate-type lib --crate-name modio --test /opt/rustwide/workdir/src/lib.rs -L dependency=/opt/rustwide/target/debug/deps -L dependency=/opt/rustwide/target/debug/deps --extern bitflags=/opt/rustwide/target/debug/deps/libbitflags-e09638bf9aca31b4.rlib --extern bytes=/opt/rustwide/target/debug/deps/libbytes-b7d0f79f1a1bf520.rlib --extern dotenv=/opt/rustwide/target/debug/deps/libdotenv-4fee7340e71ca76c.rlib --extern futures_core=/opt/rustwide/target/debug/deps/libfutures_core-d0f3f5e2e77bf924.rlib --extern futures_util=/opt/rustwide/target/debug/deps/libfutures_util-8a1d1aac1c6acc3f.rlib --extern http=/opt/rustwide/target/debug/deps/libhttp-52089e0a70b229a4.rlib --extern httptest=/opt/rustwide/target/debug/deps/libhttptest-c07b9185f39cfd6e.rlib --extern md5=/opt/rustwide/target/debug/deps/libmd5-86a9791c86aa087a.rlib --extern mime=/opt/rustwide/target/debug/deps/libmime-536904fee2e1448a.rlib --extern modio=/opt/rustwide/target/debug/deps/libmodio-6d39477c4ba08560.rlib --extern pin_project_lite=/opt/rustwide/target/debug/deps/libpin_project_lite-299664b3601d8560.rlib --extern reqwest=/opt/rustwide/target/debug/deps/libreqwest-65bbdcc9a72b75f6.rlib --extern serde=/opt/rustwide/target/debug/deps/libserde-acc0b52ed42a2c01.rlib --extern serde_json=/opt/rustwide/target/debug/deps/libserde_json-cff8ce7caa74eebd.rlib --extern tokio=/opt/rustwide/target/debug/deps/libtokio-7591741348e29e50.rlib --extern tokio_util=/opt/rustwide/target/debug/deps/libtokio_util-0249fb4f82cb82ad.rlib --extern tracing=/opt/rustwide/target/debug/deps/libtracing-4b06a4f527d5c948.rlib --extern tracing_subscriber=/opt/rustwide/target/debug/deps/libtracing_subscriber-f7876fb8353d7d1b.rlib --extern url=/opt/rustwide/target/debug/deps/liburl-40a3f53a9caddbad.rlib -C embed-bitcode=no --cfg 'feature="__tls"' --cfg 'feature="default"' --cfg 'feature="default-tls"' --error-format human` (signal: 9, SIGKILL: kill)
[INFO] running `Command { std: "docker" "inspect" "30d40ffa7a012234f8d14b3903f0585001cfbaef447f55de05e31ff6ca4e7119", kill_on_drop: false }`
[INFO] running `Command { std: "docker" "rm" "-f" "30d40ffa7a012234f8d14b3903f0585001cfbaef447f55de05e31ff6ca4e7119", kill_on_drop: false }`
[INFO] [stdout] 30d40ffa7a012234f8d14b3903f0585001cfbaef447f55de05e31ff6ca4e7119
