[INFO] fetching crate mockgrep 0.1.0...
[INFO] testing mockgrep-0.1.0 against 1.54.0 for beta-1.55-1
[INFO] extracting crate mockgrep 0.1.0 into /workspace/builds/worker-8/source
[INFO] validating manifest of crates.io crate mockgrep 0.1.0 on toolchain 1.54.0
[INFO] running `Command { std: "/workspace/cargo-home/bin/cargo" "+1.54.0" "metadata" "--manifest-path" "Cargo.toml" "--no-deps", kill_on_drop: false }`
[INFO] started tweaking crates.io crate mockgrep 0.1.0
[INFO] finished tweaking crates.io crate mockgrep 0.1.0
[INFO] tweaked toml for crates.io crate mockgrep 0.1.0 written to /workspace/builds/worker-8/source/Cargo.toml
[INFO] crate crates.io crate mockgrep 0.1.0 already has a lockfile, it will not be regenerated
[INFO] running `Command { std: "/workspace/cargo-home/bin/cargo" "+1.54.0" "fetch" "--manifest-path" "Cargo.toml", kill_on_drop: false }`
[INFO] running `Command { std: "docker" "create" "-v" "/var/lib/crater-agent-workspace/builds/worker-8/target:/opt/rustwide/target:rw,Z" "-v" "/var/lib/crater-agent-workspace/builds/worker-8/source:/opt/rustwide/workdir:ro,Z" "-v" "/var/lib/crater-agent-workspace/cargo-home:/opt/rustwide/cargo-home:ro,Z" "-v" "/var/lib/crater-agent-workspace/rustup-home:/opt/rustwide/rustup-home:ro,Z" "-e" "SOURCE_DIR=/opt/rustwide/workdir" "-e" "CARGO_TARGET_DIR=/opt/rustwide/target" "-e" "CARGO_HOME=/opt/rustwide/cargo-home" "-e" "RUSTUP_HOME=/opt/rustwide/rustup-home" "-w" "/opt/rustwide/workdir" "-m" "1610612736" "--user" "0:0" "--network" "none" "ghcr.io/rust-lang/crates-build-env/linux@sha256:34b6a614d2c27851fe6cbf88fbd1137609cefab8b10d0615aaeb6fd47975d74e" "/opt/rustwide/cargo-home/bin/cargo" "+1.54.0" "metadata" "--no-deps" "--format-version=1", kill_on_drop: false }`
[INFO] [stdout] 66c2e6e784231512ee299a0664791f1fefa4b6e8f91c7e524d9ac9c09d406b38
[INFO] running `Command { std: "docker" "start" "-a" "66c2e6e784231512ee299a0664791f1fefa4b6e8f91c7e524d9ac9c09d406b38", kill_on_drop: false }`
[INFO] running `Command { std: "docker" "inspect" "66c2e6e784231512ee299a0664791f1fefa4b6e8f91c7e524d9ac9c09d406b38", kill_on_drop: false }`
[INFO] running `Command { std: "docker" "rm" "-f" "66c2e6e784231512ee299a0664791f1fefa4b6e8f91c7e524d9ac9c09d406b38", kill_on_drop: false }`
[INFO] [stdout] 66c2e6e784231512ee299a0664791f1fefa4b6e8f91c7e524d9ac9c09d406b38
[INFO] running `Command { std: "docker" "create" "-v" "/var/lib/crater-agent-workspace/builds/worker-8/target:/opt/rustwide/target:rw,Z" "-v" "/var/lib/crater-agent-workspace/builds/worker-8/source:/opt/rustwide/workdir:ro,Z" "-v" "/var/lib/crater-agent-workspace/cargo-home:/opt/rustwide/cargo-home:ro,Z" "-v" "/var/lib/crater-agent-workspace/rustup-home:/opt/rustwide/rustup-home:ro,Z" "-e" "SOURCE_DIR=/opt/rustwide/workdir" "-e" "CARGO_TARGET_DIR=/opt/rustwide/target" "-e" "CARGO_INCREMENTAL=0" "-e" "RUST_BACKTRACE=full" "-e" "RUSTFLAGS=--cap-lints=warn" "-e" "CARGO_HOME=/opt/rustwide/cargo-home" "-e" "RUSTUP_HOME=/opt/rustwide/rustup-home" "-w" "/opt/rustwide/workdir" "-m" "1610612736" "--user" "0:0" "--network" "none" "ghcr.io/rust-lang/crates-build-env/linux@sha256:34b6a614d2c27851fe6cbf88fbd1137609cefab8b10d0615aaeb6fd47975d74e" "/opt/rustwide/cargo-home/bin/cargo" "+1.54.0" "build" "--frozen" "--message-format=json", kill_on_drop: false }`
[INFO] [stdout] e19a3e1316eae783bf26d86813d2040ba24245cc9c5165499e91054ec4f4d477
[INFO] running `Command { std: "docker" "start" "-a" "e19a3e1316eae783bf26d86813d2040ba24245cc9c5165499e91054ec4f4d477", kill_on_drop: false }`
[INFO] [stderr]    Compiling mockgrep v0.1.0 (/opt/rustwide/workdir)
[INFO] [stderr]     Finished dev [unoptimized + debuginfo] target(s) in 0.97s
[INFO] running `Command { std: "docker" "inspect" "e19a3e1316eae783bf26d86813d2040ba24245cc9c5165499e91054ec4f4d477", kill_on_drop: false }`
[INFO] running `Command { std: "docker" "rm" "-f" "e19a3e1316eae783bf26d86813d2040ba24245cc9c5165499e91054ec4f4d477", kill_on_drop: false }`
[INFO] [stdout] e19a3e1316eae783bf26d86813d2040ba24245cc9c5165499e91054ec4f4d477
[INFO] running `Command { std: "docker" "create" "-v" "/var/lib/crater-agent-workspace/builds/worker-8/target:/opt/rustwide/target:rw,Z" "-v" "/var/lib/crater-agent-workspace/builds/worker-8/source:/opt/rustwide/workdir:ro,Z" "-v" "/var/lib/crater-agent-workspace/cargo-home:/opt/rustwide/cargo-home:ro,Z" "-v" "/var/lib/crater-agent-workspace/rustup-home:/opt/rustwide/rustup-home:ro,Z" "-e" "SOURCE_DIR=/opt/rustwide/workdir" "-e" "CARGO_TARGET_DIR=/opt/rustwide/target" "-e" "CARGO_INCREMENTAL=0" "-e" "RUST_BACKTRACE=full" "-e" "RUSTFLAGS=--cap-lints=warn" "-e" "CARGO_HOME=/opt/rustwide/cargo-home" "-e" "RUSTUP_HOME=/opt/rustwide/rustup-home" "-w" "/opt/rustwide/workdir" "-m" "1610612736" "--user" "0:0" "--network" "none" "ghcr.io/rust-lang/crates-build-env/linux@sha256:34b6a614d2c27851fe6cbf88fbd1137609cefab8b10d0615aaeb6fd47975d74e" "/opt/rustwide/cargo-home/bin/cargo" "+1.54.0" "test" "--frozen" "--no-run" "--message-format=json", kill_on_drop: false }`
[INFO] [stdout] 9a4b63c4577f6309ea518d4d6be880cf9c098514cc0f32d911594d3961f6a95c
[INFO] running `Command { std: "docker" "start" "-a" "9a4b63c4577f6309ea518d4d6be880cf9c098514cc0f32d911594d3961f6a95c", kill_on_drop: false }`
[INFO] [stderr]    Compiling mockgrep v0.1.0 (/opt/rustwide/workdir)
[INFO] [stderr]     Finished test [unoptimized + debuginfo] target(s) in 1.00s
[INFO] running `Command { std: "docker" "inspect" "9a4b63c4577f6309ea518d4d6be880cf9c098514cc0f32d911594d3961f6a95c", kill_on_drop: false }`
[INFO] running `Command { std: "docker" "rm" "-f" "9a4b63c4577f6309ea518d4d6be880cf9c098514cc0f32d911594d3961f6a95c", kill_on_drop: false }`
[INFO] [stdout] 9a4b63c4577f6309ea518d4d6be880cf9c098514cc0f32d911594d3961f6a95c
[INFO] running `Command { std: "docker" "create" "-v" "/var/lib/crater-agent-workspace/builds/worker-8/target:/opt/rustwide/target:rw,Z" "-v" "/var/lib/crater-agent-workspace/builds/worker-8/source:/opt/rustwide/workdir:ro,Z" "-v" "/var/lib/crater-agent-workspace/cargo-home:/opt/rustwide/cargo-home:ro,Z" "-v" "/var/lib/crater-agent-workspace/rustup-home:/opt/rustwide/rustup-home:ro,Z" "-e" "SOURCE_DIR=/opt/rustwide/workdir" "-e" "CARGO_TARGET_DIR=/opt/rustwide/target" "-e" "CARGO_INCREMENTAL=0" "-e" "RUST_BACKTRACE=full" "-e" "RUSTFLAGS=--cap-lints=warn" "-e" "CARGO_HOME=/opt/rustwide/cargo-home" "-e" "RUSTUP_HOME=/opt/rustwide/rustup-home" "-w" "/opt/rustwide/workdir" "-m" "1610612736" "--user" "0:0" "--network" "none" "ghcr.io/rust-lang/crates-build-env/linux@sha256:34b6a614d2c27851fe6cbf88fbd1137609cefab8b10d0615aaeb6fd47975d74e" "/opt/rustwide/cargo-home/bin/cargo" "+1.54.0" "test" "--frozen", kill_on_drop: false }`
[INFO] [stdout] d73c46c3385cfb7976a67bb43d8b482fd5d94d088ffc2a66870480d407744927
[INFO] running `Command { std: "docker" "start" "-a" "d73c46c3385cfb7976a67bb43d8b482fd5d94d088ffc2a66870480d407744927", kill_on_drop: false }`
[INFO] [stderr]     Finished test [unoptimized + debuginfo] target(s) in 0.03s
[INFO] [stderr]      Running unittests (/opt/rustwide/target/debug/deps/mockgrep-ab647e74ec12ff85)
[INFO] [stdout] 
[INFO] [stdout] running 2 tests
[INFO] [stdout] test tests::case_sensitive ... ok
[INFO] [stdout] test tests::case_insensitive ... ok
[INFO] [stdout] 
[INFO] [stdout] test result: ok. 2 passed; 0 failed; 0 ignored; 0 measured; 0 filtered out; finished in 0.01s
[INFO] [stderr]      Running unittests (/opt/rustwide/target/debug/deps/mockgrep-82173690c3796454)
[INFO] [stdout] 
[INFO] [stderr]    Doc-tests mockgrep
[INFO] [stdout] 
[INFO] [stdout] running 0 tests
[INFO] [stdout] 
[INFO] [stdout] test result: ok. 0 passed; 0 failed; 0 ignored; 0 measured; 0 filtered out; finished in 0.00s
[INFO] [stdout] 
[INFO] [stdout] 
[INFO] [stdout] running 1 test
[INFO] [stdout] test src/lib.rs - search (line 55) ... FAILED
[INFO] [stdout] 
[INFO] [stdout] failures:
[INFO] [stdout] 
[INFO] [stdout] ---- src/lib.rs - search (line 55) stdout ----
[INFO] [stdout] error[E0432]: unresolved import `minigrep`
[INFO] [stdout]  --> src/lib.rs:56:5
[INFO] [stdout]   |
[INFO] [stdout] 3 | use minigrep::search;
[INFO] [stdout]   |     ^^^^^^^^ use of undeclared crate or module `minigrep`
[INFO] [stdout] 
[INFO] [stdout] error: aborting due to previous error
[INFO] [stdout] 
[INFO] [stdout] For more information about this error, try `rustc --explain E0432`.
[INFO] [stdout] Couldn't compile the test.
[INFO] [stdout] 
[INFO] [stdout] failures:
[INFO] [stdout]     src/lib.rs - search (line 55)
[INFO] [stdout] 
[INFO] [stdout] test result: FAILED. 0 passed; 1 failed; 0 ignored; 0 measured; 0 filtered out; finished in 0.10s
[INFO] [stdout] 
[INFO] [stderr] error: test failed, to rerun pass '--doc'
[INFO] running `Command { std: "docker" "inspect" "d73c46c3385cfb7976a67bb43d8b482fd5d94d088ffc2a66870480d407744927", kill_on_drop: false }`
[INFO] running `Command { std: "docker" "rm" "-f" "d73c46c3385cfb7976a67bb43d8b482fd5d94d088ffc2a66870480d407744927", kill_on_drop: false }`
[INFO] [stdout] d73c46c3385cfb7976a67bb43d8b482fd5d94d088ffc2a66870480d407744927
