[INFO] fetching crate mix_colors 0.1.1...
[INFO] testing mix_colors-0.1.1 against beta-2021-08-01 for beta-1.55-1
[INFO] extracting crate mix_colors 0.1.1 into /workspace/builds/worker-10/source
[INFO] validating manifest of crates.io crate mix_colors 0.1.1 on toolchain beta-2021-08-01
[INFO] running `Command { std: "/workspace/cargo-home/bin/cargo" "+beta-2021-08-01" "metadata" "--manifest-path" "Cargo.toml" "--no-deps", kill_on_drop: false }`
[INFO] started tweaking crates.io crate mix_colors 0.1.1
[INFO] finished tweaking crates.io crate mix_colors 0.1.1
[INFO] tweaked toml for crates.io crate mix_colors 0.1.1 written to /workspace/builds/worker-10/source/Cargo.toml
[INFO] crate crates.io crate mix_colors 0.1.1 already has a lockfile, it will not be regenerated
[INFO] running `Command { std: "/workspace/cargo-home/bin/cargo" "+beta-2021-08-01" "fetch" "--manifest-path" "Cargo.toml", kill_on_drop: false }`
[INFO] running `Command { std: "docker" "create" "-v" "/var/lib/crater-agent-workspace/builds/worker-10/target:/opt/rustwide/target:rw,Z" "-v" "/var/lib/crater-agent-workspace/builds/worker-10/source:/opt/rustwide/workdir:ro,Z" "-v" "/var/lib/crater-agent-workspace/cargo-home:/opt/rustwide/cargo-home:ro,Z" "-v" "/var/lib/crater-agent-workspace/rustup-home:/opt/rustwide/rustup-home:ro,Z" "-e" "SOURCE_DIR=/opt/rustwide/workdir" "-e" "CARGO_TARGET_DIR=/opt/rustwide/target" "-e" "CARGO_HOME=/opt/rustwide/cargo-home" "-e" "RUSTUP_HOME=/opt/rustwide/rustup-home" "-w" "/opt/rustwide/workdir" "-m" "1610612736" "--user" "0:0" "--network" "none" "ghcr.io/rust-lang/crates-build-env/linux@sha256:34b6a614d2c27851fe6cbf88fbd1137609cefab8b10d0615aaeb6fd47975d74e" "/opt/rustwide/cargo-home/bin/cargo" "+beta-2021-08-01" "metadata" "--no-deps" "--format-version=1", kill_on_drop: false }`
[INFO] [stdout] f9e6964c003845460378bb24bf2a4a08fb5ff392671636740f14169e0ac9fc1f
[INFO] running `Command { std: "docker" "start" "-a" "f9e6964c003845460378bb24bf2a4a08fb5ff392671636740f14169e0ac9fc1f", kill_on_drop: false }`
[INFO] running `Command { std: "docker" "inspect" "f9e6964c003845460378bb24bf2a4a08fb5ff392671636740f14169e0ac9fc1f", kill_on_drop: false }`
[INFO] running `Command { std: "docker" "rm" "-f" "f9e6964c003845460378bb24bf2a4a08fb5ff392671636740f14169e0ac9fc1f", kill_on_drop: false }`
[INFO] [stdout] f9e6964c003845460378bb24bf2a4a08fb5ff392671636740f14169e0ac9fc1f
[INFO] running `Command { std: "docker" "create" "-v" "/var/lib/crater-agent-workspace/builds/worker-10/target:/opt/rustwide/target:rw,Z" "-v" "/var/lib/crater-agent-workspace/builds/worker-10/source:/opt/rustwide/workdir:ro,Z" "-v" "/var/lib/crater-agent-workspace/cargo-home:/opt/rustwide/cargo-home:ro,Z" "-v" "/var/lib/crater-agent-workspace/rustup-home:/opt/rustwide/rustup-home:ro,Z" "-e" "SOURCE_DIR=/opt/rustwide/workdir" "-e" "CARGO_TARGET_DIR=/opt/rustwide/target" "-e" "CARGO_INCREMENTAL=0" "-e" "RUST_BACKTRACE=full" "-e" "RUSTFLAGS=--cap-lints=warn" "-e" "CARGO_HOME=/opt/rustwide/cargo-home" "-e" "RUSTUP_HOME=/opt/rustwide/rustup-home" "-w" "/opt/rustwide/workdir" "-m" "1610612736" "--user" "0:0" "--network" "none" "ghcr.io/rust-lang/crates-build-env/linux@sha256:34b6a614d2c27851fe6cbf88fbd1137609cefab8b10d0615aaeb6fd47975d74e" "/opt/rustwide/cargo-home/bin/cargo" "+beta-2021-08-01" "build" "--frozen" "--message-format=json", kill_on_drop: false }`
[INFO] [stdout] f58ce9d4f4a8fbb0a3f472c09bae7ce985c62e9c56cd5d3c71077565e2607c59
[INFO] running `Command { std: "docker" "start" "-a" "f58ce9d4f4a8fbb0a3f472c09bae7ce985c62e9c56cd5d3c71077565e2607c59", kill_on_drop: false }`
[INFO] [stderr]    Compiling mix_colors v0.1.1 (/opt/rustwide/workdir)
[INFO] [stderr]     Finished dev [unoptimized + debuginfo] target(s) in 1.34s
[INFO] running `Command { std: "docker" "inspect" "f58ce9d4f4a8fbb0a3f472c09bae7ce985c62e9c56cd5d3c71077565e2607c59", kill_on_drop: false }`
[INFO] running `Command { std: "docker" "rm" "-f" "f58ce9d4f4a8fbb0a3f472c09bae7ce985c62e9c56cd5d3c71077565e2607c59", kill_on_drop: false }`
[INFO] [stdout] f58ce9d4f4a8fbb0a3f472c09bae7ce985c62e9c56cd5d3c71077565e2607c59
[INFO] running `Command { std: "docker" "create" "-v" "/var/lib/crater-agent-workspace/builds/worker-10/target:/opt/rustwide/target:rw,Z" "-v" "/var/lib/crater-agent-workspace/builds/worker-10/source:/opt/rustwide/workdir:ro,Z" "-v" "/var/lib/crater-agent-workspace/cargo-home:/opt/rustwide/cargo-home:ro,Z" "-v" "/var/lib/crater-agent-workspace/rustup-home:/opt/rustwide/rustup-home:ro,Z" "-e" "SOURCE_DIR=/opt/rustwide/workdir" "-e" "CARGO_TARGET_DIR=/opt/rustwide/target" "-e" "CARGO_INCREMENTAL=0" "-e" "RUST_BACKTRACE=full" "-e" "RUSTFLAGS=--cap-lints=warn" "-e" "CARGO_HOME=/opt/rustwide/cargo-home" "-e" "RUSTUP_HOME=/opt/rustwide/rustup-home" "-w" "/opt/rustwide/workdir" "-m" "1610612736" "--user" "0:0" "--network" "none" "ghcr.io/rust-lang/crates-build-env/linux@sha256:34b6a614d2c27851fe6cbf88fbd1137609cefab8b10d0615aaeb6fd47975d74e" "/opt/rustwide/cargo-home/bin/cargo" "+beta-2021-08-01" "test" "--frozen" "--no-run" "--message-format=json", kill_on_drop: false }`
[INFO] [stdout] eba4411653f9b15f0d95a3c5bddc6fcefd48321a1eb6dd960c93545e05710a23
[INFO] running `Command { std: "docker" "start" "-a" "eba4411653f9b15f0d95a3c5bddc6fcefd48321a1eb6dd960c93545e05710a23", kill_on_drop: false }`
[INFO] [stderr]    Compiling mix_colors v0.1.1 (/opt/rustwide/workdir)
[INFO] [stderr]     Finished test [unoptimized + debuginfo] target(s) in 0.66s
[INFO] running `Command { std: "docker" "inspect" "eba4411653f9b15f0d95a3c5bddc6fcefd48321a1eb6dd960c93545e05710a23", kill_on_drop: false }`
[INFO] running `Command { std: "docker" "rm" "-f" "eba4411653f9b15f0d95a3c5bddc6fcefd48321a1eb6dd960c93545e05710a23", kill_on_drop: false }`
[INFO] [stdout] eba4411653f9b15f0d95a3c5bddc6fcefd48321a1eb6dd960c93545e05710a23
[INFO] running `Command { std: "docker" "create" "-v" "/var/lib/crater-agent-workspace/builds/worker-10/target:/opt/rustwide/target:rw,Z" "-v" "/var/lib/crater-agent-workspace/builds/worker-10/source:/opt/rustwide/workdir:ro,Z" "-v" "/var/lib/crater-agent-workspace/cargo-home:/opt/rustwide/cargo-home:ro,Z" "-v" "/var/lib/crater-agent-workspace/rustup-home:/opt/rustwide/rustup-home:ro,Z" "-e" "SOURCE_DIR=/opt/rustwide/workdir" "-e" "CARGO_TARGET_DIR=/opt/rustwide/target" "-e" "CARGO_INCREMENTAL=0" "-e" "RUST_BACKTRACE=full" "-e" "RUSTFLAGS=--cap-lints=warn" "-e" "CARGO_HOME=/opt/rustwide/cargo-home" "-e" "RUSTUP_HOME=/opt/rustwide/rustup-home" "-w" "/opt/rustwide/workdir" "-m" "1610612736" "--user" "0:0" "--network" "none" "ghcr.io/rust-lang/crates-build-env/linux@sha256:34b6a614d2c27851fe6cbf88fbd1137609cefab8b10d0615aaeb6fd47975d74e" "/opt/rustwide/cargo-home/bin/cargo" "+beta-2021-08-01" "test" "--frozen", kill_on_drop: false }`
[INFO] [stdout] 6f5ade7ba4e64259e11ca0a451a6d6af9eda55721ddb71d1cedcbad01a97ea05
[INFO] running `Command { std: "docker" "start" "-a" "6f5ade7ba4e64259e11ca0a451a6d6af9eda55721ddb71d1cedcbad01a97ea05", kill_on_drop: false }`
[INFO] [stdout] 
[INFO] [stderr]     Finished test [unoptimized + debuginfo] target(s) in 0.05s
[INFO] [stdout] running 0 tests
[INFO] [stderr]      Running unittests (/opt/rustwide/target/debug/deps/mix_colors-d424109d3815846e)
[INFO] [stdout] 
[INFO] [stderr]      Running unittests (/opt/rustwide/target/debug/deps/mix_colors-778567fc67e7db6b)
[INFO] [stdout] test result: ok. 0 passed; 0 failed; 0 ignored; 0 measured; 0 filtered out; finished in 0.00s
[INFO] [stderr]    Doc-tests mix_colors
[INFO] [stdout] 
[INFO] [stdout] 
[INFO] [stdout] running 0 tests
[INFO] [stdout] 
[INFO] [stdout] test result: ok. 0 passed; 0 failed; 0 ignored; 0 measured; 0 filtered out; finished in 0.00s
[INFO] [stdout] 
[INFO] [stdout] 
[INFO] [stdout] running 2 tests
[INFO] [stdout] test src/lib.rs - add_two (line 27) ... FAILED
[INFO] [stderr] error: test failed, to rerun pass '--doc'
[INFO] [stdout] test src/lib.rs - add_one (line 13) ... FAILED
[INFO] [stdout] 
[INFO] [stdout] failures:
[INFO] [stdout] 
[INFO] [stdout] ---- src/lib.rs - add_two (line 27) stdout ----
[INFO] [stdout] error[E0433]: failed to resolve: use of undeclared crate or module `crate_project`
[INFO] [stdout]  --> src/lib.rs:29:14
[INFO] [stdout]   |
[INFO] [stdout] 4 | let answer = crate_project::add_one(arg);
[INFO] [stdout]   |              ^^^^^^^^^^^^^ use of undeclared crate or module `crate_project`
[INFO] [stdout] 
[INFO] [stdout] error: aborting due to previous error
[INFO] [stdout] 
[INFO] [stdout] For more information about this error, try `rustc --explain E0433`.
[INFO] [stdout] Couldn't compile the test.
[INFO] [stdout] ---- src/lib.rs - add_one (line 13) stdout ----
[INFO] [stdout] error[E0433]: failed to resolve: use of undeclared crate or module `crate_project`
[INFO] [stdout]  --> src/lib.rs:15:14
[INFO] [stdout]   |
[INFO] [stdout] 4 | let answer = crate_project::add_one(arg);
[INFO] [stdout]   |              ^^^^^^^^^^^^^ use of undeclared crate or module `crate_project`
[INFO] [stdout] 
[INFO] [stdout] error: aborting due to previous error
[INFO] [stdout] 
[INFO] [stdout] For more information about this error, try `rustc --explain E0433`.
[INFO] [stdout] Couldn't compile the test.
[INFO] [stdout] 
[INFO] [stdout] failures:
[INFO] [stdout]     src/lib.rs - add_one (line 13)
[INFO] [stdout]     src/lib.rs - add_two (line 27)
[INFO] [stdout] 
[INFO] [stdout] test result: FAILED. 0 passed; 2 failed; 0 ignored; 0 measured; 0 filtered out; finished in 0.14s
[INFO] [stdout] 
[INFO] running `Command { std: "docker" "inspect" "6f5ade7ba4e64259e11ca0a451a6d6af9eda55721ddb71d1cedcbad01a97ea05", kill_on_drop: false }`
[INFO] running `Command { std: "docker" "rm" "-f" "6f5ade7ba4e64259e11ca0a451a6d6af9eda55721ddb71d1cedcbad01a97ea05", kill_on_drop: false }`
[INFO] [stdout] 6f5ade7ba4e64259e11ca0a451a6d6af9eda55721ddb71d1cedcbad01a97ea05
