[INFO] fetching crate miniserde-derive-enum 0.1.1...
[INFO] testing miniserde-derive-enum-0.1.1 against 1.54.0 for beta-1.55-1
[INFO] extracting crate miniserde-derive-enum 0.1.1 into /workspace/builds/worker-6/source
[INFO] validating manifest of crates.io crate miniserde-derive-enum 0.1.1 on toolchain 1.54.0
[INFO] running `Command { std: "/workspace/cargo-home/bin/cargo" "+1.54.0" "metadata" "--manifest-path" "Cargo.toml" "--no-deps", kill_on_drop: false }`
[INFO] started tweaking crates.io crate miniserde-derive-enum 0.1.1
[INFO] finished tweaking crates.io crate miniserde-derive-enum 0.1.1
[INFO] tweaked toml for crates.io crate miniserde-derive-enum 0.1.1 written to /workspace/builds/worker-6/source/Cargo.toml
[INFO] running `Command { std: "/workspace/cargo-home/bin/cargo" "+1.54.0" "generate-lockfile" "--manifest-path" "Cargo.toml" "-Zno-index-update", kill_on_drop: false }`
[INFO] running `Command { std: "/workspace/cargo-home/bin/cargo" "+1.54.0" "fetch" "--manifest-path" "Cargo.toml", kill_on_drop: false }`
[INFO] running `Command { std: "docker" "create" "-v" "/var/lib/crater-agent-workspace/builds/worker-6/target:/opt/rustwide/target:rw,Z" "-v" "/var/lib/crater-agent-workspace/builds/worker-6/source:/opt/rustwide/workdir:ro,Z" "-v" "/var/lib/crater-agent-workspace/cargo-home:/opt/rustwide/cargo-home:ro,Z" "-v" "/var/lib/crater-agent-workspace/rustup-home:/opt/rustwide/rustup-home:ro,Z" "-e" "SOURCE_DIR=/opt/rustwide/workdir" "-e" "CARGO_TARGET_DIR=/opt/rustwide/target" "-e" "CARGO_HOME=/opt/rustwide/cargo-home" "-e" "RUSTUP_HOME=/opt/rustwide/rustup-home" "-w" "/opt/rustwide/workdir" "-m" "1610612736" "--user" "0:0" "--network" "none" "ghcr.io/rust-lang/crates-build-env/linux@sha256:34b6a614d2c27851fe6cbf88fbd1137609cefab8b10d0615aaeb6fd47975d74e" "/opt/rustwide/cargo-home/bin/cargo" "+1.54.0" "metadata" "--no-deps" "--format-version=1", kill_on_drop: false }`
[INFO] [stdout] 0f4d59610045d616a816606fc6af52820c9bcc39b6e6ca90b034e45b505d7b2f
[INFO] running `Command { std: "docker" "start" "-a" "0f4d59610045d616a816606fc6af52820c9bcc39b6e6ca90b034e45b505d7b2f", kill_on_drop: false }`
[INFO] running `Command { std: "docker" "inspect" "0f4d59610045d616a816606fc6af52820c9bcc39b6e6ca90b034e45b505d7b2f", kill_on_drop: false }`
[INFO] running `Command { std: "docker" "rm" "-f" "0f4d59610045d616a816606fc6af52820c9bcc39b6e6ca90b034e45b505d7b2f", kill_on_drop: false }`
[INFO] [stdout] 0f4d59610045d616a816606fc6af52820c9bcc39b6e6ca90b034e45b505d7b2f
[INFO] running `Command { std: "docker" "create" "-v" "/var/lib/crater-agent-workspace/builds/worker-6/target:/opt/rustwide/target:rw,Z" "-v" "/var/lib/crater-agent-workspace/builds/worker-6/source:/opt/rustwide/workdir:ro,Z" "-v" "/var/lib/crater-agent-workspace/cargo-home:/opt/rustwide/cargo-home:ro,Z" "-v" "/var/lib/crater-agent-workspace/rustup-home:/opt/rustwide/rustup-home:ro,Z" "-e" "SOURCE_DIR=/opt/rustwide/workdir" "-e" "CARGO_TARGET_DIR=/opt/rustwide/target" "-e" "CARGO_INCREMENTAL=0" "-e" "RUST_BACKTRACE=full" "-e" "RUSTFLAGS=--cap-lints=warn" "-e" "CARGO_HOME=/opt/rustwide/cargo-home" "-e" "RUSTUP_HOME=/opt/rustwide/rustup-home" "-w" "/opt/rustwide/workdir" "-m" "1610612736" "--user" "0:0" "--network" "none" "ghcr.io/rust-lang/crates-build-env/linux@sha256:34b6a614d2c27851fe6cbf88fbd1137609cefab8b10d0615aaeb6fd47975d74e" "/opt/rustwide/cargo-home/bin/cargo" "+1.54.0" "build" "--frozen" "--message-format=json", kill_on_drop: false }`
[INFO] [stdout] 7ea9e7b7037be2f637d3c52c2e8f540f87cd3193a40c9234a2ca34a54183ea07
[INFO] running `Command { std: "docker" "start" "-a" "7ea9e7b7037be2f637d3c52c2e8f540f87cd3193a40c9234a2ca34a54183ea07", kill_on_drop: false }`
[INFO] [stderr]    Compiling miniserde-derive-enum v0.1.1 (/opt/rustwide/workdir)
[INFO] [stderr]     Finished dev [unoptimized + debuginfo] target(s) in 2.79s
[INFO] running `Command { std: "docker" "inspect" "7ea9e7b7037be2f637d3c52c2e8f540f87cd3193a40c9234a2ca34a54183ea07", kill_on_drop: false }`
[INFO] running `Command { std: "docker" "rm" "-f" "7ea9e7b7037be2f637d3c52c2e8f540f87cd3193a40c9234a2ca34a54183ea07", kill_on_drop: false }`
[INFO] [stdout] 7ea9e7b7037be2f637d3c52c2e8f540f87cd3193a40c9234a2ca34a54183ea07
[INFO] running `Command { std: "docker" "create" "-v" "/var/lib/crater-agent-workspace/builds/worker-6/target:/opt/rustwide/target:rw,Z" "-v" "/var/lib/crater-agent-workspace/builds/worker-6/source:/opt/rustwide/workdir:ro,Z" "-v" "/var/lib/crater-agent-workspace/cargo-home:/opt/rustwide/cargo-home:ro,Z" "-v" "/var/lib/crater-agent-workspace/rustup-home:/opt/rustwide/rustup-home:ro,Z" "-e" "SOURCE_DIR=/opt/rustwide/workdir" "-e" "CARGO_TARGET_DIR=/opt/rustwide/target" "-e" "CARGO_INCREMENTAL=0" "-e" "RUST_BACKTRACE=full" "-e" "RUSTFLAGS=--cap-lints=warn" "-e" "CARGO_HOME=/opt/rustwide/cargo-home" "-e" "RUSTUP_HOME=/opt/rustwide/rustup-home" "-w" "/opt/rustwide/workdir" "-m" "1610612736" "--user" "0:0" "--network" "none" "ghcr.io/rust-lang/crates-build-env/linux@sha256:34b6a614d2c27851fe6cbf88fbd1137609cefab8b10d0615aaeb6fd47975d74e" "/opt/rustwide/cargo-home/bin/cargo" "+1.54.0" "test" "--frozen" "--no-run" "--message-format=json", kill_on_drop: false }`
[INFO] [stdout] 9b1da8e04147fd2c7fa1107fc679c62d69cd3e4875efbfbe3d581aefc0e397f5
[INFO] running `Command { std: "docker" "start" "-a" "9b1da8e04147fd2c7fa1107fc679c62d69cd3e4875efbfbe3d581aefc0e397f5", kill_on_drop: false }`
[INFO] [stderr]    Compiling mini-internal v0.1.14
[INFO] [stderr]    Compiling miniserde v0.1.14
[INFO] [stderr]    Compiling miniserde-derive-enum v0.1.1 (/opt/rustwide/workdir)
[INFO] [stderr]     Finished test [unoptimized + debuginfo] target(s) in 3.39s
[INFO] running `Command { std: "docker" "inspect" "9b1da8e04147fd2c7fa1107fc679c62d69cd3e4875efbfbe3d581aefc0e397f5", kill_on_drop: false }`
[INFO] running `Command { std: "docker" "rm" "-f" "9b1da8e04147fd2c7fa1107fc679c62d69cd3e4875efbfbe3d581aefc0e397f5", kill_on_drop: false }`
[INFO] [stdout] 9b1da8e04147fd2c7fa1107fc679c62d69cd3e4875efbfbe3d581aefc0e397f5
[INFO] running `Command { std: "docker" "create" "-v" "/var/lib/crater-agent-workspace/builds/worker-6/target:/opt/rustwide/target:rw,Z" "-v" "/var/lib/crater-agent-workspace/builds/worker-6/source:/opt/rustwide/workdir:ro,Z" "-v" "/var/lib/crater-agent-workspace/cargo-home:/opt/rustwide/cargo-home:ro,Z" "-v" "/var/lib/crater-agent-workspace/rustup-home:/opt/rustwide/rustup-home:ro,Z" "-e" "SOURCE_DIR=/opt/rustwide/workdir" "-e" "CARGO_TARGET_DIR=/opt/rustwide/target" "-e" "CARGO_INCREMENTAL=0" "-e" "RUST_BACKTRACE=full" "-e" "RUSTFLAGS=--cap-lints=warn" "-e" "CARGO_HOME=/opt/rustwide/cargo-home" "-e" "RUSTUP_HOME=/opt/rustwide/rustup-home" "-w" "/opt/rustwide/workdir" "-m" "1610612736" "--user" "0:0" "--network" "none" "ghcr.io/rust-lang/crates-build-env/linux@sha256:34b6a614d2c27851fe6cbf88fbd1137609cefab8b10d0615aaeb6fd47975d74e" "/opt/rustwide/cargo-home/bin/cargo" "+1.54.0" "test" "--frozen", kill_on_drop: false }`
[INFO] [stdout] b38b2a586519f6cde0a2e6ee4c971474e7eee16d02a7d46e59efa2f7f866a6ee
[INFO] running `Command { std: "docker" "start" "-a" "b38b2a586519f6cde0a2e6ee4c971474e7eee16d02a7d46e59efa2f7f866a6ee", kill_on_drop: false }`
[INFO] [stderr]     Finished test [unoptimized + debuginfo] target(s) in 0.02s
[INFO] [stderr]      Running unittests (/opt/rustwide/target/debug/deps/miniserde_derive_enum-4a63902c110b7227)
[INFO] [stdout] 
[INFO] [stdout] running 0 tests
[INFO] [stdout] 
[INFO] [stdout] test result: ok. 0 passed; 0 failed; 0 ignored; 0 measured; 0 filtered out; finished in 0.00s
[INFO] [stdout] 
[INFO] [stderr]    Doc-tests miniserde-derive-enum
[INFO] [stdout] 
[INFO] [stdout] running 1 test
[INFO] [stdout] test src/lib.rs - (line 7) ... FAILED
[INFO] [stdout] 
[INFO] [stdout] failures:
[INFO] [stdout] 
[INFO] [stdout] ---- src/lib.rs - (line 7) stdout ----
[INFO] [stdout] error[E0433]: failed to resolve: could not find `export` in `miniserde`
[INFO] [stdout]  --> src/lib.rs:12:13
[INFO] [stdout]   |
[INFO] [stdout] 7 |    #[derive(Serialize_enum, Deserialize_enum)]
[INFO] [stdout]   |             ^^^^^^^^^^^^^^ could not find `export` in `miniserde`
[INFO] [stdout]   |
[INFO] [stdout]   = note: this error originates in the derive macro `Serialize_enum` (in Nightly builds, run with -Z macro-backtrace for more info)
[INFO] [stdout] 
[INFO] [stdout] error[E0433]: failed to resolve: could not find `export` in `miniserde`
[INFO] [stdout]  --> src/lib.rs:12:29
[INFO] [stdout]   |
[INFO] [stdout] 7 |    #[derive(Serialize_enum, Deserialize_enum)]
[INFO] [stdout]   |                             ^^^^^^^^^^^^^^^^ could not find `export` in `miniserde`
[INFO] [stdout]   |
[INFO] [stdout]   = note: this error originates in the derive macro `Deserialize_enum` (in Nightly builds, run with -Z macro-backtrace for more info)
[INFO] [stdout] 
[INFO] [stdout] error[E0433]: failed to resolve: could not find `export` in `miniserde`
[INFO] [stdout]  --> src/lib.rs:12:13
[INFO] [stdout]   |
[INFO] [stdout] 7 |    #[derive(Serialize_enum, Deserialize_enum)]
[INFO] [stdout]   |             ^^^^^^^^^^^^^^ not found in `miniserde::export`
[INFO] [stdout]   |
[INFO] [stdout]   = note: this error originates in the derive macro `Serialize_enum` (in Nightly builds, run with -Z macro-backtrace for more info)
[INFO] [stdout] help: consider importing one of these items
[INFO] [stdout]   |
[INFO] [stdout] 3 | use miniserde::__private::Cow;
[INFO] [stdout]   |
[INFO] [stdout] 3 | use std::borrow::Cow;
[INFO] [stdout]   |
[INFO] [stdout] 
[INFO] [stdout] error[E0433]: failed to resolve: could not find `export` in `miniserde`
[INFO] [stdout]  --> src/lib.rs:12:29
[INFO] [stdout]   |
[INFO] [stdout] 7 |    #[derive(Serialize_enum, Deserialize_enum)]
[INFO] [stdout]   |                             ^^^^^^^^^^^^^^^^ not found in `miniserde::export`
[INFO] [stdout]   |
[INFO] [stdout]   = note: this error originates in the derive macro `Deserialize_enum` (in Nightly builds, run with -Z macro-backtrace for more info)
[INFO] [stdout] help: consider importing one of these items
[INFO] [stdout]   |
[INFO] [stdout] 3 | use miniserde::__private::Box;
[INFO] [stdout]   |
[INFO] [stdout] 3 | use std::boxed::Box;
[INFO] [stdout]   |
[INFO] [stdout] 3 | use syn::token::Box;
[INFO] [stdout]   |
[INFO] [stdout] 
[INFO] [stdout] error: aborting due to 4 previous errors
[INFO] [stdout] 
[INFO] [stdout] For more information about this error, try `rustc --explain E0433`.
[INFO] [stdout] Couldn't compile the test.
[INFO] [stdout] 
[INFO] [stdout] failures:
[INFO] [stdout]     src/lib.rs - (line 7)
[INFO] [stdout] 
[INFO] [stdout] test result: FAILED. 0 passed; 1 failed; 0 ignored; 0 measured; 0 filtered out; finished in 0.29s
[INFO] [stdout] 
[INFO] [stderr] error: test failed, to rerun pass '--doc'
[INFO] running `Command { std: "docker" "inspect" "b38b2a586519f6cde0a2e6ee4c971474e7eee16d02a7d46e59efa2f7f866a6ee", kill_on_drop: false }`
[INFO] running `Command { std: "docker" "rm" "-f" "b38b2a586519f6cde0a2e6ee4c971474e7eee16d02a7d46e59efa2f7f866a6ee", kill_on_drop: false }`
[INFO] [stdout] b38b2a586519f6cde0a2e6ee4c971474e7eee16d02a7d46e59efa2f7f866a6ee
