[INFO] fetching crate miniquad_text_rusttype 0.1.2...
[INFO] testing miniquad_text_rusttype-0.1.2 against beta-2021-08-01 for beta-1.55-1
[INFO] extracting crate miniquad_text_rusttype 0.1.2 into /workspace/builds/worker-12/source
[INFO] validating manifest of crates.io crate miniquad_text_rusttype 0.1.2 on toolchain beta-2021-08-01
[INFO] running `Command { std: "/workspace/cargo-home/bin/cargo" "+beta-2021-08-01" "metadata" "--manifest-path" "Cargo.toml" "--no-deps", kill_on_drop: false }`
[INFO] started tweaking crates.io crate miniquad_text_rusttype 0.1.2
[INFO] finished tweaking crates.io crate miniquad_text_rusttype 0.1.2
[INFO] tweaked toml for crates.io crate miniquad_text_rusttype 0.1.2 written to /workspace/builds/worker-12/source/Cargo.toml
[INFO] crate crates.io crate miniquad_text_rusttype 0.1.2 already has a lockfile, it will not be regenerated
[INFO] running `Command { std: "/workspace/cargo-home/bin/cargo" "+beta-2021-08-01" "fetch" "--manifest-path" "Cargo.toml", kill_on_drop: false }`
[INFO] [stderr]     Blocking waiting for file lock on package cache
[INFO] [stderr]     Blocking waiting for file lock on package cache
[INFO] running `Command { std: "docker" "create" "-v" "/var/lib/crater-agent-workspace/builds/worker-12/target:/opt/rustwide/target:rw,Z" "-v" "/var/lib/crater-agent-workspace/builds/worker-12/source:/opt/rustwide/workdir:ro,Z" "-v" "/var/lib/crater-agent-workspace/cargo-home:/opt/rustwide/cargo-home:ro,Z" "-v" "/var/lib/crater-agent-workspace/rustup-home:/opt/rustwide/rustup-home:ro,Z" "-e" "SOURCE_DIR=/opt/rustwide/workdir" "-e" "CARGO_TARGET_DIR=/opt/rustwide/target" "-e" "CARGO_HOME=/opt/rustwide/cargo-home" "-e" "RUSTUP_HOME=/opt/rustwide/rustup-home" "-w" "/opt/rustwide/workdir" "-m" "1610612736" "--user" "0:0" "--network" "none" "ghcr.io/rust-lang/crates-build-env/linux@sha256:34b6a614d2c27851fe6cbf88fbd1137609cefab8b10d0615aaeb6fd47975d74e" "/opt/rustwide/cargo-home/bin/cargo" "+beta-2021-08-01" "metadata" "--no-deps" "--format-version=1", kill_on_drop: false }`
[INFO] [stdout] c2ae9e1f8b9f2ed44c1f1ac6c4d4ff184139cda760f0f548a7addb5bf7964f55
[INFO] running `Command { std: "docker" "start" "-a" "c2ae9e1f8b9f2ed44c1f1ac6c4d4ff184139cda760f0f548a7addb5bf7964f55", kill_on_drop: false }`
[INFO] running `Command { std: "docker" "inspect" "c2ae9e1f8b9f2ed44c1f1ac6c4d4ff184139cda760f0f548a7addb5bf7964f55", kill_on_drop: false }`
[INFO] running `Command { std: "docker" "rm" "-f" "c2ae9e1f8b9f2ed44c1f1ac6c4d4ff184139cda760f0f548a7addb5bf7964f55", kill_on_drop: false }`
[INFO] [stdout] c2ae9e1f8b9f2ed44c1f1ac6c4d4ff184139cda760f0f548a7addb5bf7964f55
[INFO] running `Command { std: "docker" "create" "-v" "/var/lib/crater-agent-workspace/builds/worker-12/target:/opt/rustwide/target:rw,Z" "-v" "/var/lib/crater-agent-workspace/builds/worker-12/source:/opt/rustwide/workdir:ro,Z" "-v" "/var/lib/crater-agent-workspace/cargo-home:/opt/rustwide/cargo-home:ro,Z" "-v" "/var/lib/crater-agent-workspace/rustup-home:/opt/rustwide/rustup-home:ro,Z" "-e" "SOURCE_DIR=/opt/rustwide/workdir" "-e" "CARGO_TARGET_DIR=/opt/rustwide/target" "-e" "CARGO_INCREMENTAL=0" "-e" "RUST_BACKTRACE=full" "-e" "RUSTFLAGS=--cap-lints=warn" "-e" "CARGO_HOME=/opt/rustwide/cargo-home" "-e" "RUSTUP_HOME=/opt/rustwide/rustup-home" "-w" "/opt/rustwide/workdir" "-m" "1610612736" "--user" "0:0" "--network" "none" "ghcr.io/rust-lang/crates-build-env/linux@sha256:34b6a614d2c27851fe6cbf88fbd1137609cefab8b10d0615aaeb6fd47975d74e" "/opt/rustwide/cargo-home/bin/cargo" "+beta-2021-08-01" "build" "--frozen" "--message-format=json", kill_on_drop: false }`
[INFO] [stdout] 4655cd80e0e71e5b637f2519ba1c158dc38e70debad2f88dbe33172c8055eb7b
[INFO] running `Command { std: "docker" "start" "-a" "4655cd80e0e71e5b637f2519ba1c158dc38e70debad2f88dbe33172c8055eb7b", kill_on_drop: false }`
[INFO] [stderr]    Compiling sapp-linux v0.1.7
[INFO] [stderr]    Compiling stb_truetype v0.3.1
[INFO] [stderr]    Compiling ordered-float v1.0.2
[INFO] [stderr]    Compiling approx v0.3.2
[INFO] [stderr]    Compiling rusttype v0.8.3
[INFO] [stderr]    Compiling rusttype v0.7.9
[INFO] [stderr]    Compiling miniquad v0.2.54
[INFO] [stderr]    Compiling miniquad_text_rusttype v0.1.2 (/opt/rustwide/workdir)
[INFO] [stderr]     Finished dev [unoptimized + debuginfo] target(s) in 3.71s
[INFO] running `Command { std: "docker" "inspect" "4655cd80e0e71e5b637f2519ba1c158dc38e70debad2f88dbe33172c8055eb7b", kill_on_drop: false }`
[INFO] running `Command { std: "docker" "rm" "-f" "4655cd80e0e71e5b637f2519ba1c158dc38e70debad2f88dbe33172c8055eb7b", kill_on_drop: false }`
[INFO] [stdout] 4655cd80e0e71e5b637f2519ba1c158dc38e70debad2f88dbe33172c8055eb7b
[INFO] running `Command { std: "docker" "create" "-v" "/var/lib/crater-agent-workspace/builds/worker-12/target:/opt/rustwide/target:rw,Z" "-v" "/var/lib/crater-agent-workspace/builds/worker-12/source:/opt/rustwide/workdir:ro,Z" "-v" "/var/lib/crater-agent-workspace/cargo-home:/opt/rustwide/cargo-home:ro,Z" "-v" "/var/lib/crater-agent-workspace/rustup-home:/opt/rustwide/rustup-home:ro,Z" "-e" "SOURCE_DIR=/opt/rustwide/workdir" "-e" "CARGO_TARGET_DIR=/opt/rustwide/target" "-e" "CARGO_INCREMENTAL=0" "-e" "RUST_BACKTRACE=full" "-e" "RUSTFLAGS=--cap-lints=warn" "-e" "CARGO_HOME=/opt/rustwide/cargo-home" "-e" "RUSTUP_HOME=/opt/rustwide/rustup-home" "-w" "/opt/rustwide/workdir" "-m" "1610612736" "--user" "0:0" "--network" "none" "ghcr.io/rust-lang/crates-build-env/linux@sha256:34b6a614d2c27851fe6cbf88fbd1137609cefab8b10d0615aaeb6fd47975d74e" "/opt/rustwide/cargo-home/bin/cargo" "+beta-2021-08-01" "test" "--frozen" "--no-run" "--message-format=json", kill_on_drop: false }`
[INFO] [stdout] 72a64a57e00bf50ef8c83a824b7b3dd6cf32baeef3111a972634c724d752c46f
[INFO] running `Command { std: "docker" "start" "-a" "72a64a57e00bf50ef8c83a824b7b3dd6cf32baeef3111a972634c724d752c46f", kill_on_drop: false }`
[INFO] [stderr]    Compiling glam v0.8.6
[INFO] [stderr]    Compiling miniquad_text_rusttype v0.1.2 (/opt/rustwide/workdir)
[INFO] [stdout] warning: use of deprecated associated function `miniquad_text_rusttype::FontTexture::cyrllic_character_list`: Please use FontAtlas::cyrllic_character_list instead
[INFO] [stdout]   --> examples/user_text.rs:56:37
[INFO] [stdout]    |
[INFO] [stdout] 56 |             quad_text::FontTexture::cyrllic_character_list(),
[INFO] [stdout]    |                                     ^^^^^^^^^^^^^^^^^^^^^^
[INFO] [stdout]    |
[INFO] [stdout]    = note: `#[warn(deprecated)]` on by default
[INFO] [stdout] 
[INFO] [stdout] 
[INFO] [stdout] warning: use of deprecated associated function `miniquad_text_rusttype::FontTexture::ascii_character_list`: Please use FontAtlas::ascii_character_list instead
[INFO] [stdout]   --> examples/hello_world.rs:37:37
[INFO] [stdout]    |
[INFO] [stdout] 37 |             quad_text::FontTexture::ascii_character_list(),
[INFO] [stdout]    |                                     ^^^^^^^^^^^^^^^^^^^^
[INFO] [stdout]    |
[INFO] [stdout]    = note: `#[warn(deprecated)]` on by default
[INFO] [stdout] 
[INFO] [stdout] 
[INFO] [stdout] warning: 1 warning emitted
[INFO] [stdout] 
[INFO] [stdout] 
[INFO] [stdout] warning: 1 warning emitted
[INFO] [stdout] 
[INFO] [stdout] 
[INFO] [stderr]     Finished test [unoptimized + debuginfo] target(s) in 1.65s
[INFO] running `Command { std: "docker" "inspect" "72a64a57e00bf50ef8c83a824b7b3dd6cf32baeef3111a972634c724d752c46f", kill_on_drop: false }`
[INFO] running `Command { std: "docker" "rm" "-f" "72a64a57e00bf50ef8c83a824b7b3dd6cf32baeef3111a972634c724d752c46f", kill_on_drop: false }`
[INFO] [stdout] 72a64a57e00bf50ef8c83a824b7b3dd6cf32baeef3111a972634c724d752c46f
[INFO] running `Command { std: "docker" "create" "-v" "/var/lib/crater-agent-workspace/builds/worker-12/target:/opt/rustwide/target:rw,Z" "-v" "/var/lib/crater-agent-workspace/builds/worker-12/source:/opt/rustwide/workdir:ro,Z" "-v" "/var/lib/crater-agent-workspace/cargo-home:/opt/rustwide/cargo-home:ro,Z" "-v" "/var/lib/crater-agent-workspace/rustup-home:/opt/rustwide/rustup-home:ro,Z" "-e" "SOURCE_DIR=/opt/rustwide/workdir" "-e" "CARGO_TARGET_DIR=/opt/rustwide/target" "-e" "CARGO_INCREMENTAL=0" "-e" "RUST_BACKTRACE=full" "-e" "RUSTFLAGS=--cap-lints=warn" "-e" "CARGO_HOME=/opt/rustwide/cargo-home" "-e" "RUSTUP_HOME=/opt/rustwide/rustup-home" "-w" "/opt/rustwide/workdir" "-m" "1610612736" "--user" "0:0" "--network" "none" "ghcr.io/rust-lang/crates-build-env/linux@sha256:34b6a614d2c27851fe6cbf88fbd1137609cefab8b10d0615aaeb6fd47975d74e" "/opt/rustwide/cargo-home/bin/cargo" "+beta-2021-08-01" "test" "--frozen", kill_on_drop: false }`
[INFO] [stdout] 345ee5155646bb5307158a21f932eb5de88f0bd97d02c00a9f628456480d13b2
[INFO] running `Command { std: "docker" "start" "-a" "345ee5155646bb5307158a21f932eb5de88f0bd97d02c00a9f628456480d13b2", kill_on_drop: false }`
[INFO] [stderr] warning: use of deprecated associated function `miniquad_text_rusttype::FontTexture::cyrllic_character_list`: Please use FontAtlas::cyrllic_character_list instead
[INFO] [stderr]   --> examples/user_text.rs:56:37
[INFO] [stderr]    |
[INFO] [stderr] 56 |             quad_text::FontTexture::cyrllic_character_list(),
[INFO] [stderr]    |                                     ^^^^^^^^^^^^^^^^^^^^^^
[INFO] [stderr]    |
[INFO] [stderr]    = note: `#[warn(deprecated)]` on by default
[INFO] [stderr] 
[INFO] [stderr] warning: use of deprecated associated function `miniquad_text_rusttype::FontTexture::ascii_character_list`: Please use FontAtlas::ascii_character_list instead
[INFO] [stderr]   --> examples/hello_world.rs:37:37
[INFO] [stderr]    |
[INFO] [stderr] 37 |             quad_text::FontTexture::ascii_character_list(),
[INFO] [stderr]    |                                     ^^^^^^^^^^^^^^^^^^^^
[INFO] [stderr]    |
[INFO] [stderr]    = note: `#[warn(deprecated)]` on by default
[INFO] [stderr] 
[INFO] [stderr] warning: `miniquad_text_rusttype` (example "user_text") generated 1 warning
[INFO] [stderr] warning: `miniquad_text_rusttype` (example "hello_world") generated 1 warning
[INFO] [stderr]     Finished test [unoptimized + debuginfo] target(s) in 0.01s
[INFO] [stderr]      Running unittests (/opt/rustwide/target/debug/deps/miniquad_text_rusttype-d9591464af3c9d95)
[INFO] [stdout] 
[INFO] [stdout] running 0 tests
[INFO] [stdout] 
[INFO] [stdout] test result: ok. 0 passed; 0 failed; 0 ignored; 0 measured; 0 filtered out; finished in 0.00s
[INFO] [stdout] 
[INFO] [stderr]    Doc-tests miniquad_text_rusttype
[INFO] [stdout] 
[INFO] [stdout] running 1 test
[INFO] [stdout] test src/lib.rs - (line 5) - compile ... FAILED
[INFO] [stdout] 
[INFO] [stdout] failures:
[INFO] [stdout] 
[INFO] [stdout] ---- src/lib.rs - (line 5) stdout ----
[INFO] [stdout] error[E0463]: can't find crate for `glium`
[INFO] [stdout]  --> src/lib.rs:6:1
[INFO] [stdout]   |
[INFO] [stdout] 2 | extern crate glium;
[INFO] [stdout]   | ^^^^^^^^^^^^^^^^^^^ can't find crate
[INFO] [stdout] 
[INFO] [stdout] error: aborting due to previous error
[INFO] [stdout] 
[INFO] [stdout] For more information about this error, try `rustc --explain E0463`.
[INFO] [stdout] Couldn't compile the test.
[INFO] [stdout] 
[INFO] [stdout] failures:
[INFO] [stdout]     src/lib.rs - (line 5)
[INFO] [stdout] 
[INFO] [stdout] test result: FAILED. 0 passed; 1 failed; 0 ignored; 0 measured; 0 filtered out; finished in 0.06s
[INFO] [stdout] 
[INFO] [stderr] error: test failed, to rerun pass '--doc'
[INFO] running `Command { std: "docker" "inspect" "345ee5155646bb5307158a21f932eb5de88f0bd97d02c00a9f628456480d13b2", kill_on_drop: false }`
[INFO] running `Command { std: "docker" "rm" "-f" "345ee5155646bb5307158a21f932eb5de88f0bd97d02c00a9f628456480d13b2", kill_on_drop: false }`
[INFO] [stdout] 345ee5155646bb5307158a21f932eb5de88f0bd97d02c00a9f628456480d13b2
