[INFO] fetching crate miniquad 0.3.0-alpha.37...
[INFO] testing miniquad-0.3.0-alpha.37 against beta-2021-08-01 for beta-1.55-1
[INFO] extracting crate miniquad 0.3.0-alpha.37 into /workspace/builds/worker-8/source
[INFO] validating manifest of crates.io crate miniquad 0.3.0-alpha.37 on toolchain beta-2021-08-01
[INFO] running `Command { std: "/workspace/cargo-home/bin/cargo" "+beta-2021-08-01" "metadata" "--manifest-path" "Cargo.toml" "--no-deps", kill_on_drop: false }`
[INFO] started tweaking crates.io crate miniquad 0.3.0-alpha.37
[INFO] finished tweaking crates.io crate miniquad 0.3.0-alpha.37
[INFO] tweaked toml for crates.io crate miniquad 0.3.0-alpha.37 written to /workspace/builds/worker-8/source/Cargo.toml
[INFO] crate crates.io crate miniquad 0.3.0-alpha.37 already has a lockfile, it will not be regenerated
[INFO] running `Command { std: "/workspace/cargo-home/bin/cargo" "+beta-2021-08-01" "fetch" "--manifest-path" "Cargo.toml", kill_on_drop: false }`
[INFO] [stderr]     Blocking waiting for file lock on package cache
[INFO] [stderr]  Downloading crates ...
[INFO] [stderr]   Downloaded sapp-wasm v0.1.26
[INFO] [stderr]   Downloaded sapp-dummy v0.1.5
[INFO] [stderr]   Downloaded sapp-ios v0.1.2
[INFO] [stderr]   Downloaded sapp-android v0.1.8
[INFO] [stderr]   Downloaded sapp-kms v0.1.1
[INFO] [stderr]   Downloaded quad-rand v0.1.1
[INFO] [stderr]   Downloaded sapp-windows v0.2.18
[INFO] [stderr]   Downloaded sapp-linux v0.1.13
[INFO] [stderr]   Downloaded sapp-darwin v0.1.6
[INFO] running `Command { std: "docker" "create" "-v" "/var/lib/crater-agent-workspace/builds/worker-8/target:/opt/rustwide/target:rw,Z" "-v" "/var/lib/crater-agent-workspace/builds/worker-8/source:/opt/rustwide/workdir:ro,Z" "-v" "/var/lib/crater-agent-workspace/cargo-home:/opt/rustwide/cargo-home:ro,Z" "-v" "/var/lib/crater-agent-workspace/rustup-home:/opt/rustwide/rustup-home:ro,Z" "-e" "SOURCE_DIR=/opt/rustwide/workdir" "-e" "CARGO_TARGET_DIR=/opt/rustwide/target" "-e" "CARGO_HOME=/opt/rustwide/cargo-home" "-e" "RUSTUP_HOME=/opt/rustwide/rustup-home" "-w" "/opt/rustwide/workdir" "-m" "1610612736" "--user" "0:0" "--network" "none" "ghcr.io/rust-lang/crates-build-env/linux@sha256:34b6a614d2c27851fe6cbf88fbd1137609cefab8b10d0615aaeb6fd47975d74e" "/opt/rustwide/cargo-home/bin/cargo" "+beta-2021-08-01" "metadata" "--no-deps" "--format-version=1", kill_on_drop: false }`
[INFO] [stdout] f242d438f2a75f8af38921667343b3943a70e0b78d8090ee8917e58f16446f68
[INFO] running `Command { std: "docker" "start" "-a" "f242d438f2a75f8af38921667343b3943a70e0b78d8090ee8917e58f16446f68", kill_on_drop: false }`
[INFO] running `Command { std: "docker" "inspect" "f242d438f2a75f8af38921667343b3943a70e0b78d8090ee8917e58f16446f68", kill_on_drop: false }`
[INFO] running `Command { std: "docker" "rm" "-f" "f242d438f2a75f8af38921667343b3943a70e0b78d8090ee8917e58f16446f68", kill_on_drop: false }`
[INFO] [stdout] f242d438f2a75f8af38921667343b3943a70e0b78d8090ee8917e58f16446f68
[INFO] running `Command { std: "docker" "create" "-v" "/var/lib/crater-agent-workspace/builds/worker-8/target:/opt/rustwide/target:rw,Z" "-v" "/var/lib/crater-agent-workspace/builds/worker-8/source:/opt/rustwide/workdir:ro,Z" "-v" "/var/lib/crater-agent-workspace/cargo-home:/opt/rustwide/cargo-home:ro,Z" "-v" "/var/lib/crater-agent-workspace/rustup-home:/opt/rustwide/rustup-home:ro,Z" "-e" "SOURCE_DIR=/opt/rustwide/workdir" "-e" "CARGO_TARGET_DIR=/opt/rustwide/target" "-e" "CARGO_INCREMENTAL=0" "-e" "RUST_BACKTRACE=full" "-e" "RUSTFLAGS=--cap-lints=warn" "-e" "CARGO_HOME=/opt/rustwide/cargo-home" "-e" "RUSTUP_HOME=/opt/rustwide/rustup-home" "-w" "/opt/rustwide/workdir" "-m" "1610612736" "--user" "0:0" "--network" "none" "ghcr.io/rust-lang/crates-build-env/linux@sha256:34b6a614d2c27851fe6cbf88fbd1137609cefab8b10d0615aaeb6fd47975d74e" "/opt/rustwide/cargo-home/bin/cargo" "+beta-2021-08-01" "build" "--frozen" "--message-format=json", kill_on_drop: false }`
[INFO] [stdout] b176643160e0fc962f30dec6818366277580f6d0ece4d3227209d5b09d81e01c
[INFO] running `Command { std: "docker" "start" "-a" "b176643160e0fc962f30dec6818366277580f6d0ece4d3227209d5b09d81e01c", kill_on_drop: false }`
[INFO] [stderr]    Compiling sapp-linux v0.1.13
[INFO] [stderr]    Compiling miniquad v0.3.0-alpha.37 (/opt/rustwide/workdir)
[INFO] [stderr]     Finished dev [unoptimized + debuginfo] target(s) in 3.40s
[INFO] running `Command { std: "docker" "inspect" "b176643160e0fc962f30dec6818366277580f6d0ece4d3227209d5b09d81e01c", kill_on_drop: false }`
[INFO] running `Command { std: "docker" "rm" "-f" "b176643160e0fc962f30dec6818366277580f6d0ece4d3227209d5b09d81e01c", kill_on_drop: false }`
[INFO] [stdout] b176643160e0fc962f30dec6818366277580f6d0ece4d3227209d5b09d81e01c
[INFO] running `Command { std: "docker" "create" "-v" "/var/lib/crater-agent-workspace/builds/worker-8/target:/opt/rustwide/target:rw,Z" "-v" "/var/lib/crater-agent-workspace/builds/worker-8/source:/opt/rustwide/workdir:ro,Z" "-v" "/var/lib/crater-agent-workspace/cargo-home:/opt/rustwide/cargo-home:ro,Z" "-v" "/var/lib/crater-agent-workspace/rustup-home:/opt/rustwide/rustup-home:ro,Z" "-e" "SOURCE_DIR=/opt/rustwide/workdir" "-e" "CARGO_TARGET_DIR=/opt/rustwide/target" "-e" "CARGO_INCREMENTAL=0" "-e" "RUST_BACKTRACE=full" "-e" "RUSTFLAGS=--cap-lints=warn" "-e" "CARGO_HOME=/opt/rustwide/cargo-home" "-e" "RUSTUP_HOME=/opt/rustwide/rustup-home" "-w" "/opt/rustwide/workdir" "-m" "1610612736" "--user" "0:0" "--network" "none" "ghcr.io/rust-lang/crates-build-env/linux@sha256:34b6a614d2c27851fe6cbf88fbd1137609cefab8b10d0615aaeb6fd47975d74e" "/opt/rustwide/cargo-home/bin/cargo" "+beta-2021-08-01" "test" "--frozen" "--no-run" "--message-format=json", kill_on_drop: false }`
[INFO] [stdout] b5ec487fb4b0dacb8b771caafd474f81a76aa104e713009254a15123adca95d8
[INFO] running `Command { std: "docker" "start" "-a" "b5ec487fb4b0dacb8b771caafd474f81a76aa104e713009254a15123adca95d8", kill_on_drop: false }`
[INFO] [stderr]    Compiling glam v0.14.0
[INFO] [stderr]    Compiling quad-rand v0.1.1
[INFO] [stderr]    Compiling miniquad v0.3.0-alpha.37 (/opt/rustwide/workdir)
[INFO] [stderr]     Finished test [unoptimized + debuginfo] target(s) in 3.74s
[INFO] running `Command { std: "docker" "inspect" "b5ec487fb4b0dacb8b771caafd474f81a76aa104e713009254a15123adca95d8", kill_on_drop: false }`
[INFO] running `Command { std: "docker" "rm" "-f" "b5ec487fb4b0dacb8b771caafd474f81a76aa104e713009254a15123adca95d8", kill_on_drop: false }`
[INFO] [stdout] b5ec487fb4b0dacb8b771caafd474f81a76aa104e713009254a15123adca95d8
[INFO] running `Command { std: "docker" "create" "-v" "/var/lib/crater-agent-workspace/builds/worker-8/target:/opt/rustwide/target:rw,Z" "-v" "/var/lib/crater-agent-workspace/builds/worker-8/source:/opt/rustwide/workdir:ro,Z" "-v" "/var/lib/crater-agent-workspace/cargo-home:/opt/rustwide/cargo-home:ro,Z" "-v" "/var/lib/crater-agent-workspace/rustup-home:/opt/rustwide/rustup-home:ro,Z" "-e" "SOURCE_DIR=/opt/rustwide/workdir" "-e" "CARGO_TARGET_DIR=/opt/rustwide/target" "-e" "CARGO_INCREMENTAL=0" "-e" "RUST_BACKTRACE=full" "-e" "RUSTFLAGS=--cap-lints=warn" "-e" "CARGO_HOME=/opt/rustwide/cargo-home" "-e" "RUSTUP_HOME=/opt/rustwide/rustup-home" "-w" "/opt/rustwide/workdir" "-m" "1610612736" "--user" "0:0" "--network" "none" "ghcr.io/rust-lang/crates-build-env/linux@sha256:34b6a614d2c27851fe6cbf88fbd1137609cefab8b10d0615aaeb6fd47975d74e" "/opt/rustwide/cargo-home/bin/cargo" "+beta-2021-08-01" "test" "--frozen", kill_on_drop: false }`
[INFO] [stdout] f9e5139a90810097a5c0963637a0a3d659898b8d53cde43841dddf2160c4a531
[INFO] running `Command { std: "docker" "start" "-a" "f9e5139a90810097a5c0963637a0a3d659898b8d53cde43841dddf2160c4a531", kill_on_drop: false }`
[INFO] [stderr]     Finished test [unoptimized + debuginfo] target(s) in 0.01s
[INFO] [stderr]      Running unittests (/opt/rustwide/target/debug/deps/miniquad-0587d77c8f2e6431)
[INFO] [stdout] 
[INFO] [stdout] running 0 tests
[INFO] [stdout] 
[INFO] [stdout] test result: ok. 0 passed; 0 failed; 0 ignored; 0 measured; 0 filtered out; finished in 0.00s
[INFO] [stdout] 
[INFO] [stderr]    Doc-tests miniquad
[INFO] [stdout] 
[INFO] [stdout] running 11 tests
[INFO] [stdout] test src/conf.rs - conf (line 19) ... ignored
[INFO] [stdout] test src/graphics.rs - graphics::Buffer::immutable (line 1646) ... ignored
[INFO] [stdout] test src/lib.rs - start (line 391) - compile ... ok
[INFO] [stdout] test src/lib.rs - start (line 377) - compile ... ok
[INFO] [stdout] test src/graphics.rs - graphics::ElapsedQuery (line 1749) ... FAILED
[INFO] [stdout] test src/graphics.rs - graphics::ElapsedQuery (line 1756) ... FAILED
[INFO] [stdout] test src/graphics.rs - graphics::ElapsedQuery (line 1765) ... FAILED
[INFO] [stdout] test src/graphics.rs - graphics::ElapsedQuery (line 1774) ... FAILED
[INFO] [stdout] test src/graphics.rs - graphics::PipelineParams::alpha_blend (line 1402) ... ok
[INFO] [stdout] test src/graphics.rs - graphics::BlendState (line 337) ... ok
[INFO] [stdout] test src/graphics.rs - graphics::PipelineParams::color_blend (line 1386) ... ok
[INFO] [stdout] 
[INFO] [stdout] failures:
[INFO] [stdout] 
[INFO] [stdout] ---- src/graphics.rs - graphics::ElapsedQuery (line 1749) stdout ----
[INFO] [stdout] error[E0433]: failed to resolve: use of undeclared type `ElapsedQuery`
[INFO] [stdout]  --> src/graphics.rs:1751:13
[INFO] [stdout]   |
[INFO] [stdout] 4 | let query = ElapsedQuery::new();
[INFO] [stdout]   |             ^^^^^^^^^^^^ not found in this scope
[INFO] [stdout]   |
[INFO] [stdout] help: consider importing this struct
[INFO] [stdout]   |
[INFO] [stdout] 3 | use miniquad::ElapsedQuery;
[INFO] [stdout]   |
[INFO] [stdout] 
[INFO] [stdout] error: aborting due to previous error
[INFO] [stdout] 
[INFO] [stdout] For more information about this error, try `rustc --explain E0433`.
[INFO] [stdout] Couldn't compile the test.
[INFO] [stdout] ---- src/graphics.rs - graphics::ElapsedQuery (line 1756) stdout ----
[INFO] [stdout] error[E0425]: cannot find value `query` in this scope
[INFO] [stdout]  --> src/graphics.rs:1757:1
[INFO] [stdout]   |
[INFO] [stdout] 4 | query.begin_query();
[INFO] [stdout]   | ^^^^^ not found in this scope
[INFO] [stdout] 
[INFO] [stdout] error[E0425]: cannot find value `query` in this scope
[INFO] [stdout]  --> src/graphics.rs:1759:1
[INFO] [stdout]   |
[INFO] [stdout] 6 | query.end_query();
[INFO] [stdout]   | ^^^^^ not found in this scope
[INFO] [stdout] 
[INFO] [stdout] error: aborting due to 2 previous errors
[INFO] [stdout] 
[INFO] [stdout] For more information about this error, try `rustc --explain E0425`.
[INFO] [stdout] Couldn't compile the test.
[INFO] [stdout] ---- src/graphics.rs - graphics::ElapsedQuery (line 1765) stdout ----
[INFO] [stdout] error[E0425]: cannot find value `query` in this scope
[INFO] [stdout]  --> src/graphics.rs:1767:4
[INFO] [stdout]   |
[INFO] [stdout] 4 | if query.is_available() {
[INFO] [stdout]   |    ^^^^^ not found in this scope
[INFO] [stdout] 
[INFO] [stdout] error[E0425]: cannot find value `query` in this scope
[INFO] [stdout]  --> src/graphics.rs:1768:30
[INFO] [stdout]   |
[INFO] [stdout] 5 |   let duration_nanoseconds = query.get_result();
[INFO] [stdout]   |                              ^^^^^ not found in this scope
[INFO] [stdout] 
[INFO] [stdout] error: aborting due to 2 previous errors
[INFO] [stdout] 
[INFO] [stdout] For more information about this error, try `rustc --explain E0425`.
[INFO] [stdout] Couldn't compile the test.
[INFO] [stdout] ---- src/graphics.rs - graphics::ElapsedQuery (line 1774) stdout ----
[INFO] [stdout] error[E0425]: cannot find value `query` in this scope
[INFO] [stdout]  --> src/graphics.rs:1776:1
[INFO] [stdout]   |
[INFO] [stdout] 4 | query.delete();
[INFO] [stdout]   | ^^^^^ not found in this scope
[INFO] [stdout] 
[INFO] [stdout] error: aborting due to previous error
[INFO] [stdout] 
[INFO] [stdout] For more information about this error, try `rustc --explain E0425`.
[INFO] [stdout] Couldn't compile the test.
[INFO] [stdout] 
[INFO] [stdout] failures:
[INFO] [stdout]     src/graphics.rs - graphics::ElapsedQuery (line 1749)
[INFO] [stdout]     src/graphics.rs - graphics::ElapsedQuery (line 1756)
[INFO] [stdout]     src/graphics.rs - graphics::ElapsedQuery (line 1765)
[INFO] [stdout]     src/graphics.rs - graphics::ElapsedQuery (line 1774)
[INFO] [stdout] 
[INFO] [stdout] test result: FAILED. 5 passed; 4 failed; 2 ignored; 0 measured; 0 filtered out; finished in 0.29s
[INFO] [stdout] 
[INFO] [stderr] error: test failed, to rerun pass '--doc'
[INFO] running `Command { std: "docker" "inspect" "f9e5139a90810097a5c0963637a0a3d659898b8d53cde43841dddf2160c4a531", kill_on_drop: false }`
[INFO] running `Command { std: "docker" "rm" "-f" "f9e5139a90810097a5c0963637a0a3d659898b8d53cde43841dddf2160c4a531", kill_on_drop: false }`
[INFO] [stdout] f9e5139a90810097a5c0963637a0a3d659898b8d53cde43841dddf2160c4a531
