[INFO] fetching crate mininip 1.3.1...
[INFO] testing mininip-1.3.1 against 1.54.0 for beta-1.55-1
[INFO] extracting crate mininip 1.3.1 into /workspace/builds/worker-5/source
[INFO] validating manifest of crates.io crate mininip 1.3.1 on toolchain 1.54.0
[INFO] running `Command { std: "/workspace/cargo-home/bin/cargo" "+1.54.0" "metadata" "--manifest-path" "Cargo.toml" "--no-deps", kill_on_drop: false }`
[INFO] started tweaking crates.io crate mininip 1.3.1
[INFO] finished tweaking crates.io crate mininip 1.3.1
[INFO] tweaked toml for crates.io crate mininip 1.3.1 written to /workspace/builds/worker-5/source/Cargo.toml
[INFO] running `Command { std: "/workspace/cargo-home/bin/cargo" "+1.54.0" "generate-lockfile" "--manifest-path" "Cargo.toml" "-Zno-index-update", kill_on_drop: false }`
[INFO] running `Command { std: "/workspace/cargo-home/bin/cargo" "+1.54.0" "fetch" "--manifest-path" "Cargo.toml", kill_on_drop: false }`
[INFO] running `Command { std: "docker" "create" "-v" "/var/lib/crater-agent-workspace/builds/worker-5/target:/opt/rustwide/target:rw,Z" "-v" "/var/lib/crater-agent-workspace/builds/worker-5/source:/opt/rustwide/workdir:ro,Z" "-v" "/var/lib/crater-agent-workspace/cargo-home:/opt/rustwide/cargo-home:ro,Z" "-v" "/var/lib/crater-agent-workspace/rustup-home:/opt/rustwide/rustup-home:ro,Z" "-e" "SOURCE_DIR=/opt/rustwide/workdir" "-e" "CARGO_TARGET_DIR=/opt/rustwide/target" "-e" "CARGO_HOME=/opt/rustwide/cargo-home" "-e" "RUSTUP_HOME=/opt/rustwide/rustup-home" "-w" "/opt/rustwide/workdir" "-m" "1610612736" "--user" "0:0" "--network" "none" "ghcr.io/rust-lang/crates-build-env/linux@sha256:34b6a614d2c27851fe6cbf88fbd1137609cefab8b10d0615aaeb6fd47975d74e" "/opt/rustwide/cargo-home/bin/cargo" "+1.54.0" "metadata" "--no-deps" "--format-version=1", kill_on_drop: false }`
[INFO] [stdout] d5298e9a9b8247a52d50781b5f7351b2eb6c19de013a514ea17d3066d190030a
[INFO] running `Command { std: "docker" "start" "-a" "d5298e9a9b8247a52d50781b5f7351b2eb6c19de013a514ea17d3066d190030a", kill_on_drop: false }`
[INFO] running `Command { std: "docker" "inspect" "d5298e9a9b8247a52d50781b5f7351b2eb6c19de013a514ea17d3066d190030a", kill_on_drop: false }`
[INFO] running `Command { std: "docker" "rm" "-f" "d5298e9a9b8247a52d50781b5f7351b2eb6c19de013a514ea17d3066d190030a", kill_on_drop: false }`
[INFO] [stdout] d5298e9a9b8247a52d50781b5f7351b2eb6c19de013a514ea17d3066d190030a
[INFO] running `Command { std: "docker" "create" "-v" "/var/lib/crater-agent-workspace/builds/worker-5/target:/opt/rustwide/target:rw,Z" "-v" "/var/lib/crater-agent-workspace/builds/worker-5/source:/opt/rustwide/workdir:ro,Z" "-v" "/var/lib/crater-agent-workspace/cargo-home:/opt/rustwide/cargo-home:ro,Z" "-v" "/var/lib/crater-agent-workspace/rustup-home:/opt/rustwide/rustup-home:ro,Z" "-e" "SOURCE_DIR=/opt/rustwide/workdir" "-e" "CARGO_TARGET_DIR=/opt/rustwide/target" "-e" "CARGO_INCREMENTAL=0" "-e" "RUST_BACKTRACE=full" "-e" "RUSTFLAGS=--cap-lints=warn" "-e" "CARGO_HOME=/opt/rustwide/cargo-home" "-e" "RUSTUP_HOME=/opt/rustwide/rustup-home" "-w" "/opt/rustwide/workdir" "-m" "1610612736" "--user" "0:0" "--network" "none" "ghcr.io/rust-lang/crates-build-env/linux@sha256:34b6a614d2c27851fe6cbf88fbd1137609cefab8b10d0615aaeb6fd47975d74e" "/opt/rustwide/cargo-home/bin/cargo" "+1.54.0" "build" "--frozen" "--message-format=json", kill_on_drop: false }`
[INFO] [stdout] 759cc7fb779b3beb0a5bee6e5654d13433763a6e1e8cdd3229c093d2d6021522
[INFO] running `Command { std: "docker" "start" "-a" "759cc7fb779b3beb0a5bee6e5654d13433763a6e1e8cdd3229c093d2d6021522", kill_on_drop: false }`
[INFO] [stderr]    Compiling mininip v1.3.1 (/opt/rustwide/workdir)
[INFO] [stderr]     Finished dev [unoptimized + debuginfo] target(s) in 0.62s
[INFO] running `Command { std: "docker" "inspect" "759cc7fb779b3beb0a5bee6e5654d13433763a6e1e8cdd3229c093d2d6021522", kill_on_drop: false }`
[INFO] running `Command { std: "docker" "rm" "-f" "759cc7fb779b3beb0a5bee6e5654d13433763a6e1e8cdd3229c093d2d6021522", kill_on_drop: false }`
[INFO] [stdout] 759cc7fb779b3beb0a5bee6e5654d13433763a6e1e8cdd3229c093d2d6021522
[INFO] running `Command { std: "docker" "create" "-v" "/var/lib/crater-agent-workspace/builds/worker-5/target:/opt/rustwide/target:rw,Z" "-v" "/var/lib/crater-agent-workspace/builds/worker-5/source:/opt/rustwide/workdir:ro,Z" "-v" "/var/lib/crater-agent-workspace/cargo-home:/opt/rustwide/cargo-home:ro,Z" "-v" "/var/lib/crater-agent-workspace/rustup-home:/opt/rustwide/rustup-home:ro,Z" "-e" "SOURCE_DIR=/opt/rustwide/workdir" "-e" "CARGO_TARGET_DIR=/opt/rustwide/target" "-e" "CARGO_INCREMENTAL=0" "-e" "RUST_BACKTRACE=full" "-e" "RUSTFLAGS=--cap-lints=warn" "-e" "CARGO_HOME=/opt/rustwide/cargo-home" "-e" "RUSTUP_HOME=/opt/rustwide/rustup-home" "-w" "/opt/rustwide/workdir" "-m" "1610612736" "--user" "0:0" "--network" "none" "ghcr.io/rust-lang/crates-build-env/linux@sha256:34b6a614d2c27851fe6cbf88fbd1137609cefab8b10d0615aaeb6fd47975d74e" "/opt/rustwide/cargo-home/bin/cargo" "+1.54.0" "test" "--frozen" "--no-run" "--message-format=json", kill_on_drop: false }`
[INFO] [stdout] 7591fceeed8cd9bbeec08d1cf28c67535850a348a49e283e8818110d56781f7e
[INFO] running `Command { std: "docker" "start" "-a" "7591fceeed8cd9bbeec08d1cf28c67535850a348a49e283e8818110d56781f7e", kill_on_drop: false }`
[INFO] [stderr]    Compiling mininip v1.3.1 (/opt/rustwide/workdir)
[INFO] [stderr]     Finished test [unoptimized + debuginfo] target(s) in 1.22s
[INFO] running `Command { std: "docker" "inspect" "7591fceeed8cd9bbeec08d1cf28c67535850a348a49e283e8818110d56781f7e", kill_on_drop: false }`
[INFO] running `Command { std: "docker" "rm" "-f" "7591fceeed8cd9bbeec08d1cf28c67535850a348a49e283e8818110d56781f7e", kill_on_drop: false }`
[INFO] [stdout] 7591fceeed8cd9bbeec08d1cf28c67535850a348a49e283e8818110d56781f7e
[INFO] running `Command { std: "docker" "create" "-v" "/var/lib/crater-agent-workspace/builds/worker-5/target:/opt/rustwide/target:rw,Z" "-v" "/var/lib/crater-agent-workspace/builds/worker-5/source:/opt/rustwide/workdir:ro,Z" "-v" "/var/lib/crater-agent-workspace/cargo-home:/opt/rustwide/cargo-home:ro,Z" "-v" "/var/lib/crater-agent-workspace/rustup-home:/opt/rustwide/rustup-home:ro,Z" "-e" "SOURCE_DIR=/opt/rustwide/workdir" "-e" "CARGO_TARGET_DIR=/opt/rustwide/target" "-e" "CARGO_INCREMENTAL=0" "-e" "RUST_BACKTRACE=full" "-e" "RUSTFLAGS=--cap-lints=warn" "-e" "CARGO_HOME=/opt/rustwide/cargo-home" "-e" "RUSTUP_HOME=/opt/rustwide/rustup-home" "-w" "/opt/rustwide/workdir" "-m" "1610612736" "--user" "0:0" "--network" "none" "ghcr.io/rust-lang/crates-build-env/linux@sha256:34b6a614d2c27851fe6cbf88fbd1137609cefab8b10d0615aaeb6fd47975d74e" "/opt/rustwide/cargo-home/bin/cargo" "+1.54.0" "test" "--frozen", kill_on_drop: false }`
[INFO] [stdout] 17d24c2d21fd40c5f8740e405a506aff324fd7ee440d2f0718140d05294d753e
[INFO] running `Command { std: "docker" "start" "-a" "17d24c2d21fd40c5f8740e405a506aff324fd7ee440d2f0718140d05294d753e", kill_on_drop: false }`
[INFO] [stderr]     Finished test [unoptimized + debuginfo] target(s) in 0.01s
[INFO] [stderr]      Running unittests (/opt/rustwide/target/debug/deps/mininip-b3c6bac29ae16aae)
[INFO] [stdout] 
[INFO] [stdout] running 101 tests
[INFO] [stdout] test datas::tests::identifier_change_section_ok ... ok
[INFO] [stdout] test datas::tests::identifier_change_section_none ... ok
[INFO] [stdout] test datas::tests::value_parse_bool_disabled ... ok
[INFO] [stdout] test datas::tests::value_parse_bool_enabled ... ok
[INFO] [stdout] test datas::tests::value_parse_bool_n ... ok
[INFO] [stdout] test datas::tests::value_parse_bool_yes ... ok
[INFO] [stdout] test datas::tests::value_parse_float ... ok
[INFO] [stdout] test datas::tests::value_parse_int ... ok
[INFO] [stdout] test datas::tree::tests::cache_from_data ... ok
[INFO] [stdout] test datas::tree::tests::key_iterator_iterates_well ... ok
[INFO] [stdout] test datas::tests::value_parse_str_unclosed ... ok
[INFO] [stdout] test datas::tree::tests::key_iterator_no_global ... ok
[INFO] [stdout] test errors::tests::expected_token_format ... ok
[INFO] [stdout] test datas::tree::tests::section_iterator_iterates_well ... ok
[INFO] [stdout] test dump::dumper::tests::dumper_with_escape ... ok
[INFO] [stdout] test errors::tests::invalid_escape_format ... ok
[INFO] [stdout] test datas::tests::identifier_change_name_ok ... ok
[INFO] [stdout] test datas::tests::identifier_new_some ... ok
[INFO] [stdout] test datas::tests::identifier_format_without_section ... ok
[INFO] [stdout] test datas::tests::identifier_new_none ... ok
[INFO] [stdout] test datas::tests::identifier_is_valid_full_test ... ok
[INFO] [stdout] test datas::tests::value_display ... ok
[INFO] [stdout] test dump::dumper::tests::dumper_without_globals ... ok
[INFO] [stdout] test dump::tests::dump_str_ignore ... ok
[INFO] [stdout] test datas::tests::identifier_format_with_section ... ok
[INFO] [stdout] test datas::tests::value_parse_err ... ok
[INFO] [stdout] test datas::tests::value_parse_bool_on ... ok
[INFO] [stdout] test datas::tests::value_parse_bool_off ... ok
[INFO] [stdout] test datas::tests::value_parse_raw ... ok
[INFO] [stdout] test errors::tests::nth_char_works_well ... ok
[INFO] [stdout] test dump::tests::dump_str_dynamic_substitutions ... ok
[INFO] [stdout] test datas::tests::value_dump ... ok
[INFO] [stdout] test datas::tests::value_parse_str_ok ... ok
[INFO] [stdout] test errors::tests::expected_escape_format ... ok
[INFO] [stdout] test datas::tests::value_parse_bool_y ... ok
[INFO] [stdout] test datas::tests::value_parse_bool_no ... ok
[INFO] [stdout] test errors::tests::expected_identifier_format ... ok
[INFO] [stdout] test dump::tests::dump_str_complementary_test ... ok
[INFO] [stdout] test dump::tests::dump_str_constants_substitutions ... ok
[INFO] [stdout] test dump::dumper::tests::dumper_with_globals ... ok
[INFO] [stdout] test parse::parser::tests::parser_parse_assignment_bad_ident ... ok
[INFO] [stdout] test parse::parser::tests::parser_parse_assignment_unicode_comment ... ok
[INFO] [stdout] test parse::parser::tests::parser_parse_assignment_with_comment_and_spaces ... ok
[INFO] [stdout] test parse::parser::tests::parser_parse_line_section ... ok
[INFO] [stdout] test parse::parser::tests::parser_parse_section_empty ... ok
[INFO] [stdout] test parse::parser::tests::parser_parse_section_ending_extra_token ... ok
[INFO] [stdout] test parse::parser::tests::parser_parse_section_invalid_identifier ... ok
[INFO] [stdout] test parse::parser::tests::parser_parse_line_empty ... ok
[INFO] [stdout] test parse::parser::tests::parser_parse_line_comment ... ok
[INFO] [stdout] test parse::parser::tests::parser_parse_section_unterminated ... ok
[INFO] [stdout] test errors::tests::unexpected_token_format ... ok
[INFO] [stdout] test parse::parser::tests::parser_parse_assignment_int ... ok
[INFO] [stdout] test parse::parser::tests::parser_parse_assignment_str ... ok
[INFO] [stdout] test parse::parser::tests::parser_parse_assignment_with_spaces ... ok
[INFO] [stdout] test parse::parser::tests::parser_parse_assignment_unicode_value ... ok
[INFO] [stdout] test parse::parser::tests::parser_parse_assignment_bad_value ... ok
[INFO] [stdout] test parse::parser::tests::parser_parse_assignment_simplest ... ok
[INFO] [stdout] test parse::parser::tests::parser_parse_assignment_with_leading_spaces ... ok
[INFO] [stdout] test parse::parser::tests::parser_parse_line_assignment ... ok
[INFO] [stdout] test parse::parser::tests::parser_parse_assignment_bool ... ok
[INFO] [stdout] test parse::parser::tests::parser_parse_assignment_unicode_identifier ... ok
[INFO] [stdout] test parse::parser::tests::parser_parse_assignment_float ... ok
[INFO] [stdout] test parse::parser::tests::parser_parse_section_simplest ... ok
[INFO] [stdout] test parse::parser::tests::parser_parse_assignment_commented ... ok
[INFO] [stdout] test parse::parser::tests::parser_parse_assignment_no_value ... ok
[INFO] [stdout] test parse::parser::tests::parser_parse_section_with_comment ... ok
[INFO] [stdout] test parse::tests::find_unescaped_found ... ok
[INFO] [stdout] test parse::tests::find_unescaped_ignore_simple_escape ... ok
[INFO] [stdout] test parse::tests::find_unescaped_not_found ... ok
[INFO] [stdout] test parse::tests::parse_str_forbidden_unicode ... ok
[INFO] [stdout] test parse::tests::token_iterator_special_escapes ... ok
[INFO] [stdout] test parse::tests::parse_str_unicode_escapes ... ok
[INFO] [stdout] test tests::parse_reverses_dump ... ok
[INFO] [stdout] test tests::parse_non_existing_file ... ok
[INFO] [stdout] test parse::parser::tests::parser_parse_section_with_comment_and_whitespaces ... ok
[INFO] [stdout] test parse::parser::tests::parser_parse_section_with_leading_spaces ... ok
[INFO] [stdout] test parse::tests::parse_str_ignore ... ok
[INFO] [stdout] test parse::tests::token_iterator_unfinished_escape ... ok
[INFO] [stdout] test tests::parse_good_file ... ok
[INFO] [stdout] test tests::parse_bad_file ... ok
[INFO] [stdout] test parse::tests::find_unescaped_ignore_unicode_escape ... ok
[INFO] [stdout] test parse::tests::parse_str_forbidden_ascii ... ok
[INFO] [stdout] test parse::tests::token_iterator_no_escapes ... ok
[INFO] [stdout] test parse::tests::parse_str_special_escapes ... ok
[INFO] [stdout] test parse::tests::parse_str_unfinished_escape ... ok
[INFO] [stdout] test parse::tests::token_iterator_unicode_escapes ... ok
[INFO] [stdout] test errors::tests::expected_token_overflow - should panic ... ok
[INFO] [stdout] test errors::tests::invalid_escape_not_included - should panic ... ok
[INFO] [stdout] test errors::tests::nth_char_alignment_error_end - should panic ... ok
[INFO] [stdout] test datas::tests::identifier_change_name_err - should panic ... ok
[INFO] [stdout] test datas::tests::identifier_new_panics - should panic ... ok
[INFO] [stdout] test errors::tests::expected_escape_alignment_error - should panic ... ok
[INFO] [stdout] test datas::tests::identifier_change_section_err - should panic ... ok
[INFO] [stdout] test errors::tests::nth_char_overflow - should panic ... ok
[INFO] [stdout] test errors::tests::expected_escape_overflow - should panic ... ok
[INFO] [stdout] test errors::tests::expected_identifier_overflow - should panic ... ok
[INFO] [stdout] test errors::tests::nth_char_alignment_error_middle - should panic ... ok
[INFO] [stdout] test errors::tests::unexpected_token_alignment_error - should panic ... ok
[INFO] [stdout] test parse::parser::tests::parser_parse_section_leading_extra_token - should panic ... ok
[INFO] [stdout] test errors::tests::unexpected_token_overflow - should panic ... ok
[INFO] [stdout] test tests::test_dump_into_file ... FAILED
[INFO] [stdout] 
[INFO] [stdout] failures:
[INFO] [stdout] 
[INFO] [stdout] ---- tests::test_dump_into_file stdout ----
[INFO] [stdout] thread 'tests::test_dump_into_file' panicked at 'called `Result::unwrap()` on an `Err` value: Os { code: 30, kind: Other, message: "Read-only file system" }', src/tests.rs:95:32
[INFO] [stdout] stack backtrace:
[INFO] [stdout]    0:     0x556263497120 - std::backtrace_rs::backtrace::libunwind::trace::h34055254b57d8e79
[INFO] [stdout]                                at /rustc/a178d0322ce20e33eac124758e837cbd80a6f633/library/std/src/../../backtrace/src/backtrace/libunwind.rs:90:5
[INFO] [stdout]    1:     0x556263497120 - std::backtrace_rs::backtrace::trace_unsynchronized::h8f1e3fbd9afff6ec
[INFO] [stdout]                                at /rustc/a178d0322ce20e33eac124758e837cbd80a6f633/library/std/src/../../backtrace/src/backtrace/mod.rs:66:5
[INFO] [stdout]    2:     0x556263497120 - std::sys_common::backtrace::_print_fmt::h3a99a796b770c360
[INFO] [stdout]                                at /rustc/a178d0322ce20e33eac124758e837cbd80a6f633/library/std/src/sys_common/backtrace.rs:67:5
[INFO] [stdout]    3:     0x556263497120 - <std::sys_common::backtrace::_print::DisplayBacktrace as core::fmt::Display>::fmt::h32d1f94a80615d18
[INFO] [stdout]                                at /rustc/a178d0322ce20e33eac124758e837cbd80a6f633/library/std/src/sys_common/backtrace.rs:46:22
[INFO] [stdout]    4:     0x5562634baf1c - core::fmt::write::h306731c068f7162c
[INFO] [stdout]                                at /rustc/a178d0322ce20e33eac124758e837cbd80a6f633/library/core/src/fmt/mod.rs:1110:17
[INFO] [stdout]    5:     0x556263494045 - std::io::Write::write_fmt::h87f19b0a2cd190bc
[INFO] [stdout]                                at /rustc/a178d0322ce20e33eac124758e837cbd80a6f633/library/std/src/io/mod.rs:1588:15
[INFO] [stdout]    6:     0x55626349928b - std::sys_common::backtrace::_print::h5abaa2601a852287
[INFO] [stdout]                                at /rustc/a178d0322ce20e33eac124758e837cbd80a6f633/library/std/src/sys_common/backtrace.rs:49:5
[INFO] [stdout]    7:     0x55626349928b - std::sys_common::backtrace::print::h8d81445442bb638f
[INFO] [stdout]                                at /rustc/a178d0322ce20e33eac124758e837cbd80a6f633/library/std/src/sys_common/backtrace.rs:36:9
[INFO] [stdout]    8:     0x55626349928b - std::panicking::default_hook::{{closure}}::hcfe804496a9fa747
[INFO] [stdout]                                at /rustc/a178d0322ce20e33eac124758e837cbd80a6f633/library/std/src/panicking.rs:208:50
[INFO] [stdout]    9:     0x556263498d9c - std::panicking::default_hook::hbea8e3ccf2ba8901
[INFO] [stdout]                                at /rustc/a178d0322ce20e33eac124758e837cbd80a6f633/library/std/src/panicking.rs:222:9
[INFO] [stdout]   10:     0x556263499954 - std::panicking::rust_panic_with_hook::h7ee9e1a2d0f8975a
[INFO] [stdout]                                at /rustc/a178d0322ce20e33eac124758e837cbd80a6f633/library/std/src/panicking.rs:622:17
[INFO] [stdout]   11:     0x556263499437 - std::panicking::begin_panic_handler::{{closure}}::h8ab3b4491718b2c7
[INFO] [stdout]                                at /rustc/a178d0322ce20e33eac124758e837cbd80a6f633/library/std/src/panicking.rs:519:13
[INFO] [stdout]   12:     0x55626349761c - std::sys_common::backtrace::__rust_end_short_backtrace::hd489062ffa586a9f
[INFO] [stdout]                                at /rustc/a178d0322ce20e33eac124758e837cbd80a6f633/library/std/src/sys_common/backtrace.rs:141:18
[INFO] [stdout]   13:     0x556263499399 - rust_begin_unwind
[INFO] [stdout]                                at /rustc/a178d0322ce20e33eac124758e837cbd80a6f633/library/std/src/panicking.rs:515:5
[INFO] [stdout]   14:     0x5562633f26d1 - core::panicking::panic_fmt::hca6330e3e14086b4
[INFO] [stdout]                                at /rustc/a178d0322ce20e33eac124758e837cbd80a6f633/library/core/src/panicking.rs:92:14
[INFO] [stdout]   15:     0x5562633f27c3 - core::result::unwrap_failed::h6160d2b4bfbb0e87
[INFO] [stdout]                                at /rustc/a178d0322ce20e33eac124758e837cbd80a6f633/library/core/src/result.rs:1355:5
[INFO] [stdout]   16:     0x556263442bf7 - core::result::Result<T,E>::unwrap::hffc058b01a8b283c
[INFO] [stdout]                                at /rustc/a178d0322ce20e33eac124758e837cbd80a6f633/library/core/src/result.rs:1037:23
[INFO] [stdout]   17:     0x556263445ef4 - mininip::tests::test_dump_into_file::h25affad87526682f
[INFO] [stdout]                                at /opt/rustwide/workdir/src/tests.rs:95:5
[INFO] [stdout]   18:     0x55626344572a - mininip::tests::test_dump_into_file::{{closure}}::hc0e23adb1f78afc1
[INFO] [stdout]                                at /opt/rustwide/workdir/src/tests.rs:76:1
[INFO] [stdout]   19:     0x55626342073e - core::ops::function::FnOnce::call_once::h21785986353a3225
[INFO] [stdout]                                at /rustc/a178d0322ce20e33eac124758e837cbd80a6f633/library/core/src/ops/function.rs:227:5
[INFO] [stdout]   20:     0x55626346e623 - core::ops::function::FnOnce::call_once::h152e7e439ff59e19
[INFO] [stdout]                                at /rustc/a178d0322ce20e33eac124758e837cbd80a6f633/library/core/src/ops/function.rs:227:5
[INFO] [stdout]   21:     0x55626346e623 - test::__rust_begin_short_backtrace::h0908f3b1fdbb72ab
[INFO] [stdout]                                at /rustc/a178d0322ce20e33eac124758e837cbd80a6f633/library/test/src/lib.rs:577:5
[INFO] [stdout]   22:     0x55626346d0e0 - <alloc::boxed::Box<F,A> as core::ops::function::FnOnce<Args>>::call_once::hf6d2a51e5587546c
[INFO] [stdout]                                at /rustc/a178d0322ce20e33eac124758e837cbd80a6f633/library/alloc/src/boxed.rs:1575:9
[INFO] [stdout]   23:     0x55626346d0e0 - <std::panic::AssertUnwindSafe<F> as core::ops::function::FnOnce<()>>::call_once::h8af660f3a89ef593
[INFO] [stdout]                                at /rustc/a178d0322ce20e33eac124758e837cbd80a6f633/library/std/src/panic.rs:347:9
[INFO] [stdout]   24:     0x55626346d0e0 - std::panicking::try::do_call::hd36aef60f84b6d36
[INFO] [stdout]                                at /rustc/a178d0322ce20e33eac124758e837cbd80a6f633/library/std/src/panicking.rs:401:40
[INFO] [stdout]   25:     0x55626346d0e0 - std::panicking::try::h9932b4480e69817c
[INFO] [stdout]                                at /rustc/a178d0322ce20e33eac124758e837cbd80a6f633/library/std/src/panicking.rs:365:19
[INFO] [stdout]   26:     0x55626346d0e0 - std::panic::catch_unwind::h6aa177099cfff5f8
[INFO] [stdout]                                at /rustc/a178d0322ce20e33eac124758e837cbd80a6f633/library/std/src/panic.rs:434:14
[INFO] [stdout]   27:     0x55626346d0e0 - test::run_test_in_process::h5884d6f2d99e20c3
[INFO] [stdout]                                at /rustc/a178d0322ce20e33eac124758e837cbd80a6f633/library/test/src/lib.rs:600:18
[INFO] [stdout]   28:     0x55626346d0e0 - test::run_test::run_test_inner::{{closure}}::h6fdc58c6d5f5b6e3
[INFO] [stdout]                                at /rustc/a178d0322ce20e33eac124758e837cbd80a6f633/library/test/src/lib.rs:492:39
[INFO] [stdout]   29:     0x556263446792 - test::run_test::run_test_inner::{{closure}}::h408365d67a78ade8
[INFO] [stdout]                                at /rustc/a178d0322ce20e33eac124758e837cbd80a6f633/library/test/src/lib.rs:519:37
[INFO] [stdout]   30:     0x556263446792 - std::sys_common::backtrace::__rust_begin_short_backtrace::hb560b77c4f701523
[INFO] [stdout]                                at /rustc/a178d0322ce20e33eac124758e837cbd80a6f633/library/std/src/sys_common/backtrace.rs:125:18
[INFO] [stdout]   31:     0x55626344a348 - std::thread::Builder::spawn_unchecked::{{closure}}::{{closure}}::hf2e7831dad93c597
[INFO] [stdout]                                at /rustc/a178d0322ce20e33eac124758e837cbd80a6f633/library/std/src/thread/mod.rs:481:17
[INFO] [stdout]   32:     0x55626344a348 - <std::panic::AssertUnwindSafe<F> as core::ops::function::FnOnce<()>>::call_once::hd2e08783d8be4d02
[INFO] [stdout]                                at /rustc/a178d0322ce20e33eac124758e837cbd80a6f633/library/std/src/panic.rs:347:9
[INFO] [stdout]   33:     0x55626344a348 - std::panicking::try::do_call::h062597b7acfd6b82
[INFO] [stdout]                                at /rustc/a178d0322ce20e33eac124758e837cbd80a6f633/library/std/src/panicking.rs:401:40
[INFO] [stdout]   34:     0x55626344a348 - std::panicking::try::h0d7b79db04c14552
[INFO] [stdout]                                at /rustc/a178d0322ce20e33eac124758e837cbd80a6f633/library/std/src/panicking.rs:365:19
[INFO] [stdout]   35:     0x55626344a348 - std::panic::catch_unwind::hb01a0b5e7c8cd43b
[INFO] [stdout]                                at /rustc/a178d0322ce20e33eac124758e837cbd80a6f633/library/std/src/panic.rs:434:14
[INFO] [stdout]   36:     0x55626344a348 - std::thread::Builder::spawn_unchecked::{{closure}}::h5bde48cc887e0d1e
[INFO] [stdout]                                at /rustc/a178d0322ce20e33eac124758e837cbd80a6f633/library/std/src/thread/mod.rs:480:30
[INFO] [stdout]   37:     0x55626344a348 - core::ops::function::FnOnce::call_once{{vtable.shim}}::h745ea30807a29e55
[INFO] [stdout]                                at /rustc/a178d0322ce20e33eac124758e837cbd80a6f633/library/core/src/ops/function.rs:227:5
[INFO] [stdout]   38:     0x55626349e5c7 - <alloc::boxed::Box<F,A> as core::ops::function::FnOnce<Args>>::call_once::h7ece6cfefaff1005
[INFO] [stdout]                                at /rustc/a178d0322ce20e33eac124758e837cbd80a6f633/library/alloc/src/boxed.rs:1575:9
[INFO] [stdout]   39:     0x55626349e5c7 - <alloc::boxed::Box<F,A> as core::ops::function::FnOnce<Args>>::call_once::hb8b48e55c21f193e
[INFO] [stdout]                                at /rustc/a178d0322ce20e33eac124758e837cbd80a6f633/library/alloc/src/boxed.rs:1575:9
[INFO] [stdout]   40:     0x55626349e5c7 - std::sys::unix::thread::Thread::new::thread_start::h8c7c4450dba62914
[INFO] [stdout]                                at /rustc/a178d0322ce20e33eac124758e837cbd80a6f633/library/std/src/sys/unix/thread.rs:71:17
[INFO] [stdout]   41:     0x7f4189b2a609 - start_thread
[INFO] [stdout]   42:     0x7f41898fc293 - clone
[INFO] [stdout]   43:                0x0 - <unknown>
[INFO] [stdout] 
[INFO] [stdout] 
[INFO] [stdout] failures:
[INFO] [stdout]     tests::test_dump_into_file
[INFO] [stdout] 
[INFO] [stdout] test result: FAILED. 100 passed; 1 failed; 0 ignored; 0 measured; 0 filtered out; finished in 0.06s
[INFO] [stdout] 
[INFO] [stderr] error: test failed, to rerun pass '--lib'
[INFO] running `Command { std: "docker" "inspect" "17d24c2d21fd40c5f8740e405a506aff324fd7ee440d2f0718140d05294d753e", kill_on_drop: false }`
[INFO] running `Command { std: "docker" "rm" "-f" "17d24c2d21fd40c5f8740e405a506aff324fd7ee440d2f0718140d05294d753e", kill_on_drop: false }`
[INFO] [stdout] 17d24c2d21fd40c5f8740e405a506aff324fd7ee440d2f0718140d05294d753e
