[INFO] fetching crate minigrep_vbomfim 0.1.0...
[INFO] testing minigrep_vbomfim-0.1.0 against 1.54.0 for beta-1.55-1
[INFO] extracting crate minigrep_vbomfim 0.1.0 into /workspace/builds/worker-9/source
[INFO] validating manifest of crates.io crate minigrep_vbomfim 0.1.0 on toolchain 1.54.0
[INFO] running `Command { std: "/workspace/cargo-home/bin/cargo" "+1.54.0" "metadata" "--manifest-path" "Cargo.toml" "--no-deps", kill_on_drop: false }`
[INFO] started tweaking crates.io crate minigrep_vbomfim 0.1.0
[INFO] finished tweaking crates.io crate minigrep_vbomfim 0.1.0
[INFO] tweaked toml for crates.io crate minigrep_vbomfim 0.1.0 written to /workspace/builds/worker-9/source/Cargo.toml
[INFO] crate crates.io crate minigrep_vbomfim 0.1.0 already has a lockfile, it will not be regenerated
[INFO] running `Command { std: "/workspace/cargo-home/bin/cargo" "+1.54.0" "fetch" "--manifest-path" "Cargo.toml", kill_on_drop: false }`
[INFO] running `Command { std: "docker" "create" "-v" "/var/lib/crater-agent-workspace/builds/worker-9/target:/opt/rustwide/target:rw,Z" "-v" "/var/lib/crater-agent-workspace/builds/worker-9/source:/opt/rustwide/workdir:ro,Z" "-v" "/var/lib/crater-agent-workspace/cargo-home:/opt/rustwide/cargo-home:ro,Z" "-v" "/var/lib/crater-agent-workspace/rustup-home:/opt/rustwide/rustup-home:ro,Z" "-e" "SOURCE_DIR=/opt/rustwide/workdir" "-e" "CARGO_TARGET_DIR=/opt/rustwide/target" "-e" "CARGO_HOME=/opt/rustwide/cargo-home" "-e" "RUSTUP_HOME=/opt/rustwide/rustup-home" "-w" "/opt/rustwide/workdir" "-m" "1610612736" "--user" "0:0" "--network" "none" "ghcr.io/rust-lang/crates-build-env/linux@sha256:34b6a614d2c27851fe6cbf88fbd1137609cefab8b10d0615aaeb6fd47975d74e" "/opt/rustwide/cargo-home/bin/cargo" "+1.54.0" "metadata" "--no-deps" "--format-version=1", kill_on_drop: false }`
[INFO] [stdout] 25b181fd5f2ad8469b147c04a4448742840bf30791dadc7442348570ef3f34a3
[INFO] running `Command { std: "docker" "start" "-a" "25b181fd5f2ad8469b147c04a4448742840bf30791dadc7442348570ef3f34a3", kill_on_drop: false }`
[INFO] running `Command { std: "docker" "inspect" "25b181fd5f2ad8469b147c04a4448742840bf30791dadc7442348570ef3f34a3", kill_on_drop: false }`
[INFO] running `Command { std: "docker" "rm" "-f" "25b181fd5f2ad8469b147c04a4448742840bf30791dadc7442348570ef3f34a3", kill_on_drop: false }`
[INFO] [stdout] 25b181fd5f2ad8469b147c04a4448742840bf30791dadc7442348570ef3f34a3
[INFO] running `Command { std: "docker" "create" "-v" "/var/lib/crater-agent-workspace/builds/worker-9/target:/opt/rustwide/target:rw,Z" "-v" "/var/lib/crater-agent-workspace/builds/worker-9/source:/opt/rustwide/workdir:ro,Z" "-v" "/var/lib/crater-agent-workspace/cargo-home:/opt/rustwide/cargo-home:ro,Z" "-v" "/var/lib/crater-agent-workspace/rustup-home:/opt/rustwide/rustup-home:ro,Z" "-e" "SOURCE_DIR=/opt/rustwide/workdir" "-e" "CARGO_TARGET_DIR=/opt/rustwide/target" "-e" "CARGO_INCREMENTAL=0" "-e" "RUST_BACKTRACE=full" "-e" "RUSTFLAGS=--cap-lints=warn" "-e" "CARGO_HOME=/opt/rustwide/cargo-home" "-e" "RUSTUP_HOME=/opt/rustwide/rustup-home" "-w" "/opt/rustwide/workdir" "-m" "1610612736" "--user" "0:0" "--network" "none" "ghcr.io/rust-lang/crates-build-env/linux@sha256:34b6a614d2c27851fe6cbf88fbd1137609cefab8b10d0615aaeb6fd47975d74e" "/opt/rustwide/cargo-home/bin/cargo" "+1.54.0" "build" "--frozen" "--message-format=json", kill_on_drop: false }`
[INFO] [stdout] ebea0c7a16d6710527ad08b0c08764b7f1d6766df93a4c22bd9b31589945f906
[INFO] running `Command { std: "docker" "start" "-a" "ebea0c7a16d6710527ad08b0c08764b7f1d6766df93a4c22bd9b31589945f906", kill_on_drop: false }`
[INFO] [stderr]    Compiling minigrep_vbomfim v0.1.0 (/opt/rustwide/workdir)
[INFO] [stderr]     Finished dev [unoptimized + debuginfo] target(s) in 0.63s
[INFO] running `Command { std: "docker" "inspect" "ebea0c7a16d6710527ad08b0c08764b7f1d6766df93a4c22bd9b31589945f906", kill_on_drop: false }`
[INFO] running `Command { std: "docker" "rm" "-f" "ebea0c7a16d6710527ad08b0c08764b7f1d6766df93a4c22bd9b31589945f906", kill_on_drop: false }`
[INFO] [stdout] ebea0c7a16d6710527ad08b0c08764b7f1d6766df93a4c22bd9b31589945f906
[INFO] running `Command { std: "docker" "create" "-v" "/var/lib/crater-agent-workspace/builds/worker-9/target:/opt/rustwide/target:rw,Z" "-v" "/var/lib/crater-agent-workspace/builds/worker-9/source:/opt/rustwide/workdir:ro,Z" "-v" "/var/lib/crater-agent-workspace/cargo-home:/opt/rustwide/cargo-home:ro,Z" "-v" "/var/lib/crater-agent-workspace/rustup-home:/opt/rustwide/rustup-home:ro,Z" "-e" "SOURCE_DIR=/opt/rustwide/workdir" "-e" "CARGO_TARGET_DIR=/opt/rustwide/target" "-e" "CARGO_INCREMENTAL=0" "-e" "RUST_BACKTRACE=full" "-e" "RUSTFLAGS=--cap-lints=warn" "-e" "CARGO_HOME=/opt/rustwide/cargo-home" "-e" "RUSTUP_HOME=/opt/rustwide/rustup-home" "-w" "/opt/rustwide/workdir" "-m" "1610612736" "--user" "0:0" "--network" "none" "ghcr.io/rust-lang/crates-build-env/linux@sha256:34b6a614d2c27851fe6cbf88fbd1137609cefab8b10d0615aaeb6fd47975d74e" "/opt/rustwide/cargo-home/bin/cargo" "+1.54.0" "test" "--frozen" "--no-run" "--message-format=json", kill_on_drop: false }`
[INFO] [stdout] 6343c45f0453b65dfb35740d4555f195ea294a02f3ead7c81f83efedca4656a3
[INFO] running `Command { std: "docker" "start" "-a" "6343c45f0453b65dfb35740d4555f195ea294a02f3ead7c81f83efedca4656a3", kill_on_drop: false }`
[INFO] [stderr]    Compiling minigrep_vbomfim v0.1.0 (/opt/rustwide/workdir)
[INFO] [stderr]     Finished test [unoptimized + debuginfo] target(s) in 0.52s
[INFO] running `Command { std: "docker" "inspect" "6343c45f0453b65dfb35740d4555f195ea294a02f3ead7c81f83efedca4656a3", kill_on_drop: false }`
[INFO] running `Command { std: "docker" "rm" "-f" "6343c45f0453b65dfb35740d4555f195ea294a02f3ead7c81f83efedca4656a3", kill_on_drop: false }`
[INFO] [stdout] 6343c45f0453b65dfb35740d4555f195ea294a02f3ead7c81f83efedca4656a3
[INFO] running `Command { std: "docker" "create" "-v" "/var/lib/crater-agent-workspace/builds/worker-9/target:/opt/rustwide/target:rw,Z" "-v" "/var/lib/crater-agent-workspace/builds/worker-9/source:/opt/rustwide/workdir:ro,Z" "-v" "/var/lib/crater-agent-workspace/cargo-home:/opt/rustwide/cargo-home:ro,Z" "-v" "/var/lib/crater-agent-workspace/rustup-home:/opt/rustwide/rustup-home:ro,Z" "-e" "SOURCE_DIR=/opt/rustwide/workdir" "-e" "CARGO_TARGET_DIR=/opt/rustwide/target" "-e" "CARGO_INCREMENTAL=0" "-e" "RUST_BACKTRACE=full" "-e" "RUSTFLAGS=--cap-lints=warn" "-e" "CARGO_HOME=/opt/rustwide/cargo-home" "-e" "RUSTUP_HOME=/opt/rustwide/rustup-home" "-w" "/opt/rustwide/workdir" "-m" "1610612736" "--user" "0:0" "--network" "none" "ghcr.io/rust-lang/crates-build-env/linux@sha256:34b6a614d2c27851fe6cbf88fbd1137609cefab8b10d0615aaeb6fd47975d74e" "/opt/rustwide/cargo-home/bin/cargo" "+1.54.0" "test" "--frozen", kill_on_drop: false }`
[INFO] [stdout] dad47156c9a7bb3368edcdde389ff4ab198ef0d1d16be156f94ed29a468f6e2d
[INFO] running `Command { std: "docker" "start" "-a" "dad47156c9a7bb3368edcdde389ff4ab198ef0d1d16be156f94ed29a468f6e2d", kill_on_drop: false }`
[INFO] [stderr]     Finished test [unoptimized + debuginfo] target(s) in 0.00s
[INFO] [stderr]      Running unittests (/opt/rustwide/target/debug/deps/minigrep_vbomfim-489aeea01e4c4be5)
[INFO] [stdout] 
[INFO] [stdout] running 2 tests
[INFO] [stdout] test tests::case_insensitive ... ok
[INFO] [stdout] test tests::case_sensitive ... ok
[INFO] [stdout] 
[INFO] [stdout] test result: ok. 2 passed; 0 failed; 0 ignored; 0 measured; 0 filtered out; finished in 0.00s
[INFO] [stdout] 
[INFO] [stderr]      Running unittests (/opt/rustwide/target/debug/deps/minigrep_vbomfim-00b4e0ddce6fb742)
[INFO] [stdout] 
[INFO] [stderr]    Doc-tests minigrep_vbomfim
[INFO] [stdout] running 0 tests
[INFO] [stdout] 
[INFO] [stdout] test result: ok. 0 passed; 0 failed; 0 ignored; 0 measured; 0 filtered out; finished in 0.00s
[INFO] [stdout] 
[INFO] [stdout] 
[INFO] [stdout] running 1 test
[INFO] [stdout] test src/lib.rs - search (line 56) ... FAILED
[INFO] [stdout] 
[INFO] [stdout] failures:
[INFO] [stdout] 
[INFO] [stdout] ---- src/lib.rs - search (line 56) stdout ----
[INFO] [stdout] error[E0433]: failed to resolve: use of undeclared crate or module `minigrep`
[INFO] [stdout]  --> src/lib.rs:59:14
[INFO] [stdout]   |
[INFO] [stdout] 5 | let result = minigrep::search(&query, &contents);
[INFO] [stdout]   |              ^^^^^^^^ use of undeclared crate or module `minigrep`
[INFO] [stdout] 
[INFO] [stdout] error: aborting due to previous error
[INFO] [stdout] 
[INFO] [stdout] For more information about this error, try `rustc --explain E0433`.
[INFO] [stdout] Couldn't compile the test.
[INFO] [stdout] 
[INFO] [stdout] failures:
[INFO] [stdout]     src/lib.rs - search (line 56)
[INFO] [stdout] 
[INFO] [stdout] test result: FAILED. 0 passed; 1 failed; 0 ignored; 0 measured; 0 filtered out; finished in 0.08s
[INFO] [stdout] 
[INFO] [stderr] error: test failed, to rerun pass '--doc'
[INFO] running `Command { std: "docker" "inspect" "dad47156c9a7bb3368edcdde389ff4ab198ef0d1d16be156f94ed29a468f6e2d", kill_on_drop: false }`
[INFO] running `Command { std: "docker" "rm" "-f" "dad47156c9a7bb3368edcdde389ff4ab198ef0d1d16be156f94ed29a468f6e2d", kill_on_drop: false }`
[INFO] [stdout] dad47156c9a7bb3368edcdde389ff4ab198ef0d1d16be156f94ed29a468f6e2d
