[INFO] fetching crate minigrep_nis 0.1.0...
[INFO] testing minigrep_nis-0.1.0 against beta-2021-08-01 for beta-1.55-1
[INFO] extracting crate minigrep_nis 0.1.0 into /workspace/builds/worker-11/source
[INFO] validating manifest of crates.io crate minigrep_nis 0.1.0 on toolchain beta-2021-08-01
[INFO] running `Command { std: "/workspace/cargo-home/bin/cargo" "+beta-2021-08-01" "metadata" "--manifest-path" "Cargo.toml" "--no-deps", kill_on_drop: false }`
[INFO] started tweaking crates.io crate minigrep_nis 0.1.0
[INFO] finished tweaking crates.io crate minigrep_nis 0.1.0
[INFO] tweaked toml for crates.io crate minigrep_nis 0.1.0 written to /workspace/builds/worker-11/source/Cargo.toml
[INFO] crate crates.io crate minigrep_nis 0.1.0 already has a lockfile, it will not be regenerated
[INFO] running `Command { std: "/workspace/cargo-home/bin/cargo" "+beta-2021-08-01" "fetch" "--manifest-path" "Cargo.toml", kill_on_drop: false }`
[INFO] running `Command { std: "docker" "create" "-v" "/var/lib/crater-agent-workspace/builds/worker-11/target:/opt/rustwide/target:rw,Z" "-v" "/var/lib/crater-agent-workspace/builds/worker-11/source:/opt/rustwide/workdir:ro,Z" "-v" "/var/lib/crater-agent-workspace/cargo-home:/opt/rustwide/cargo-home:ro,Z" "-v" "/var/lib/crater-agent-workspace/rustup-home:/opt/rustwide/rustup-home:ro,Z" "-e" "SOURCE_DIR=/opt/rustwide/workdir" "-e" "CARGO_TARGET_DIR=/opt/rustwide/target" "-e" "CARGO_HOME=/opt/rustwide/cargo-home" "-e" "RUSTUP_HOME=/opt/rustwide/rustup-home" "-w" "/opt/rustwide/workdir" "-m" "1610612736" "--user" "0:0" "--network" "none" "ghcr.io/rust-lang/crates-build-env/linux@sha256:34b6a614d2c27851fe6cbf88fbd1137609cefab8b10d0615aaeb6fd47975d74e" "/opt/rustwide/cargo-home/bin/cargo" "+beta-2021-08-01" "metadata" "--no-deps" "--format-version=1", kill_on_drop: false }`
[INFO] [stdout] a80195335f01c97fe14f428d9c8ed312ae7e1382c6c47357df48d0e6bda13f93
[INFO] running `Command { std: "docker" "start" "-a" "a80195335f01c97fe14f428d9c8ed312ae7e1382c6c47357df48d0e6bda13f93", kill_on_drop: false }`
[INFO] running `Command { std: "docker" "inspect" "a80195335f01c97fe14f428d9c8ed312ae7e1382c6c47357df48d0e6bda13f93", kill_on_drop: false }`
[INFO] running `Command { std: "docker" "rm" "-f" "a80195335f01c97fe14f428d9c8ed312ae7e1382c6c47357df48d0e6bda13f93", kill_on_drop: false }`
[INFO] [stdout] a80195335f01c97fe14f428d9c8ed312ae7e1382c6c47357df48d0e6bda13f93
[INFO] running `Command { std: "docker" "create" "-v" "/var/lib/crater-agent-workspace/builds/worker-11/target:/opt/rustwide/target:rw,Z" "-v" "/var/lib/crater-agent-workspace/builds/worker-11/source:/opt/rustwide/workdir:ro,Z" "-v" "/var/lib/crater-agent-workspace/cargo-home:/opt/rustwide/cargo-home:ro,Z" "-v" "/var/lib/crater-agent-workspace/rustup-home:/opt/rustwide/rustup-home:ro,Z" "-e" "SOURCE_DIR=/opt/rustwide/workdir" "-e" "CARGO_TARGET_DIR=/opt/rustwide/target" "-e" "CARGO_INCREMENTAL=0" "-e" "RUST_BACKTRACE=full" "-e" "RUSTFLAGS=--cap-lints=warn" "-e" "CARGO_HOME=/opt/rustwide/cargo-home" "-e" "RUSTUP_HOME=/opt/rustwide/rustup-home" "-w" "/opt/rustwide/workdir" "-m" "1610612736" "--user" "0:0" "--network" "none" "ghcr.io/rust-lang/crates-build-env/linux@sha256:34b6a614d2c27851fe6cbf88fbd1137609cefab8b10d0615aaeb6fd47975d74e" "/opt/rustwide/cargo-home/bin/cargo" "+beta-2021-08-01" "build" "--frozen" "--message-format=json", kill_on_drop: false }`
[INFO] [stdout] f51c57522dd0d1249aeacd0216b605c9c1bdb17a9418bf6dca9a904b87d8a752
[INFO] running `Command { std: "docker" "start" "-a" "f51c57522dd0d1249aeacd0216b605c9c1bdb17a9418bf6dca9a904b87d8a752", kill_on_drop: false }`
[INFO] [stderr]    Compiling minigrep_nis v0.1.0 (/opt/rustwide/workdir)
[INFO] [stdout] warning: function is never used: `simulated_expensive_calculation`
[INFO] [stdout]   --> src/main.rs:41:4
[INFO] [stdout]    |
[INFO] [stdout] 41 | fn simulated_expensive_calculation(intensity: u32) -> u32 {
[INFO] [stdout]    |    ^^^^^^^^^^^^^^^^^^^^^^^^^^^^^^^
[INFO] [stdout]    |
[INFO] [stdout]    = note: `#[warn(dead_code)]` on by default
[INFO] [stdout] 
[INFO] [stdout] 
[INFO] [stdout] warning: function is never used: `generate_workout`
[INFO] [stdout]   --> src/main.rs:46:4
[INFO] [stdout]    |
[INFO] [stdout] 46 | fn generate_workout(intensity: u32, random_number: u32) {
[INFO] [stdout]    |    ^^^^^^^^^^^^^^^^
[INFO] [stdout] 
[INFO] [stdout] 
[INFO] [stdout] warning: 2 warnings emitted
[INFO] [stdout] 
[INFO] [stdout] 
[INFO] [stderr]     Finished dev [optimized + debuginfo] target(s) in 1.33s
[INFO] running `Command { std: "docker" "inspect" "f51c57522dd0d1249aeacd0216b605c9c1bdb17a9418bf6dca9a904b87d8a752", kill_on_drop: false }`
[INFO] running `Command { std: "docker" "rm" "-f" "f51c57522dd0d1249aeacd0216b605c9c1bdb17a9418bf6dca9a904b87d8a752", kill_on_drop: false }`
[INFO] [stdout] f51c57522dd0d1249aeacd0216b605c9c1bdb17a9418bf6dca9a904b87d8a752
[INFO] running `Command { std: "docker" "create" "-v" "/var/lib/crater-agent-workspace/builds/worker-11/target:/opt/rustwide/target:rw,Z" "-v" "/var/lib/crater-agent-workspace/builds/worker-11/source:/opt/rustwide/workdir:ro,Z" "-v" "/var/lib/crater-agent-workspace/cargo-home:/opt/rustwide/cargo-home:ro,Z" "-v" "/var/lib/crater-agent-workspace/rustup-home:/opt/rustwide/rustup-home:ro,Z" "-e" "SOURCE_DIR=/opt/rustwide/workdir" "-e" "CARGO_TARGET_DIR=/opt/rustwide/target" "-e" "CARGO_INCREMENTAL=0" "-e" "RUST_BACKTRACE=full" "-e" "RUSTFLAGS=--cap-lints=warn" "-e" "CARGO_HOME=/opt/rustwide/cargo-home" "-e" "RUSTUP_HOME=/opt/rustwide/rustup-home" "-w" "/opt/rustwide/workdir" "-m" "1610612736" "--user" "0:0" "--network" "none" "ghcr.io/rust-lang/crates-build-env/linux@sha256:34b6a614d2c27851fe6cbf88fbd1137609cefab8b10d0615aaeb6fd47975d74e" "/opt/rustwide/cargo-home/bin/cargo" "+beta-2021-08-01" "test" "--frozen" "--no-run" "--message-format=json", kill_on_drop: false }`
[INFO] [stdout] 5f223c175bb88563f4a54873ec16f46ffe3fc15a7aa5b3af686dc08434b9132d
[INFO] running `Command { std: "docker" "start" "-a" "5f223c175bb88563f4a54873ec16f46ffe3fc15a7aa5b3af686dc08434b9132d", kill_on_drop: false }`
[INFO] [stderr]    Compiling minigrep_nis v0.1.0 (/opt/rustwide/workdir)
[INFO] [stdout] warning: function is never used: `simulated_expensive_calculation`
[INFO] [stdout]   --> src/main.rs:41:4
[INFO] [stdout]    |
[INFO] [stdout] 41 | fn simulated_expensive_calculation(intensity: u32) -> u32 {
[INFO] [stdout]    |    ^^^^^^^^^^^^^^^^^^^^^^^^^^^^^^^
[INFO] [stdout]    |
[INFO] [stdout]    = note: `#[warn(dead_code)]` on by default
[INFO] [stdout] 
[INFO] [stdout] 
[INFO] [stdout] warning: function is never used: `generate_workout`
[INFO] [stdout]   --> src/main.rs:46:4
[INFO] [stdout]    |
[INFO] [stdout] 46 | fn generate_workout(intensity: u32, random_number: u32) {
[INFO] [stdout]    |    ^^^^^^^^^^^^^^^^
[INFO] [stdout] 
[INFO] [stdout] 
[INFO] [stdout] warning: function is never used: `case_sensitive`
[INFO] [stdout]   --> src/lib.rs:91:8
[INFO] [stdout]    |
[INFO] [stdout] 91 |     fn case_sensitive(){
[INFO] [stdout]    |        ^^^^^^^^^^^^^^
[INFO] [stdout]    |
[INFO] [stdout]    = note: `#[warn(dead_code)]` on by default
[INFO] [stdout] 
[INFO] [stdout] 
[INFO] [stdout] warning: 2 warnings emitted
[INFO] [stdout] 
[INFO] [stdout] 
[INFO] [stdout] warning: 1 warning emitted
[INFO] [stdout] 
[INFO] [stdout] 
[INFO] [stderr]     Finished test [optimized + debuginfo] target(s) in 0.37s
[INFO] running `Command { std: "docker" "inspect" "5f223c175bb88563f4a54873ec16f46ffe3fc15a7aa5b3af686dc08434b9132d", kill_on_drop: false }`
[INFO] running `Command { std: "docker" "rm" "-f" "5f223c175bb88563f4a54873ec16f46ffe3fc15a7aa5b3af686dc08434b9132d", kill_on_drop: false }`
[INFO] [stdout] 5f223c175bb88563f4a54873ec16f46ffe3fc15a7aa5b3af686dc08434b9132d
[INFO] running `Command { std: "docker" "create" "-v" "/var/lib/crater-agent-workspace/builds/worker-11/target:/opt/rustwide/target:rw,Z" "-v" "/var/lib/crater-agent-workspace/builds/worker-11/source:/opt/rustwide/workdir:ro,Z" "-v" "/var/lib/crater-agent-workspace/cargo-home:/opt/rustwide/cargo-home:ro,Z" "-v" "/var/lib/crater-agent-workspace/rustup-home:/opt/rustwide/rustup-home:ro,Z" "-e" "SOURCE_DIR=/opt/rustwide/workdir" "-e" "CARGO_TARGET_DIR=/opt/rustwide/target" "-e" "CARGO_INCREMENTAL=0" "-e" "RUST_BACKTRACE=full" "-e" "RUSTFLAGS=--cap-lints=warn" "-e" "CARGO_HOME=/opt/rustwide/cargo-home" "-e" "RUSTUP_HOME=/opt/rustwide/rustup-home" "-w" "/opt/rustwide/workdir" "-m" "1610612736" "--user" "0:0" "--network" "none" "ghcr.io/rust-lang/crates-build-env/linux@sha256:34b6a614d2c27851fe6cbf88fbd1137609cefab8b10d0615aaeb6fd47975d74e" "/opt/rustwide/cargo-home/bin/cargo" "+beta-2021-08-01" "test" "--frozen", kill_on_drop: false }`
[INFO] [stdout] 745e95274f10f01e0ad3202cf83f0dc193a4478552f86f96b4e8b2231e6a48a7
[INFO] running `Command { std: "docker" "start" "-a" "745e95274f10f01e0ad3202cf83f0dc193a4478552f86f96b4e8b2231e6a48a7", kill_on_drop: false }`
[INFO] [stderr] warning: function is never used: `case_sensitive`
[INFO] [stderr]   --> src/lib.rs:91:8
[INFO] [stderr]    |
[INFO] [stderr] 91 |     fn case_sensitive(){
[INFO] [stderr]    |        ^^^^^^^^^^^^^^
[INFO] [stderr]    |
[INFO] [stderr]    = note: `#[warn(dead_code)]` on by default
[INFO] [stderr] 
[INFO] [stderr] warning: `minigrep_nis` (lib test) generated 1 warning
[INFO] [stderr] warning: function is never used: `simulated_expensive_calculation`
[INFO] [stderr]   --> src/main.rs:41:4
[INFO] [stderr]    |
[INFO] [stderr] 41 | fn simulated_expensive_calculation(intensity: u32) -> u32 {
[INFO] [stderr]    |    ^^^^^^^^^^^^^^^^^^^^^^^^^^^^^^^
[INFO] [stderr]    |
[INFO] [stderr]    = note: `#[warn(dead_code)]` on by default
[INFO] [stderr] 
[INFO] [stderr] warning: function is never used: `generate_workout`
[INFO] [stderr]   --> src/main.rs:46:4
[INFO] [stderr]    |
[INFO] [stderr] 46 | fn generate_workout(intensity: u32, random_number: u32) {
[INFO] [stderr]    |    ^^^^^^^^^^^^^^^^
[INFO] [stderr] 
[INFO] [stderr] warning: `minigrep_nis` (bin "minigrep_nis" test) generated 2 warnings
[INFO] [stderr]     Finished test [optimized + debuginfo] target(s) in 0.00s
[INFO] [stderr]      Running unittests (/opt/rustwide/target/debug/deps/minigrep_nis-27d6372965ff563c)
[INFO] [stdout] 
[INFO] [stdout] running 2 tests
[INFO] [stdout] test tests::case_insensitive ... ok
[INFO] [stdout] test tests::one_result ... ok
[INFO] [stdout] 
[INFO] [stdout] test result: ok. 2 passed; 0 failed; 0 ignored; 0 measured; 0 filtered out; finished in 0.00s
[INFO] [stdout] 
[INFO] [stderr]      Running unittests (/opt/rustwide/target/debug/deps/minigrep_nis-da72eb220293da2c)
[INFO] [stdout] 
[INFO] [stdout] running 0 tests
[INFO] [stdout] 
[INFO] [stdout] test result: ok. 0 passed; 0 failed; 0 ignored; 0 measured; 0 filtered out; finished in 0.00s
[INFO] [stdout] 
[INFO] [stderr]    Doc-tests minigrep_nis
[INFO] [stdout] 
[INFO] [stdout] running 1 test
[INFO] [stdout] test src/lib.rs - run (line 27) ... FAILED
[INFO] [stdout] 
[INFO] [stdout] failures:
[INFO] [stdout] 
[INFO] [stdout] ---- src/lib.rs - run (line 27) stdout ----
[INFO] [stdout] error[E0433]: failed to resolve: use of undeclared crate or module `my_crate`
[INFO] [stdout]  --> src/lib.rs:29:14
[INFO] [stdout]   |
[INFO] [stdout] 4 | let answer = my_crate::add_one(arg);
[INFO] [stdout]   |              ^^^^^^^^ use of undeclared crate or module `my_crate`
[INFO] [stdout] 
[INFO] [stdout] error: aborting due to previous error
[INFO] [stdout] 
[INFO] [stdout] For more information about this error, try `rustc --explain E0433`.
[INFO] [stdout] Couldn't compile the test.
[INFO] [stdout] 
[INFO] [stdout] failures:
[INFO] [stdout]     src/lib.rs - run (line 27)
[INFO] [stdout] 
[INFO] [stdout] test result: FAILED. 0 passed; 1 failed; 0 ignored; 0 measured; 0 filtered out; finished in 0.08s
[INFO] [stdout] 
[INFO] [stderr] error: test failed, to rerun pass '--doc'
[INFO] running `Command { std: "docker" "inspect" "745e95274f10f01e0ad3202cf83f0dc193a4478552f86f96b4e8b2231e6a48a7", kill_on_drop: false }`
[INFO] running `Command { std: "docker" "rm" "-f" "745e95274f10f01e0ad3202cf83f0dc193a4478552f86f96b4e8b2231e6a48a7", kill_on_drop: false }`
[INFO] [stdout] 745e95274f10f01e0ad3202cf83f0dc193a4478552f86f96b4e8b2231e6a48a7
