[INFO] fetching crate min_max_macros 0.1.1...
[INFO] testing min_max_macros-0.1.1 against 1.54.0 for beta-1.55-1
[INFO] extracting crate min_max_macros 0.1.1 into /workspace/builds/worker-113/source
[INFO] validating manifest of crates.io crate min_max_macros 0.1.1 on toolchain 1.54.0
[INFO] running `Command { std: "/workspace/cargo-home/bin/cargo" "+1.54.0" "metadata" "--manifest-path" "Cargo.toml" "--no-deps", kill_on_drop: false }`
[INFO] started tweaking crates.io crate min_max_macros 0.1.1
[INFO] finished tweaking crates.io crate min_max_macros 0.1.1
[INFO] tweaked toml for crates.io crate min_max_macros 0.1.1 written to /workspace/builds/worker-113/source/Cargo.toml
[INFO] running `Command { std: "/workspace/cargo-home/bin/cargo" "+1.54.0" "generate-lockfile" "--manifest-path" "Cargo.toml" "-Zno-index-update", kill_on_drop: false }`
[INFO] [stderr]     Blocking waiting for file lock on package cache
[INFO] running `Command { std: "/workspace/cargo-home/bin/cargo" "+1.54.0" "fetch" "--manifest-path" "Cargo.toml", kill_on_drop: false }`
[INFO] [stderr]     Blocking waiting for file lock on package cache
[INFO] [stderr]     Blocking waiting for file lock on package cache
[INFO] running `Command { std: "docker" "create" "-v" "/var/lib/crater-agent-workspace/builds/worker-113/target:/opt/rustwide/target:rw,Z" "-v" "/var/lib/crater-agent-workspace/builds/worker-113/source:/opt/rustwide/workdir:ro,Z" "-v" "/var/lib/crater-agent-workspace/cargo-home:/opt/rustwide/cargo-home:ro,Z" "-v" "/var/lib/crater-agent-workspace/rustup-home:/opt/rustwide/rustup-home:ro,Z" "-e" "SOURCE_DIR=/opt/rustwide/workdir" "-e" "CARGO_TARGET_DIR=/opt/rustwide/target" "-e" "CARGO_HOME=/opt/rustwide/cargo-home" "-e" "RUSTUP_HOME=/opt/rustwide/rustup-home" "-w" "/opt/rustwide/workdir" "-m" "1610612736" "--user" "0:0" "--network" "none" "ghcr.io/rust-lang/crates-build-env/linux@sha256:34b6a614d2c27851fe6cbf88fbd1137609cefab8b10d0615aaeb6fd47975d74e" "/opt/rustwide/cargo-home/bin/cargo" "+1.54.0" "metadata" "--no-deps" "--format-version=1", kill_on_drop: false }`
[INFO] [stdout] 00b0eaf421e0b412a440cdc816dacf34d0f07ef8a3835aea06e7b48577b448cc
[INFO] running `Command { std: "docker" "start" "-a" "00b0eaf421e0b412a440cdc816dacf34d0f07ef8a3835aea06e7b48577b448cc", kill_on_drop: false }`
[INFO] running `Command { std: "docker" "inspect" "00b0eaf421e0b412a440cdc816dacf34d0f07ef8a3835aea06e7b48577b448cc", kill_on_drop: false }`
[INFO] running `Command { std: "docker" "rm" "-f" "00b0eaf421e0b412a440cdc816dacf34d0f07ef8a3835aea06e7b48577b448cc", kill_on_drop: false }`
[INFO] [stdout] 00b0eaf421e0b412a440cdc816dacf34d0f07ef8a3835aea06e7b48577b448cc
[INFO] running `Command { std: "docker" "create" "-v" "/var/lib/crater-agent-workspace/builds/worker-113/target:/opt/rustwide/target:rw,Z" "-v" "/var/lib/crater-agent-workspace/builds/worker-113/source:/opt/rustwide/workdir:ro,Z" "-v" "/var/lib/crater-agent-workspace/cargo-home:/opt/rustwide/cargo-home:ro,Z" "-v" "/var/lib/crater-agent-workspace/rustup-home:/opt/rustwide/rustup-home:ro,Z" "-e" "SOURCE_DIR=/opt/rustwide/workdir" "-e" "CARGO_TARGET_DIR=/opt/rustwide/target" "-e" "CARGO_INCREMENTAL=0" "-e" "RUST_BACKTRACE=full" "-e" "RUSTFLAGS=--cap-lints=warn" "-e" "CARGO_HOME=/opt/rustwide/cargo-home" "-e" "RUSTUP_HOME=/opt/rustwide/rustup-home" "-w" "/opt/rustwide/workdir" "-m" "1610612736" "--user" "0:0" "--network" "none" "ghcr.io/rust-lang/crates-build-env/linux@sha256:34b6a614d2c27851fe6cbf88fbd1137609cefab8b10d0615aaeb6fd47975d74e" "/opt/rustwide/cargo-home/bin/cargo" "+1.54.0" "build" "--frozen" "--message-format=json", kill_on_drop: false }`
[INFO] [stdout] b1d312ed689d01f4ce768f5c8601c166a0353c16f1f34f282c57766b1f1b749f
[INFO] running `Command { std: "docker" "start" "-a" "b1d312ed689d01f4ce768f5c8601c166a0353c16f1f34f282c57766b1f1b749f", kill_on_drop: false }`
[INFO] [stderr]    Compiling min_max_macros v0.1.1 (/opt/rustwide/workdir)
[INFO] [stderr]     Finished dev [unoptimized + debuginfo] target(s) in 1.07s
[INFO] running `Command { std: "docker" "inspect" "b1d312ed689d01f4ce768f5c8601c166a0353c16f1f34f282c57766b1f1b749f", kill_on_drop: false }`
[INFO] running `Command { std: "docker" "rm" "-f" "b1d312ed689d01f4ce768f5c8601c166a0353c16f1f34f282c57766b1f1b749f", kill_on_drop: false }`
[INFO] [stdout] b1d312ed689d01f4ce768f5c8601c166a0353c16f1f34f282c57766b1f1b749f
[INFO] running `Command { std: "docker" "create" "-v" "/var/lib/crater-agent-workspace/builds/worker-113/target:/opt/rustwide/target:rw,Z" "-v" "/var/lib/crater-agent-workspace/builds/worker-113/source:/opt/rustwide/workdir:ro,Z" "-v" "/var/lib/crater-agent-workspace/cargo-home:/opt/rustwide/cargo-home:ro,Z" "-v" "/var/lib/crater-agent-workspace/rustup-home:/opt/rustwide/rustup-home:ro,Z" "-e" "SOURCE_DIR=/opt/rustwide/workdir" "-e" "CARGO_TARGET_DIR=/opt/rustwide/target" "-e" "CARGO_INCREMENTAL=0" "-e" "RUST_BACKTRACE=full" "-e" "RUSTFLAGS=--cap-lints=warn" "-e" "CARGO_HOME=/opt/rustwide/cargo-home" "-e" "RUSTUP_HOME=/opt/rustwide/rustup-home" "-w" "/opt/rustwide/workdir" "-m" "1610612736" "--user" "0:0" "--network" "none" "ghcr.io/rust-lang/crates-build-env/linux@sha256:34b6a614d2c27851fe6cbf88fbd1137609cefab8b10d0615aaeb6fd47975d74e" "/opt/rustwide/cargo-home/bin/cargo" "+1.54.0" "test" "--frozen" "--no-run" "--message-format=json", kill_on_drop: false }`
[INFO] [stdout] 7eb4e4576f5ebbb82fd299952cdede5e03ac1e77bc59ef7a9f83a45c81a0ec40
[INFO] running `Command { std: "docker" "start" "-a" "7eb4e4576f5ebbb82fd299952cdede5e03ac1e77bc59ef7a9f83a45c81a0ec40", kill_on_drop: false }`
[INFO] [stderr]     Blocking waiting for file lock on package cache
[INFO] [stderr]    Compiling min_max_macros v0.1.1 (/opt/rustwide/workdir)
[INFO] [stderr]     Finished test [unoptimized + debuginfo] target(s) in 0.97s
[INFO] running `Command { std: "docker" "inspect" "7eb4e4576f5ebbb82fd299952cdede5e03ac1e77bc59ef7a9f83a45c81a0ec40", kill_on_drop: false }`
[INFO] running `Command { std: "docker" "rm" "-f" "7eb4e4576f5ebbb82fd299952cdede5e03ac1e77bc59ef7a9f83a45c81a0ec40", kill_on_drop: false }`
[INFO] [stdout] 7eb4e4576f5ebbb82fd299952cdede5e03ac1e77bc59ef7a9f83a45c81a0ec40
[INFO] running `Command { std: "docker" "create" "-v" "/var/lib/crater-agent-workspace/builds/worker-113/target:/opt/rustwide/target:rw,Z" "-v" "/var/lib/crater-agent-workspace/builds/worker-113/source:/opt/rustwide/workdir:ro,Z" "-v" "/var/lib/crater-agent-workspace/cargo-home:/opt/rustwide/cargo-home:ro,Z" "-v" "/var/lib/crater-agent-workspace/rustup-home:/opt/rustwide/rustup-home:ro,Z" "-e" "SOURCE_DIR=/opt/rustwide/workdir" "-e" "CARGO_TARGET_DIR=/opt/rustwide/target" "-e" "CARGO_INCREMENTAL=0" "-e" "RUST_BACKTRACE=full" "-e" "RUSTFLAGS=--cap-lints=warn" "-e" "CARGO_HOME=/opt/rustwide/cargo-home" "-e" "RUSTUP_HOME=/opt/rustwide/rustup-home" "-w" "/opt/rustwide/workdir" "-m" "1610612736" "--user" "0:0" "--network" "none" "ghcr.io/rust-lang/crates-build-env/linux@sha256:34b6a614d2c27851fe6cbf88fbd1137609cefab8b10d0615aaeb6fd47975d74e" "/opt/rustwide/cargo-home/bin/cargo" "+1.54.0" "test" "--frozen", kill_on_drop: false }`
[INFO] [stdout] 5bb30b512437c14e9f0601dd8793128d0755b7dbca5a5c7f4c1c9a747bc12ce5
[INFO] running `Command { std: "docker" "start" "-a" "5bb30b512437c14e9f0601dd8793128d0755b7dbca5a5c7f4c1c9a747bc12ce5", kill_on_drop: false }`
[INFO] [stderr]     Finished test [unoptimized + debuginfo] target(s) in 0.00s
[INFO] [stderr]      Running unittests (/opt/rustwide/target/debug/deps/min_max_macros-9ccff428963f13e9)
[INFO] [stdout] 
[INFO] [stdout] running 2 tests
[INFO] [stdout] test test_max ... ok
[INFO] [stdout] test test_min ... ok
[INFO] [stdout] 
[INFO] [stdout] test result: ok. 2 passed; 0 failed; 0 ignored; 0 measured; 0 filtered out; finished in 0.00s
[INFO] [stdout] 
[INFO] [stderr]    Doc-tests min_max_macros
[INFO] [stdout] 
[INFO] [stdout] running 4 tests
[INFO] [stdout] test src/lib.rs - max (line 25) ... FAILED
[INFO] [stdout] test src/lib.rs - max_f (line 75) ... FAILED
[INFO] [stdout] test src/lib.rs - min_f (line 57) ... FAILED
[INFO] [stdout] test src/lib.rs - min (line 7) ... FAILED
[INFO] [stdout] 
[INFO] [stdout] failures:
[INFO] [stdout] 
[INFO] [stdout] ---- src/lib.rs - max (line 25) stdout ----
[INFO] [stdout] error: expected expression, found `=`
[INFO] [stdout]  --> src/lib.rs:27:1
[INFO] [stdout]   |
[INFO] [stdout] 4 | = 7
[INFO] [stdout]   | ^ expected expression
[INFO] [stdout] 
[INFO] [stdout] error: cannot find macro `max` in this scope
[INFO] [stdout]  --> src/lib.rs:26:1
[INFO] [stdout]   |
[INFO] [stdout] 3 | max!(3, 7, 2, 5);
[INFO] [stdout]   | ^^^
[INFO] [stdout] 
[INFO] [stdout] error: aborting due to 2 previous errors
[INFO] [stdout] 
[INFO] [stdout] Couldn't compile the test.
[INFO] [stdout] ---- src/lib.rs - max_f (line 75) stdout ----
[INFO] [stdout] error: expected expression, found `=`
[INFO] [stdout]  --> src/lib.rs:77:1
[INFO] [stdout]   |
[INFO] [stdout] 4 | = 7.6
[INFO] [stdout]   | ^ expected expression
[INFO] [stdout] 
[INFO] [stdout] error: cannot find macro `max_f` in this scope
[INFO] [stdout]  --> src/lib.rs:76:1
[INFO] [stdout]   |
[INFO] [stdout] 3 | max_f!(3.1, 7.6, 2.3, 5.0);
[INFO] [stdout]   | ^^^^^
[INFO] [stdout] 
[INFO] [stdout] error: aborting due to 2 previous errors
[INFO] [stdout] 
[INFO] [stdout] Couldn't compile the test.
[INFO] [stdout] ---- src/lib.rs - min_f (line 57) stdout ----
[INFO] [stdout] error: expected expression, found `=`
[INFO] [stdout]  --> src/lib.rs:59:1
[INFO] [stdout]   |
[INFO] [stdout] 4 | = 2.3
[INFO] [stdout]   | ^ expected expression
[INFO] [stdout] 
[INFO] [stdout] error: cannot find macro `min_f` in this scope
[INFO] [stdout]  --> src/lib.rs:58:1
[INFO] [stdout]   |
[INFO] [stdout] 3 | min_f!(3.1, 7.6, 2.3, 5.0);
[INFO] [stdout]   | ^^^^^
[INFO] [stdout] 
[INFO] [stdout] error: aborting due to 2 previous errors
[INFO] [stdout] 
[INFO] [stdout] Couldn't compile the test.
[INFO] [stdout] ---- src/lib.rs - min (line 7) stdout ----
[INFO] [stdout] error: expected expression, found `=`
[INFO] [stdout]  --> src/lib.rs:9:1
[INFO] [stdout]   |
[INFO] [stdout] 4 | = 2
[INFO] [stdout]   | ^ expected expression
[INFO] [stdout] 
[INFO] [stdout] error: cannot find macro `min` in this scope
[INFO] [stdout]  --> src/lib.rs:8:1
[INFO] [stdout]   |
[INFO] [stdout] 3 | min!(3, 7, 2, 5);
[INFO] [stdout]   | ^^^
[INFO] [stdout] 
[INFO] [stdout] error: aborting due to 2 previous errors
[INFO] [stdout] 
[INFO] [stdout] Couldn't compile the test.
[INFO] [stdout] 
[INFO] [stdout] failures:
[INFO] [stdout]     src/lib.rs - max (line 25)
[INFO] [stdout]     src/lib.rs - max_f (line 75)
[INFO] [stdout]     src/lib.rs - min (line 7)
[INFO] [stdout]     src/lib.rs - min_f (line 57)
[INFO] [stdout] 
[INFO] [stdout] test result: FAILED. 0 passed; 4 failed; 0 ignored; 0 measured; 0 filtered out; finished in 0.06s
[INFO] [stdout] 
[INFO] [stderr] error: test failed, to rerun pass '--doc'
[INFO] running `Command { std: "docker" "inspect" "5bb30b512437c14e9f0601dd8793128d0755b7dbca5a5c7f4c1c9a747bc12ce5", kill_on_drop: false }`
[INFO] running `Command { std: "docker" "rm" "-f" "5bb30b512437c14e9f0601dd8793128d0755b7dbca5a5c7f4c1c9a747bc12ce5", kill_on_drop: false }`
[INFO] [stdout] 5bb30b512437c14e9f0601dd8793128d0755b7dbca5a5c7f4c1c9a747bc12ce5
