[INFO] fetching crate mimeograph_crumble 0.1.2...
[INFO] testing mimeograph_crumble-0.1.2 against 1.54.0 for beta-1.55-1
[INFO] extracting crate mimeograph_crumble 0.1.2 into /workspace/builds/worker-34/source
[INFO] validating manifest of crates.io crate mimeograph_crumble 0.1.2 on toolchain 1.54.0
[INFO] running `Command { std: "/workspace/cargo-home/bin/cargo" "+1.54.0" "metadata" "--manifest-path" "Cargo.toml" "--no-deps", kill_on_drop: false }`
[INFO] started tweaking crates.io crate mimeograph_crumble 0.1.2
[INFO] finished tweaking crates.io crate mimeograph_crumble 0.1.2
[INFO] tweaked toml for crates.io crate mimeograph_crumble 0.1.2 written to /workspace/builds/worker-34/source/Cargo.toml
[INFO] running `Command { std: "/workspace/cargo-home/bin/cargo" "+1.54.0" "generate-lockfile" "--manifest-path" "Cargo.toml" "-Zno-index-update", kill_on_drop: false }`
[INFO] running `Command { std: "/workspace/cargo-home/bin/cargo" "+1.54.0" "fetch" "--manifest-path" "Cargo.toml", kill_on_drop: false }`
[INFO] [stderr]     Blocking waiting for file lock on package cache
[INFO] running `Command { std: "docker" "create" "-v" "/var/lib/crater-agent-workspace/builds/worker-34/target:/opt/rustwide/target:rw,Z" "-v" "/var/lib/crater-agent-workspace/builds/worker-34/source:/opt/rustwide/workdir:ro,Z" "-v" "/var/lib/crater-agent-workspace/cargo-home:/opt/rustwide/cargo-home:ro,Z" "-v" "/var/lib/crater-agent-workspace/rustup-home:/opt/rustwide/rustup-home:ro,Z" "-e" "SOURCE_DIR=/opt/rustwide/workdir" "-e" "CARGO_TARGET_DIR=/opt/rustwide/target" "-e" "CARGO_HOME=/opt/rustwide/cargo-home" "-e" "RUSTUP_HOME=/opt/rustwide/rustup-home" "-w" "/opt/rustwide/workdir" "-m" "1610612736" "--user" "0:0" "--network" "none" "ghcr.io/rust-lang/crates-build-env/linux@sha256:34b6a614d2c27851fe6cbf88fbd1137609cefab8b10d0615aaeb6fd47975d74e" "/opt/rustwide/cargo-home/bin/cargo" "+1.54.0" "metadata" "--no-deps" "--format-version=1", kill_on_drop: false }`
[INFO] [stdout] 45b740e2fa9000a55eb87759543220c7ca495dda2e1bcb6f05a288635bc635ed
[INFO] running `Command { std: "docker" "start" "-a" "45b740e2fa9000a55eb87759543220c7ca495dda2e1bcb6f05a288635bc635ed", kill_on_drop: false }`
[INFO] running `Command { std: "docker" "inspect" "45b740e2fa9000a55eb87759543220c7ca495dda2e1bcb6f05a288635bc635ed", kill_on_drop: false }`
[INFO] running `Command { std: "docker" "rm" "-f" "45b740e2fa9000a55eb87759543220c7ca495dda2e1bcb6f05a288635bc635ed", kill_on_drop: false }`
[INFO] [stdout] 45b740e2fa9000a55eb87759543220c7ca495dda2e1bcb6f05a288635bc635ed
[INFO] running `Command { std: "docker" "create" "-v" "/var/lib/crater-agent-workspace/builds/worker-34/target:/opt/rustwide/target:rw,Z" "-v" "/var/lib/crater-agent-workspace/builds/worker-34/source:/opt/rustwide/workdir:ro,Z" "-v" "/var/lib/crater-agent-workspace/cargo-home:/opt/rustwide/cargo-home:ro,Z" "-v" "/var/lib/crater-agent-workspace/rustup-home:/opt/rustwide/rustup-home:ro,Z" "-e" "SOURCE_DIR=/opt/rustwide/workdir" "-e" "CARGO_TARGET_DIR=/opt/rustwide/target" "-e" "CARGO_INCREMENTAL=0" "-e" "RUST_BACKTRACE=full" "-e" "RUSTFLAGS=--cap-lints=warn" "-e" "CARGO_HOME=/opt/rustwide/cargo-home" "-e" "RUSTUP_HOME=/opt/rustwide/rustup-home" "-w" "/opt/rustwide/workdir" "-m" "1610612736" "--user" "0:0" "--network" "none" "ghcr.io/rust-lang/crates-build-env/linux@sha256:34b6a614d2c27851fe6cbf88fbd1137609cefab8b10d0615aaeb6fd47975d74e" "/opt/rustwide/cargo-home/bin/cargo" "+1.54.0" "build" "--frozen" "--message-format=json", kill_on_drop: false }`
[INFO] [stdout] b4cdafc9c44969db29aedb0d3740f5f7202b38c6779e6adcc652b3f18971188f
[INFO] running `Command { std: "docker" "start" "-a" "b4cdafc9c44969db29aedb0d3740f5f7202b38c6779e6adcc652b3f18971188f", kill_on_drop: false }`
[INFO] [stderr]    Compiling mimeograph_crumble v0.1.2 (/opt/rustwide/workdir)
[INFO] [stderr]     Finished dev [unoptimized + debuginfo] target(s) in 0.44s
[INFO] running `Command { std: "docker" "inspect" "b4cdafc9c44969db29aedb0d3740f5f7202b38c6779e6adcc652b3f18971188f", kill_on_drop: false }`
[INFO] running `Command { std: "docker" "rm" "-f" "b4cdafc9c44969db29aedb0d3740f5f7202b38c6779e6adcc652b3f18971188f", kill_on_drop: false }`
[INFO] [stdout] b4cdafc9c44969db29aedb0d3740f5f7202b38c6779e6adcc652b3f18971188f
[INFO] running `Command { std: "docker" "create" "-v" "/var/lib/crater-agent-workspace/builds/worker-34/target:/opt/rustwide/target:rw,Z" "-v" "/var/lib/crater-agent-workspace/builds/worker-34/source:/opt/rustwide/workdir:ro,Z" "-v" "/var/lib/crater-agent-workspace/cargo-home:/opt/rustwide/cargo-home:ro,Z" "-v" "/var/lib/crater-agent-workspace/rustup-home:/opt/rustwide/rustup-home:ro,Z" "-e" "SOURCE_DIR=/opt/rustwide/workdir" "-e" "CARGO_TARGET_DIR=/opt/rustwide/target" "-e" "CARGO_INCREMENTAL=0" "-e" "RUST_BACKTRACE=full" "-e" "RUSTFLAGS=--cap-lints=warn" "-e" "CARGO_HOME=/opt/rustwide/cargo-home" "-e" "RUSTUP_HOME=/opt/rustwide/rustup-home" "-w" "/opt/rustwide/workdir" "-m" "1610612736" "--user" "0:0" "--network" "none" "ghcr.io/rust-lang/crates-build-env/linux@sha256:34b6a614d2c27851fe6cbf88fbd1137609cefab8b10d0615aaeb6fd47975d74e" "/opt/rustwide/cargo-home/bin/cargo" "+1.54.0" "test" "--frozen" "--no-run" "--message-format=json", kill_on_drop: false }`
[INFO] [stdout] 8a384a6699f0eafaed056c242515da6c4b4ca3fdcb32209ed9a21b14d81c8245
[INFO] running `Command { std: "docker" "start" "-a" "8a384a6699f0eafaed056c242515da6c4b4ca3fdcb32209ed9a21b14d81c8245", kill_on_drop: false }`
[INFO] [stderr]    Compiling mimeograph_crumble v0.1.2 (/opt/rustwide/workdir)
[INFO] [stderr]     Finished test [unoptimized + debuginfo] target(s) in 1.38s
[INFO] running `Command { std: "docker" "inspect" "8a384a6699f0eafaed056c242515da6c4b4ca3fdcb32209ed9a21b14d81c8245", kill_on_drop: false }`
[INFO] running `Command { std: "docker" "rm" "-f" "8a384a6699f0eafaed056c242515da6c4b4ca3fdcb32209ed9a21b14d81c8245", kill_on_drop: false }`
[INFO] [stdout] 8a384a6699f0eafaed056c242515da6c4b4ca3fdcb32209ed9a21b14d81c8245
[INFO] running `Command { std: "docker" "create" "-v" "/var/lib/crater-agent-workspace/builds/worker-34/target:/opt/rustwide/target:rw,Z" "-v" "/var/lib/crater-agent-workspace/builds/worker-34/source:/opt/rustwide/workdir:ro,Z" "-v" "/var/lib/crater-agent-workspace/cargo-home:/opt/rustwide/cargo-home:ro,Z" "-v" "/var/lib/crater-agent-workspace/rustup-home:/opt/rustwide/rustup-home:ro,Z" "-e" "SOURCE_DIR=/opt/rustwide/workdir" "-e" "CARGO_TARGET_DIR=/opt/rustwide/target" "-e" "CARGO_INCREMENTAL=0" "-e" "RUST_BACKTRACE=full" "-e" "RUSTFLAGS=--cap-lints=warn" "-e" "CARGO_HOME=/opt/rustwide/cargo-home" "-e" "RUSTUP_HOME=/opt/rustwide/rustup-home" "-w" "/opt/rustwide/workdir" "-m" "1610612736" "--user" "0:0" "--network" "none" "ghcr.io/rust-lang/crates-build-env/linux@sha256:34b6a614d2c27851fe6cbf88fbd1137609cefab8b10d0615aaeb6fd47975d74e" "/opt/rustwide/cargo-home/bin/cargo" "+1.54.0" "test" "--frozen", kill_on_drop: false }`
[INFO] [stdout] 0511ffb78d5bf72f2ee06cd0dcd7361d9124049debd4281ae54c8a1fc5addf82
[INFO] running `Command { std: "docker" "start" "-a" "0511ffb78d5bf72f2ee06cd0dcd7361d9124049debd4281ae54c8a1fc5addf82", kill_on_drop: false }`
[INFO] [stderr]     Finished test [unoptimized + debuginfo] target(s) in 0.02s
[INFO] [stderr]      Running unittests (/opt/rustwide/target/debug/deps/mimeograph_crumble-7ebc4bf80ff2c7f1)
[INFO] [stdout] 
[INFO] [stdout] running 16 tests
[INFO] [stdout] test jar::test::add_remove_add ... ok
[INFO] [stdout] test jar::test::delta ... ok
[INFO] [stdout] test jar::test::empty_delta ... ok
[INFO] [stdout] test jar::test::jar_is_send ... ok
[INFO] [stdout] test jar::test::remove_with_path ... ok
[INFO] [stdout] test jar::test::replace_original ... ok
[INFO] [stdout] test jar::test::replace_remove ... ok
[INFO] [stdout] test jar::test::simple ... ok
[INFO] [stdout] test parse::tests::odd_characters ... ok
[INFO] [stdout] test parse::tests::parse_same_site ... ok
[INFO] [stdout] test parse::tests::parse_very_large_max_ages ... ok
[INFO] [stdout] test tests::cookie_string_long_lifetimes ... ok
[INFO] [stdout] test parse::tests::parse ... ok
[INFO] [stdout] test tests::format ... ok
[INFO] [stdout] test tests::owned_cookie_string ... ok
[INFO] [stdout] test tests::owned_cookie_struct ... ok
[INFO] [stdout] 
[INFO] [stdout] test result: ok. 16 passed; 0 failed; 0 ignored; 0 measured; 0 filtered out; finished in 0.02s
[INFO] [stdout] 
[INFO] [stderr]    Doc-tests mimeograph_crumble
[INFO] [stdout] 
[INFO] [stdout] running 59 tests
[INFO] [stdout] test src/lib.rs - Cookie::parse (line 233) ... FAILED
[INFO] [stdout] test src/lib.rs - Cookie::value_raw (line 813) ... FAILED
[INFO] [stdout] test src/lib.rs - Cookie::set_secure (line 524) ... FAILED
[INFO] [stdout] test src/lib.rs - Cookie::path (line 419) ... FAILED
[INFO] [stdout] test src/lib.rs - Cookie::name_value (line 307) ... FAILED
[INFO] [stdout] test src/lib.rs - Cookie::same_site (line 386) ... FAILED
[INFO] [stdout] test src/lib.rs - Cookie::set_same_site (line 554) ... FAILED
[INFO] [stdout] test src/jar.rs - jar::CookieJar::reset_delta (line 286) ... FAILED
[INFO] [stdout] test src/lib.rs - Cookie::path_raw (line 845) ... FAILED
[INFO] [stdout] test src/lib.rs - Cookie::name_raw (line 782) ... FAILED
[INFO] [stdout] test src/lib.rs - Cookie::secure (line 357) ... FAILED
[INFO] [stdout] test src/jar.rs - jar::CookieJar::add (line 155) ... FAILED
[INFO] [stdout] test src/lib.rs - Cookie::set_domain (line 651) ... FAILED
[INFO] [stdout] test src/jar.rs - jar::CookieJar::add_original (line 133) ... FAILED
[INFO] [stdout] test src/lib.rs - Cookie::set_http_only (line 499) ... FAILED
[INFO] [stdout] test src/jar.rs - jar::CookieJar::force_remove (line 248) ... FAILED
[INFO] [stdout] test src/lib.rs - Cookie::unset_domain (line 668) ... FAILED
[INFO] [stdout] test src/lib.rs - Cookie::named (line 195) ... FAILED
[INFO] [stdout] test src/builder.rs - builder::CookieBuilder::new (line 45) ... FAILED
[INFO] [stdout] test src/lib.rs - Cookie (line 119) ... FAILED
[INFO] [stdout] test src/lib.rs - Cookie::make_permanent (line 689) ... FAILED
[INFO] [stdout] test src/lib.rs - Cookie::unset_path (line 631) ... FAILED
[INFO] [stdout] test src/lib.rs - Cookie::fmt (line 909) ... FAILED
[INFO] [stdout] test src/lib.rs - Cookie::domain (line 443) ... FAILED
[INFO] [stdout] test src/builder.rs - builder::CookieBuilder::domain (line 89) ... FAILED
[INFO] [stdout] test src/lib.rs - Cookie::set_path (line 614) ... FAILED
[INFO] [stdout] test src/lib.rs - Cookie::domain_raw (line 879) ... FAILED
[INFO] [stdout] test src/builder.rs - builder::CookieBuilder::max_age (line 65) ... FAILED
[INFO] [stdout] test src/builder.rs - builder::CookieBuilder::http_only (line 144) ... FAILED
[INFO] [stdout] test src/lib.rs - Cookie::max_age (line 401) ... FAILED
[INFO] [stdout] test src/lib.rs - Cookie::set_max_age (line 588) ... FAILED
[INFO] [stdout] test src/jar.rs - jar::CookieJar (line 56) ... FAILED
[INFO] [stdout] test src/builder.rs - builder::CookieBuilder::permanent (line 183) ... FAILED
[INFO] [stdout] test src/lib.rs - Cookie::into_owned (line 252) ... FAILED
[INFO] [stdout] test src/jar.rs - jar::CookieJar (line 29) ... FAILED
[INFO] [stdout] test src/lib.rs - Cookie::make_removal (line 713) ... FAILED
[INFO] [stdout] test src/builder.rs - builder::CookieBuilder::same_site (line 163) ... FAILED
[INFO] [stdout] test src/jar.rs - jar::CookieJar::new (line 88) ... FAILED
[INFO] [stdout] test src/jar.rs - jar::CookieJar::delta (line 322) ... FAILED
[INFO] [stdout] test src/lib.rs - Cookie::value (line 292) ... FAILED
[INFO] [stdout] test src/jar.rs - jar::CookieJar::remove (line 185) ... FAILED
[INFO] [stdout] test src/draft.rs - draft::SameSite::is_lax (line 63) ... ok
[INFO] [stdout] test src/draft.rs - draft::SameSite::is_none (line 83) ... ok
[INFO] [stdout] test src/draft.rs - draft::SameSite::is_strict (line 43) ... ok
[INFO] [stdout] test src/lib.rs - Cookie::set_name (line 464) ... ok
[INFO] [stdout] test src/jar.rs - jar::CookieJar (line 17) ... ok
[INFO] [stdout] test src/builder.rs - builder::CookieBuilder::path (line 107) ... ok
[INFO] [stdout] test src/lib.rs - Cookie (line 129) ... ok
[INFO] [stdout] test src/builder.rs - builder::CookieBuilder::finish (line 207) ... ok
[INFO] [stdout] test src/builder.rs - builder::CookieBuilder (line 16) ... ok
[INFO] [stdout] test src/lib.rs - Cookie::new (line 167) ... ok
[INFO] [stdout] test src/jar.rs - jar::CookieJar::iter (line 351) ... ok
[INFO] [stdout] test src/builder.rs - builder::CookieBuilder::secure (line 125) ... ok
[INFO] [stdout] test src/lib.rs - Cookie::http_only (line 325) ... ok
[INFO] [stdout] test src/lib.rs - Cookie::build (line 214) ... ok
[INFO] [stdout] test src/lib.rs - Cookie::name (line 277) ... ok
[INFO] [stdout] test src/jar.rs - jar::CookieJar::remove (line 211) ... ok
[INFO] [stdout] test src/jar.rs - jar::CookieJar::get (line 103) ... ok
[INFO] [stdout] test src/lib.rs - Cookie::set_value (line 481) ... ok
[INFO] [stdout] 
[INFO] [stdout] failures:
[INFO] [stdout] 
[INFO] [stdout] ---- src/lib.rs - Cookie::parse (line 233) stdout ----
[INFO] [stdout] Couldn't compile the test.
[INFO] [stdout] ---- src/lib.rs - Cookie::value_raw (line 813) stdout ----
[INFO] [stdout] Couldn't compile the test.
[INFO] [stdout] ---- src/lib.rs - Cookie::set_secure (line 524) stdout ----
[INFO] [stdout] Couldn't compile the test.
[INFO] [stdout] ---- src/lib.rs - Cookie::path (line 419) stdout ----
[INFO] [stdout] Couldn't compile the test.
[INFO] [stdout] ---- src/lib.rs - Cookie::name_value (line 307) stdout ----
[INFO] [stdout] Couldn't compile the test.
[INFO] [stdout] ---- src/lib.rs - Cookie::same_site (line 386) stdout ----
[INFO] [stdout] Couldn't compile the test.
[INFO] [stdout] ---- src/lib.rs - Cookie::set_same_site (line 554) stdout ----
[INFO] [stdout] Couldn't compile the test.
[INFO] [stdout] ---- src/jar.rs - jar::CookieJar::reset_delta (line 286) stdout ----
[INFO] [stdout] Couldn't compile the test.
[INFO] [stdout] ---- src/lib.rs - Cookie::path_raw (line 845) stdout ----
[INFO] [stdout] Couldn't compile the test.
[INFO] [stdout] ---- src/lib.rs - Cookie::name_raw (line 782) stdout ----
[INFO] [stdout] Couldn't compile the test.
[INFO] [stdout] ---- src/lib.rs - Cookie::secure (line 357) stdout ----
[INFO] [stdout] Couldn't compile the test.
[INFO] [stdout] ---- src/jar.rs - jar::CookieJar::add (line 155) stdout ----
[INFO] [stdout] Couldn't compile the test.
[INFO] [stdout] ---- src/lib.rs - Cookie::set_domain (line 651) stdout ----
[INFO] [stdout] Couldn't compile the test.
[INFO] [stdout] ---- src/jar.rs - jar::CookieJar::add_original (line 133) stdout ----
[INFO] [stdout] Couldn't compile the test.
[INFO] [stdout] ---- src/lib.rs - Cookie::set_http_only (line 499) stdout ----
[INFO] [stdout] Couldn't compile the test.
[INFO] [stdout] ---- src/jar.rs - jar::CookieJar::force_remove (line 248) stdout ----
[INFO] [stdout] Couldn't compile the test.
[INFO] [stdout] ---- src/lib.rs - Cookie::unset_domain (line 668) stdout ----
[INFO] [stdout] Couldn't compile the test.
[INFO] [stdout] ---- src/lib.rs - Cookie::named (line 195) stdout ----
[INFO] [stdout] Couldn't compile the test.
[INFO] [stdout] ---- src/builder.rs - builder::CookieBuilder::new (line 45) stdout ----
[INFO] [stdout] Couldn't compile the test.
[INFO] [stdout] ---- src/lib.rs - Cookie (line 119) stdout ----
[INFO] [stdout] Couldn't compile the test.
[INFO] [stdout] ---- src/lib.rs - Cookie::make_permanent (line 689) stdout ----
[INFO] [stdout] Couldn't compile the test.
[INFO] [stdout] ---- src/lib.rs - Cookie::unset_path (line 631) stdout ----
[INFO] [stdout] Couldn't compile the test.
[INFO] [stdout] ---- src/lib.rs - Cookie::fmt (line 909) stdout ----
[INFO] [stdout] Couldn't compile the test.
[INFO] [stdout] ---- src/lib.rs - Cookie::domain (line 443) stdout ----
[INFO] [stdout] Couldn't compile the test.
[INFO] [stdout] ---- src/builder.rs - builder::CookieBuilder::domain (line 89) stdout ----
[INFO] [stdout] Couldn't compile the test.
[INFO] [stdout] ---- src/lib.rs - Cookie::set_path (line 614) stdout ----
[INFO] [stdout] Couldn't compile the test.
[INFO] [stdout] ---- src/lib.rs - Cookie::domain_raw (line 879) stdout ----
[INFO] [stdout] Couldn't compile the test.
[INFO] [stdout] ---- src/builder.rs - builder::CookieBuilder::max_age (line 65) stdout ----
[INFO] [stdout] Couldn't compile the test.
[INFO] [stdout] ---- src/builder.rs - builder::CookieBuilder::http_only (line 144) stdout ----
[INFO] [stdout] Couldn't compile the test.
[INFO] [stdout] ---- src/lib.rs - Cookie::max_age (line 401) stdout ----
[INFO] [stdout] Couldn't compile the test.
[INFO] [stdout] ---- src/lib.rs - Cookie::set_max_age (line 588) stdout ----
[INFO] [stdout] Couldn't compile the test.
[INFO] [stdout] ---- src/jar.rs - jar::CookieJar (line 56) stdout ----
[INFO] [stdout] Couldn't compile the test.
[INFO] [stdout] ---- src/builder.rs - builder::CookieBuilder::permanent (line 183) stdout ----
[INFO] [stdout] Couldn't compile the test.
[INFO] [stdout] ---- src/lib.rs - Cookie::into_owned (line 252) stdout ----
[INFO] [stdout] Couldn't compile the test.
[INFO] [stdout] ---- src/jar.rs - jar::CookieJar (line 29) stdout ----
[INFO] [stdout] Couldn't compile the test.
[INFO] [stdout] ---- src/lib.rs - Cookie::make_removal (line 713) stdout ----
[INFO] [stdout] Couldn't compile the test.
[INFO] [stdout] ---- src/builder.rs - builder::CookieBuilder::same_site (line 163) stdout ----
[INFO] [stdout] Couldn't compile the test.
[INFO] [stdout] ---- src/jar.rs - jar::CookieJar::new (line 88) stdout ----
[INFO] [stdout] Couldn't compile the test.
[INFO] [stdout] ---- src/jar.rs - jar::CookieJar::delta (line 322) stdout ----
[INFO] [stdout] Couldn't compile the test.
[INFO] [stdout] ---- src/lib.rs - Cookie::value (line 292) stdout ----
[INFO] [stdout] Couldn't compile the test.
[INFO] [stdout] ---- src/jar.rs - jar::CookieJar::remove (line 185) stdout ----
[INFO] [stdout] Couldn't compile the test.
[INFO] [stdout] 
[INFO] [stdout] failures:
[INFO] [stdout]     src/builder.rs - builder::CookieBuilder::domain (line 89)
[INFO] [stdout]     src/builder.rs - builder::CookieBuilder::http_only (line 144)
[INFO] [stdout]     src/builder.rs - builder::CookieBuilder::max_age (line 65)
[INFO] [stdout]     src/builder.rs - builder::CookieBuilder::new (line 45)
[INFO] [stdout]     src/builder.rs - builder::CookieBuilder::permanent (line 183)
[INFO] [stdout]     src/builder.rs - builder::CookieBuilder::same_site (line 163)
[INFO] [stdout]     src/jar.rs - jar::CookieJar (line 29)
[INFO] [stdout]     src/jar.rs - jar::CookieJar (line 56)
[INFO] [stdout]     src/jar.rs - jar::CookieJar::add (line 155)
[INFO] [stdout]     src/jar.rs - jar::CookieJar::add_original (line 133)
[INFO] [stdout]     src/jar.rs - jar::CookieJar::delta (line 322)
[INFO] [stdout]     src/jar.rs - jar::CookieJar::force_remove (line 248)
[INFO] [stdout]     src/jar.rs - jar::CookieJar::new (line 88)
[INFO] [stdout]     src/jar.rs - jar::CookieJar::remove (line 185)
[INFO] [stdout]     src/jar.rs - jar::CookieJar::reset_delta (line 286)
[INFO] [stdout]     src/lib.rs - Cookie (line 119)
[INFO] [stdout]     src/lib.rs - Cookie::domain (line 443)
[INFO] [stdout]     src/lib.rs - Cookie::domain_raw (line 879)
[INFO] [stdout]     src/lib.rs - Cookie::fmt (line 909)
[INFO] [stdout]     src/lib.rs - Cookie::into_owned (line 252)
[INFO] [stdout]     src/lib.rs - Cookie::make_permanent (line 689)
[INFO] [stdout]     src/lib.rs - Cookie::make_removal (line 713)
[INFO] [stdout]     src/lib.rs - Cookie::max_age (line 401)
[INFO] [stdout]     src/lib.rs - Cookie::name_raw (line 782)
[INFO] [stdout]     src/lib.rs - Cookie::name_value (line 307)
[INFO] [stdout]     src/lib.rs - Cookie::named (line 195)
[INFO] [stdout]     src/lib.rs - Cookie::parse (line 233)
[INFO] [stdout]     src/lib.rs - Cookie::path (line 419)
[INFO] [stdout]     src/lib.rs - Cookie::path_raw (line 845)
[INFO] [stdout]     src/lib.rs - Cookie::same_site (line 386)
[INFO] [stdout]     src/lib.rs - Cookie::secure (line 357)
[INFO] [stdout]     src/lib.rs - Cookie::set_domain (line 651)
[INFO] [stdout]     src/lib.rs - Cookie::set_http_only (line 499)
[INFO] [stdout]     src/lib.rs - Cookie::set_max_age (line 588)
[INFO] [stdout]     src/lib.rs - Cookie::set_path (line 614)
[INFO] [stdout]     src/lib.rs - Cookie::set_same_site (line 554)
[INFO] [stdout]     src/lib.rs - Cookie::set_secure (line 524)
[INFO] [stdout]     src/lib.rs - Cookie::unset_domain (line 668)
[INFO] [stdout]     src/lib.rs - Cookie::unset_path (line 631)
[INFO] [stdout]     src/lib.rs - Cookie::value (line 292)
[INFO] [stdout]     src/lib.rs - Cookie::value_raw (line 813)
[INFO] [stdout] 
[INFO] [stdout] test result: FAILED. 18 passed; 41 failed; 0 ignored; 0 measured; 0 filtered out; finished in 2.70s
[INFO] [stdout] 
[INFO] [stderr] error: test failed, to rerun pass '--doc'
[INFO] running `Command { std: "docker" "inspect" "0511ffb78d5bf72f2ee06cd0dcd7361d9124049debd4281ae54c8a1fc5addf82", kill_on_drop: false }`
[INFO] running `Command { std: "docker" "rm" "-f" "0511ffb78d5bf72f2ee06cd0dcd7361d9124049debd4281ae54c8a1fc5addf82", kill_on_drop: false }`
[INFO] [stdout] 0511ffb78d5bf72f2ee06cd0dcd7361d9124049debd4281ae54c8a1fc5addf82
