[INFO] fetching crate milter-callback 0.2.3...
[INFO] testing milter-callback-0.2.3 against beta-2021-08-01 for beta-1.55-1
[INFO] extracting crate milter-callback 0.2.3 into /workspace/builds/worker-88/source
[INFO] validating manifest of crates.io crate milter-callback 0.2.3 on toolchain beta-2021-08-01
[INFO] running `Command { std: "/workspace/cargo-home/bin/cargo" "+beta-2021-08-01" "metadata" "--manifest-path" "Cargo.toml" "--no-deps", kill_on_drop: false }`
[INFO] started tweaking crates.io crate milter-callback 0.2.3
[INFO] finished tweaking crates.io crate milter-callback 0.2.3
[INFO] tweaked toml for crates.io crate milter-callback 0.2.3 written to /workspace/builds/worker-88/source/Cargo.toml
[INFO] running `Command { std: "/workspace/cargo-home/bin/cargo" "+beta-2021-08-01" "generate-lockfile" "--manifest-path" "Cargo.toml" "-Zno-index-update", kill_on_drop: false }`
[INFO] running `Command { std: "/workspace/cargo-home/bin/cargo" "+beta-2021-08-01" "fetch" "--manifest-path" "Cargo.toml", kill_on_drop: false }`
[INFO] running `Command { std: "docker" "create" "-v" "/var/lib/crater-agent-workspace/builds/worker-88/target:/opt/rustwide/target:rw,Z" "-v" "/var/lib/crater-agent-workspace/builds/worker-88/source:/opt/rustwide/workdir:ro,Z" "-v" "/var/lib/crater-agent-workspace/cargo-home:/opt/rustwide/cargo-home:ro,Z" "-v" "/var/lib/crater-agent-workspace/rustup-home:/opt/rustwide/rustup-home:ro,Z" "-e" "SOURCE_DIR=/opt/rustwide/workdir" "-e" "CARGO_TARGET_DIR=/opt/rustwide/target" "-e" "CARGO_HOME=/opt/rustwide/cargo-home" "-e" "RUSTUP_HOME=/opt/rustwide/rustup-home" "-w" "/opt/rustwide/workdir" "-m" "1610612736" "--user" "0:0" "--network" "none" "ghcr.io/rust-lang/crates-build-env/linux@sha256:34b6a614d2c27851fe6cbf88fbd1137609cefab8b10d0615aaeb6fd47975d74e" "/opt/rustwide/cargo-home/bin/cargo" "+beta-2021-08-01" "metadata" "--no-deps" "--format-version=1", kill_on_drop: false }`
[INFO] [stdout] fd9f906a6f5a3098b382279c34ed76c0cd430e4071104437b907def1814c803f
[INFO] running `Command { std: "docker" "start" "-a" "fd9f906a6f5a3098b382279c34ed76c0cd430e4071104437b907def1814c803f", kill_on_drop: false }`
[INFO] running `Command { std: "docker" "inspect" "fd9f906a6f5a3098b382279c34ed76c0cd430e4071104437b907def1814c803f", kill_on_drop: false }`
[INFO] running `Command { std: "docker" "rm" "-f" "fd9f906a6f5a3098b382279c34ed76c0cd430e4071104437b907def1814c803f", kill_on_drop: false }`
[INFO] [stdout] fd9f906a6f5a3098b382279c34ed76c0cd430e4071104437b907def1814c803f
[INFO] running `Command { std: "docker" "create" "-v" "/var/lib/crater-agent-workspace/builds/worker-88/target:/opt/rustwide/target:rw,Z" "-v" "/var/lib/crater-agent-workspace/builds/worker-88/source:/opt/rustwide/workdir:ro,Z" "-v" "/var/lib/crater-agent-workspace/cargo-home:/opt/rustwide/cargo-home:ro,Z" "-v" "/var/lib/crater-agent-workspace/rustup-home:/opt/rustwide/rustup-home:ro,Z" "-e" "SOURCE_DIR=/opt/rustwide/workdir" "-e" "CARGO_TARGET_DIR=/opt/rustwide/target" "-e" "CARGO_INCREMENTAL=0" "-e" "RUST_BACKTRACE=full" "-e" "RUSTFLAGS=--cap-lints=warn" "-e" "CARGO_HOME=/opt/rustwide/cargo-home" "-e" "RUSTUP_HOME=/opt/rustwide/rustup-home" "-w" "/opt/rustwide/workdir" "-m" "1610612736" "--user" "0:0" "--network" "none" "ghcr.io/rust-lang/crates-build-env/linux@sha256:34b6a614d2c27851fe6cbf88fbd1137609cefab8b10d0615aaeb6fd47975d74e" "/opt/rustwide/cargo-home/bin/cargo" "+beta-2021-08-01" "build" "--frozen" "--message-format=json", kill_on_drop: false }`
[INFO] [stdout] 20b2030680b270a65bbc36e9ee410f61ed7010b70c91c75b35b96aec8308364c
[INFO] running `Command { std: "docker" "start" "-a" "20b2030680b270a65bbc36e9ee410f61ed7010b70c91c75b35b96aec8308364c", kill_on_drop: false }`
[INFO] [stderr]     Blocking waiting for file lock on package cache
[INFO] [stderr]    Compiling proc-macro2 v1.0.28
[INFO] [stderr]    Compiling unicode-xid v0.2.2
[INFO] [stderr]    Compiling syn v1.0.74
[INFO] [stderr]    Compiling quote v1.0.9
[INFO] [stderr]    Compiling milter-callback v0.2.3 (/opt/rustwide/workdir)
[INFO] [stderr]     Finished dev [unoptimized + debuginfo] target(s) in 10.65s
[INFO] running `Command { std: "docker" "inspect" "20b2030680b270a65bbc36e9ee410f61ed7010b70c91c75b35b96aec8308364c", kill_on_drop: false }`
[INFO] running `Command { std: "docker" "rm" "-f" "20b2030680b270a65bbc36e9ee410f61ed7010b70c91c75b35b96aec8308364c", kill_on_drop: false }`
[INFO] [stdout] 20b2030680b270a65bbc36e9ee410f61ed7010b70c91c75b35b96aec8308364c
[INFO] running `Command { std: "docker" "create" "-v" "/var/lib/crater-agent-workspace/builds/worker-88/target:/opt/rustwide/target:rw,Z" "-v" "/var/lib/crater-agent-workspace/builds/worker-88/source:/opt/rustwide/workdir:ro,Z" "-v" "/var/lib/crater-agent-workspace/cargo-home:/opt/rustwide/cargo-home:ro,Z" "-v" "/var/lib/crater-agent-workspace/rustup-home:/opt/rustwide/rustup-home:ro,Z" "-e" "SOURCE_DIR=/opt/rustwide/workdir" "-e" "CARGO_TARGET_DIR=/opt/rustwide/target" "-e" "CARGO_INCREMENTAL=0" "-e" "RUST_BACKTRACE=full" "-e" "RUSTFLAGS=--cap-lints=warn" "-e" "CARGO_HOME=/opt/rustwide/cargo-home" "-e" "RUSTUP_HOME=/opt/rustwide/rustup-home" "-w" "/opt/rustwide/workdir" "-m" "1610612736" "--user" "0:0" "--network" "none" "ghcr.io/rust-lang/crates-build-env/linux@sha256:34b6a614d2c27851fe6cbf88fbd1137609cefab8b10d0615aaeb6fd47975d74e" "/opt/rustwide/cargo-home/bin/cargo" "+beta-2021-08-01" "test" "--frozen" "--no-run" "--message-format=json", kill_on_drop: false }`
[INFO] [stdout] b4a595fea1b91c478868c0f549e64b33d9e2846fd639a6a3ca5293096ba501a3
[INFO] running `Command { std: "docker" "start" "-a" "b4a595fea1b91c478868c0f549e64b33d9e2846fd639a6a3ca5293096ba501a3", kill_on_drop: false }`
[INFO] [stderr]     Blocking waiting for file lock on package cache
[INFO] [stderr]    Compiling libc v0.2.98
[INFO] [stderr]    Compiling milter-callback v0.2.3 (/opt/rustwide/workdir)
[INFO] [stderr]     Finished test [unoptimized + debuginfo] target(s) in 2.76s
[INFO] running `Command { std: "docker" "inspect" "b4a595fea1b91c478868c0f549e64b33d9e2846fd639a6a3ca5293096ba501a3", kill_on_drop: false }`
[INFO] running `Command { std: "docker" "rm" "-f" "b4a595fea1b91c478868c0f549e64b33d9e2846fd639a6a3ca5293096ba501a3", kill_on_drop: false }`
[INFO] [stdout] b4a595fea1b91c478868c0f549e64b33d9e2846fd639a6a3ca5293096ba501a3
[INFO] running `Command { std: "docker" "create" "-v" "/var/lib/crater-agent-workspace/builds/worker-88/target:/opt/rustwide/target:rw,Z" "-v" "/var/lib/crater-agent-workspace/builds/worker-88/source:/opt/rustwide/workdir:ro,Z" "-v" "/var/lib/crater-agent-workspace/cargo-home:/opt/rustwide/cargo-home:ro,Z" "-v" "/var/lib/crater-agent-workspace/rustup-home:/opt/rustwide/rustup-home:ro,Z" "-e" "SOURCE_DIR=/opt/rustwide/workdir" "-e" "CARGO_TARGET_DIR=/opt/rustwide/target" "-e" "CARGO_INCREMENTAL=0" "-e" "RUST_BACKTRACE=full" "-e" "RUSTFLAGS=--cap-lints=warn" "-e" "CARGO_HOME=/opt/rustwide/cargo-home" "-e" "RUSTUP_HOME=/opt/rustwide/rustup-home" "-w" "/opt/rustwide/workdir" "-m" "1610612736" "--user" "0:0" "--network" "none" "ghcr.io/rust-lang/crates-build-env/linux@sha256:34b6a614d2c27851fe6cbf88fbd1137609cefab8b10d0615aaeb6fd47975d74e" "/opt/rustwide/cargo-home/bin/cargo" "+beta-2021-08-01" "test" "--frozen", kill_on_drop: false }`
[INFO] [stdout] 7ed6f1705dda3ab39b3fc328e7e1f41ad1ef38e7c763a51a6af460fd61536ef6
[INFO] running `Command { std: "docker" "start" "-a" "7ed6f1705dda3ab39b3fc328e7e1f41ad1ef38e7c763a51a6af460fd61536ef6", kill_on_drop: false }`
[INFO] [stderr]     Finished test [unoptimized + debuginfo] target(s) in 0.05s
[INFO] [stderr]      Running unittests (/opt/rustwide/target/debug/deps/milter_callback-eca93fb2e8ef0c9e)
[INFO] [stdout] 
[INFO] [stdout] running 0 tests
[INFO] [stdout] 
[INFO] [stdout] test result: ok. 0 passed; 0 failed; 0 ignored; 0 measured; 0 filtered out; finished in 0.00s
[INFO] [stdout] 
[INFO] [stderr]    Doc-tests milter-callback
[INFO] [stdout] 
[INFO] [stdout] running 17 tests
[INFO] [stdout] test src/lib.rs - (line 32) ... FAILED
[INFO] [stdout] test src/lib.rs - (line 24) ... FAILED
[INFO] [stdout] test src/lib.rs - (line 49) ... FAILED
[INFO] [stdout] test src/lib.rs - on_helo (line 303) ... FAILED
[INFO] [stdout] test src/lib.rs - on_body (line 593) ... FAILED
[INFO] [stdout] test src/lib.rs - on_close (line 736) ... FAILED
[INFO] [stdout] test src/lib.rs - on_connect (line 246) ... FAILED
[INFO] [stdout] test src/lib.rs - on_eoh (line 545) ... FAILED
[INFO] [stdout] test src/lib.rs - on_eom (line 642) ... FAILED
[INFO] [stdout] test src/lib.rs - on_mail (line 352) ... FAILED
[INFO] [stdout] test src/lib.rs - on_abort (line 688) ... FAILED
[INFO] [stdout] test src/lib.rs - on_data (line 450) ... FAILED
[INFO] [stdout] test src/lib.rs - on_header (line 498) ... FAILED
[INFO] [stdout] test src/lib.rs - (line 75) ... FAILED
[INFO] [stdout] test src/lib.rs - on_unknown (line 781) ... FAILED
[INFO] [stdout] test src/lib.rs - on_rcpt (line 402) ... FAILED
[INFO] [stdout] test src/lib.rs - on_negotiate (line 173) ... FAILED
[INFO] [stdout] 
[INFO] [stdout] failures:
[INFO] [stdout] 
[INFO] [stdout] ---- src/lib.rs - (line 32) stdout ----
[INFO] [stdout] error[E0463]: can't find crate for `milter`
[INFO] [stdout]  --> src/lib.rs:32:14
[INFO] [stdout]   |
[INFO] [stdout] 2 | #[macro_use] extern crate milter;
[INFO] [stdout]   |              ^^^^^^^^^^^^^^^^^^^^ can't find crate
[INFO] [stdout] 
[INFO] [stdout] error: aborting due to previous error
[INFO] [stdout] 
[INFO] [stdout] For more information about this error, try `rustc --explain E0463`.
[INFO] [stdout] Couldn't compile the test.
[INFO] [stdout] ---- src/lib.rs - (line 24) stdout ----
[INFO] [stdout] error[E0432]: unresolved import `milter`
[INFO] [stdout]  --> src/lib.rs:25:5
[INFO] [stdout]   |
[INFO] [stdout] 3 | use milter::{on_connect, on_close, Milter, Status};
[INFO] [stdout]   |     ^^^^^^ use of undeclared crate or module `milter`
[INFO] [stdout] 
[INFO] [stdout] error: aborting due to previous error
[INFO] [stdout] 
[INFO] [stdout] For more information about this error, try `rustc --explain E0432`.
[INFO] [stdout] Couldn't compile the test.
[INFO] [stdout] ---- src/lib.rs - (line 49) stdout ----
[INFO] [stdout] error[E0432]: unresolved import `milter`
[INFO] [stdout]  --> src/lib.rs:51:5
[INFO] [stdout]   |
[INFO] [stdout] 4 | use milter::{Context, Status};
[INFO] [stdout]   |     ^^^^^^ use of undeclared crate or module `milter`
[INFO] [stdout] 
[INFO] [stdout] error[E0433]: failed to resolve: could not find `milter` in the list of imported crates
[INFO] [stdout]  --> src/lib.rs:54:1
[INFO] [stdout]   |
[INFO] [stdout] 7 | #[on_header(header_callback)]
[INFO] [stdout]   | ^^^^^^^^^^^^^^^^^^^^^^^^^^^^^ could not find `milter` in the list of imported crates
[INFO] [stdout]   |
[INFO] [stdout]   = note: this error originates in the attribute macro `on_header` (in Nightly builds, run with -Z macro-backtrace for more info)
[INFO] [stdout] 
[INFO] [stdout] error[E0433]: failed to resolve: could not find `milter` in the list of imported crates
[INFO] [stdout]  --> src/lib.rs:54:1
[INFO] [stdout]   |
[INFO] [stdout] 7 | #[on_header(header_callback)]
[INFO] [stdout]   | ^^^^^^^^^^^^^^^^^^^^^^^^^^^^^ not found in `milter`
[INFO] [stdout]   |
[INFO] [stdout]   = note: this error originates in the attribute macro `on_header` (in Nightly builds, run with -Z macro-backtrace for more info)
[INFO] [stdout] help: consider importing one of these items
[INFO] [stdout]   |
[INFO] [stdout] 3 | use core::task::Context;
[INFO] [stdout]   |
[INFO] [stdout] 3 | use std::task::Context;
[INFO] [stdout]   |
[INFO] [stdout] 
[INFO] [stdout] error: aborting due to 3 previous errors
[INFO] [stdout] 
[INFO] [stdout] Some errors have detailed explanations: E0432, E0433.
[INFO] [stdout] For more information about an error, try `rustc --explain E0432`.
[INFO] [stdout] Couldn't compile the test.
[INFO] [stdout] ---- src/lib.rs - on_helo (line 303) stdout ----
[INFO] [stdout] error[E0432]: unresolved import `milter`
[INFO] [stdout]  --> src/lib.rs:305:5
[INFO] [stdout]   |
[INFO] [stdout] 4 | use milter::{Context, Status};
[INFO] [stdout]   |     ^^^^^^ use of undeclared crate or module `milter`
[INFO] [stdout] 
[INFO] [stdout] error[E0433]: failed to resolve: could not find `milter` in the list of imported crates
[INFO] [stdout]  --> src/lib.rs:308:1
[INFO] [stdout]   |
[INFO] [stdout] 7 | #[on_helo(helo_callback)]
[INFO] [stdout]   | ^^^^^^^^^^^^^^^^^^^^^^^^^ could not find `milter` in the list of imported crates
[INFO] [stdout]   |
[INFO] [stdout]   = note: this error originates in the attribute macro `on_helo` (in Nightly builds, run with -Z macro-backtrace for more info)
[INFO] [stdout] 
[INFO] [stdout] error[E0433]: failed to resolve: could not find `milter` in the list of imported crates
[INFO] [stdout]  --> src/lib.rs:308:1
[INFO] [stdout]   |
[INFO] [stdout] 7 | #[on_helo(helo_callback)]
[INFO] [stdout]   | ^^^^^^^^^^^^^^^^^^^^^^^^^ not found in `milter`
[INFO] [stdout]   |
[INFO] [stdout]   = note: this error originates in the attribute macro `on_helo` (in Nightly builds, run with -Z macro-backtrace for more info)
[INFO] [stdout] help: consider importing one of these items
[INFO] [stdout]   |
[INFO] [stdout] 3 | use core::task::Context;
[INFO] [stdout]   |
[INFO] [stdout] 3 | use std::task::Context;
[INFO] [stdout]   |
[INFO] [stdout] 
[INFO] [stdout] error: aborting due to 3 previous errors
[INFO] [stdout] 
[INFO] [stdout] Some errors have detailed explanations: E0432, E0433.
[INFO] [stdout] For more information about an error, try `rustc --explain E0432`.
[INFO] [stdout] Couldn't compile the test.
[INFO] [stdout] ---- src/lib.rs - on_body (line 593) stdout ----
[INFO] [stdout] error[E0432]: unresolved import `milter`
[INFO] [stdout]  --> src/lib.rs:595:5
[INFO] [stdout]   |
[INFO] [stdout] 4 | use milter::{Context, Status};
[INFO] [stdout]   |     ^^^^^^ use of undeclared crate or module `milter`
[INFO] [stdout] 
[INFO] [stdout] error[E0433]: failed to resolve: could not find `milter` in the list of imported crates
[INFO] [stdout]  --> src/lib.rs:598:1
[INFO] [stdout]   |
[INFO] [stdout] 7 | #[on_body(body_callback)]
[INFO] [stdout]   | ^^^^^^^^^^^^^^^^^^^^^^^^^ could not find `milter` in the list of imported crates
[INFO] [stdout]   |
[INFO] [stdout]   = note: this error originates in the attribute macro `on_body` (in Nightly builds, run with -Z macro-backtrace for more info)
[INFO] [stdout] 
[INFO] [stdout] error[E0433]: failed to resolve: could not find `milter` in the list of imported crates
[INFO] [stdout]  --> src/lib.rs:598:1
[INFO] [stdout]   |
[INFO] [stdout] 7 | #[on_body(body_callback)]
[INFO] [stdout]   | ^^^^^^^^^^^^^^^^^^^^^^^^^ not found in `milter`
[INFO] [stdout]   |
[INFO] [stdout]   = note: this error originates in the attribute macro `on_body` (in Nightly builds, run with -Z macro-backtrace for more info)
[INFO] [stdout] help: consider importing one of these items
[INFO] [stdout]   |
[INFO] [stdout] 3 | use core::task::Context;
[INFO] [stdout]   |
[INFO] [stdout] 3 | use std::task::Context;
[INFO] [stdout]   |
[INFO] [stdout] 
[INFO] [stdout] error: aborting due to 3 previous errors
[INFO] [stdout] 
[INFO] [stdout] Some errors have detailed explanations: E0432, E0433.
[INFO] [stdout] For more information about an error, try `rustc --explain E0432`.
[INFO] [stdout] Couldn't compile the test.
[INFO] [stdout] ---- src/lib.rs - on_close (line 736) stdout ----
[INFO] [stdout] error[E0432]: unresolved import `milter`
[INFO] [stdout]  --> src/lib.rs:738:5
[INFO] [stdout]   |
[INFO] [stdout] 4 | use milter::{Context, Status};
[INFO] [stdout]   |     ^^^^^^ use of undeclared crate or module `milter`
[INFO] [stdout] 
[INFO] [stdout] error[E0433]: failed to resolve: could not find `milter` in the list of imported crates
[INFO] [stdout]  --> src/lib.rs:741:1
[INFO] [stdout]   |
[INFO] [stdout] 7 | #[on_close(close_callback)]
[INFO] [stdout]   | ^^^^^^^^^^^^^^^^^^^^^^^^^^^ could not find `milter` in the list of imported crates
[INFO] [stdout]   |
[INFO] [stdout]   = note: this error originates in the attribute macro `on_close` (in Nightly builds, run with -Z macro-backtrace for more info)
[INFO] [stdout] 
[INFO] [stdout] error[E0433]: failed to resolve: could not find `milter` in the list of imported crates
[INFO] [stdout]  --> src/lib.rs:741:1
[INFO] [stdout]   |
[INFO] [stdout] 7 | #[on_close(close_callback)]
[INFO] [stdout]   | ^^^^^^^^^^^^^^^^^^^^^^^^^^^ not found in `milter`
[INFO] [stdout]   |
[INFO] [stdout]   = note: this error originates in the attribute macro `on_close` (in Nightly builds, run with -Z macro-backtrace for more info)
[INFO] [stdout] help: consider importing one of these items
[INFO] [stdout]   |
[INFO] [stdout] 3 | use core::task::Context;
[INFO] [stdout]   |
[INFO] [stdout] 3 | use std::task::Context;
[INFO] [stdout]   |
[INFO] [stdout] 
[INFO] [stdout] error: aborting due to 3 previous errors
[INFO] [stdout] 
[INFO] [stdout] Some errors have detailed explanations: E0432, E0433.
[INFO] [stdout] For more information about an error, try `rustc --explain E0432`.
[INFO] [stdout] Couldn't compile the test.
[INFO] [stdout] ---- src/lib.rs - on_connect (line 246) stdout ----
[INFO] [stdout] error[E0432]: unresolved import `milter`
[INFO] [stdout]  --> src/lib.rs:248:5
[INFO] [stdout]   |
[INFO] [stdout] 4 | use milter::{Context, Status};
[INFO] [stdout]   |     ^^^^^^ use of undeclared crate or module `milter`
[INFO] [stdout] 
[INFO] [stdout] error[E0433]: failed to resolve: could not find `milter` in the list of imported crates
[INFO] [stdout]  --> src/lib.rs:252:1
[INFO] [stdout]   |
[INFO] [stdout] 8 | #[on_connect(connect_callback)]
[INFO] [stdout]   | ^^^^^^^^^^^^^^^^^^^^^^^^^^^^^^^ could not find `milter` in the list of imported crates
[INFO] [stdout]   |
[INFO] [stdout]   = note: this error originates in the attribute macro `on_connect` (in Nightly builds, run with -Z macro-backtrace for more info)
[INFO] [stdout] 
[INFO] [stdout] error[E0433]: failed to resolve: could not find `milter` in the list of imported crates
[INFO] [stdout]  --> src/lib.rs:252:1
[INFO] [stdout]   |
[INFO] [stdout] 8 | #[on_connect(connect_callback)]
[INFO] [stdout]   | ^^^^^^^^^^^^^^^^^^^^^^^^^^^^^^^ not found in `milter`
[INFO] [stdout]   |
[INFO] [stdout]   = note: this error originates in the attribute macro `on_connect` (in Nightly builds, run with -Z macro-backtrace for more info)
[INFO] [stdout] help: consider importing one of these items
[INFO] [stdout]   |
[INFO] [stdout] 3 | use core::task::Context;
[INFO] [stdout]   |
[INFO] [stdout] 3 | use std::task::Context;
[INFO] [stdout]   |
[INFO] [stdout] 
[INFO] [stdout] error: aborting due to 3 previous errors
[INFO] [stdout] 
[INFO] [stdout] Some errors have detailed explanations: E0432, E0433.
[INFO] [stdout] For more information about an error, try `rustc --explain E0432`.
[INFO] [stdout] Couldn't compile the test.
[INFO] [stdout] ---- src/lib.rs - on_eoh (line 545) stdout ----
[INFO] [stdout] error[E0432]: unresolved import `milter`
[INFO] [stdout]  --> src/lib.rs:547:5
[INFO] [stdout]   |
[INFO] [stdout] 4 | use milter::{Context, Status};
[INFO] [stdout]   |     ^^^^^^ use of undeclared crate or module `milter`
[INFO] [stdout] 
[INFO] [stdout] error[E0433]: failed to resolve: could not find `milter` in the list of imported crates
[INFO] [stdout]  --> src/lib.rs:550:1
[INFO] [stdout]   |
[INFO] [stdout] 7 | #[on_eoh(eoh_callback)]
[INFO] [stdout]   | ^^^^^^^^^^^^^^^^^^^^^^^ could not find `milter` in the list of imported crates
[INFO] [stdout]   |
[INFO] [stdout]   = note: this error originates in the attribute macro `on_eoh` (in Nightly builds, run with -Z macro-backtrace for more info)
[INFO] [stdout] 
[INFO] [stdout] error[E0433]: failed to resolve: could not find `milter` in the list of imported crates
[INFO] [stdout]  --> src/lib.rs:550:1
[INFO] [stdout]   |
[INFO] [stdout] 7 | #[on_eoh(eoh_callback)]
[INFO] [stdout]   | ^^^^^^^^^^^^^^^^^^^^^^^ not found in `milter`
[INFO] [stdout]   |
[INFO] [stdout]   = note: this error originates in the attribute macro `on_eoh` (in Nightly builds, run with -Z macro-backtrace for more info)
[INFO] [stdout] help: consider importing one of these items
[INFO] [stdout]   |
[INFO] [stdout] 3 | use core::task::Context;
[INFO] [stdout]   |
[INFO] [stdout] 3 | use std::task::Context;
[INFO] [stdout]   |
[INFO] [stdout] 
[INFO] [stdout] error: aborting due to 3 previous errors
[INFO] [stdout] 
[INFO] [stdout] Some errors have detailed explanations: E0432, E0433.
[INFO] [stdout] For more information about an error, try `rustc --explain E0432`.
[INFO] [stdout] Couldn't compile the test.
[INFO] [stdout] ---- src/lib.rs - on_eom (line 642) stdout ----
[INFO] [stdout] error[E0432]: unresolved import `milter`
[INFO] [stdout]  --> src/lib.rs:644:5
[INFO] [stdout]   |
[INFO] [stdout] 4 | use milter::{Context, Status};
[INFO] [stdout]   |     ^^^^^^ use of undeclared crate or module `milter`
[INFO] [stdout] 
[INFO] [stdout] error[E0433]: failed to resolve: could not find `milter` in the list of imported crates
[INFO] [stdout]  --> src/lib.rs:647:1
[INFO] [stdout]   |
[INFO] [stdout] 7 | #[on_eom(eom_callback)]
[INFO] [stdout]   | ^^^^^^^^^^^^^^^^^^^^^^^ could not find `milter` in the list of imported crates
[INFO] [stdout]   |
[INFO] [stdout]   = note: this error originates in the attribute macro `on_eom` (in Nightly builds, run with -Z macro-backtrace for more info)
[INFO] [stdout] 
[INFO] [stdout] error[E0433]: failed to resolve: could not find `milter` in the list of imported crates
[INFO] [stdout]  --> src/lib.rs:647:1
[INFO] [stdout]   |
[INFO] [stdout] 7 | #[on_eom(eom_callback)]
[INFO] [stdout]   | ^^^^^^^^^^^^^^^^^^^^^^^ not found in `milter`
[INFO] [stdout]   |
[INFO] [stdout]   = note: this error originates in the attribute macro `on_eom` (in Nightly builds, run with -Z macro-backtrace for more info)
[INFO] [stdout] help: consider importing one of these items
[INFO] [stdout]   |
[INFO] [stdout] 3 | use core::task::Context;
[INFO] [stdout]   |
[INFO] [stdout] 3 | use std::task::Context;
[INFO] [stdout]   |
[INFO] [stdout] 
[INFO] [stdout] error: aborting due to 3 previous errors
[INFO] [stdout] 
[INFO] [stdout] Some errors have detailed explanations: E0432, E0433.
[INFO] [stdout] For more information about an error, try `rustc --explain E0432`.
[INFO] [stdout] Couldn't compile the test.
[INFO] [stdout] ---- src/lib.rs - on_mail (line 352) stdout ----
[INFO] [stdout] error[E0432]: unresolved import `milter`
[INFO] [stdout]  --> src/lib.rs:354:5
[INFO] [stdout]   |
[INFO] [stdout] 4 | use milter::{Context, Status};
[INFO] [stdout]   |     ^^^^^^ use of undeclared crate or module `milter`
[INFO] [stdout] 
[INFO] [stdout] error[E0433]: failed to resolve: could not find `milter` in the list of imported crates
[INFO] [stdout]  --> src/lib.rs:357:1
[INFO] [stdout]   |
[INFO] [stdout] 7 | #[on_mail(mail_callback)]
[INFO] [stdout]   | ^^^^^^^^^^^^^^^^^^^^^^^^^ could not find `milter` in the list of imported crates
[INFO] [stdout]   |
[INFO] [stdout]   = note: this error originates in the attribute macro `on_mail` (in Nightly builds, run with -Z macro-backtrace for more info)
[INFO] [stdout] 
[INFO] [stdout] error[E0433]: failed to resolve: could not find `milter` in the list of imported crates
[INFO] [stdout]  --> src/lib.rs:357:1
[INFO] [stdout]   |
[INFO] [stdout] 7 | #[on_mail(mail_callback)]
[INFO] [stdout]   | ^^^^^^^^^^^^^^^^^^^^^^^^^ not found in `milter`
[INFO] [stdout]   |
[INFO] [stdout]   = note: this error originates in the attribute macro `on_mail` (in Nightly builds, run with -Z macro-backtrace for more info)
[INFO] [stdout] help: consider importing one of these items
[INFO] [stdout]   |
[INFO] [stdout] 3 | use core::task::Context;
[INFO] [stdout]   |
[INFO] [stdout] 3 | use std::task::Context;
[INFO] [stdout]   |
[INFO] [stdout] 
[INFO] [stdout] error: aborting due to 3 previous errors
[INFO] [stdout] 
[INFO] [stdout] Some errors have detailed explanations: E0432, E0433.
[INFO] [stdout] For more information about an error, try `rustc --explain E0432`.
[INFO] [stdout] Couldn't compile the test.
[INFO] [stdout] ---- src/lib.rs - on_abort (line 688) stdout ----
[INFO] [stdout] error[E0432]: unresolved import `milter`
[INFO] [stdout]  --> src/lib.rs:690:5
[INFO] [stdout]   |
[INFO] [stdout] 4 | use milter::{Context, Status};
[INFO] [stdout]   |     ^^^^^^ use of undeclared crate or module `milter`
[INFO] [stdout] 
[INFO] [stdout] error[E0433]: failed to resolve: could not find `milter` in the list of imported crates
[INFO] [stdout]  --> src/lib.rs:693:1
[INFO] [stdout]   |
[INFO] [stdout] 7 | #[on_abort(abort_callback)]
[INFO] [stdout]   | ^^^^^^^^^^^^^^^^^^^^^^^^^^^ could not find `milter` in the list of imported crates
[INFO] [stdout]   |
[INFO] [stdout]   = note: this error originates in the attribute macro `on_abort` (in Nightly builds, run with -Z macro-backtrace for more info)
[INFO] [stdout] 
[INFO] [stdout] error[E0433]: failed to resolve: could not find `milter` in the list of imported crates
[INFO] [stdout]  --> src/lib.rs:693:1
[INFO] [stdout]   |
[INFO] [stdout] 7 | #[on_abort(abort_callback)]
[INFO] [stdout]   | ^^^^^^^^^^^^^^^^^^^^^^^^^^^ not found in `milter`
[INFO] [stdout]   |
[INFO] [stdout]   = note: this error originates in the attribute macro `on_abort` (in Nightly builds, run with -Z macro-backtrace for more info)
[INFO] [stdout] help: consider importing one of these items
[INFO] [stdout]   |
[INFO] [stdout] 3 | use core::task::Context;
[INFO] [stdout]   |
[INFO] [stdout] 3 | use std::task::Context;
[INFO] [stdout]   |
[INFO] [stdout] 
[INFO] [stdout] error: aborting due to 3 previous errors
[INFO] [stdout] 
[INFO] [stdout] Some errors have detailed explanations: E0432, E0433.
[INFO] [stdout] For more information about an error, try `rustc --explain E0432`.
[INFO] [stdout] Couldn't compile the test.
[INFO] [stdout] ---- src/lib.rs - on_data (line 450) stdout ----
[INFO] [stdout] error[E0432]: unresolved import `milter`
[INFO] [stdout]  --> src/lib.rs:452:5
[INFO] [stdout]   |
[INFO] [stdout] 4 | use milter::{Context, Status};
[INFO] [stdout]   |     ^^^^^^ use of undeclared crate or module `milter`
[INFO] [stdout] 
[INFO] [stdout] error[E0433]: failed to resolve: could not find `milter` in the list of imported crates
[INFO] [stdout]  --> src/lib.rs:455:1
[INFO] [stdout]   |
[INFO] [stdout] 7 | #[on_data(data_callback)]
[INFO] [stdout]   | ^^^^^^^^^^^^^^^^^^^^^^^^^ could not find `milter` in the list of imported crates
[INFO] [stdout]   |
[INFO] [stdout]   = note: this error originates in the attribute macro `on_data` (in Nightly builds, run with -Z macro-backtrace for more info)
[INFO] [stdout] 
[INFO] [stdout] error[E0433]: failed to resolve: could not find `milter` in the list of imported crates
[INFO] [stdout]  --> src/lib.rs:455:1
[INFO] [stdout]   |
[INFO] [stdout] 7 | #[on_data(data_callback)]
[INFO] [stdout]   | ^^^^^^^^^^^^^^^^^^^^^^^^^ not found in `milter`
[INFO] [stdout]   |
[INFO] [stdout]   = note: this error originates in the attribute macro `on_data` (in Nightly builds, run with -Z macro-backtrace for more info)
[INFO] [stdout] help: consider importing one of these items
[INFO] [stdout]   |
[INFO] [stdout] 3 | use core::task::Context;
[INFO] [stdout]   |
[INFO] [stdout] 3 | use std::task::Context;
[INFO] [stdout]   |
[INFO] [stdout] 
[INFO] [stdout] error: aborting due to 3 previous errors
[INFO] [stdout] 
[INFO] [stdout] Some errors have detailed explanations: E0432, E0433.
[INFO] [stdout] For more information about an error, try `rustc --explain E0432`.
[INFO] [stdout] Couldn't compile the test.
[INFO] [stdout] ---- src/lib.rs - on_header (line 498) stdout ----
[INFO] [stdout] error[E0432]: unresolved import `milter`
[INFO] [stdout]  --> src/lib.rs:500:5
[INFO] [stdout]   |
[INFO] [stdout] 4 | use milter::{Context, Status};
[INFO] [stdout]   |     ^^^^^^ use of undeclared crate or module `milter`
[INFO] [stdout] 
[INFO] [stdout] error[E0433]: failed to resolve: could not find `milter` in the list of imported crates
[INFO] [stdout]  --> src/lib.rs:503:1
[INFO] [stdout]   |
[INFO] [stdout] 7 | #[on_header(header_callback)]
[INFO] [stdout]   | ^^^^^^^^^^^^^^^^^^^^^^^^^^^^^ could not find `milter` in the list of imported crates
[INFO] [stdout]   |
[INFO] [stdout]   = note: this error originates in the attribute macro `on_header` (in Nightly builds, run with -Z macro-backtrace for more info)
[INFO] [stdout] 
[INFO] [stdout] error[E0433]: failed to resolve: could not find `milter` in the list of imported crates
[INFO] [stdout]  --> src/lib.rs:503:1
[INFO] [stdout]   |
[INFO] [stdout] 7 | #[on_header(header_callback)]
[INFO] [stdout]   | ^^^^^^^^^^^^^^^^^^^^^^^^^^^^^ not found in `milter`
[INFO] [stdout]   |
[INFO] [stdout]   = note: this error originates in the attribute macro `on_header` (in Nightly builds, run with -Z macro-backtrace for more info)
[INFO] [stdout] help: consider importing one of these items
[INFO] [stdout]   |
[INFO] [stdout] 3 | use core::task::Context;
[INFO] [stdout]   |
[INFO] [stdout] 3 | use std::task::Context;
[INFO] [stdout]   |
[INFO] [stdout] 
[INFO] [stdout] error: aborting due to 3 previous errors
[INFO] [stdout] 
[INFO] [stdout] Some errors have detailed explanations: E0432, E0433.
[INFO] [stdout] For more information about an error, try `rustc --explain E0432`.
[INFO] [stdout] Couldn't compile the test.
[INFO] [stdout] ---- src/lib.rs - (line 75) stdout ----
[INFO] [stdout] error[E0432]: unresolved import `milter`
[INFO] [stdout]  --> src/lib.rs:77:5
[INFO] [stdout]   |
[INFO] [stdout] 4 | use milter::{Context, Status};
[INFO] [stdout]   |     ^^^^^^ use of undeclared crate or module `milter`
[INFO] [stdout] 
[INFO] [stdout] error[E0433]: failed to resolve: could not find `milter` in the list of imported crates
[INFO] [stdout]  --> src/lib.rs:78:1
[INFO] [stdout]   |
[INFO] [stdout] 5 | #[on_eom(eom_callback)]
[INFO] [stdout]   | ^^^^^^^^^^^^^^^^^^^^^^^ could not find `milter` in the list of imported crates
[INFO] [stdout]   |
[INFO] [stdout]   = note: this error originates in the attribute macro `on_eom` (in Nightly builds, run with -Z macro-backtrace for more info)
[INFO] [stdout] 
[INFO] [stdout] error[E0433]: failed to resolve: use of undeclared crate or module `milter`
[INFO] [stdout]  --> src/lib.rs:79:40
[INFO] [stdout]   |
[INFO] [stdout] 6 | fn handle_eom(context: Context<()>) -> milter::Result<Status> {
[INFO] [stdout]   |                                        ^^^^^^ use of undeclared crate or module `milter`
[INFO] [stdout] 
[INFO] [stdout] error[E0433]: failed to resolve: could not find `milter` in the list of imported crates
[INFO] [stdout]  --> src/lib.rs:78:1
[INFO] [stdout]   |
[INFO] [stdout] 5 | #[on_eom(eom_callback)]
[INFO] [stdout]   | ^^^^^^^^^^^^^^^^^^^^^^^ not found in `milter`
[INFO] [stdout]   |
[INFO] [stdout]   = note: this error originates in the attribute macro `on_eom` (in Nightly builds, run with -Z macro-backtrace for more info)
[INFO] [stdout] help: consider importing one of these items
[INFO] [stdout]   |
[INFO] [stdout] 3 | use core::task::Context;
[INFO] [stdout]   |
[INFO] [stdout] 3 | use std::task::Context;
[INFO] [stdout]   |
[INFO] [stdout] 
[INFO] [stdout] error: aborting due to 4 previous errors
[INFO] [stdout] 
[INFO] [stdout] Some errors have detailed explanations: E0432, E0433.
[INFO] [stdout] For more information about an error, try `rustc --explain E0432`.
[INFO] [stdout] Couldn't compile the test.
[INFO] [stdout] ---- src/lib.rs - on_unknown (line 781) stdout ----
[INFO] [stdout] error[E0432]: unresolved import `milter`
[INFO] [stdout]  --> src/lib.rs:783:5
[INFO] [stdout]   |
[INFO] [stdout] 4 | use milter::{Context, Status};
[INFO] [stdout]   |     ^^^^^^ use of undeclared crate or module `milter`
[INFO] [stdout] 
[INFO] [stdout] error[E0433]: failed to resolve: could not find `milter` in the list of imported crates
[INFO] [stdout]  --> src/lib.rs:786:1
[INFO] [stdout]   |
[INFO] [stdout] 7 | #[on_unknown(unknown_callback)]
[INFO] [stdout]   | ^^^^^^^^^^^^^^^^^^^^^^^^^^^^^^^ could not find `milter` in the list of imported crates
[INFO] [stdout]   |
[INFO] [stdout]   = note: this error originates in the attribute macro `on_unknown` (in Nightly builds, run with -Z macro-backtrace for more info)
[INFO] [stdout] 
[INFO] [stdout] error[E0433]: failed to resolve: could not find `milter` in the list of imported crates
[INFO] [stdout]  --> src/lib.rs:786:1
[INFO] [stdout]   |
[INFO] [stdout] 7 | #[on_unknown(unknown_callback)]
[INFO] [stdout]   | ^^^^^^^^^^^^^^^^^^^^^^^^^^^^^^^ not found in `milter`
[INFO] [stdout]   |
[INFO] [stdout]   = note: this error originates in the attribute macro `on_unknown` (in Nightly builds, run with -Z macro-backtrace for more info)
[INFO] [stdout] help: consider importing one of these items
[INFO] [stdout]   |
[INFO] [stdout] 3 | use core::task::Context;
[INFO] [stdout]   |
[INFO] [stdout] 3 | use std::task::Context;
[INFO] [stdout]   |
[INFO] [stdout] 
[INFO] [stdout] error: aborting due to 3 previous errors
[INFO] [stdout] 
[INFO] [stdout] Some errors have detailed explanations: E0432, E0433.
[INFO] [stdout] For more information about an error, try `rustc --explain E0432`.
[INFO] [stdout] Couldn't compile the test.
[INFO] [stdout] ---- src/lib.rs - on_rcpt (line 402) stdout ----
[INFO] [stdout] error[E0432]: unresolved import `milter`
[INFO] [stdout]  --> src/lib.rs:404:5
[INFO] [stdout]   |
[INFO] [stdout] 4 | use milter::{Context, Status};
[INFO] [stdout]   |     ^^^^^^ use of undeclared crate or module `milter`
[INFO] [stdout] 
[INFO] [stdout] error[E0433]: failed to resolve: could not find `milter` in the list of imported crates
[INFO] [stdout]  --> src/lib.rs:407:1
[INFO] [stdout]   |
[INFO] [stdout] 7 | #[on_rcpt(rcpt_callback)]
[INFO] [stdout]   | ^^^^^^^^^^^^^^^^^^^^^^^^^ could not find `milter` in the list of imported crates
[INFO] [stdout]   |
[INFO] [stdout]   = note: this error originates in the attribute macro `on_rcpt` (in Nightly builds, run with -Z macro-backtrace for more info)
[INFO] [stdout] 
[INFO] [stdout] error[E0433]: failed to resolve: could not find `milter` in the list of imported crates
[INFO] [stdout]  --> src/lib.rs:407:1
[INFO] [stdout]   |
[INFO] [stdout] 7 | #[on_rcpt(rcpt_callback)]
[INFO] [stdout]   | ^^^^^^^^^^^^^^^^^^^^^^^^^ not found in `milter`
[INFO] [stdout]   |
[INFO] [stdout]   = note: this error originates in the attribute macro `on_rcpt` (in Nightly builds, run with -Z macro-backtrace for more info)
[INFO] [stdout] help: consider importing one of these items
[INFO] [stdout]   |
[INFO] [stdout] 3 | use core::task::Context;
[INFO] [stdout]   |
[INFO] [stdout] 3 | use std::task::Context;
[INFO] [stdout]   |
[INFO] [stdout] 
[INFO] [stdout] error: aborting due to 3 previous errors
[INFO] [stdout] 
[INFO] [stdout] Some errors have detailed explanations: E0432, E0433.
[INFO] [stdout] For more information about an error, try `rustc --explain E0432`.
[INFO] [stdout] Couldn't compile the test.
[INFO] [stdout] ---- src/lib.rs - on_negotiate (line 173) stdout ----
[INFO] [stdout] error[E0432]: unresolved import `milter`
[INFO] [stdout]  --> src/lib.rs:175:5
[INFO] [stdout]   |
[INFO] [stdout] 4 | use milter::{Actions, Context, ProtocolOpts, Status};
[INFO] [stdout]   |     ^^^^^^ use of undeclared crate or module `milter`
[INFO] [stdout] 
[INFO] [stdout] error[E0433]: failed to resolve: could not find `milter` in the list of imported crates
[INFO] [stdout]  --> src/lib.rs:178:1
[INFO] [stdout]   |
[INFO] [stdout] 7 | #[on_negotiate(negotiate_callback)]
[INFO] [stdout]   | ^^^^^^^^^^^^^^^^^^^^^^^^^^^^^^^^^^^ could not find `milter` in the list of imported crates
[INFO] [stdout]   |
[INFO] [stdout]   = note: this error originates in the attribute macro `on_negotiate` (in Nightly builds, run with -Z macro-backtrace for more info)
[INFO] [stdout] 
[INFO] [stdout] error[E0433]: failed to resolve: could not find `milter` in the list of imported crates
[INFO] [stdout]  --> src/lib.rs:178:1
[INFO] [stdout]   |
[INFO] [stdout] 7 | #[on_negotiate(negotiate_callback)]
[INFO] [stdout]   | ^^^^^^^^^^^^^^^^^^^^^^^^^^^^^^^^^^^ not found in `milter`
[INFO] [stdout]   |
[INFO] [stdout]   = note: this error originates in the attribute macro `on_negotiate` (in Nightly builds, run with -Z macro-backtrace for more info)
[INFO] [stdout] help: consider importing one of these items
[INFO] [stdout]   |
[INFO] [stdout] 3 | use core::task::Context;
[INFO] [stdout]   |
[INFO] [stdout] 3 | use std::task::Context;
[INFO] [stdout]   |
[INFO] [stdout] 
[INFO] [stdout] error: aborting due to 3 previous errors
[INFO] [stdout] 
[INFO] [stdout] Some errors have detailed explanations: E0432, E0433.
[INFO] [stdout] For more information about an error, try `rustc --explain E0432`.
[INFO] [stdout] Couldn't compile the test.
[INFO] [stdout] 
[INFO] [stdout] failures:
[INFO] [stdout]     src/lib.rs - (line 24)
[INFO] [stdout]     src/lib.rs - (line 32)
[INFO] [stdout]     src/lib.rs - (line 49)
[INFO] [stdout]     src/lib.rs - (line 75)
[INFO] [stdout]     src/lib.rs - on_abort (line 688)
[INFO] [stdout]     src/lib.rs - on_body (line 593)
[INFO] [stdout]     src/lib.rs - on_close (line 736)
[INFO] [stdout]     src/lib.rs - on_connect (line 246)
[INFO] [stdout]     src/lib.rs - on_data (line 450)
[INFO] [stdout]     src/lib.rs - on_eoh (line 545)
[INFO] [stdout]     src/lib.rs - on_eom (line 642)
[INFO] [stdout]     src/lib.rs - on_header (line 498)
[INFO] [stdout]     src/lib.rs - on_helo (line 303)
[INFO] [stdout]     src/lib.rs - on_mail (line 352)
[INFO] [stdout]     src/lib.rs - on_negotiate (line 173)
[INFO] [stdout]     src/lib.rs - on_rcpt (line 402)
[INFO] [stdout]     src/lib.rs - on_unknown (line 781)
[INFO] [stdout] 
[INFO] [stdout] test result: FAILED. 0 passed; 17 failed; 0 ignored; 0 measured; 0 filtered out; finished in 0.15s
[INFO] [stdout] 
[INFO] [stderr] error: test failed, to rerun pass '--doc'
[INFO] running `Command { std: "docker" "inspect" "7ed6f1705dda3ab39b3fc328e7e1f41ad1ef38e7c763a51a6af460fd61536ef6", kill_on_drop: false }`
[INFO] running `Command { std: "docker" "rm" "-f" "7ed6f1705dda3ab39b3fc328e7e1f41ad1ef38e7c763a51a6af460fd61536ef6", kill_on_drop: false }`
[INFO] [stdout] 7ed6f1705dda3ab39b3fc328e7e1f41ad1ef38e7c763a51a6af460fd61536ef6
