[INFO] fetching crate mila 0.1.5...
[INFO] testing mila-0.1.5 against 1.54.0 for beta-1.55-1
[INFO] extracting crate mila 0.1.5 into /workspace/builds/worker-110/source
[INFO] validating manifest of crates.io crate mila 0.1.5 on toolchain 1.54.0
[INFO] running `Command { std: "/workspace/cargo-home/bin/cargo" "+1.54.0" "metadata" "--manifest-path" "Cargo.toml" "--no-deps", kill_on_drop: false }`
[INFO] started tweaking crates.io crate mila 0.1.5
[INFO] finished tweaking crates.io crate mila 0.1.5
[INFO] tweaked toml for crates.io crate mila 0.1.5 written to /workspace/builds/worker-110/source/Cargo.toml
[INFO] running `Command { std: "/workspace/cargo-home/bin/cargo" "+1.54.0" "generate-lockfile" "--manifest-path" "Cargo.toml" "-Zno-index-update", kill_on_drop: false }`
[INFO] running `Command { std: "/workspace/cargo-home/bin/cargo" "+1.54.0" "fetch" "--manifest-path" "Cargo.toml", kill_on_drop: false }`
[INFO] [stderr]  Downloading crates ...
[INFO] [stderr]   Downloaded strum_macros v0.19.4
[INFO] [stderr]   Downloaded strum v0.19.5
[INFO] [stderr]   Downloaded nintendo-lz v0.1.3
[INFO] running `Command { std: "docker" "create" "-v" "/var/lib/crater-agent-workspace/builds/worker-110/target:/opt/rustwide/target:rw,Z" "-v" "/var/lib/crater-agent-workspace/builds/worker-110/source:/opt/rustwide/workdir:ro,Z" "-v" "/var/lib/crater-agent-workspace/cargo-home:/opt/rustwide/cargo-home:ro,Z" "-v" "/var/lib/crater-agent-workspace/rustup-home:/opt/rustwide/rustup-home:ro,Z" "-e" "SOURCE_DIR=/opt/rustwide/workdir" "-e" "CARGO_TARGET_DIR=/opt/rustwide/target" "-e" "CARGO_HOME=/opt/rustwide/cargo-home" "-e" "RUSTUP_HOME=/opt/rustwide/rustup-home" "-w" "/opt/rustwide/workdir" "-m" "1610612736" "--user" "0:0" "--network" "none" "ghcr.io/rust-lang/crates-build-env/linux@sha256:34b6a614d2c27851fe6cbf88fbd1137609cefab8b10d0615aaeb6fd47975d74e" "/opt/rustwide/cargo-home/bin/cargo" "+1.54.0" "metadata" "--no-deps" "--format-version=1", kill_on_drop: false }`
[INFO] [stdout] bea81abcff0e28daa50b1885716041617631ba702131c56d30fa1a10269ef9b4
[INFO] running `Command { std: "docker" "start" "-a" "bea81abcff0e28daa50b1885716041617631ba702131c56d30fa1a10269ef9b4", kill_on_drop: false }`
[INFO] running `Command { std: "docker" "inspect" "bea81abcff0e28daa50b1885716041617631ba702131c56d30fa1a10269ef9b4", kill_on_drop: false }`
[INFO] running `Command { std: "docker" "rm" "-f" "bea81abcff0e28daa50b1885716041617631ba702131c56d30fa1a10269ef9b4", kill_on_drop: false }`
[INFO] [stdout] bea81abcff0e28daa50b1885716041617631ba702131c56d30fa1a10269ef9b4
[INFO] running `Command { std: "docker" "create" "-v" "/var/lib/crater-agent-workspace/builds/worker-110/target:/opt/rustwide/target:rw,Z" "-v" "/var/lib/crater-agent-workspace/builds/worker-110/source:/opt/rustwide/workdir:ro,Z" "-v" "/var/lib/crater-agent-workspace/cargo-home:/opt/rustwide/cargo-home:ro,Z" "-v" "/var/lib/crater-agent-workspace/rustup-home:/opt/rustwide/rustup-home:ro,Z" "-e" "SOURCE_DIR=/opt/rustwide/workdir" "-e" "CARGO_TARGET_DIR=/opt/rustwide/target" "-e" "CARGO_INCREMENTAL=0" "-e" "RUST_BACKTRACE=full" "-e" "RUSTFLAGS=--cap-lints=warn" "-e" "CARGO_HOME=/opt/rustwide/cargo-home" "-e" "RUSTUP_HOME=/opt/rustwide/rustup-home" "-w" "/opt/rustwide/workdir" "-m" "1610612736" "--user" "0:0" "--network" "none" "ghcr.io/rust-lang/crates-build-env/linux@sha256:34b6a614d2c27851fe6cbf88fbd1137609cefab8b10d0615aaeb6fd47975d74e" "/opt/rustwide/cargo-home/bin/cargo" "+1.54.0" "build" "--frozen" "--message-format=json", kill_on_drop: false }`
[INFO] [stdout] 524c766741304e63624c9eb0c9eb1ec5cf41bdb5a0c5b286ff9051c4f10eea63
[INFO] running `Command { std: "docker" "start" "-a" "524c766741304e63624c9eb0c9eb1ec5cf41bdb5a0c5b286ff9051c4f10eea63", kill_on_drop: false }`
[INFO] [stderr]     Blocking waiting for file lock on package cache
[INFO] [stderr]    Compiling syn v1.0.74
[INFO] [stderr]    Compiling memchr v2.4.0
[INFO] [stderr]    Compiling bitflags v1.2.1
[INFO] [stderr]    Compiling unicode-width v0.1.8
[INFO] [stderr]    Compiling unicode-segmentation v1.8.0
[INFO] [stderr]    Compiling encoding_rs v0.8.28
[INFO] [stderr]    Compiling vec_map v0.8.2
[INFO] [stderr]    Compiling strsim v0.8.0
[INFO] [stderr]    Compiling ansi_term v0.11.0
[INFO] [stderr]    Compiling regex-syntax v0.6.25
[INFO] [stderr]    Compiling byteorder v1.4.3
[INFO] [stderr]    Compiling strum v0.19.5
[INFO] [stderr]    Compiling glob v0.3.0
[INFO] [stderr]    Compiling linked-hash-map v0.5.4
[INFO] [stderr]    Compiling maplit v1.0.2
[INFO] [stderr]    Compiling dunce v1.0.2
[INFO] [stderr]    Compiling atty v0.2.14
[INFO] [stderr]    Compiling textwrap v0.11.0
[INFO] [stderr]    Compiling heck v0.3.3
[INFO] [stderr]    Compiling clap v2.33.3
[INFO] [stderr]    Compiling aho-corasick v0.7.18
[INFO] [stderr]    Compiling regex v1.5.4
[INFO] [stderr]    Compiling nintendo-lz v0.1.3
[INFO] [stderr]    Compiling thiserror-impl v1.0.26
[INFO] [stderr]    Compiling strum_macros v0.19.4
[INFO] [stderr]    Compiling thiserror v1.0.26
[INFO] [stderr]    Compiling mila v0.1.5 (/opt/rustwide/workdir)
[INFO] [stderr]     Finished dev [unoptimized + debuginfo] target(s) in 10.93s
[INFO] running `Command { std: "docker" "inspect" "524c766741304e63624c9eb0c9eb1ec5cf41bdb5a0c5b286ff9051c4f10eea63", kill_on_drop: false }`
[INFO] running `Command { std: "docker" "rm" "-f" "524c766741304e63624c9eb0c9eb1ec5cf41bdb5a0c5b286ff9051c4f10eea63", kill_on_drop: false }`
[INFO] [stdout] 524c766741304e63624c9eb0c9eb1ec5cf41bdb5a0c5b286ff9051c4f10eea63
[INFO] running `Command { std: "docker" "create" "-v" "/var/lib/crater-agent-workspace/builds/worker-110/target:/opt/rustwide/target:rw,Z" "-v" "/var/lib/crater-agent-workspace/builds/worker-110/source:/opt/rustwide/workdir:ro,Z" "-v" "/var/lib/crater-agent-workspace/cargo-home:/opt/rustwide/cargo-home:ro,Z" "-v" "/var/lib/crater-agent-workspace/rustup-home:/opt/rustwide/rustup-home:ro,Z" "-e" "SOURCE_DIR=/opt/rustwide/workdir" "-e" "CARGO_TARGET_DIR=/opt/rustwide/target" "-e" "CARGO_INCREMENTAL=0" "-e" "RUST_BACKTRACE=full" "-e" "RUSTFLAGS=--cap-lints=warn" "-e" "CARGO_HOME=/opt/rustwide/cargo-home" "-e" "RUSTUP_HOME=/opt/rustwide/rustup-home" "-w" "/opt/rustwide/workdir" "-m" "1610612736" "--user" "0:0" "--network" "none" "ghcr.io/rust-lang/crates-build-env/linux@sha256:34b6a614d2c27851fe6cbf88fbd1137609cefab8b10d0615aaeb6fd47975d74e" "/opt/rustwide/cargo-home/bin/cargo" "+1.54.0" "test" "--frozen" "--no-run" "--message-format=json", kill_on_drop: false }`
[INFO] [stdout] 137b9ba75131c9e89067e482d7af639f9c00d103e4fbf70216e46836bc0985b3
[INFO] running `Command { std: "docker" "start" "-a" "137b9ba75131c9e89067e482d7af639f9c00d103e4fbf70216e46836bc0985b3", kill_on_drop: false }`
[INFO] [stderr]    Compiling remove_dir_all v0.5.3
[INFO] [stderr]    Compiling tempfile v3.2.0
[INFO] [stderr]    Compiling mila v0.1.5 (/opt/rustwide/workdir)
[INFO] [stdout] warning: panic message is not a string literal
[INFO] [stdout]    --> src/bin_archive.rs:609:34
[INFO] [stdout]     |
[INFO] [stdout] 609 |         assert!(result1.is_ok(), true);
[INFO] [stdout]     |                                  ^^^^
[INFO] [stdout]     |
[INFO] [stdout]     = note: `#[warn(non_fmt_panic)]` on by default
[INFO] [stdout]     = note: this is no longer accepted in Rust 2021
[INFO] [stdout] help: add a "{}" format string to Display the message
[INFO] [stdout]     |
[INFO] [stdout] 609 |         assert!(result1.is_ok(), "{}", true);
[INFO] [stdout]     |                                  ^^^^^
[INFO] [stdout] 
[INFO] [stdout] 
[INFO] [stdout] warning: panic message is not a string literal
[INFO] [stdout]    --> src/bin_archive.rs:626:34
[INFO] [stdout]     |
[INFO] [stdout] 626 |         assert!(result1.is_ok(), true);
[INFO] [stdout]     |                                  ^^^^
[INFO] [stdout]     |
[INFO] [stdout]     = note: this is no longer accepted in Rust 2021
[INFO] [stdout] help: add a "{}" format string to Display the message
[INFO] [stdout]     |
[INFO] [stdout] 626 |         assert!(result1.is_ok(), "{}", true);
[INFO] [stdout]     |                                  ^^^^^
[INFO] [stdout] 
[INFO] [stdout] 
[INFO] [stdout] warning: panic message is not a string literal
[INFO] [stdout]    --> src/bin_archive.rs:643:34
[INFO] [stdout]     |
[INFO] [stdout] 643 |         assert!(result1.is_ok(), true);
[INFO] [stdout]     |                                  ^^^^
[INFO] [stdout]     |
[INFO] [stdout]     = note: this is no longer accepted in Rust 2021
[INFO] [stdout] help: add a "{}" format string to Display the message
[INFO] [stdout]     |
[INFO] [stdout] 643 |         assert!(result1.is_ok(), "{}", true);
[INFO] [stdout]     |                                  ^^^^^
[INFO] [stdout] 
[INFO] [stdout] 
[INFO] [stdout] warning: panic message is not a string literal
[INFO] [stdout]    --> src/bin_archive.rs:662:34
[INFO] [stdout]     |
[INFO] [stdout] 662 |         assert!(result1.is_ok(), true);
[INFO] [stdout]     |                                  ^^^^
[INFO] [stdout]     |
[INFO] [stdout]     = note: this is no longer accepted in Rust 2021
[INFO] [stdout] help: add a "{}" format string to Display the message
[INFO] [stdout]     |
[INFO] [stdout] 662 |         assert!(result1.is_ok(), "{}", true);
[INFO] [stdout]     |                                  ^^^^^
[INFO] [stdout] 
[INFO] [stdout] 
[INFO] [stdout] warning: panic message is not a string literal
[INFO] [stdout]    --> src/bin_archive.rs:679:34
[INFO] [stdout]     |
[INFO] [stdout] 679 |         assert!(result1.is_ok(), true);
[INFO] [stdout]     |                                  ^^^^
[INFO] [stdout]     |
[INFO] [stdout]     = note: this is no longer accepted in Rust 2021
[INFO] [stdout] help: add a "{}" format string to Display the message
[INFO] [stdout]     |
[INFO] [stdout] 679 |         assert!(result1.is_ok(), "{}", true);
[INFO] [stdout]     |                                  ^^^^^
[INFO] [stdout] 
[INFO] [stdout] 
[INFO] [stdout] warning: panic message is not a string literal
[INFO] [stdout]    --> src/bin_archive.rs:696:34
[INFO] [stdout]     |
[INFO] [stdout] 696 |         assert!(result1.is_ok(), true);
[INFO] [stdout]     |                                  ^^^^
[INFO] [stdout]     |
[INFO] [stdout]     = note: this is no longer accepted in Rust 2021
[INFO] [stdout] help: add a "{}" format string to Display the message
[INFO] [stdout]     |
[INFO] [stdout] 696 |         assert!(result1.is_ok(), "{}", true);
[INFO] [stdout]     |                                  ^^^^^
[INFO] [stdout] 
[INFO] [stdout] 
[INFO] [stdout] warning: panic message is not a string literal
[INFO] [stdout]    --> src/bin_archive.rs:715:34
[INFO] [stdout]     |
[INFO] [stdout] 715 |         assert!(result1.is_ok(), true);
[INFO] [stdout]     |                                  ^^^^
[INFO] [stdout]     |
[INFO] [stdout]     = note: this is no longer accepted in Rust 2021
[INFO] [stdout] help: add a "{}" format string to Display the message
[INFO] [stdout]     |
[INFO] [stdout] 715 |         assert!(result1.is_ok(), "{}", true);
[INFO] [stdout]     |                                  ^^^^^
[INFO] [stdout] 
[INFO] [stdout] 
[INFO] [stdout] warning: panic message is not a string literal
[INFO] [stdout]    --> src/bin_archive.rs:917:34
[INFO] [stdout]     |
[INFO] [stdout] 917 |         assert!(result1.is_ok(), true);
[INFO] [stdout]     |                                  ^^^^
[INFO] [stdout]     |
[INFO] [stdout]     = note: this is no longer accepted in Rust 2021
[INFO] [stdout] help: add a "{}" format string to Display the message
[INFO] [stdout]     |
[INFO] [stdout] 917 |         assert!(result1.is_ok(), "{}", true);
[INFO] [stdout]     |                                  ^^^^^
[INFO] [stdout] 
[INFO] [stdout] 
[INFO] [stdout] warning: panic message is not a string literal
[INFO] [stdout]    --> src/bin_archive.rs:935:34
[INFO] [stdout]     |
[INFO] [stdout] 935 |         assert!(result1.is_ok(), true);
[INFO] [stdout]     |                                  ^^^^
[INFO] [stdout]     |
[INFO] [stdout]     = note: this is no longer accepted in Rust 2021
[INFO] [stdout] help: add a "{}" format string to Display the message
[INFO] [stdout]     |
[INFO] [stdout] 935 |         assert!(result1.is_ok(), "{}", true);
[INFO] [stdout]     |                                  ^^^^^
[INFO] [stdout] 
[INFO] [stdout] 
[INFO] [stdout] warning: panic message is not a string literal
[INFO] [stdout]    --> src/bin_archive.rs:953:34
[INFO] [stdout]     |
[INFO] [stdout] 953 |         assert!(result1.is_ok(), true);
[INFO] [stdout]     |                                  ^^^^
[INFO] [stdout]     |
[INFO] [stdout]     = note: this is no longer accepted in Rust 2021
[INFO] [stdout] help: add a "{}" format string to Display the message
[INFO] [stdout]     |
[INFO] [stdout] 953 |         assert!(result1.is_ok(), "{}", true);
[INFO] [stdout]     |                                  ^^^^^
[INFO] [stdout] 
[INFO] [stdout] 
[INFO] [stdout] warning: panic message is not a string literal
[INFO] [stdout]    --> src/bin_archive.rs:973:34
[INFO] [stdout]     |
[INFO] [stdout] 973 |         assert!(result1.is_ok(), true);
[INFO] [stdout]     |                                  ^^^^
[INFO] [stdout]     |
[INFO] [stdout]     = note: this is no longer accepted in Rust 2021
[INFO] [stdout] help: add a "{}" format string to Display the message
[INFO] [stdout]     |
[INFO] [stdout] 973 |         assert!(result1.is_ok(), "{}", true);
[INFO] [stdout]     |                                  ^^^^^
[INFO] [stdout] 
[INFO] [stdout] 
[INFO] [stdout] warning: panic message is not a string literal
[INFO] [stdout]    --> src/bin_archive.rs:991:34
[INFO] [stdout]     |
[INFO] [stdout] 991 |         assert!(result1.is_ok(), true);
[INFO] [stdout]     |                                  ^^^^
[INFO] [stdout]     |
[INFO] [stdout]     = note: this is no longer accepted in Rust 2021
[INFO] [stdout] help: add a "{}" format string to Display the message
[INFO] [stdout]     |
[INFO] [stdout] 991 |         assert!(result1.is_ok(), "{}", true);
[INFO] [stdout]     |                                  ^^^^^
[INFO] [stdout] 
[INFO] [stdout] 
[INFO] [stdout] warning: panic message is not a string literal
[INFO] [stdout]     --> src/bin_archive.rs:1009:34
[INFO] [stdout]      |
[INFO] [stdout] 1009 |         assert!(result1.is_ok(), true);
[INFO] [stdout]      |                                  ^^^^
[INFO] [stdout]      |
[INFO] [stdout]      = note: this is no longer accepted in Rust 2021
[INFO] [stdout] help: add a "{}" format string to Display the message
[INFO] [stdout]      |
[INFO] [stdout] 1009 |         assert!(result1.is_ok(), "{}", true);
[INFO] [stdout]      |                                  ^^^^^
[INFO] [stdout] 
[INFO] [stdout] 
[INFO] [stdout] warning: panic message is not a string literal
[INFO] [stdout]     --> src/bin_archive.rs:1029:34
[INFO] [stdout]      |
[INFO] [stdout] 1029 |         assert!(result1.is_ok(), true);
[INFO] [stdout]      |                                  ^^^^
[INFO] [stdout]      |
[INFO] [stdout]      = note: this is no longer accepted in Rust 2021
[INFO] [stdout] help: add a "{}" format string to Display the message
[INFO] [stdout]      |
[INFO] [stdout] 1029 |         assert!(result1.is_ok(), "{}", true);
[INFO] [stdout]      |                                  ^^^^^
[INFO] [stdout] 
[INFO] [stdout] 
[INFO] [stdout] warning: panic message is not a string literal
[INFO] [stdout]     --> src/bin_archive.rs:1049:34
[INFO] [stdout]      |
[INFO] [stdout] 1049 |         assert!(result1.is_ok(), true);
[INFO] [stdout]      |                                  ^^^^
[INFO] [stdout]      |
[INFO] [stdout]      = note: this is no longer accepted in Rust 2021
[INFO] [stdout] help: add a "{}" format string to Display the message
[INFO] [stdout]      |
[INFO] [stdout] 1049 |         assert!(result1.is_ok(), "{}", true);
[INFO] [stdout]      |                                  ^^^^^
[INFO] [stdout] 
[INFO] [stdout] 
[INFO] [stdout] warning: panic message is not a string literal
[INFO] [stdout]     --> src/bin_archive.rs:1070:34
[INFO] [stdout]      |
[INFO] [stdout] 1070 |         assert!(result1.is_ok(), true);
[INFO] [stdout]      |                                  ^^^^
[INFO] [stdout]      |
[INFO] [stdout]      = note: this is no longer accepted in Rust 2021
[INFO] [stdout] help: add a "{}" format string to Display the message
[INFO] [stdout]      |
[INFO] [stdout] 1070 |         assert!(result1.is_ok(), "{}", true);
[INFO] [stdout]      |                                  ^^^^^
[INFO] [stdout] 
[INFO] [stdout] 
[INFO] [stdout] warning: panic message is not a string literal
[INFO] [stdout]     --> src/bin_archive.rs:1092:34
[INFO] [stdout]      |
[INFO] [stdout] 1092 |         assert!(result1.is_ok(), true);
[INFO] [stdout]      |                                  ^^^^
[INFO] [stdout]      |
[INFO] [stdout]      = note: this is no longer accepted in Rust 2021
[INFO] [stdout] help: add a "{}" format string to Display the message
[INFO] [stdout]      |
[INFO] [stdout] 1092 |         assert!(result1.is_ok(), "{}", true);
[INFO] [stdout]      |                                  ^^^^^
[INFO] [stdout] 
[INFO] [stdout] 
[INFO] [stdout] warning: 17 warnings emitted
[INFO] [stdout] 
[INFO] [stdout] 
[INFO] [stderr]     Finished test [unoptimized + debuginfo] target(s) in 4.83s
[INFO] running `Command { std: "docker" "inspect" "137b9ba75131c9e89067e482d7af639f9c00d103e4fbf70216e46836bc0985b3", kill_on_drop: false }`
[INFO] running `Command { std: "docker" "rm" "-f" "137b9ba75131c9e89067e482d7af639f9c00d103e4fbf70216e46836bc0985b3", kill_on_drop: false }`
[INFO] [stdout] 137b9ba75131c9e89067e482d7af639f9c00d103e4fbf70216e46836bc0985b3
[INFO] running `Command { std: "docker" "create" "-v" "/var/lib/crater-agent-workspace/builds/worker-110/target:/opt/rustwide/target:rw,Z" "-v" "/var/lib/crater-agent-workspace/builds/worker-110/source:/opt/rustwide/workdir:ro,Z" "-v" "/var/lib/crater-agent-workspace/cargo-home:/opt/rustwide/cargo-home:ro,Z" "-v" "/var/lib/crater-agent-workspace/rustup-home:/opt/rustwide/rustup-home:ro,Z" "-e" "SOURCE_DIR=/opt/rustwide/workdir" "-e" "CARGO_TARGET_DIR=/opt/rustwide/target" "-e" "CARGO_INCREMENTAL=0" "-e" "RUST_BACKTRACE=full" "-e" "RUSTFLAGS=--cap-lints=warn" "-e" "CARGO_HOME=/opt/rustwide/cargo-home" "-e" "RUSTUP_HOME=/opt/rustwide/rustup-home" "-w" "/opt/rustwide/workdir" "-m" "1610612736" "--user" "0:0" "--network" "none" "ghcr.io/rust-lang/crates-build-env/linux@sha256:34b6a614d2c27851fe6cbf88fbd1137609cefab8b10d0615aaeb6fd47975d74e" "/opt/rustwide/cargo-home/bin/cargo" "+1.54.0" "test" "--frozen", kill_on_drop: false }`
[INFO] [stdout] fce329fdcd0addfe390a814cacee2ad605c0ecdc5c0885f64b13413a46c81766
[INFO] running `Command { std: "docker" "start" "-a" "fce329fdcd0addfe390a814cacee2ad605c0ecdc5c0885f64b13413a46c81766", kill_on_drop: false }`
[INFO] [stderr]     Blocking waiting for file lock on package cache
[INFO] [stderr] warning: panic message is not a string literal
[INFO] [stderr]    --> src/bin_archive.rs:609:34
[INFO] [stderr]     |
[INFO] [stderr] 609 |         assert!(result1.is_ok(), true);
[INFO] [stderr]     |                                  ^^^^
[INFO] [stderr]     |
[INFO] [stderr]     = note: `#[warn(non_fmt_panic)]` on by default
[INFO] [stderr]     = note: this is no longer accepted in Rust 2021
[INFO] [stderr] help: add a "{}" format string to Display the message
[INFO] [stderr]     |
[INFO] [stderr] 609 |         assert!(result1.is_ok(), "{}", true);
[INFO] [stderr]     |                                  ^^^^^
[INFO] [stderr] 
[INFO] [stderr] warning: panic message is not a string literal
[INFO] [stderr]    --> src/bin_archive.rs:626:34
[INFO] [stderr]     |
[INFO] [stderr] 626 |         assert!(result1.is_ok(), true);
[INFO] [stderr]     |                                  ^^^^
[INFO] [stderr]     |
[INFO] [stderr]     = note: this is no longer accepted in Rust 2021
[INFO] [stderr] help: add a "{}" format string to Display the message
[INFO] [stderr]     |
[INFO] [stderr] 626 |         assert!(result1.is_ok(), "{}", true);
[INFO] [stderr]     |                                  ^^^^^
[INFO] [stderr] 
[INFO] [stderr] warning: panic message is not a string literal
[INFO] [stderr]    --> src/bin_archive.rs:643:34
[INFO] [stderr]     |
[INFO] [stderr] 643 |         assert!(result1.is_ok(), true);
[INFO] [stderr]     |                                  ^^^^
[INFO] [stderr]     |
[INFO] [stderr]     = note: this is no longer accepted in Rust 2021
[INFO] [stderr] help: add a "{}" format string to Display the message
[INFO] [stderr]     |
[INFO] [stderr] 643 |         assert!(result1.is_ok(), "{}", true);
[INFO] [stderr]     |                                  ^^^^^
[INFO] [stderr] 
[INFO] [stderr] warning: panic message is not a string literal
[INFO] [stderr]    --> src/bin_archive.rs:662:34
[INFO] [stderr]     |
[INFO] [stderr] 662 |         assert!(result1.is_ok(), true);
[INFO] [stderr]     |                                  ^^^^
[INFO] [stderr]     |
[INFO] [stderr]     = note: this is no longer accepted in Rust 2021
[INFO] [stderr] help: add a "{}" format string to Display the message
[INFO] [stderr]     |
[INFO] [stderr] 662 |         assert!(result1.is_ok(), "{}", true);
[INFO] [stderr]     |                                  ^^^^^
[INFO] [stderr] 
[INFO] [stderr] warning: panic message is not a string literal
[INFO] [stderr]    --> src/bin_archive.rs:679:34
[INFO] [stderr]     |
[INFO] [stderr] 679 |         assert!(result1.is_ok(), true);
[INFO] [stderr]     |                                  ^^^^
[INFO] [stderr]     |
[INFO] [stderr]     = note: this is no longer accepted in Rust 2021
[INFO] [stderr] help: add a "{}" format string to Display the message
[INFO] [stderr]     |
[INFO] [stderr] 679 |         assert!(result1.is_ok(), "{}", true);
[INFO] [stderr]     |                                  ^^^^^
[INFO] [stderr] 
[INFO] [stderr] warning: panic message is not a string literal
[INFO] [stderr]    --> src/bin_archive.rs:696:34
[INFO] [stderr]     |
[INFO] [stderr] 696 |         assert!(result1.is_ok(), true);
[INFO] [stderr]     |                                  ^^^^
[INFO] [stderr]     |
[INFO] [stderr]     = note: this is no longer accepted in Rust 2021
[INFO] [stderr] help: add a "{}" format string to Display the message
[INFO] [stderr]     |
[INFO] [stderr] 696 |         assert!(result1.is_ok(), "{}", true);
[INFO] [stderr]     |                                  ^^^^^
[INFO] [stderr] 
[INFO] [stderr] warning: panic message is not a string literal
[INFO] [stderr]    --> src/bin_archive.rs:715:34
[INFO] [stderr]     |
[INFO] [stderr] 715 |         assert!(result1.is_ok(), true);
[INFO] [stderr]     |                                  ^^^^
[INFO] [stderr]     |
[INFO] [stderr]     = note: this is no longer accepted in Rust 2021
[INFO] [stderr] help: add a "{}" format string to Display the message
[INFO] [stderr]     |
[INFO] [stderr] 715 |         assert!(result1.is_ok(), "{}", true);
[INFO] [stderr]     |                                  ^^^^^
[INFO] [stderr] 
[INFO] [stderr] warning: panic message is not a string literal
[INFO] [stderr]    --> src/bin_archive.rs:917:34
[INFO] [stderr]     |
[INFO] [stderr] 917 |         assert!(result1.is_ok(), true);
[INFO] [stderr]     |                                  ^^^^
[INFO] [stderr]     |
[INFO] [stderr]     = note: this is no longer accepted in Rust 2021
[INFO] [stderr] help: add a "{}" format string to Display the message
[INFO] [stderr]     |
[INFO] [stderr] 917 |         assert!(result1.is_ok(), "{}", true);
[INFO] [stderr]     |                                  ^^^^^
[INFO] [stderr] 
[INFO] [stderr] warning: panic message is not a string literal
[INFO] [stderr]    --> src/bin_archive.rs:935:34
[INFO] [stderr]     |
[INFO] [stderr] 935 |         assert!(result1.is_ok(), true);
[INFO] [stderr]     |                                  ^^^^
[INFO] [stderr]     |
[INFO] [stderr]     = note: this is no longer accepted in Rust 2021
[INFO] [stderr] help: add a "{}" format string to Display the message
[INFO] [stderr]     |
[INFO] [stderr] 935 |         assert!(result1.is_ok(), "{}", true);
[INFO] [stderr]     |                                  ^^^^^
[INFO] [stderr] 
[INFO] [stderr] warning: panic message is not a string literal
[INFO] [stderr]    --> src/bin_archive.rs:953:34
[INFO] [stderr]     |
[INFO] [stderr] 953 |         assert!(result1.is_ok(), true);
[INFO] [stderr]     |                                  ^^^^
[INFO] [stderr]     |
[INFO] [stderr]     = note: this is no longer accepted in Rust 2021
[INFO] [stderr] help: add a "{}" format string to Display the message
[INFO] [stderr]     |
[INFO] [stderr] 953 |         assert!(result1.is_ok(), "{}", true);
[INFO] [stderr]     |                                  ^^^^^
[INFO] [stderr] 
[INFO] [stderr] warning: panic message is not a string literal
[INFO] [stderr]    --> src/bin_archive.rs:973:34
[INFO] [stderr]     |
[INFO] [stderr] 973 |         assert!(result1.is_ok(), true);
[INFO] [stderr]     |                                  ^^^^
[INFO] [stderr]     |
[INFO] [stderr]     = note: this is no longer accepted in Rust 2021
[INFO] [stderr] help: add a "{}" format string to Display the message
[INFO] [stderr]     |
[INFO] [stderr] 973 |         assert!(result1.is_ok(), "{}", true);
[INFO] [stderr]     |                                  ^^^^^
[INFO] [stderr] 
[INFO] [stderr] warning: panic message is not a string literal
[INFO] [stderr]    --> src/bin_archive.rs:991:34
[INFO] [stderr]     |
[INFO] [stderr] 991 |         assert!(result1.is_ok(), true);
[INFO] [stderr]     |                                  ^^^^
[INFO] [stderr]     |
[INFO] [stderr]     = note: this is no longer accepted in Rust 2021
[INFO] [stderr] help: add a "{}" format string to Display the message
[INFO] [stderr]     |
[INFO] [stderr] 991 |         assert!(result1.is_ok(), "{}", true);
[INFO] [stderr]     |                                  ^^^^^
[INFO] [stderr] 
[INFO] [stderr] warning: panic message is not a string literal
[INFO] [stderr]     --> src/bin_archive.rs:1009:34
[INFO] [stderr]      |
[INFO] [stderr] 1009 |         assert!(result1.is_ok(), true);
[INFO] [stderr]      |                                  ^^^^
[INFO] [stderr]      |
[INFO] [stderr]      = note: this is no longer accepted in Rust 2021
[INFO] [stderr] help: add a "{}" format string to Display the message
[INFO] [stderr]      |
[INFO] [stderr] 1009 |         assert!(result1.is_ok(), "{}", true);
[INFO] [stderr]      |                                  ^^^^^
[INFO] [stderr] 
[INFO] [stderr] warning: panic message is not a string literal
[INFO] [stderr]     --> src/bin_archive.rs:1029:34
[INFO] [stderr]      |
[INFO] [stderr] 1029 |         assert!(result1.is_ok(), true);
[INFO] [stderr]      |                                  ^^^^
[INFO] [stderr]      |
[INFO] [stderr]      = note: this is no longer accepted in Rust 2021
[INFO] [stderr] help: add a "{}" format string to Display the message
[INFO] [stderr]      |
[INFO] [stderr] 1029 |         assert!(result1.is_ok(), "{}", true);
[INFO] [stderr]      |                                  ^^^^^
[INFO] [stderr] 
[INFO] [stderr] warning: panic message is not a string literal
[INFO] [stderr]     --> src/bin_archive.rs:1049:34
[INFO] [stderr]      |
[INFO] [stderr] 1049 |         assert!(result1.is_ok(), true);
[INFO] [stderr]      |                                  ^^^^
[INFO] [stderr]      |
[INFO] [stderr]      = note: this is no longer accepted in Rust 2021
[INFO] [stderr] help: add a "{}" format string to Display the message
[INFO] [stderr]      |
[INFO] [stderr] 1049 |         assert!(result1.is_ok(), "{}", true);
[INFO] [stderr]      |                                  ^^^^^
[INFO] [stderr] 
[INFO] [stderr] warning: panic message is not a string literal
[INFO] [stderr]     --> src/bin_archive.rs:1070:34
[INFO] [stderr]      |
[INFO] [stderr] 1070 |         assert!(result1.is_ok(), true);
[INFO] [stderr]      |                                  ^^^^
[INFO] [stderr]      |
[INFO] [stderr]      = note: this is no longer accepted in Rust 2021
[INFO] [stderr] help: add a "{}" format string to Display the message
[INFO] [stderr]      |
[INFO] [stderr] 1070 |         assert!(result1.is_ok(), "{}", true);
[INFO] [stderr]      |                                  ^^^^^
[INFO] [stderr] 
[INFO] [stderr] warning: panic message is not a string literal
[INFO] [stderr]     --> src/bin_archive.rs:1092:34
[INFO] [stderr]      |
[INFO] [stderr] 1092 |         assert!(result1.is_ok(), true);
[INFO] [stderr]      |                                  ^^^^
[INFO] [stderr]      |
[INFO] [stderr]      = note: this is no longer accepted in Rust 2021
[INFO] [stderr] help: add a "{}" format string to Display the message
[INFO] [stderr]      |
[INFO] [stderr] 1092 |         assert!(result1.is_ok(), "{}", true);
[INFO] [stderr]      |                                  ^^^^^
[INFO] [stderr] 
[INFO] [stderr] warning: 17 warnings emitted
[INFO] [stderr] 
[INFO] [stderr]     Finished test [unoptimized + debuginfo] target(s) in 4.06s
[INFO] [stderr]      Running unittests (/opt/rustwide/target/debug/deps/mila-0afd4791fe13a2a7)
[INFO] [stdout] 
[INFO] [stdout] running 56 tests
[INFO] [stdout] test bin_archive::tests::allocate_at_end ... ok
[INFO] [stdout] test bin_archive::tests::allocate_no_destination_shift ... ok
[INFO] [stdout] test bin_archive::tests::allocate_no_label_shift ... ok
[INFO] [stdout] test bin_archive::tests::allocate_validation ... ok
[INFO] [stdout] test arc::test::arc_from_bytes_test ... ok
[INFO] [stdout] test bin_archive::tests::delete_label ... ok
[INFO] [stdout] test bin_archive::tests::delete_labels ... ok
[INFO] [stdout] test asset_binary::test::round_trip ... ok
[INFO] [stdout] test bin_archive::tests::delete_pointer ... ok
[INFO] [stdout] test bin_archive::tests::delete_string ... ok
[INFO] [stdout] test bin_archive::tests::find_label_address ... ok
[INFO] [stdout] test bin_archive::tests::from_bytes_bad_internal_pointer ... ok
[INFO] [stdout] test bin_archive::tests::from_bytes_bad_size ... ok
[INFO] [stdout] test bin_archive::tests::allocate_mixed2 ... ok
[INFO] [stdout] test bin_archive::tests::from_bytes_file_size_mismatch ... ok
[INFO] [stdout] test bin_archive::tests::get_labels ... ok
[INFO] [stdout] test bin_archive::tests::read_i32 ... ok
[INFO] [stdout] test bin_archive::tests::read_i8 ... ok
[INFO] [stdout] test bin_archive::tests::write_i8 ... ok
[INFO] [stdout] test bin_archive::tests::write_label ... ok
[INFO] [stdout] test bin_archive::tests::write_bytes ... ok
[INFO] [stdout] test bin_archive::tests::write_f32 ... ok
[INFO] [stdout] test bin_archive::tests::write_labels ... ok
[INFO] [stdout] test bin_archive::tests::write_i32 ... ok
[INFO] [stdout] test bin_archive::tests::write_u16 ... ok
[INFO] [stdout] test bin_archive::tests::write_u32 ... ok
[INFO] [stdout] test bin_archive::tests::write_i16 ... ok
[INFO] [stdout] test bin_archive::tests::write_u8 ... ok
[INFO] [stdout] test bin_archive::tests::write_pointer ... ok
[INFO] [stdout] test localization::test::localize_fe13_japanese_path ... ok
[INFO] [stdout] test localization::test::localize_fe13_spanish_path ... ok
[INFO] [stdout] test bin_archive::tests::round_trip_mixed2 ... ok
[INFO] [stdout] test localization::test::localize_fe14_japanese_path ... ok
[INFO] [stdout] test bin_archive::tests::write_string ... ok
[INFO] [stdout] test localization::test::localize_fe14_spanish_path ... ok
[INFO] [stdout] test bin_archive::tests::size ... ok
[INFO] [stdout] test bin_archive::tests::read_i16 ... ok
[INFO] [stdout] test bin_archive::tests::read_pointer ... ok
[INFO] [stdout] test bin_archive::tests::read_string ... ok
[INFO] [stdout] test bin_archive::tests::read_bytes ... ok
[INFO] [stdout] test bin_archive::tests::read_u32 ... ok
[INFO] [stdout] test bin_archive::tests::read_f32 ... ok
[INFO] [stdout] test localization::test::localize_fe15_japanese_path ... ok
[INFO] [stdout] test bin_archive::tests::round_trip_only_text ... ok
[INFO] [stdout] test layered_filesystem::test::list ... ok
[INFO] [stdout] test text_archive::test::round_trip_serialization ... ok
[INFO] [stdout] test text_archive::test::set_message ... ok
[INFO] [stdout] test localization::test::localize_fe15_spanish_path ... ok
[INFO] [stdout] test text_archive::test::get_message ... ok
[INFO] [stdout] test bin_archive::tests::round_trip_mixed1 ... ok
[INFO] [stdout] test bin_archive::tests::read_labels ... ok
[INFO] [stdout] test bin_archive::tests::read_u8 ... ok
[INFO] [stdout] test bin_archive::tests::read_u16 ... ok
[INFO] [stdout] test lz13::test::lz13_decompress_success ... ok
[INFO] [stdout] test lz13::test::lz13_compress_success ... ok
[INFO] [stdout] test layered_filesystem::test::write_and_read ... FAILED
[INFO] [stdout] 
[INFO] [stdout] failures:
[INFO] [stdout] 
[INFO] [stdout] ---- layered_filesystem::test::write_and_read stdout ----
[INFO] [stdout] thread 'layered_filesystem::test::write_and_read' panicked at 'assertion failed: result.is_ok()', src/layered_filesystem.rs:301:9
[INFO] [stdout] stack backtrace:
[INFO] [stdout]    0:     0x555a5af9a1b0 - std::backtrace_rs::backtrace::libunwind::trace::h34055254b57d8e79
[INFO] [stdout]                                at /rustc/a178d0322ce20e33eac124758e837cbd80a6f633/library/std/src/../../backtrace/src/backtrace/libunwind.rs:90:5
[INFO] [stdout]    1:     0x555a5af9a1b0 - std::backtrace_rs::backtrace::trace_unsynchronized::h8f1e3fbd9afff6ec
[INFO] [stdout]                                at /rustc/a178d0322ce20e33eac124758e837cbd80a6f633/library/std/src/../../backtrace/src/backtrace/mod.rs:66:5
[INFO] [stdout]    2:     0x555a5af9a1b0 - std::sys_common::backtrace::_print_fmt::h3a99a796b770c360
[INFO] [stdout]                                at /rustc/a178d0322ce20e33eac124758e837cbd80a6f633/library/std/src/sys_common/backtrace.rs:67:5
[INFO] [stdout]    3:     0x555a5af9a1b0 - <std::sys_common::backtrace::_print::DisplayBacktrace as core::fmt::Display>::fmt::h32d1f94a80615d18
[INFO] [stdout]                                at /rustc/a178d0322ce20e33eac124758e837cbd80a6f633/library/std/src/sys_common/backtrace.rs:46:22
[INFO] [stdout]    4:     0x555a5afbe88c - core::fmt::write::h306731c068f7162c
[INFO] [stdout]                                at /rustc/a178d0322ce20e33eac124758e837cbd80a6f633/library/core/src/fmt/mod.rs:1110:17
[INFO] [stdout]    5:     0x555a5af96c85 - std::io::Write::write_fmt::h87f19b0a2cd190bc
[INFO] [stdout]                                at /rustc/a178d0322ce20e33eac124758e837cbd80a6f633/library/std/src/io/mod.rs:1588:15
[INFO] [stdout]    6:     0x555a5af9c7db - std::sys_common::backtrace::_print::h5abaa2601a852287
[INFO] [stdout]                                at /rustc/a178d0322ce20e33eac124758e837cbd80a6f633/library/std/src/sys_common/backtrace.rs:49:5
[INFO] [stdout]    7:     0x555a5af9c7db - std::sys_common::backtrace::print::h8d81445442bb638f
[INFO] [stdout]                                at /rustc/a178d0322ce20e33eac124758e837cbd80a6f633/library/std/src/sys_common/backtrace.rs:36:9
[INFO] [stdout]    8:     0x555a5af9c7db - std::panicking::default_hook::{{closure}}::hcfe804496a9fa747
[INFO] [stdout]                                at /rustc/a178d0322ce20e33eac124758e837cbd80a6f633/library/std/src/panicking.rs:208:50
[INFO] [stdout]    9:     0x555a5af9c2ec - std::panicking::default_hook::hbea8e3ccf2ba8901
[INFO] [stdout]                                at /rustc/a178d0322ce20e33eac124758e837cbd80a6f633/library/std/src/panicking.rs:222:9
[INFO] [stdout]   10:     0x555a5af9cea4 - std::panicking::rust_panic_with_hook::h7ee9e1a2d0f8975a
[INFO] [stdout]                                at /rustc/a178d0322ce20e33eac124758e837cbd80a6f633/library/std/src/panicking.rs:622:17
[INFO] [stdout]   11:     0x555a5af9c957 - std::panicking::begin_panic_handler::{{closure}}::h8ab3b4491718b2c7
[INFO] [stdout]                                at /rustc/a178d0322ce20e33eac124758e837cbd80a6f633/library/std/src/panicking.rs:517:13
[INFO] [stdout]   12:     0x555a5af9a6ac - std::sys_common::backtrace::__rust_end_short_backtrace::hd489062ffa586a9f
[INFO] [stdout]                                at /rustc/a178d0322ce20e33eac124758e837cbd80a6f633/library/std/src/sys_common/backtrace.rs:141:18
[INFO] [stdout]   13:     0x555a5af9c8e9 - rust_begin_unwind
[INFO] [stdout]                                at /rustc/a178d0322ce20e33eac124758e837cbd80a6f633/library/std/src/panicking.rs:515:5
[INFO] [stdout]   14:     0x555a5add2ad1 - core::panicking::panic_fmt::hca6330e3e14086b4
[INFO] [stdout]                                at /rustc/a178d0322ce20e33eac124758e837cbd80a6f633/library/core/src/panicking.rs:92:14
[INFO] [stdout]   15:     0x555a5add2a1d - core::panicking::panic::h1a48d878ff3dcd40
[INFO] [stdout]                                at /rustc/a178d0322ce20e33eac124758e837cbd80a6f633/library/core/src/panicking.rs:50:5
[INFO] [stdout]   16:     0x555a5ae4ee25 - mila::layered_filesystem::test::write_and_read::h2f501c29b060d509
[INFO] [stdout]                                at /opt/rustwide/workdir/src/layered_filesystem.rs:301:9
[INFO] [stdout]   17:     0x555a5ae4e3aa - mila::layered_filesystem::test::write_and_read::{{closure}}::h9ab6e61c87731d01
[INFO] [stdout]                                at /opt/rustwide/workdir/src/layered_filesystem.rs:271:5
[INFO] [stdout]   18:     0x555a5ae02d0e - core::ops::function::FnOnce::call_once::hfd3b8b0008586391
[INFO] [stdout]                                at /rustc/a178d0322ce20e33eac124758e837cbd80a6f633/library/core/src/ops/function.rs:227:5
[INFO] [stdout]   19:     0x555a5aef5693 - core::ops::function::FnOnce::call_once::h152e7e439ff59e19
[INFO] [stdout]                                at /rustc/a178d0322ce20e33eac124758e837cbd80a6f633/library/core/src/ops/function.rs:227:5
[INFO] [stdout]   20:     0x555a5aef5693 - test::__rust_begin_short_backtrace::h0908f3b1fdbb72ab
[INFO] [stdout]                                at /rustc/a178d0322ce20e33eac124758e837cbd80a6f633/library/test/src/lib.rs:577:5
[INFO] [stdout]   21:     0x555a5aef4150 - <alloc::boxed::Box<F,A> as core::ops::function::FnOnce<Args>>::call_once::hf6d2a51e5587546c
[INFO] [stdout]                                at /rustc/a178d0322ce20e33eac124758e837cbd80a6f633/library/alloc/src/boxed.rs:1575:9
[INFO] [stdout]   22:     0x555a5aef4150 - <std::panic::AssertUnwindSafe<F> as core::ops::function::FnOnce<()>>::call_once::h8af660f3a89ef593
[INFO] [stdout]                                at /rustc/a178d0322ce20e33eac124758e837cbd80a6f633/library/std/src/panic.rs:347:9
[INFO] [stdout]   23:     0x555a5aef4150 - std::panicking::try::do_call::hd36aef60f84b6d36
[INFO] [stdout]                                at /rustc/a178d0322ce20e33eac124758e837cbd80a6f633/library/std/src/panicking.rs:401:40
[INFO] [stdout]   24:     0x555a5aef4150 - std::panicking::try::h9932b4480e69817c
[INFO] [stdout]                                at /rustc/a178d0322ce20e33eac124758e837cbd80a6f633/library/std/src/panicking.rs:365:19
[INFO] [stdout]   25:     0x555a5aef4150 - std::panic::catch_unwind::h6aa177099cfff5f8
[INFO] [stdout]                                at /rustc/a178d0322ce20e33eac124758e837cbd80a6f633/library/std/src/panic.rs:434:14
[INFO] [stdout]   26:     0x555a5aef4150 - test::run_test_in_process::h5884d6f2d99e20c3
[INFO] [stdout]                                at /rustc/a178d0322ce20e33eac124758e837cbd80a6f633/library/test/src/lib.rs:600:18
[INFO] [stdout]   27:     0x555a5aef4150 - test::run_test::run_test_inner::{{closure}}::h6fdc58c6d5f5b6e3
[INFO] [stdout]                                at /rustc/a178d0322ce20e33eac124758e837cbd80a6f633/library/test/src/lib.rs:492:39
[INFO] [stdout]   28:     0x555a5aecd802 - test::run_test::run_test_inner::{{closure}}::h408365d67a78ade8
[INFO] [stdout]                                at /rustc/a178d0322ce20e33eac124758e837cbd80a6f633/library/test/src/lib.rs:519:37
[INFO] [stdout]   29:     0x555a5aecd802 - std::sys_common::backtrace::__rust_begin_short_backtrace::hb560b77c4f701523
[INFO] [stdout]                                at /rustc/a178d0322ce20e33eac124758e837cbd80a6f633/library/std/src/sys_common/backtrace.rs:125:18
[INFO] [stdout]   30:     0x555a5aed13b8 - std::thread::Builder::spawn_unchecked::{{closure}}::{{closure}}::hf2e7831dad93c597
[INFO] [stdout]                                at /rustc/a178d0322ce20e33eac124758e837cbd80a6f633/library/std/src/thread/mod.rs:481:17
[INFO] [stdout]   31:     0x555a5aed13b8 - <std::panic::AssertUnwindSafe<F> as core::ops::function::FnOnce<()>>::call_once::hd2e08783d8be4d02
[INFO] [stdout]                                at /rustc/a178d0322ce20e33eac124758e837cbd80a6f633/library/std/src/panic.rs:347:9
[INFO] [stdout]   32:     0x555a5aed13b8 - std::panicking::try::do_call::h062597b7acfd6b82
[INFO] [stdout]                                at /rustc/a178d0322ce20e33eac124758e837cbd80a6f633/library/std/src/panicking.rs:401:40
[INFO] [stdout]   33:     0x555a5aed13b8 - std::panicking::try::h0d7b79db04c14552
[INFO] [stdout]                                at /rustc/a178d0322ce20e33eac124758e837cbd80a6f633/library/std/src/panicking.rs:365:19
[INFO] [stdout]   34:     0x555a5aed13b8 - std::panic::catch_unwind::hb01a0b5e7c8cd43b
[INFO] [stdout]                                at /rustc/a178d0322ce20e33eac124758e837cbd80a6f633/library/std/src/panic.rs:434:14
[INFO] [stdout]   35:     0x555a5aed13b8 - std::thread::Builder::spawn_unchecked::{{closure}}::h5bde48cc887e0d1e
[INFO] [stdout]                                at /rustc/a178d0322ce20e33eac124758e837cbd80a6f633/library/std/src/thread/mod.rs:480:30
[INFO] [stdout]   36:     0x555a5aed13b8 - core::ops::function::FnOnce::call_once{{vtable.shim}}::h745ea30807a29e55
[INFO] [stdout]                                at /rustc/a178d0322ce20e33eac124758e837cbd80a6f633/library/core/src/ops/function.rs:227:5
[INFO] [stdout]   37:     0x555a5afa2717 - <alloc::boxed::Box<F,A> as core::ops::function::FnOnce<Args>>::call_once::h7ece6cfefaff1005
[INFO] [stdout]                                at /rustc/a178d0322ce20e33eac124758e837cbd80a6f633/library/alloc/src/boxed.rs:1575:9
[INFO] [stdout]   38:     0x555a5afa2717 - <alloc::boxed::Box<F,A> as core::ops::function::FnOnce<Args>>::call_once::hb8b48e55c21f193e
[INFO] [stdout]                                at /rustc/a178d0322ce20e33eac124758e837cbd80a6f633/library/alloc/src/boxed.rs:1575:9
[INFO] [stdout]   39:     0x555a5afa2717 - std::sys::unix::thread::Thread::new::thread_start::h8c7c4450dba62914
[INFO] [stdout]                                at /rustc/a178d0322ce20e33eac124758e837cbd80a6f633/library/std/src/sys/unix/thread.rs:71:17
[INFO] [stdout]   40:     0x7f7a777d6609 - start_thread
[INFO] [stdout]   41:     0x7f7a775a8293 - clone
[INFO] [stdout]   42:                0x0 - <unknown>
[INFO] [stdout] 
[INFO] [stdout] 
[INFO] [stdout] failures:
[INFO] [stdout]     layered_filesystem::test::write_and_read
[INFO] [stdout] 
[INFO] [stdout] test result: FAILED. 55 passed; 1 failed; 0 ignored; 0 measured; 0 filtered out; finished in 0.06s
[INFO] [stdout] 
[INFO] [stderr] error: test failed, to rerun pass '--lib'
[INFO] running `Command { std: "docker" "inspect" "fce329fdcd0addfe390a814cacee2ad605c0ecdc5c0885f64b13413a46c81766", kill_on_drop: false }`
[INFO] running `Command { std: "docker" "rm" "-f" "fce329fdcd0addfe390a814cacee2ad605c0ecdc5c0885f64b13413a46c81766", kill_on_drop: false }`
[INFO] [stdout] fce329fdcd0addfe390a814cacee2ad605c0ecdc5c0885f64b13413a46c81766
