[INFO] fetching crate micro_http_async 0.0.9...
[INFO] testing micro_http_async-0.0.9 against beta-2021-08-01 for beta-1.55-1
[INFO] extracting crate micro_http_async 0.0.9 into /workspace/builds/worker-41/source
[INFO] validating manifest of crates.io crate micro_http_async 0.0.9 on toolchain beta-2021-08-01
[INFO] running `Command { std: "/workspace/cargo-home/bin/cargo" "+beta-2021-08-01" "metadata" "--manifest-path" "Cargo.toml" "--no-deps", kill_on_drop: false }`
[INFO] started tweaking crates.io crate micro_http_async 0.0.9
[INFO] finished tweaking crates.io crate micro_http_async 0.0.9
[INFO] tweaked toml for crates.io crate micro_http_async 0.0.9 written to /workspace/builds/worker-41/source/Cargo.toml
[INFO] crate crates.io crate micro_http_async 0.0.9 already has a lockfile, it will not be regenerated
[INFO] running `Command { std: "/workspace/cargo-home/bin/cargo" "+beta-2021-08-01" "fetch" "--manifest-path" "Cargo.toml", kill_on_drop: false }`
[INFO] running `Command { std: "docker" "create" "-v" "/var/lib/crater-agent-workspace/builds/worker-41/target:/opt/rustwide/target:rw,Z" "-v" "/var/lib/crater-agent-workspace/builds/worker-41/source:/opt/rustwide/workdir:ro,Z" "-v" "/var/lib/crater-agent-workspace/cargo-home:/opt/rustwide/cargo-home:ro,Z" "-v" "/var/lib/crater-agent-workspace/rustup-home:/opt/rustwide/rustup-home:ro,Z" "-e" "SOURCE_DIR=/opt/rustwide/workdir" "-e" "CARGO_TARGET_DIR=/opt/rustwide/target" "-e" "CARGO_HOME=/opt/rustwide/cargo-home" "-e" "RUSTUP_HOME=/opt/rustwide/rustup-home" "-w" "/opt/rustwide/workdir" "-m" "1610612736" "--user" "0:0" "--network" "none" "ghcr.io/rust-lang/crates-build-env/linux@sha256:34b6a614d2c27851fe6cbf88fbd1137609cefab8b10d0615aaeb6fd47975d74e" "/opt/rustwide/cargo-home/bin/cargo" "+beta-2021-08-01" "metadata" "--no-deps" "--format-version=1", kill_on_drop: false }`
[INFO] [stdout] 6126a012367df80597a8730d298abc419991496611327b4f726c5c17513c756f
[INFO] running `Command { std: "docker" "start" "-a" "6126a012367df80597a8730d298abc419991496611327b4f726c5c17513c756f", kill_on_drop: false }`
[INFO] running `Command { std: "docker" "inspect" "6126a012367df80597a8730d298abc419991496611327b4f726c5c17513c756f", kill_on_drop: false }`
[INFO] running `Command { std: "docker" "rm" "-f" "6126a012367df80597a8730d298abc419991496611327b4f726c5c17513c756f", kill_on_drop: false }`
[INFO] [stdout] 6126a012367df80597a8730d298abc419991496611327b4f726c5c17513c756f
[INFO] running `Command { std: "docker" "create" "-v" "/var/lib/crater-agent-workspace/builds/worker-41/target:/opt/rustwide/target:rw,Z" "-v" "/var/lib/crater-agent-workspace/builds/worker-41/source:/opt/rustwide/workdir:ro,Z" "-v" "/var/lib/crater-agent-workspace/cargo-home:/opt/rustwide/cargo-home:ro,Z" "-v" "/var/lib/crater-agent-workspace/rustup-home:/opt/rustwide/rustup-home:ro,Z" "-e" "SOURCE_DIR=/opt/rustwide/workdir" "-e" "CARGO_TARGET_DIR=/opt/rustwide/target" "-e" "CARGO_INCREMENTAL=0" "-e" "RUST_BACKTRACE=full" "-e" "RUSTFLAGS=--cap-lints=warn" "-e" "CARGO_HOME=/opt/rustwide/cargo-home" "-e" "RUSTUP_HOME=/opt/rustwide/rustup-home" "-w" "/opt/rustwide/workdir" "-m" "1610612736" "--user" "0:0" "--network" "none" "ghcr.io/rust-lang/crates-build-env/linux@sha256:34b6a614d2c27851fe6cbf88fbd1137609cefab8b10d0615aaeb6fd47975d74e" "/opt/rustwide/cargo-home/bin/cargo" "+beta-2021-08-01" "build" "--frozen" "--message-format=json", kill_on_drop: false }`
[INFO] [stdout] c5f50a56dcf67108dcea076a7e834c881bab4b94719fccb9cf16e2d7906c4034
[INFO] running `Command { std: "docker" "start" "-a" "c5f50a56dcf67108dcea076a7e834c881bab4b94719fccb9cf16e2d7906c4034", kill_on_drop: false }`
[INFO] [stderr]    Compiling proc-macro2 v1.0.24
[INFO] [stderr]    Compiling unicode-xid v0.2.1
[INFO] [stderr]    Compiling libc v0.2.84
[INFO] [stderr]    Compiling syn v1.0.60
[INFO] [stderr]    Compiling cfg-if v1.0.0
[INFO] [stderr]    Compiling serde_derive v1.0.123
[INFO] [stderr]    Compiling log v0.4.14
[INFO] [stderr]    Compiling serde v1.0.123
[INFO] [stderr]    Compiling scopeguard v1.1.0
[INFO] [stderr]    Compiling autocfg v1.0.1
[INFO] [stderr]    Compiling memchr v2.3.4
[INFO] [stderr]    Compiling ryu v1.0.5
[INFO] [stderr]    Compiling smallvec v1.6.1
[INFO] [stderr]    Compiling serde_json v1.0.62
[INFO] [stderr]    Compiling once_cell v1.5.2
[INFO] [stderr]    Compiling pin-project-lite v0.2.4
[INFO] [stderr]    Compiling bytes v1.0.1
[INFO] [stderr]    Compiling itoa v0.4.7
[INFO] [stderr]    Compiling chunked_transfer v1.4.0
[INFO] [stderr]    Compiling lock_api v0.4.2
[INFO] [stderr]    Compiling instant v0.1.9
[INFO] [stderr]    Compiling tokio v1.1.1
[INFO] [stderr]    Compiling quote v1.0.8
[INFO] [stderr]    Compiling parking_lot_core v0.8.2
[INFO] [stderr]    Compiling num_cpus v1.13.0
[INFO] [stderr]    Compiling signal-hook-registry v1.3.0
[INFO] [stderr]    Compiling mio v0.7.7
[INFO] [stderr]    Compiling parking_lot v0.11.1
[INFO] [stderr]    Compiling tokio-macros v1.0.0
[INFO] [stderr]    Compiling micro_http_async v0.0.9 (/opt/rustwide/workdir)
[INFO] [stderr]     Finished dev [unoptimized + debuginfo] target(s) in 28.18s
[INFO] running `Command { std: "docker" "inspect" "c5f50a56dcf67108dcea076a7e834c881bab4b94719fccb9cf16e2d7906c4034", kill_on_drop: false }`
[INFO] running `Command { std: "docker" "rm" "-f" "c5f50a56dcf67108dcea076a7e834c881bab4b94719fccb9cf16e2d7906c4034", kill_on_drop: false }`
[INFO] [stdout] c5f50a56dcf67108dcea076a7e834c881bab4b94719fccb9cf16e2d7906c4034
[INFO] running `Command { std: "docker" "create" "-v" "/var/lib/crater-agent-workspace/builds/worker-41/target:/opt/rustwide/target:rw,Z" "-v" "/var/lib/crater-agent-workspace/builds/worker-41/source:/opt/rustwide/workdir:ro,Z" "-v" "/var/lib/crater-agent-workspace/cargo-home:/opt/rustwide/cargo-home:ro,Z" "-v" "/var/lib/crater-agent-workspace/rustup-home:/opt/rustwide/rustup-home:ro,Z" "-e" "SOURCE_DIR=/opt/rustwide/workdir" "-e" "CARGO_TARGET_DIR=/opt/rustwide/target" "-e" "CARGO_INCREMENTAL=0" "-e" "RUST_BACKTRACE=full" "-e" "RUSTFLAGS=--cap-lints=warn" "-e" "CARGO_HOME=/opt/rustwide/cargo-home" "-e" "RUSTUP_HOME=/opt/rustwide/rustup-home" "-w" "/opt/rustwide/workdir" "-m" "1610612736" "--user" "0:0" "--network" "none" "ghcr.io/rust-lang/crates-build-env/linux@sha256:34b6a614d2c27851fe6cbf88fbd1137609cefab8b10d0615aaeb6fd47975d74e" "/opt/rustwide/cargo-home/bin/cargo" "+beta-2021-08-01" "test" "--frozen" "--no-run" "--message-format=json", kill_on_drop: false }`
[INFO] [stdout] 3d60ece391d869c7390d396b813ce926585f326f8c45866e1ce3bdd1110fd33a
[INFO] running `Command { std: "docker" "start" "-a" "3d60ece391d869c7390d396b813ce926585f326f8c45866e1ce3bdd1110fd33a", kill_on_drop: false }`
[INFO] [stderr]    Compiling micro_http_async v0.0.9 (/opt/rustwide/workdir)
[INFO] [stderr]     Finished test [unoptimized + debuginfo] target(s) in 2.15s
[INFO] running `Command { std: "docker" "inspect" "3d60ece391d869c7390d396b813ce926585f326f8c45866e1ce3bdd1110fd33a", kill_on_drop: false }`
[INFO] running `Command { std: "docker" "rm" "-f" "3d60ece391d869c7390d396b813ce926585f326f8c45866e1ce3bdd1110fd33a", kill_on_drop: false }`
[INFO] [stdout] 3d60ece391d869c7390d396b813ce926585f326f8c45866e1ce3bdd1110fd33a
[INFO] running `Command { std: "docker" "create" "-v" "/var/lib/crater-agent-workspace/builds/worker-41/target:/opt/rustwide/target:rw,Z" "-v" "/var/lib/crater-agent-workspace/builds/worker-41/source:/opt/rustwide/workdir:ro,Z" "-v" "/var/lib/crater-agent-workspace/cargo-home:/opt/rustwide/cargo-home:ro,Z" "-v" "/var/lib/crater-agent-workspace/rustup-home:/opt/rustwide/rustup-home:ro,Z" "-e" "SOURCE_DIR=/opt/rustwide/workdir" "-e" "CARGO_TARGET_DIR=/opt/rustwide/target" "-e" "CARGO_INCREMENTAL=0" "-e" "RUST_BACKTRACE=full" "-e" "RUSTFLAGS=--cap-lints=warn" "-e" "CARGO_HOME=/opt/rustwide/cargo-home" "-e" "RUSTUP_HOME=/opt/rustwide/rustup-home" "-w" "/opt/rustwide/workdir" "-m" "1610612736" "--user" "0:0" "--network" "none" "ghcr.io/rust-lang/crates-build-env/linux@sha256:34b6a614d2c27851fe6cbf88fbd1137609cefab8b10d0615aaeb6fd47975d74e" "/opt/rustwide/cargo-home/bin/cargo" "+beta-2021-08-01" "test" "--frozen", kill_on_drop: false }`
[INFO] [stdout] 56503980168a1f1e05db8e3652297d0f8b94a52c6dd1337c02fa73764a49454b
[INFO] running `Command { std: "docker" "start" "-a" "56503980168a1f1e05db8e3652297d0f8b94a52c6dd1337c02fa73764a49454b", kill_on_drop: false }`
[INFO] [stderr]     Blocking waiting for file lock on package cache
[INFO] [stderr]     Blocking waiting for file lock on package cache
[INFO] [stderr]     Finished test [unoptimized + debuginfo] target(s) in 0.13s
[INFO] [stderr]      Running unittests (/opt/rustwide/target/debug/deps/micro_http_async-5c8d1ce46498736a)
[INFO] [stdout] 
[INFO] [stderr]    Doc-tests micro_http_async
[INFO] [stdout] running 0 tests
[INFO] [stdout] 
[INFO] [stdout] test result: ok. 0 passed; 0 failed; 0 ignored; 0 measured; 0 filtered out; finished in 0.00s
[INFO] [stdout] 
[INFO] [stdout] 
[INFO] [stdout] running 6 tests
[INFO] [stdout] test src/lib.rs - (line 10) ... FAILED
[INFO] [stdout] test src/response.rs - response::Response (line 4) ... FAILED
[INFO] [stdout] test src/html_loader.rs - html_loader::HtmlConstructor (line 55) ... FAILED
[INFO] [stdout] test src/server.rs - server::HttpServer::new (line 29) ... FAILED
[INFO] [stdout] test src/server.rs - server::HttpServer (line 13) ... FAILED
[INFO] [stdout] test src/lib.rs - (line 28) has been running for over 60 seconds
[ERROR] error running command: no output for 300 seconds
[INFO] running `Command { std: "docker" "inspect" "56503980168a1f1e05db8e3652297d0f8b94a52c6dd1337c02fa73764a49454b", kill_on_drop: false }`
[INFO] running `Command { std: "docker" "rm" "-f" "56503980168a1f1e05db8e3652297d0f8b94a52c6dd1337c02fa73764a49454b", kill_on_drop: false }`
[INFO] [stdout] 56503980168a1f1e05db8e3652297d0f8b94a52c6dd1337c02fa73764a49454b
