[INFO] fetching crate metered-macro 0.8.0...
[INFO] testing metered-macro-0.8.0 against beta-2021-08-01 for beta-1.55-1
[INFO] extracting crate metered-macro 0.8.0 into /workspace/builds/worker-0/source
[INFO] validating manifest of crates.io crate metered-macro 0.8.0 on toolchain beta-2021-08-01
[INFO] running `Command { std: "/workspace/cargo-home/bin/cargo" "+beta-2021-08-01" "metadata" "--manifest-path" "Cargo.toml" "--no-deps", kill_on_drop: false }`
[INFO] started tweaking crates.io crate metered-macro 0.8.0
[INFO] finished tweaking crates.io crate metered-macro 0.8.0
[INFO] tweaked toml for crates.io crate metered-macro 0.8.0 written to /workspace/builds/worker-0/source/Cargo.toml
[INFO] running `Command { std: "/workspace/cargo-home/bin/cargo" "+beta-2021-08-01" "generate-lockfile" "--manifest-path" "Cargo.toml" "-Zno-index-update", kill_on_drop: false }`
[INFO] running `Command { std: "/workspace/cargo-home/bin/cargo" "+beta-2021-08-01" "fetch" "--manifest-path" "Cargo.toml", kill_on_drop: false }`
[INFO] [stderr]     Blocking waiting for file lock on package cache
[INFO] [stderr]     Blocking waiting for file lock on package cache
[INFO] [stderr]  Downloading crates ...
[INFO] [stderr]   Downloaded auto_enums_derive v0.7.12
[INFO] [stderr]   Downloaded aspect-weave v0.2.1
[INFO] [stderr]   Downloaded auto_enums_core v0.7.12
[INFO] [stderr]   Downloaded synattra v0.2.1
[INFO] [stderr]   Downloaded auto_enums v0.7.12
[INFO] running `Command { std: "docker" "create" "-v" "/var/lib/crater-agent-workspace/builds/worker-0/target:/opt/rustwide/target:rw,Z" "-v" "/var/lib/crater-agent-workspace/builds/worker-0/source:/opt/rustwide/workdir:ro,Z" "-v" "/var/lib/crater-agent-workspace/cargo-home:/opt/rustwide/cargo-home:ro,Z" "-v" "/var/lib/crater-agent-workspace/rustup-home:/opt/rustwide/rustup-home:ro,Z" "-e" "SOURCE_DIR=/opt/rustwide/workdir" "-e" "CARGO_TARGET_DIR=/opt/rustwide/target" "-e" "CARGO_HOME=/opt/rustwide/cargo-home" "-e" "RUSTUP_HOME=/opt/rustwide/rustup-home" "-w" "/opt/rustwide/workdir" "-m" "1610612736" "--user" "0:0" "--network" "none" "ghcr.io/rust-lang/crates-build-env/linux@sha256:34b6a614d2c27851fe6cbf88fbd1137609cefab8b10d0615aaeb6fd47975d74e" "/opt/rustwide/cargo-home/bin/cargo" "+beta-2021-08-01" "metadata" "--no-deps" "--format-version=1", kill_on_drop: false }`
[INFO] [stdout] e44f3c6749a272305b3dc5267872c70ec12f70061cae42699fe1c524bf1fd6c0
[INFO] running `Command { std: "docker" "start" "-a" "e44f3c6749a272305b3dc5267872c70ec12f70061cae42699fe1c524bf1fd6c0", kill_on_drop: false }`
[INFO] running `Command { std: "docker" "inspect" "e44f3c6749a272305b3dc5267872c70ec12f70061cae42699fe1c524bf1fd6c0", kill_on_drop: false }`
[INFO] running `Command { std: "docker" "rm" "-f" "e44f3c6749a272305b3dc5267872c70ec12f70061cae42699fe1c524bf1fd6c0", kill_on_drop: false }`
[INFO] [stdout] e44f3c6749a272305b3dc5267872c70ec12f70061cae42699fe1c524bf1fd6c0
[INFO] running `Command { std: "docker" "create" "-v" "/var/lib/crater-agent-workspace/builds/worker-0/target:/opt/rustwide/target:rw,Z" "-v" "/var/lib/crater-agent-workspace/builds/worker-0/source:/opt/rustwide/workdir:ro,Z" "-v" "/var/lib/crater-agent-workspace/cargo-home:/opt/rustwide/cargo-home:ro,Z" "-v" "/var/lib/crater-agent-workspace/rustup-home:/opt/rustwide/rustup-home:ro,Z" "-e" "SOURCE_DIR=/opt/rustwide/workdir" "-e" "CARGO_TARGET_DIR=/opt/rustwide/target" "-e" "CARGO_INCREMENTAL=0" "-e" "RUST_BACKTRACE=full" "-e" "RUSTFLAGS=--cap-lints=warn" "-e" "CARGO_HOME=/opt/rustwide/cargo-home" "-e" "RUSTUP_HOME=/opt/rustwide/rustup-home" "-w" "/opt/rustwide/workdir" "-m" "1610612736" "--user" "0:0" "--network" "none" "ghcr.io/rust-lang/crates-build-env/linux@sha256:34b6a614d2c27851fe6cbf88fbd1137609cefab8b10d0615aaeb6fd47975d74e" "/opt/rustwide/cargo-home/bin/cargo" "+beta-2021-08-01" "build" "--frozen" "--message-format=json", kill_on_drop: false }`
[INFO] [stdout] 9db60b38cfc8ba55c9b41e8fa51655fb11b5a3b517c32d0c0e453d1438ef761c
[INFO] running `Command { std: "docker" "start" "-a" "9db60b38cfc8ba55c9b41e8fa51655fb11b5a3b517c32d0c0e453d1438ef761c", kill_on_drop: false }`
[INFO] [stderr]    Compiling syn v1.0.74
[INFO] [stderr]    Compiling hashbrown v0.11.2
[INFO] [stderr]    Compiling unicode-segmentation v1.8.0
[INFO] [stderr]    Compiling auto_enums_derive v0.7.12
[INFO] [stderr]    Compiling indexmap v1.7.0
[INFO] [stderr]    Compiling heck v0.3.3
[INFO] [stderr]    Compiling derive_utils v0.11.2
[INFO] [stderr]    Compiling auto_enums_core v0.7.12
[INFO] [stderr]    Compiling auto_enums v0.7.12
[INFO] [stderr]    Compiling synattra v0.2.1
[INFO] [stderr]    Compiling aspect-weave v0.2.1
[INFO] [stderr]    Compiling metered-macro v0.8.0 (/opt/rustwide/workdir)
[INFO] [stderr]     Finished dev [unoptimized + debuginfo] target(s) in 19.61s
[INFO] running `Command { std: "docker" "inspect" "9db60b38cfc8ba55c9b41e8fa51655fb11b5a3b517c32d0c0e453d1438ef761c", kill_on_drop: false }`
[INFO] running `Command { std: "docker" "rm" "-f" "9db60b38cfc8ba55c9b41e8fa51655fb11b5a3b517c32d0c0e453d1438ef761c", kill_on_drop: false }`
[INFO] [stdout] 9db60b38cfc8ba55c9b41e8fa51655fb11b5a3b517c32d0c0e453d1438ef761c
[INFO] running `Command { std: "docker" "create" "-v" "/var/lib/crater-agent-workspace/builds/worker-0/target:/opt/rustwide/target:rw,Z" "-v" "/var/lib/crater-agent-workspace/builds/worker-0/source:/opt/rustwide/workdir:ro,Z" "-v" "/var/lib/crater-agent-workspace/cargo-home:/opt/rustwide/cargo-home:ro,Z" "-v" "/var/lib/crater-agent-workspace/rustup-home:/opt/rustwide/rustup-home:ro,Z" "-e" "SOURCE_DIR=/opt/rustwide/workdir" "-e" "CARGO_TARGET_DIR=/opt/rustwide/target" "-e" "CARGO_INCREMENTAL=0" "-e" "RUST_BACKTRACE=full" "-e" "RUSTFLAGS=--cap-lints=warn" "-e" "CARGO_HOME=/opt/rustwide/cargo-home" "-e" "RUSTUP_HOME=/opt/rustwide/rustup-home" "-w" "/opt/rustwide/workdir" "-m" "1610612736" "--user" "0:0" "--network" "none" "ghcr.io/rust-lang/crates-build-env/linux@sha256:34b6a614d2c27851fe6cbf88fbd1137609cefab8b10d0615aaeb6fd47975d74e" "/opt/rustwide/cargo-home/bin/cargo" "+beta-2021-08-01" "test" "--frozen" "--no-run" "--message-format=json", kill_on_drop: false }`
[INFO] [stdout] 8f8dc4e54c78b9a39dabba8dd7bab21df6dd8d27bd4ed78bc5a73e9d6a184c32
[INFO] running `Command { std: "docker" "start" "-a" "8f8dc4e54c78b9a39dabba8dd7bab21df6dd8d27bd4ed78bc5a73e9d6a184c32", kill_on_drop: false }`
[INFO] [stderr]    Compiling libc v0.2.98
[INFO] [stderr]    Compiling serde_derive v1.0.127
[INFO] [stderr]    Compiling serde v1.0.127
[INFO] [stderr]    Compiling ppv-lite86 v0.2.10
[INFO] [stderr]    Compiling thiserror-impl v1.0.26
[INFO] [stderr]    Compiling thiserror v1.0.26
[INFO] [stderr]    Compiling getrandom v0.2.3
[INFO] [stderr]    Compiling rand_core v0.6.3
[INFO] [stderr]    Compiling rand_chacha v0.3.1
[INFO] [stderr]    Compiling rand v0.8.4
[INFO] [stderr]    Compiling metered-macro v0.8.0 (/opt/rustwide/workdir)
[INFO] [stderr]     Finished test [unoptimized + debuginfo] target(s) in 20.81s
[INFO] running `Command { std: "docker" "inspect" "8f8dc4e54c78b9a39dabba8dd7bab21df6dd8d27bd4ed78bc5a73e9d6a184c32", kill_on_drop: false }`
[INFO] running `Command { std: "docker" "rm" "-f" "8f8dc4e54c78b9a39dabba8dd7bab21df6dd8d27bd4ed78bc5a73e9d6a184c32", kill_on_drop: false }`
[INFO] [stdout] 8f8dc4e54c78b9a39dabba8dd7bab21df6dd8d27bd4ed78bc5a73e9d6a184c32
[INFO] running `Command { std: "docker" "create" "-v" "/var/lib/crater-agent-workspace/builds/worker-0/target:/opt/rustwide/target:rw,Z" "-v" "/var/lib/crater-agent-workspace/builds/worker-0/source:/opt/rustwide/workdir:ro,Z" "-v" "/var/lib/crater-agent-workspace/cargo-home:/opt/rustwide/cargo-home:ro,Z" "-v" "/var/lib/crater-agent-workspace/rustup-home:/opt/rustwide/rustup-home:ro,Z" "-e" "SOURCE_DIR=/opt/rustwide/workdir" "-e" "CARGO_TARGET_DIR=/opt/rustwide/target" "-e" "CARGO_INCREMENTAL=0" "-e" "RUST_BACKTRACE=full" "-e" "RUSTFLAGS=--cap-lints=warn" "-e" "CARGO_HOME=/opt/rustwide/cargo-home" "-e" "RUSTUP_HOME=/opt/rustwide/rustup-home" "-w" "/opt/rustwide/workdir" "-m" "1610612736" "--user" "0:0" "--network" "none" "ghcr.io/rust-lang/crates-build-env/linux@sha256:34b6a614d2c27851fe6cbf88fbd1137609cefab8b10d0615aaeb6fd47975d74e" "/opt/rustwide/cargo-home/bin/cargo" "+beta-2021-08-01" "test" "--frozen", kill_on_drop: false }`
[INFO] [stdout] c8b69f1f3ce651187c9bde6f41dfa29fee9bd1780c5c4aa3bf83e4057ac06221
[INFO] running `Command { std: "docker" "start" "-a" "c8b69f1f3ce651187c9bde6f41dfa29fee9bd1780c5c4aa3bf83e4057ac06221", kill_on_drop: false }`
[INFO] [stderr]     Blocking waiting for file lock on package cache
[INFO] [stderr]     Finished test [unoptimized + debuginfo] target(s) in 0.62s
[INFO] [stderr]      Running unittests (/opt/rustwide/target/debug/deps/metered_macro-e941b56ea78f7feb)
[INFO] [stdout] 
[INFO] [stdout] running 0 tests
[INFO] [stdout] 
[INFO] [stdout] test result: ok. 0 passed; 0 failed; 0 ignored; 0 measured; 0 filtered out; finished in 0.00s
[INFO] [stdout] 
[INFO] [stderr]    Doc-tests metered-macro
[INFO] [stdout] 
[INFO] [stdout] running 2 tests
[INFO] [stdout] test src/lib.rs - error_count (line 95) ... FAILED
[INFO] [stdout] test src/lib.rs - metered (line 24) ... FAILED
[INFO] [stdout] 
[INFO] [stdout] failures:
[INFO] [stdout] 
[INFO] [stdout] ---- src/lib.rs - error_count (line 95) stdout ----
[INFO] [stdout] error[E0433]: failed to resolve: use of undeclared crate or module `metered`
[INFO] [stdout]   --> src/lib.rs:120:1
[INFO] [stdout]    |
[INFO] [stdout] 28 | #[metered(registry = BazMetrics)]
[INFO] [stdout]    | ^^^^^^^^^^^^^^^^^^^^^^^^^^^^^^^^^ use of undeclared crate or module `metered`
[INFO] [stdout]    |
[INFO] [stdout]    = note: this error originates in the attribute macro `metered` (in Nightly builds, run with -Z macro-backtrace for more info)
[INFO] [stdout] 
[INFO] [stdout] error[E0433]: failed to resolve: use of undeclared crate or module `metered`
[INFO] [stdout]  --> src/lib.rs:99:1
[INFO] [stdout]   |
[INFO] [stdout] 7 | #[error_count(name = LibErrorCount, visibility = pub)]
[INFO] [stdout]   | ^^^^^^^^^^^^^^^^^^^^^^^^^^^^^^^^^^^^^^^^^^^^^^^^^^^^^^ use of undeclared crate or module `metered`
[INFO] [stdout]   |
[INFO] [stdout]   = note: this error originates in the attribute macro `error_count` (in Nightly builds, run with -Z macro-backtrace for more info)
[INFO] [stdout] 
[INFO] [stdout] error[E0433]: failed to resolve: use of undeclared crate or module `metered`
[INFO] [stdout]   --> src/lib.rs:108:1
[INFO] [stdout]    |
[INFO] [stdout] 16 | #[error_count(name = ErrorCount, visibility = pub)]
[INFO] [stdout]    | ^^^^^^^^^^^^^^^^^^^^^^^^^^^^^^^^^^^^^^^^^^^^^^^^^^^ use of undeclared crate or module `metered`
[INFO] [stdout]    |
[INFO] [stdout]    = note: this error originates in the attribute macro `error_count` (in Nightly builds, run with -Z macro-backtrace for more info)
[INFO] [stdout] 
[INFO] [stdout] error: aborting due to 3 previous errors
[INFO] [stdout] 
[INFO] [stdout] For more information about this error, try `rustc --explain E0433`.
[INFO] [stdout] Couldn't compile the test.
[INFO] [stdout] ---- src/lib.rs - metered (line 24) stdout ----
[INFO] [stdout] error[E0432]: unresolved imports `metered`, `metered::Throughput`, `metered::HitCount`
[INFO] [stdout]  --> src/lib.rs:25:5
[INFO] [stdout]   |
[INFO] [stdout] 3 | use metered::{metered, Throughput, HitCount};
[INFO] [stdout]   |     ^^^^^^^            ^^^^^^^^^^  ^^^^^^^^
[INFO] [stdout]   |     |
[INFO] [stdout]   |     use of undeclared crate or module `metered`
[INFO] [stdout] 
[INFO] [stdout] error: cannot determine resolution for the attribute macro `metered::metered`
[INFO] [stdout]   --> src/lib.rs:32:3
[INFO] [stdout]    |
[INFO] [stdout] 10 | #[metered::metered(registry = BizMetrics)]
[INFO] [stdout]    |   ^^^^^^^^^^^^^^^^
[INFO] [stdout]    |
[INFO] [stdout]    = note: import resolution is stuck, try simplifying macro imports
[INFO] [stdout] 
[INFO] [stdout] error: cannot find attribute `measure` in this scope
[INFO] [stdout]   --> src/lib.rs:34:7
[INFO] [stdout]    |
[INFO] [stdout] 12 |     #[measure([HitCount, Throughput])]
[INFO] [stdout]    |       ^^^^^^^ help: a built-in attribute with a similar name exists: `feature`
[INFO] [stdout] 
[INFO] [stdout] error[E0412]: cannot find type `BizMetrics` in this scope
[INFO] [stdout]  --> src/lib.rs:29:14
[INFO] [stdout]   |
[INFO] [stdout] 7 |     metrics: BizMetrics,
[INFO] [stdout]   |              ^^^^^^^^^^ not found in this scope
[INFO] [stdout] 
[INFO] [stdout] error[E0283]: type annotations needed
[INFO] [stdout]    --> src/lib.rs:29:5
[INFO] [stdout]     |
[INFO] [stdout] 5   | #[derive(Default, Debug)]
[INFO] [stdout]     |          ------- in this derive macro expansion
[INFO] [stdout] 6   | pub struct Biz {
[INFO] [stdout] 7   |     metrics: BizMetrics,
[INFO] [stdout]     |     ^^^^^^^^^^^^^^^^^^^ cannot infer type
[INFO] [stdout]     |
[INFO] [stdout]     = note: cannot satisfy `_: Default`
[INFO] [stdout] note: required by `std::default::Default::default`
[INFO] [stdout]     = note: this error originates in the derive macro `Default` (in Nightly builds, run with -Z macro-backtrace for more info)
[INFO] [stdout] 
[INFO] [stdout] error: aborting due to 5 previous errors
[INFO] [stdout] 
[INFO] [stdout] Some errors have detailed explanations: E0283, E0412, E0432.
[INFO] [stdout] For more information about an error, try `rustc --explain E0283`.
[INFO] [stdout] Couldn't compile the test.
[INFO] [stdout] 
[INFO] [stdout] failures:
[INFO] [stdout]     src/lib.rs - error_count (line 95)
[INFO] [stdout]     src/lib.rs - metered (line 24)
[INFO] [stdout] 
[INFO] [stdout] test result: FAILED. 0 passed; 2 failed; 0 ignored; 0 measured; 0 filtered out; finished in 0.22s
[INFO] [stdout] 
[INFO] [stderr] error: test failed, to rerun pass '--doc'
[INFO] running `Command { std: "docker" "inspect" "c8b69f1f3ce651187c9bde6f41dfa29fee9bd1780c5c4aa3bf83e4057ac06221", kill_on_drop: false }`
[INFO] running `Command { std: "docker" "rm" "-f" "c8b69f1f3ce651187c9bde6f41dfa29fee9bd1780c5c4aa3bf83e4057ac06221", kill_on_drop: false }`
[INFO] [stdout] c8b69f1f3ce651187c9bde6f41dfa29fee9bd1780c5c4aa3bf83e4057ac06221
