[INFO] fetching crate metamorphose 0.3.2...
[INFO] testing metamorphose-0.3.2 against beta-2021-08-01 for beta-1.55-1
[INFO] extracting crate metamorphose 0.3.2 into /workspace/builds/worker-84/source
[INFO] validating manifest of crates.io crate metamorphose 0.3.2 on toolchain beta-2021-08-01
[INFO] running `Command { std: "/workspace/cargo-home/bin/cargo" "+beta-2021-08-01" "metadata" "--manifest-path" "Cargo.toml" "--no-deps", kill_on_drop: false }`
[INFO] started tweaking crates.io crate metamorphose 0.3.2
[INFO] finished tweaking crates.io crate metamorphose 0.3.2
[INFO] tweaked toml for crates.io crate metamorphose 0.3.2 written to /workspace/builds/worker-84/source/Cargo.toml
[INFO] running `Command { std: "/workspace/cargo-home/bin/cargo" "+beta-2021-08-01" "generate-lockfile" "--manifest-path" "Cargo.toml" "-Zno-index-update", kill_on_drop: false }`
[INFO] [stderr]     Blocking waiting for file lock on package cache
[INFO] running `Command { std: "/workspace/cargo-home/bin/cargo" "+beta-2021-08-01" "fetch" "--manifest-path" "Cargo.toml", kill_on_drop: false }`
[INFO] [stderr]     Blocking waiting for file lock on package cache
[INFO] running `Command { std: "docker" "create" "-v" "/var/lib/crater-agent-workspace/builds/worker-84/target:/opt/rustwide/target:rw,Z" "-v" "/var/lib/crater-agent-workspace/builds/worker-84/source:/opt/rustwide/workdir:ro,Z" "-v" "/var/lib/crater-agent-workspace/cargo-home:/opt/rustwide/cargo-home:ro,Z" "-v" "/var/lib/crater-agent-workspace/rustup-home:/opt/rustwide/rustup-home:ro,Z" "-e" "SOURCE_DIR=/opt/rustwide/workdir" "-e" "CARGO_TARGET_DIR=/opt/rustwide/target" "-e" "CARGO_HOME=/opt/rustwide/cargo-home" "-e" "RUSTUP_HOME=/opt/rustwide/rustup-home" "-w" "/opt/rustwide/workdir" "-m" "1610612736" "--user" "0:0" "--network" "none" "ghcr.io/rust-lang/crates-build-env/linux@sha256:34b6a614d2c27851fe6cbf88fbd1137609cefab8b10d0615aaeb6fd47975d74e" "/opt/rustwide/cargo-home/bin/cargo" "+beta-2021-08-01" "metadata" "--no-deps" "--format-version=1", kill_on_drop: false }`
[INFO] [stdout] 88007372f3d618c1f212520b54f397454d029a0b1ff0629a9ea198d79f6956df
[INFO] running `Command { std: "docker" "start" "-a" "88007372f3d618c1f212520b54f397454d029a0b1ff0629a9ea198d79f6956df", kill_on_drop: false }`
[INFO] running `Command { std: "docker" "inspect" "88007372f3d618c1f212520b54f397454d029a0b1ff0629a9ea198d79f6956df", kill_on_drop: false }`
[INFO] running `Command { std: "docker" "rm" "-f" "88007372f3d618c1f212520b54f397454d029a0b1ff0629a9ea198d79f6956df", kill_on_drop: false }`
[INFO] [stdout] 88007372f3d618c1f212520b54f397454d029a0b1ff0629a9ea198d79f6956df
[INFO] running `Command { std: "docker" "create" "-v" "/var/lib/crater-agent-workspace/builds/worker-84/target:/opt/rustwide/target:rw,Z" "-v" "/var/lib/crater-agent-workspace/builds/worker-84/source:/opt/rustwide/workdir:ro,Z" "-v" "/var/lib/crater-agent-workspace/cargo-home:/opt/rustwide/cargo-home:ro,Z" "-v" "/var/lib/crater-agent-workspace/rustup-home:/opt/rustwide/rustup-home:ro,Z" "-e" "SOURCE_DIR=/opt/rustwide/workdir" "-e" "CARGO_TARGET_DIR=/opt/rustwide/target" "-e" "CARGO_INCREMENTAL=0" "-e" "RUST_BACKTRACE=full" "-e" "RUSTFLAGS=--cap-lints=warn" "-e" "CARGO_HOME=/opt/rustwide/cargo-home" "-e" "RUSTUP_HOME=/opt/rustwide/rustup-home" "-w" "/opt/rustwide/workdir" "-m" "1610612736" "--user" "0:0" "--network" "none" "ghcr.io/rust-lang/crates-build-env/linux@sha256:34b6a614d2c27851fe6cbf88fbd1137609cefab8b10d0615aaeb6fd47975d74e" "/opt/rustwide/cargo-home/bin/cargo" "+beta-2021-08-01" "build" "--frozen" "--message-format=json", kill_on_drop: false }`
[INFO] [stdout] 32f0d3cd8acdfc3c3170f43c8f89f9546b7c529e258bbfd49a9eb3e861319ea8
[INFO] running `Command { std: "docker" "start" "-a" "32f0d3cd8acdfc3c3170f43c8f89f9546b7c529e258bbfd49a9eb3e861319ea8", kill_on_drop: false }`
[INFO] [stderr]    Compiling syn v1.0.74
[INFO] [stderr]    Compiling serde_derive v1.0.127
[INFO] [stderr]    Compiling ryu v1.0.5
[INFO] [stderr]    Compiling serde v1.0.127
[INFO] [stderr]    Compiling serde_json v1.0.66
[INFO] [stderr]    Compiling itoa v0.4.7
[INFO] [stderr]    Compiling metamorphose v0.3.2 (/opt/rustwide/workdir)
[INFO] [stdout] warning: unused borrow that must be used
[INFO] [stdout]    --> src/lib.rs:296:13
[INFO] [stdout]     |
[INFO] [stdout] 296 |             &fields.push(new_field);
[INFO] [stdout]     |             ^^^^^^^^^^^^^^^^^^^^^^^
[INFO] [stdout]     |
[INFO] [stdout]     = note: `#[warn(unused_must_use)]` on by default
[INFO] [stdout] 
[INFO] [stdout] 
[INFO] [stdout] warning: 1 warning emitted
[INFO] [stdout] 
[INFO] [stdout] 
[INFO] [stderr]     Finished dev [unoptimized + debuginfo] target(s) in 26.62s
[INFO] running `Command { std: "docker" "inspect" "32f0d3cd8acdfc3c3170f43c8f89f9546b7c529e258bbfd49a9eb3e861319ea8", kill_on_drop: false }`
[INFO] running `Command { std: "docker" "rm" "-f" "32f0d3cd8acdfc3c3170f43c8f89f9546b7c529e258bbfd49a9eb3e861319ea8", kill_on_drop: false }`
[INFO] [stdout] 32f0d3cd8acdfc3c3170f43c8f89f9546b7c529e258bbfd49a9eb3e861319ea8
[INFO] running `Command { std: "docker" "create" "-v" "/var/lib/crater-agent-workspace/builds/worker-84/target:/opt/rustwide/target:rw,Z" "-v" "/var/lib/crater-agent-workspace/builds/worker-84/source:/opt/rustwide/workdir:ro,Z" "-v" "/var/lib/crater-agent-workspace/cargo-home:/opt/rustwide/cargo-home:ro,Z" "-v" "/var/lib/crater-agent-workspace/rustup-home:/opt/rustwide/rustup-home:ro,Z" "-e" "SOURCE_DIR=/opt/rustwide/workdir" "-e" "CARGO_TARGET_DIR=/opt/rustwide/target" "-e" "CARGO_INCREMENTAL=0" "-e" "RUST_BACKTRACE=full" "-e" "RUSTFLAGS=--cap-lints=warn" "-e" "CARGO_HOME=/opt/rustwide/cargo-home" "-e" "RUSTUP_HOME=/opt/rustwide/rustup-home" "-w" "/opt/rustwide/workdir" "-m" "1610612736" "--user" "0:0" "--network" "none" "ghcr.io/rust-lang/crates-build-env/linux@sha256:34b6a614d2c27851fe6cbf88fbd1137609cefab8b10d0615aaeb6fd47975d74e" "/opt/rustwide/cargo-home/bin/cargo" "+beta-2021-08-01" "test" "--frozen" "--no-run" "--message-format=json", kill_on_drop: false }`
[INFO] [stdout] ebd6a7d669666a08f0a606d931e8444e1cb246096c4292a96920abe3d80899f7
[INFO] running `Command { std: "docker" "start" "-a" "ebd6a7d669666a08f0a606d931e8444e1cb246096c4292a96920abe3d80899f7", kill_on_drop: false }`
[INFO] [stderr]     Blocking waiting for file lock on package cache
[INFO] [stderr]    Compiling metamorphose v0.3.2 (/opt/rustwide/workdir)
[INFO] [stdout] warning: unused borrow that must be used
[INFO] [stdout]    --> src/lib.rs:296:13
[INFO] [stdout]     |
[INFO] [stdout] 296 |             &fields.push(new_field);
[INFO] [stdout]     |             ^^^^^^^^^^^^^^^^^^^^^^^
[INFO] [stdout]     |
[INFO] [stdout]     = note: `#[warn(unused_must_use)]` on by default
[INFO] [stdout] 
[INFO] [stdout] 
[INFO] [stdout] warning: 1 warning emitted
[INFO] [stdout] 
[INFO] [stdout] 
[INFO] [stdout] warning: unused borrow that must be used
[INFO] [stdout]    --> src/lib.rs:296:13
[INFO] [stdout]     |
[INFO] [stdout] 296 |             &fields.push(new_field);
[INFO] [stdout]     |             ^^^^^^^^^^^^^^^^^^^^^^^
[INFO] [stdout]     |
[INFO] [stdout]     = note: `#[warn(unused_must_use)]` on by default
[INFO] [stdout] 
[INFO] [stdout] 
[INFO] [stdout] warning: 1 warning emitted
[INFO] [stdout] 
[INFO] [stdout] 
[INFO] [stderr]     Finished test [unoptimized + debuginfo] target(s) in 3.08s
[INFO] running `Command { std: "docker" "inspect" "ebd6a7d669666a08f0a606d931e8444e1cb246096c4292a96920abe3d80899f7", kill_on_drop: false }`
[INFO] running `Command { std: "docker" "rm" "-f" "ebd6a7d669666a08f0a606d931e8444e1cb246096c4292a96920abe3d80899f7", kill_on_drop: false }`
[INFO] [stdout] ebd6a7d669666a08f0a606d931e8444e1cb246096c4292a96920abe3d80899f7
[INFO] running `Command { std: "docker" "create" "-v" "/var/lib/crater-agent-workspace/builds/worker-84/target:/opt/rustwide/target:rw,Z" "-v" "/var/lib/crater-agent-workspace/builds/worker-84/source:/opt/rustwide/workdir:ro,Z" "-v" "/var/lib/crater-agent-workspace/cargo-home:/opt/rustwide/cargo-home:ro,Z" "-v" "/var/lib/crater-agent-workspace/rustup-home:/opt/rustwide/rustup-home:ro,Z" "-e" "SOURCE_DIR=/opt/rustwide/workdir" "-e" "CARGO_TARGET_DIR=/opt/rustwide/target" "-e" "CARGO_INCREMENTAL=0" "-e" "RUST_BACKTRACE=full" "-e" "RUSTFLAGS=--cap-lints=warn" "-e" "CARGO_HOME=/opt/rustwide/cargo-home" "-e" "RUSTUP_HOME=/opt/rustwide/rustup-home" "-w" "/opt/rustwide/workdir" "-m" "1610612736" "--user" "0:0" "--network" "none" "ghcr.io/rust-lang/crates-build-env/linux@sha256:34b6a614d2c27851fe6cbf88fbd1137609cefab8b10d0615aaeb6fd47975d74e" "/opt/rustwide/cargo-home/bin/cargo" "+beta-2021-08-01" "test" "--frozen", kill_on_drop: false }`
[INFO] [stdout] 4d2c459be52177407cbacedbe53221e869a4f632eba3f0c20254ee2be72f1df9
[INFO] running `Command { std: "docker" "start" "-a" "4d2c459be52177407cbacedbe53221e869a4f632eba3f0c20254ee2be72f1df9", kill_on_drop: false }`
[INFO] [stderr] warning: unused borrow that must be used
[INFO] [stderr]    --> src/lib.rs:296:13
[INFO] [stderr]     |
[INFO] [stderr] 296 |             &fields.push(new_field);
[INFO] [stderr]     |             ^^^^^^^^^^^^^^^^^^^^^^^
[INFO] [stderr]     |
[INFO] [stderr]     = note: `#[warn(unused_must_use)]` on by default
[INFO] [stderr] 
[INFO] [stderr] warning: `metamorphose` (lib) generated 1 warning
[INFO] [stderr] warning: `metamorphose` (lib test) generated 1 warning (1 duplicate)
[INFO] [stderr]     Finished test [unoptimized + debuginfo] target(s) in 0.03s
[INFO] [stderr]      Running unittests (/opt/rustwide/target/debug/deps/metamorphose-5dda238255749cdd)
[INFO] [stdout] 
[INFO] [stderr]      Running tests/regex_clear_field_type.rs (/opt/rustwide/target/debug/deps/regex_clear_field_type-7471292891a4dd06)
[INFO] [stdout] running 0 tests
[INFO] [stdout] 
[INFO] [stdout] test result: ok. 0 passed; 0 failed; 0 ignored; 0 measured; 0 filtered out; finished in 0.00s
[INFO] [stdout] 
[INFO] [stdout] 
[INFO] [stdout] running 1 test
[INFO] [stdout] test regex_clear_field_type ... ok
[INFO] [stdout] 
[INFO] [stdout] test result: ok. 1 passed; 0 failed; 0 ignored; 0 measured; 0 filtered out; finished in 0.01s
[INFO] [stdout] 
[INFO] [stderr]    Doc-tests metamorphose
[INFO] [stdout] 
[INFO] [stdout] running 1 test
[INFO] [stdout] test src/lib.rs - Model (line 26) ... FAILED
[INFO] [stdout] 
[INFO] [stdout] failures:
[INFO] [stdout] 
[INFO] [stdout] ---- src/lib.rs - Model (line 26) stdout ----
[INFO] [stdout] error[E0433]: failed to resolve: could not find `settings` in the crate root
[INFO] [stdout]  --> src/lib.rs:32:12
[INFO] [stdout]   |
[INFO] [stdout] 9 | use crate::settings::{
[INFO] [stdout]   |            ^^^^^^^^ could not find `settings` in the crate root
[INFO] [stdout] 
[INFO] [stdout] error[E0432]: unresolved import `crate::settings`
[INFO] [stdout]  --> src/lib.rs:32:12
[INFO] [stdout]   |
[INFO] [stdout] 9 | use crate::settings::{
[INFO] [stdout]   |            ^^^^^^^^ could not find `settings` in the crate root
[INFO] [stdout] 
[INFO] [stdout] error[E0432]: unresolved import `mango_orm`
[INFO] [stdout]  --> src/lib.rs:27:5
[INFO] [stdout]   |
[INFO] [stdout] 4 | use mango_orm::*;
[INFO] [stdout]   |     ^^^^^^^^^ use of undeclared crate or module `mango_orm`
[INFO] [stdout] 
[INFO] [stdout] error[E0405]: cannot find trait `ToModel` in this scope
[INFO] [stdout]   --> src/lib.rs:37:1
[INFO] [stdout]    |
[INFO] [stdout] 14 | / #[Model(
[INFO] [stdout] 15 | |     is_del_docs = false,
[INFO] [stdout] 16 | |     is_use_add_valid = true,
[INFO] [stdout] 17 | |     ignore_fields = "confirm_password"
[INFO] [stdout] 18 | | )]
[INFO] [stdout]    | |__^ not found in this scope
[INFO] [stdout]    |
[INFO] [stdout]    = note: this error originates in the attribute macro `Model` (in Nightly builds, run with -Z macro-backtrace for more info)
[INFO] [stdout] 
[INFO] [stdout] error[E0425]: cannot find value `SERVICE_NAME` in this scope
[INFO] [stdout]   --> src/lib.rs:37:1
[INFO] [stdout]    |
[INFO] [stdout] 14 | / #[Model(
[INFO] [stdout] 15 | |     is_del_docs = false,
[INFO] [stdout] 16 | |     is_use_add_valid = true,
[INFO] [stdout] 17 | |     ignore_fields = "confirm_password"
[INFO] [stdout] 18 | | )]
[INFO] [stdout]    | |__^ not found in this scope
[INFO] [stdout]    |
[INFO] [stdout]    = note: this error originates in the attribute macro `Model` (in Nightly builds, run with -Z macro-backtrace for more info)
[INFO] [stdout] 
[INFO] [stdout] error[E0412]: cannot find type `Meta` in this scope
[INFO] [stdout]   --> src/lib.rs:37:1
[INFO] [stdout]    |
[INFO] [stdout] 14 | / #[Model(
[INFO] [stdout] 15 | |     is_del_docs = false,
[INFO] [stdout] 16 | |     is_use_add_valid = true,
[INFO] [stdout] 17 | |     ignore_fields = "confirm_password"
[INFO] [stdout] 18 | | )]
[INFO] [stdout]    | |__^ not found in this scope
[INFO] [stdout]    |
[INFO] [stdout]    = note: this error originates in the attribute macro `Model` (in Nightly builds, run with -Z macro-backtrace for more info)
[INFO] [stdout] help: consider importing this enum
[INFO] [stdout]    |
[INFO] [stdout] 3  | use syn::Meta;
[INFO] [stdout]    |
[INFO] [stdout] 
[INFO] [stdout] error[E0425]: cannot find value `DATABASE_NAME` in this scope
[INFO] [stdout]   --> src/lib.rs:37:1
[INFO] [stdout]    |
[INFO] [stdout] 14 | / #[Model(
[INFO] [stdout] 15 | |     is_del_docs = false,
[INFO] [stdout] 16 | |     is_use_add_valid = true,
[INFO] [stdout] 17 | |     ignore_fields = "confirm_password"
[INFO] [stdout] 18 | | )]
[INFO] [stdout]    | |__^ not found in this scope
[INFO] [stdout]    |
[INFO] [stdout]    = note: this error originates in the attribute macro `Model` (in Nightly builds, run with -Z macro-backtrace for more info)
[INFO] [stdout] 
[INFO] [stdout] error[E0425]: cannot find value `DB_CLIENT_NAME` in this scope
[INFO] [stdout]   --> src/lib.rs:37:1
[INFO] [stdout]    |
[INFO] [stdout] 14 | / #[Model(
[INFO] [stdout] 15 | |     is_del_docs = false,
[INFO] [stdout] 16 | |     is_use_add_valid = true,
[INFO] [stdout] 17 | |     ignore_fields = "confirm_password"
[INFO] [stdout] 18 | | )]
[INFO] [stdout]    | |__^ not found in this scope
[INFO] [stdout]    |
[INFO] [stdout]    = note: this error originates in the attribute macro `Model` (in Nightly builds, run with -Z macro-backtrace for more info)
[INFO] [stdout] 
[INFO] [stdout] error[E0425]: cannot find value `DB_QUERY_DOCS_LIMIT` in this scope
[INFO] [stdout]   --> src/lib.rs:37:1
[INFO] [stdout]    |
[INFO] [stdout] 14 | / #[Model(
[INFO] [stdout] 15 | |     is_del_docs = false,
[INFO] [stdout] 16 | |     is_use_add_valid = true,
[INFO] [stdout] 17 | |     ignore_fields = "confirm_password"
[INFO] [stdout] 18 | | )]
[INFO] [stdout]    | |__^ not found in this scope
[INFO] [stdout]    |
[INFO] [stdout]    = note: this error originates in the attribute macro `Model` (in Nightly builds, run with -Z macro-backtrace for more info)
[INFO] [stdout] 
[INFO] [stdout] error[E0412]: cannot find type `Widget` in this scope
[INFO] [stdout]   --> src/lib.rs:37:1
[INFO] [stdout]    |
[INFO] [stdout] 14 | / #[Model(
[INFO] [stdout] 15 | |     is_del_docs = false,
[INFO] [stdout] 16 | |     is_use_add_valid = true,
[INFO] [stdout] 17 | |     ignore_fields = "confirm_password"
[INFO] [stdout] 18 | | )]
[INFO] [stdout]    | |__^ not found in this scope
[INFO] [stdout]    |
[INFO] [stdout]    = note: this error originates in the attribute macro `Model` (in Nightly builds, run with -Z macro-backtrace for more info)
[INFO] [stdout] 
[INFO] [stdout] error[E0412]: cannot find type `TransMapWidgets` in this scope
[INFO] [stdout]   --> src/lib.rs:37:1
[INFO] [stdout]    |
[INFO] [stdout] 14 | / #[Model(
[INFO] [stdout] 15 | |     is_del_docs = false,
[INFO] [stdout] 16 | |     is_use_add_valid = true,
[INFO] [stdout] 17 | |     ignore_fields = "confirm_password"
[INFO] [stdout] 18 | | )]
[INFO] [stdout]    | |__^ not found in this scope
[INFO] [stdout]    |
[INFO] [stdout]    = note: this error originates in the attribute macro `Model` (in Nightly builds, run with -Z macro-backtrace for more info)
[INFO] [stdout] 
[INFO] [stdout] error[E0405]: cannot find trait `CachingModel` in this scope
[INFO] [stdout]   --> src/lib.rs:37:1
[INFO] [stdout]    |
[INFO] [stdout] 14 | / #[Model(
[INFO] [stdout] 15 | |     is_del_docs = false,
[INFO] [stdout] 16 | |     is_use_add_valid = true,
[INFO] [stdout] 17 | |     ignore_fields = "confirm_password"
[INFO] [stdout] 18 | | )]
[INFO] [stdout]    | |__^ not found in this scope
[INFO] [stdout]    |
[INFO] [stdout]    = note: this error originates in the attribute macro `Model` (in Nightly builds, run with -Z macro-backtrace for more info)
[INFO] [stdout] 
[INFO] [stdout] error[E0405]: cannot find trait `ValidationModel` in this scope
[INFO] [stdout]   --> src/lib.rs:37:1
[INFO] [stdout]    |
[INFO] [stdout] 14 | / #[Model(
[INFO] [stdout] 15 | |     is_del_docs = false,
[INFO] [stdout] 16 | |     is_use_add_valid = true,
[INFO] [stdout] 17 | |     ignore_fields = "confirm_password"
[INFO] [stdout] 18 | | )]
[INFO] [stdout]    | |__^ not found in this scope
[INFO] [stdout]    |
[INFO] [stdout]    = note: this error originates in the attribute macro `Model` (in Nightly builds, run with -Z macro-backtrace for more info)
[INFO] [stdout] 
[INFO] [stdout] error[E0405]: cannot find trait `QCommon` in this scope
[INFO] [stdout]   --> src/lib.rs:37:1
[INFO] [stdout]    |
[INFO] [stdout] 14 | / #[Model(
[INFO] [stdout] 15 | |     is_del_docs = false,
[INFO] [stdout] 16 | |     is_use_add_valid = true,
[INFO] [stdout] 17 | |     ignore_fields = "confirm_password"
[INFO] [stdout] 18 | | )]
[INFO] [stdout]    | |__^ not found in this scope
[INFO] [stdout]    |
[INFO] [stdout]    = note: this error originates in the attribute macro `Model` (in Nightly builds, run with -Z macro-backtrace for more info)
[INFO] [stdout] 
[INFO] [stdout] error[E0405]: cannot find trait `QPaladins` in this scope
[INFO] [stdout]   --> src/lib.rs:37:1
[INFO] [stdout]    |
[INFO] [stdout] 14 | / #[Model(
[INFO] [stdout] 15 | |     is_del_docs = false,
[INFO] [stdout] 16 | |     is_use_add_valid = true,
[INFO] [stdout] 17 | |     ignore_fields = "confirm_password"
[INFO] [stdout] 18 | | )]
[INFO] [stdout]    | |__^ not found in this scope
[INFO] [stdout]    |
[INFO] [stdout]    = note: this error originates in the attribute macro `Model` (in Nightly builds, run with -Z macro-backtrace for more info)
[INFO] [stdout] 
[INFO] [stdout] error[E0405]: cannot find trait `HtmlControls` in this scope
[INFO] [stdout]   --> src/lib.rs:37:1
[INFO] [stdout]    |
[INFO] [stdout] 14 | / #[Model(
[INFO] [stdout] 15 | |     is_del_docs = false,
[INFO] [stdout] 16 | |     is_use_add_valid = true,
[INFO] [stdout] 17 | |     ignore_fields = "confirm_password"
[INFO] [stdout] 18 | | )]
[INFO] [stdout]    | |__^ not found in this scope
[INFO] [stdout]    |
[INFO] [stdout]    = note: this error originates in the attribute macro `Model` (in Nightly builds, run with -Z macro-backtrace for more info)
[INFO] [stdout] 
[INFO] [stdout] error: aborting due to 16 previous errors
[INFO] [stdout] 
[INFO] [stdout] Some errors have detailed explanations: E0405, E0412, E0425, E0432, E0433.
[INFO] [stdout] For more information about an error, try `rustc --explain E0405`.
[INFO] [stdout] Couldn't compile the test.
[INFO] [stdout] 
[INFO] [stdout] failures:
[INFO] [stdout]     src/lib.rs - Model (line 26)
[INFO] [stdout] 
[INFO] [stdout] test result: FAILED. 0 passed; 1 failed; 0 ignored; 0 measured; 0 filtered out; finished in 0.23s
[INFO] [stdout] 
[INFO] [stderr] error: test failed, to rerun pass '--doc'
[INFO] running `Command { std: "docker" "inspect" "4d2c459be52177407cbacedbe53221e869a4f632eba3f0c20254ee2be72f1df9", kill_on_drop: false }`
[INFO] running `Command { std: "docker" "rm" "-f" "4d2c459be52177407cbacedbe53221e869a4f632eba3f0c20254ee2be72f1df9", kill_on_drop: false }`
[INFO] [stdout] 4d2c459be52177407cbacedbe53221e869a4f632eba3f0c20254ee2be72f1df9
