[INFO] fetching crate metaheuristics-nature 0.8.0...
[INFO] testing metaheuristics-nature-0.8.0 against beta-2021-08-01 for beta-1.55-1
[INFO] extracting crate metaheuristics-nature 0.8.0 into /workspace/builds/worker-96/source
[INFO] validating manifest of crates.io crate metaheuristics-nature 0.8.0 on toolchain beta-2021-08-01
[INFO] running `Command { std: "/workspace/cargo-home/bin/cargo" "+beta-2021-08-01" "metadata" "--manifest-path" "Cargo.toml" "--no-deps", kill_on_drop: false }`
[INFO] started tweaking crates.io crate metaheuristics-nature 0.8.0
[INFO] finished tweaking crates.io crate metaheuristics-nature 0.8.0
[INFO] tweaked toml for crates.io crate metaheuristics-nature 0.8.0 written to /workspace/builds/worker-96/source/Cargo.toml
[INFO] running `Command { std: "/workspace/cargo-home/bin/cargo" "+beta-2021-08-01" "generate-lockfile" "--manifest-path" "Cargo.toml" "-Zno-index-update", kill_on_drop: false }`
[INFO] [stderr]     Blocking waiting for file lock on package cache
[INFO] running `Command { std: "/workspace/cargo-home/bin/cargo" "+beta-2021-08-01" "fetch" "--manifest-path" "Cargo.toml", kill_on_drop: false }`
[INFO] [stderr]     Blocking waiting for file lock on package cache
[INFO] [stderr]     Blocking waiting for file lock on package cache
[INFO] running `Command { std: "docker" "create" "-v" "/var/lib/crater-agent-workspace/builds/worker-96/target:/opt/rustwide/target:rw,Z" "-v" "/var/lib/crater-agent-workspace/builds/worker-96/source:/opt/rustwide/workdir:ro,Z" "-v" "/var/lib/crater-agent-workspace/cargo-home:/opt/rustwide/cargo-home:ro,Z" "-v" "/var/lib/crater-agent-workspace/rustup-home:/opt/rustwide/rustup-home:ro,Z" "-e" "SOURCE_DIR=/opt/rustwide/workdir" "-e" "CARGO_TARGET_DIR=/opt/rustwide/target" "-e" "CARGO_HOME=/opt/rustwide/cargo-home" "-e" "RUSTUP_HOME=/opt/rustwide/rustup-home" "-w" "/opt/rustwide/workdir" "-m" "1610612736" "--user" "0:0" "--network" "none" "ghcr.io/rust-lang/crates-build-env/linux@sha256:34b6a614d2c27851fe6cbf88fbd1137609cefab8b10d0615aaeb6fd47975d74e" "/opt/rustwide/cargo-home/bin/cargo" "+beta-2021-08-01" "metadata" "--no-deps" "--format-version=1", kill_on_drop: false }`
[INFO] [stdout] 63be724a1bdf9087c582e9ff54e63c24a8e746d02d12f5a45f1a710430c2ab55
[INFO] running `Command { std: "docker" "start" "-a" "63be724a1bdf9087c582e9ff54e63c24a8e746d02d12f5a45f1a710430c2ab55", kill_on_drop: false }`
[INFO] running `Command { std: "docker" "inspect" "63be724a1bdf9087c582e9ff54e63c24a8e746d02d12f5a45f1a710430c2ab55", kill_on_drop: false }`
[INFO] running `Command { std: "docker" "rm" "-f" "63be724a1bdf9087c582e9ff54e63c24a8e746d02d12f5a45f1a710430c2ab55", kill_on_drop: false }`
[INFO] [stdout] 63be724a1bdf9087c582e9ff54e63c24a8e746d02d12f5a45f1a710430c2ab55
[INFO] running `Command { std: "docker" "create" "-v" "/var/lib/crater-agent-workspace/builds/worker-96/target:/opt/rustwide/target:rw,Z" "-v" "/var/lib/crater-agent-workspace/builds/worker-96/source:/opt/rustwide/workdir:ro,Z" "-v" "/var/lib/crater-agent-workspace/cargo-home:/opt/rustwide/cargo-home:ro,Z" "-v" "/var/lib/crater-agent-workspace/rustup-home:/opt/rustwide/rustup-home:ro,Z" "-e" "SOURCE_DIR=/opt/rustwide/workdir" "-e" "CARGO_TARGET_DIR=/opt/rustwide/target" "-e" "CARGO_INCREMENTAL=0" "-e" "RUST_BACKTRACE=full" "-e" "RUSTFLAGS=--cap-lints=warn" "-e" "CARGO_HOME=/opt/rustwide/cargo-home" "-e" "RUSTUP_HOME=/opt/rustwide/rustup-home" "-w" "/opt/rustwide/workdir" "-m" "1610612736" "--user" "0:0" "--network" "none" "ghcr.io/rust-lang/crates-build-env/linux@sha256:34b6a614d2c27851fe6cbf88fbd1137609cefab8b10d0615aaeb6fd47975d74e" "/opt/rustwide/cargo-home/bin/cargo" "+beta-2021-08-01" "build" "--frozen" "--message-format=json", kill_on_drop: false }`
[INFO] [stdout] 00372be20817dec5b0992418b642491383cc2d902610995ce6e402338380ee91
[INFO] running `Command { std: "docker" "start" "-a" "00372be20817dec5b0992418b642491383cc2d902610995ce6e402338380ee91", kill_on_drop: false }`
[INFO] [stderr]     Blocking waiting for file lock on package cache
[INFO] [stderr]    Compiling ppv-lite86 v0.2.10
[INFO] [stderr]    Compiling rawpointer v0.2.1
[INFO] [stderr]    Compiling num-traits v0.2.14
[INFO] [stderr]    Compiling num-integer v0.1.44
[INFO] [stderr]    Compiling getrandom v0.2.3
[INFO] [stderr]    Compiling matrixmultiply v0.3.1
[INFO] [stderr]    Compiling rand_core v0.6.3
[INFO] [stderr]    Compiling rand_chacha v0.3.1
[INFO] [stderr]    Compiling rand v0.8.4
[INFO] [stderr]    Compiling num-complex v0.4.0
[INFO] [stderr]    Compiling ndarray v0.15.3
[INFO] [stderr]    Compiling metaheuristics-nature v0.8.0 (/opt/rustwide/workdir)
[INFO] [stderr]     Finished dev [unoptimized + debuginfo] target(s) in 14.14s
[INFO] running `Command { std: "docker" "inspect" "00372be20817dec5b0992418b642491383cc2d902610995ce6e402338380ee91", kill_on_drop: false }`
[INFO] running `Command { std: "docker" "rm" "-f" "00372be20817dec5b0992418b642491383cc2d902610995ce6e402338380ee91", kill_on_drop: false }`
[INFO] [stdout] 00372be20817dec5b0992418b642491383cc2d902610995ce6e402338380ee91
[INFO] running `Command { std: "docker" "create" "-v" "/var/lib/crater-agent-workspace/builds/worker-96/target:/opt/rustwide/target:rw,Z" "-v" "/var/lib/crater-agent-workspace/builds/worker-96/source:/opt/rustwide/workdir:ro,Z" "-v" "/var/lib/crater-agent-workspace/cargo-home:/opt/rustwide/cargo-home:ro,Z" "-v" "/var/lib/crater-agent-workspace/rustup-home:/opt/rustwide/rustup-home:ro,Z" "-e" "SOURCE_DIR=/opt/rustwide/workdir" "-e" "CARGO_TARGET_DIR=/opt/rustwide/target" "-e" "CARGO_INCREMENTAL=0" "-e" "RUST_BACKTRACE=full" "-e" "RUSTFLAGS=--cap-lints=warn" "-e" "CARGO_HOME=/opt/rustwide/cargo-home" "-e" "RUSTUP_HOME=/opt/rustwide/rustup-home" "-w" "/opt/rustwide/workdir" "-m" "1610612736" "--user" "0:0" "--network" "none" "ghcr.io/rust-lang/crates-build-env/linux@sha256:34b6a614d2c27851fe6cbf88fbd1137609cefab8b10d0615aaeb6fd47975d74e" "/opt/rustwide/cargo-home/bin/cargo" "+beta-2021-08-01" "test" "--frozen" "--no-run" "--message-format=json", kill_on_drop: false }`
[INFO] [stdout] 434afcb571615cf87c10602998e089f21d7cc7865d8a33f88b8501a5c4c037da
[INFO] running `Command { std: "docker" "start" "-a" "434afcb571615cf87c10602998e089f21d7cc7865d8a33f88b8501a5c4c037da", kill_on_drop: false }`
[INFO] [stderr]     Blocking waiting for file lock on package cache
[INFO] [stderr]    Compiling metaheuristics-nature v0.8.0 (/opt/rustwide/workdir)
[INFO] [stderr]     Finished test [unoptimized + debuginfo] target(s) in 2.06s
[INFO] running `Command { std: "docker" "inspect" "434afcb571615cf87c10602998e089f21d7cc7865d8a33f88b8501a5c4c037da", kill_on_drop: false }`
[INFO] running `Command { std: "docker" "rm" "-f" "434afcb571615cf87c10602998e089f21d7cc7865d8a33f88b8501a5c4c037da", kill_on_drop: false }`
[INFO] [stdout] 434afcb571615cf87c10602998e089f21d7cc7865d8a33f88b8501a5c4c037da
[INFO] running `Command { std: "docker" "create" "-v" "/var/lib/crater-agent-workspace/builds/worker-96/target:/opt/rustwide/target:rw,Z" "-v" "/var/lib/crater-agent-workspace/builds/worker-96/source:/opt/rustwide/workdir:ro,Z" "-v" "/var/lib/crater-agent-workspace/cargo-home:/opt/rustwide/cargo-home:ro,Z" "-v" "/var/lib/crater-agent-workspace/rustup-home:/opt/rustwide/rustup-home:ro,Z" "-e" "SOURCE_DIR=/opt/rustwide/workdir" "-e" "CARGO_TARGET_DIR=/opt/rustwide/target" "-e" "CARGO_INCREMENTAL=0" "-e" "RUST_BACKTRACE=full" "-e" "RUSTFLAGS=--cap-lints=warn" "-e" "CARGO_HOME=/opt/rustwide/cargo-home" "-e" "RUSTUP_HOME=/opt/rustwide/rustup-home" "-w" "/opt/rustwide/workdir" "-m" "1610612736" "--user" "0:0" "--network" "none" "ghcr.io/rust-lang/crates-build-env/linux@sha256:34b6a614d2c27851fe6cbf88fbd1137609cefab8b10d0615aaeb6fd47975d74e" "/opt/rustwide/cargo-home/bin/cargo" "+beta-2021-08-01" "test" "--frozen", kill_on_drop: false }`
[INFO] [stdout] 7a7e71fcf6062c863121356b5090af693f609f5fe1283fbe3746df6ebf40e1ac
[INFO] running `Command { std: "docker" "start" "-a" "7a7e71fcf6062c863121356b5090af693f609f5fe1283fbe3746df6ebf40e1ac", kill_on_drop: false }`
[INFO] [stderr]     Blocking waiting for file lock on package cache
[INFO] [stderr]     Blocking waiting for file lock on package cache
[INFO] [stderr]     Finished test [unoptimized + debuginfo] target(s) in 0.18s
[INFO] [stderr]      Running unittests (/opt/rustwide/target/debug/deps/metaheuristics_nature-00bdc3d690e87eb4)
[INFO] [stdout] 
[INFO] [stdout] running 5 tests
[INFO] [stdout] test tests::pso ... ok
[INFO] [stdout] test tests::tlbo ... ok
[INFO] [stdout] test tests::rga ... ok
[INFO] [stdout] test tests::fa ... ok
[INFO] [stdout] test tests::de ... ok
[INFO] [stdout] 
[INFO] [stdout] test result: ok. 5 passed; 0 failed; 0 ignored; 0 measured; 0 filtered out; finished in 2.16s
[INFO] [stdout] 
[INFO] [stderr]    Doc-tests metaheuristics-nature
[INFO] [stdout] 
[INFO] [stdout] running 4 tests
[INFO] [stdout] test src/lib.rs - (line 2) ... FAILED
[INFO] [stdout] test src/obj_func.rs - obj_func::ObjFunc (line 7) ... ok
[INFO] [stdout] test src/utility.rs - utility::Algorithm (line 138) ... ok
[INFO] [stdout] test src/lib.rs - setting_builder (line 88) ... ok
[INFO] [stdout] 
[INFO] [stdout] failures:
[INFO] [stdout] 
[INFO] [stdout] ---- src/lib.rs - (line 2) stdout ----
[INFO] [stdout] error[E0277]: expected a `FnMut<(Report,)>` closure, found `()`
[INFO] [stdout]    --> src/lib.rs:31:5
[INFO] [stdout]     |
[INFO] [stdout] 32  |     () // Run without callback
[INFO] [stdout]     |     ^^ expected an `FnMut<(Report,)>` closure, found `()`
[INFO] [stdout]     |
[INFO] [stdout]     = help: the trait `FnMut<(Report,)>` is not implemented for `()`
[INFO] [stdout] note: required by `solve`
[INFO] [stdout]    --> /opt/rustwide/workdir/src/utility.rs:316:5
[INFO] [stdout]     |
[INFO] [stdout] 316 |     fn solve(func: F, settings: Self::Setting, callback: impl FnMut(Report) -> bool) -> Self {
[INFO] [stdout]     |     ^^^^^^^^^^^^^^^^^^^^^^^^^^^^^^^^^^^^^^^^^^^^^^^^^^^^^^^^^^^^^^^^^^^^^^^^^^^^^^^^^^^^^^^^
[INFO] [stdout] 
[INFO] [stdout] error: aborting due to previous error
[INFO] [stdout] 
[INFO] [stdout] For more information about this error, try `rustc --explain E0277`.
[INFO] [stdout] Couldn't compile the test.
[INFO] [stdout] 
[INFO] [stdout] failures:
[INFO] [stdout]     src/lib.rs - (line 2)
[INFO] [stdout] 
[INFO] [stdout] test result: FAILED. 3 passed; 1 failed; 0 ignored; 0 measured; 0 filtered out; finished in 0.25s
[INFO] [stdout] 
[INFO] [stderr] error: test failed, to rerun pass '--doc'
[INFO] running `Command { std: "docker" "inspect" "7a7e71fcf6062c863121356b5090af693f609f5fe1283fbe3746df6ebf40e1ac", kill_on_drop: false }`
[INFO] running `Command { std: "docker" "rm" "-f" "7a7e71fcf6062c863121356b5090af693f609f5fe1283fbe3746df6ebf40e1ac", kill_on_drop: false }`
[INFO] [stdout] 7a7e71fcf6062c863121356b5090af693f609f5fe1283fbe3746df6ebf40e1ac
