[INFO] fetching crate mesalink 1.1.0-cratesio...
[INFO] testing mesalink-1.1.0-cratesio against 1.54.0 for beta-1.55-1
[INFO] extracting crate mesalink 1.1.0-cratesio into /workspace/builds/worker-10/source
[INFO] validating manifest of crates.io crate mesalink 1.1.0-cratesio on toolchain 1.54.0
[INFO] running `Command { std: "/workspace/cargo-home/bin/cargo" "+1.54.0" "metadata" "--manifest-path" "Cargo.toml" "--no-deps", kill_on_drop: false }`
[INFO] started tweaking crates.io crate mesalink 1.1.0-cratesio
[INFO] removed 0 missing examples
[INFO] finished tweaking crates.io crate mesalink 1.1.0-cratesio
[INFO] tweaked toml for crates.io crate mesalink 1.1.0-cratesio written to /workspace/builds/worker-10/source/Cargo.toml
[INFO] running `Command { std: "/workspace/cargo-home/bin/cargo" "+1.54.0" "generate-lockfile" "--manifest-path" "Cargo.toml" "-Zno-index-update", kill_on_drop: false }`
[INFO] [stderr]     Blocking waiting for file lock on package cache
[INFO] running `Command { std: "/workspace/cargo-home/bin/cargo" "+1.54.0" "fetch" "--manifest-path" "Cargo.toml", kill_on_drop: false }`
[INFO] [stderr]     Blocking waiting for file lock on package cache
[INFO] running `Command { std: "docker" "create" "-v" "/var/lib/crater-agent-workspace/builds/worker-10/target:/opt/rustwide/target:rw,Z" "-v" "/var/lib/crater-agent-workspace/builds/worker-10/source:/opt/rustwide/workdir:ro,Z" "-v" "/var/lib/crater-agent-workspace/cargo-home:/opt/rustwide/cargo-home:ro,Z" "-v" "/var/lib/crater-agent-workspace/rustup-home:/opt/rustwide/rustup-home:ro,Z" "-e" "SOURCE_DIR=/opt/rustwide/workdir" "-e" "CARGO_TARGET_DIR=/opt/rustwide/target" "-e" "CARGO_HOME=/opt/rustwide/cargo-home" "-e" "RUSTUP_HOME=/opt/rustwide/rustup-home" "-w" "/opt/rustwide/workdir" "-m" "1610612736" "--user" "0:0" "--network" "none" "ghcr.io/rust-lang/crates-build-env/linux@sha256:34b6a614d2c27851fe6cbf88fbd1137609cefab8b10d0615aaeb6fd47975d74e" "/opt/rustwide/cargo-home/bin/cargo" "+1.54.0" "metadata" "--no-deps" "--format-version=1", kill_on_drop: false }`
[INFO] [stdout] c14d0c0055f98aba40bec5ddf9b7fb3874640140c53c79e4b4a7d010464cd9e0
[INFO] running `Command { std: "docker" "start" "-a" "c14d0c0055f98aba40bec5ddf9b7fb3874640140c53c79e4b4a7d010464cd9e0", kill_on_drop: false }`
[INFO] running `Command { std: "docker" "inspect" "c14d0c0055f98aba40bec5ddf9b7fb3874640140c53c79e4b4a7d010464cd9e0", kill_on_drop: false }`
[INFO] running `Command { std: "docker" "rm" "-f" "c14d0c0055f98aba40bec5ddf9b7fb3874640140c53c79e4b4a7d010464cd9e0", kill_on_drop: false }`
[INFO] [stdout] c14d0c0055f98aba40bec5ddf9b7fb3874640140c53c79e4b4a7d010464cd9e0
[INFO] running `Command { std: "docker" "create" "-v" "/var/lib/crater-agent-workspace/builds/worker-10/target:/opt/rustwide/target:rw,Z" "-v" "/var/lib/crater-agent-workspace/builds/worker-10/source:/opt/rustwide/workdir:ro,Z" "-v" "/var/lib/crater-agent-workspace/cargo-home:/opt/rustwide/cargo-home:ro,Z" "-v" "/var/lib/crater-agent-workspace/rustup-home:/opt/rustwide/rustup-home:ro,Z" "-e" "SOURCE_DIR=/opt/rustwide/workdir" "-e" "CARGO_TARGET_DIR=/opt/rustwide/target" "-e" "CARGO_INCREMENTAL=0" "-e" "RUST_BACKTRACE=full" "-e" "RUSTFLAGS=--cap-lints=warn" "-e" "CARGO_HOME=/opt/rustwide/cargo-home" "-e" "RUSTUP_HOME=/opt/rustwide/rustup-home" "-w" "/opt/rustwide/workdir" "-m" "1610612736" "--user" "0:0" "--network" "none" "ghcr.io/rust-lang/crates-build-env/linux@sha256:34b6a614d2c27851fe6cbf88fbd1137609cefab8b10d0615aaeb6fd47975d74e" "/opt/rustwide/cargo-home/bin/cargo" "+1.54.0" "build" "--frozen" "--message-format=json", kill_on_drop: false }`
[INFO] [stdout] 24278e588fd544029d3eb517bdbff69844e21184405f3f393660784dd4df14ae
[INFO] running `Command { std: "docker" "start" "-a" "24278e588fd544029d3eb517bdbff69844e21184405f3f393660784dd4df14ae", kill_on_drop: false }`
[INFO] [stderr]    Compiling libc v0.2.98
[INFO] [stderr]    Compiling cc v1.0.69
[INFO] [stderr]    Compiling semver-parser v0.7.0
[INFO] [stderr]    Compiling once_cell v1.8.0
[INFO] [stderr]    Compiling maybe-uninit v2.0.0
[INFO] [stderr]    Compiling spin v0.5.2
[INFO] [stderr]    Compiling memchr v2.4.0
[INFO] [stderr]    Compiling untrusted v0.7.1
[INFO] [stderr]    Compiling log v0.4.14
[INFO] [stderr]    Compiling same-file v1.0.6
[INFO] [stderr]    Compiling unicode-xid v0.0.4
[INFO] [stderr]    Compiling regex-syntax v0.6.25
[INFO] [stderr]    Compiling byteorder v1.4.3
[INFO] [stderr]    Compiling quote v0.3.15
[INFO] [stderr]    Compiling quick-error v1.2.3
[INFO] [stderr]    Compiling scopeguard v1.1.0
[INFO] [stderr]    Compiling cfg-if v0.1.10
[INFO] [stderr]    Compiling termcolor v1.1.2
[INFO] [stderr]    Compiling lazy_static v1.4.0
[INFO] [stderr]    Compiling humantime v1.3.0
[INFO] [stderr]    Compiling synom v0.11.3
[INFO] [stderr]    Compiling base64 v0.10.1
[INFO] [stderr]    Compiling semver v0.9.0
[INFO] [stderr]    Compiling lock_api v0.3.4
[INFO] [stderr]    Compiling walkdir v2.3.2
[INFO] [stderr]    Compiling syn v0.11.11
[INFO] [stderr]    Compiling rustc_version v0.2.3
[INFO] [stderr]    Compiling smallvec v0.6.14
[INFO] [stderr]    Compiling parking_lot_core v0.6.2
[INFO] [stderr]    Compiling parking_lot v0.9.0
[INFO] [stderr]    Compiling aho-corasick v0.7.18
[INFO] [stderr]    Compiling mesalink v1.1.0-cratesio (/opt/rustwide/workdir)
[INFO] [stderr]    Compiling atty v0.2.14
[INFO] [stderr]    Compiling ring v0.16.20
[INFO] [stderr]    Compiling enum_to_u8_slice_derive v0.1.1
[INFO] [stderr]    Compiling regex v1.5.4
[INFO] [stderr]    Compiling env_logger v0.6.2
[INFO] [stderr]    Compiling webpki v0.21.4
[INFO] [stderr]    Compiling sct v0.6.1
[INFO] [stderr]    Compiling rustls v0.16.0
[INFO] [stderr]    Compiling webpki-roots v0.17.0
[INFO] [stderr]     Finished dev [unoptimized + debuginfo] target(s) in 17.53s
[INFO] running `Command { std: "docker" "inspect" "24278e588fd544029d3eb517bdbff69844e21184405f3f393660784dd4df14ae", kill_on_drop: false }`
[INFO] running `Command { std: "docker" "rm" "-f" "24278e588fd544029d3eb517bdbff69844e21184405f3f393660784dd4df14ae", kill_on_drop: false }`
[INFO] [stdout] 24278e588fd544029d3eb517bdbff69844e21184405f3f393660784dd4df14ae
[INFO] running `Command { std: "docker" "create" "-v" "/var/lib/crater-agent-workspace/builds/worker-10/target:/opt/rustwide/target:rw,Z" "-v" "/var/lib/crater-agent-workspace/builds/worker-10/source:/opt/rustwide/workdir:ro,Z" "-v" "/var/lib/crater-agent-workspace/cargo-home:/opt/rustwide/cargo-home:ro,Z" "-v" "/var/lib/crater-agent-workspace/rustup-home:/opt/rustwide/rustup-home:ro,Z" "-e" "SOURCE_DIR=/opt/rustwide/workdir" "-e" "CARGO_TARGET_DIR=/opt/rustwide/target" "-e" "CARGO_INCREMENTAL=0" "-e" "RUST_BACKTRACE=full" "-e" "RUSTFLAGS=--cap-lints=warn" "-e" "CARGO_HOME=/opt/rustwide/cargo-home" "-e" "RUSTUP_HOME=/opt/rustwide/rustup-home" "-w" "/opt/rustwide/workdir" "-m" "1610612736" "--user" "0:0" "--network" "none" "ghcr.io/rust-lang/crates-build-env/linux@sha256:34b6a614d2c27851fe6cbf88fbd1137609cefab8b10d0615aaeb6fd47975d74e" "/opt/rustwide/cargo-home/bin/cargo" "+1.54.0" "test" "--frozen" "--no-run" "--message-format=json", kill_on_drop: false }`
[INFO] [stdout] 9ed9f7dc2078799869d79d5dfebd379cf9afc4567ea038e82022bd7b92dfc3dc
[INFO] running `Command { std: "docker" "start" "-a" "9ed9f7dc2078799869d79d5dfebd379cf9afc4567ea038e82022bd7b92dfc3dc", kill_on_drop: false }`
[INFO] [stderr]     Blocking waiting for file lock on package cache
[INFO] [stderr]    Compiling mesalink v1.1.0-cratesio (/opt/rustwide/workdir)
[INFO] [stdout] warning: getting the inner pointer of a temporary `CString`
[INFO] [stdout]    --> examples/bogo_shim/bogo_shim.rs:181:59
[INFO] [stdout]     |
[INFO] [stdout] 181 |             CString::new(opts.cert_file.clone()).unwrap().as_ptr() as *const libc::c_char,
[INFO] [stdout]     |             --------------------------------------------- ^^^^^^ this pointer will be invalid
[INFO] [stdout]     |             |
[INFO] [stdout]     |             this `CString` is deallocated at the end of the statement, bind it to a variable to extend its lifetime
[INFO] [stdout]     |
[INFO] [stdout]     = note: `#[warn(temporary_cstring_as_ptr)]` on by default
[INFO] [stdout]     = note: pointers do not have a lifetime; when calling `as_ptr` the `CString` will be deallocated at the end of the statement because nothing is referencing it as far as the type system is concerned
[INFO] [stdout]     = help: for more information, see https://doc.rust-lang.org/reference/destructors.html
[INFO] [stdout] 
[INFO] [stdout] 
[INFO] [stdout] warning: getting the inner pointer of a temporary `CString`
[INFO] [stdout]    --> examples/bogo_shim/bogo_shim.rs:190:58
[INFO] [stdout]     |
[INFO] [stdout] 190 |             CString::new(opts.key_file.clone()).unwrap().as_ptr() as *const libc::c_char,
[INFO] [stdout]     |             -------------------------------------------- ^^^^^^ this pointer will be invalid
[INFO] [stdout]     |             |
[INFO] [stdout]     |             this `CString` is deallocated at the end of the statement, bind it to a variable to extend its lifetime
[INFO] [stdout]     |
[INFO] [stdout]     = note: pointers do not have a lifetime; when calling `as_ptr` the `CString` will be deallocated at the end of the statement because nothing is referencing it as far as the type system is concerned
[INFO] [stdout]     = help: for more information, see https://doc.rust-lang.org/reference/destructors.html
[INFO] [stdout] 
[INFO] [stdout] 
[INFO] [stdout] warning: getting the inner pointer of a temporary `CString`
[INFO] [stdout]    --> examples/bogo_shim/bogo_shim.rs:230:55
[INFO] [stdout]     |
[INFO] [stdout] 230 |         CString::new(opts.host_name.clone()).unwrap().as_ptr() as *const libc::c_char,
[INFO] [stdout]     |         --------------------------------------------- ^^^^^^ this pointer will be invalid
[INFO] [stdout]     |         |
[INFO] [stdout]     |         this `CString` is deallocated at the end of the statement, bind it to a variable to extend its lifetime
[INFO] [stdout]     |
[INFO] [stdout]     = note: pointers do not have a lifetime; when calling `as_ptr` the `CString` will be deallocated at the end of the statement because nothing is referencing it as far as the type system is concerned
[INFO] [stdout]     = help: for more information, see https://doc.rust-lang.org/reference/destructors.html
[INFO] [stdout] 
[INFO] [stdout] 
[INFO] [stdout] warning: use of deprecated associated function `std::error::Error::description`: use the Display impl or to_string()
[INFO] [stdout]     --> src/libssl/err.rs:1018:45
[INFO] [stdout]      |
[INFO] [stdout] 1018 |             println!("{}, {}", error, error.description());
[INFO] [stdout]      |                                             ^^^^^^^^^^^
[INFO] [stdout]      |
[INFO] [stdout] note: the lint level is defined here
[INFO] [stdout]     --> src/lib.rs:52:71
[INFO] [stdout]      |
[INFO] [stdout] 52   | #![forbid(anonymous_parameters, unused_import_braces, unused_results, warnings)]
[INFO] [stdout]      |                                                                       ^^^^^^^^
[INFO] [stdout]      = note: `#[warn(deprecated)]` implied by `#[warn(warnings)]`
[INFO] [stdout] 
[INFO] [stdout] 
[INFO] [stdout] warning: this method call currently resolves to `<&[T; N] as IntoIterator>::into_iter` (due to autoref coercions), but that might change in the future when `IntoIterator` impls for arrays are added.
[INFO] [stdout]    --> src/libssl/err.rs:993:33
[INFO] [stdout]     |
[INFO] [stdout] 993 |         for code in ERROR_CODES.into_iter() {
[INFO] [stdout]     |                                 ^^^^^^^^^ help: use `.iter()` instead of `.into_iter()` to avoid ambiguity: `iter`
[INFO] [stdout]     |
[INFO] [stdout] note: the lint level is defined here
[INFO] [stdout]    --> src/lib.rs:52:71
[INFO] [stdout]     |
[INFO] [stdout] 52  | #![forbid(anonymous_parameters, unused_import_braces, unused_results, warnings)]
[INFO] [stdout]     |                                                                       ^^^^^^^^
[INFO] [stdout]     = note: `#[warn(array_into_iter)]` implied by `#[warn(warnings)]`
[INFO] [stdout]     = warning: this was previously accepted by the compiler but is being phased out; it will become a hard error in a future release!
[INFO] [stdout]     = note: for more information, see issue #66145 <https://github.com/rust-lang/rust/issues/66145>
[INFO] [stdout] 
[INFO] [stdout] 
[INFO] [stdout] warning: this method call currently resolves to `<&[T; N] as IntoIterator>::into_iter` (due to autoref coercions), but that might change in the future when `IntoIterator` impls for arrays are added.
[INFO] [stdout]     --> src/libssl/err.rs:1014:38
[INFO] [stdout]      |
[INFO] [stdout] 1014 |         for error in mesalink_errors.into_iter() {
[INFO] [stdout]      |                                      ^^^^^^^^^ help: use `.iter()` instead of `.into_iter()` to avoid ambiguity: `iter`
[INFO] [stdout]      |
[INFO] [stdout]      = warning: this was previously accepted by the compiler but is being phased out; it will become a hard error in a future release!
[INFO] [stdout]      = note: for more information, see issue #66145 <https://github.com/rust-lang/rust/issues/66145>
[INFO] [stdout] 
[INFO] [stdout] 
[INFO] [stdout] warning: this method call currently resolves to `<&[T; N] as IntoIterator>::into_iter` (due to autoref coercions), but that might change in the future when `IntoIterator` impls for arrays are added.
[INFO] [stdout]     --> src/libssl/err.rs:1047:37
[INFO] [stdout]      |
[INFO] [stdout] 1047 |         for error_kind in io_errors.into_iter() {
[INFO] [stdout]      |                                     ^^^^^^^^^ help: use `.iter()` instead of `.into_iter()` to avoid ambiguity: `iter`
[INFO] [stdout]      |
[INFO] [stdout]      = warning: this was previously accepted by the compiler but is being phased out; it will become a hard error in a future release!
[INFO] [stdout]      = note: for more information, see issue #66145 <https://github.com/rust-lang/rust/issues/66145>
[INFO] [stdout] 
[INFO] [stdout] 
[INFO] [stdout] warning: this method call currently resolves to `<&[T; N] as IntoIterator>::into_iter` (due to autoref coercions), but that might change in the future when `IntoIterator` impls for arrays are added.
[INFO] [stdout]     --> src/libssl/err.rs:1083:33
[INFO] [stdout]      |
[INFO] [stdout] 1083 |         for error in tls_errors.into_iter() {
[INFO] [stdout]      |                                 ^^^^^^^^^ help: use `.iter()` instead of `.into_iter()` to avoid ambiguity: `iter`
[INFO] [stdout]      |
[INFO] [stdout]      = warning: this was previously accepted by the compiler but is being phased out; it will become a hard error in a future release!
[INFO] [stdout]      = note: for more information, see issue #66145 <https://github.com/rust-lang/rust/issues/66145>
[INFO] [stdout] 
[INFO] [stdout] 
[INFO] [stdout] warning: this method call currently resolves to `<&[T; N] as IntoIterator>::into_iter` (due to autoref coercions), but that might change in the future when `IntoIterator` impls for arrays are added.
[INFO] [stdout]     --> src/libssl/err.rs:1115:40
[INFO] [stdout]      |
[INFO] [stdout] 1115 |         for pki_error in webpki_errors.into_iter() {
[INFO] [stdout]      |                                        ^^^^^^^^^ help: use `.iter()` instead of `.into_iter()` to avoid ambiguity: `iter`
[INFO] [stdout]      |
[INFO] [stdout]      = warning: this was previously accepted by the compiler but is being phased out; it will become a hard error in a future release!
[INFO] [stdout]      = note: for more information, see issue #66145 <https://github.com/rust-lang/rust/issues/66145>
[INFO] [stdout] 
[INFO] [stdout] 
[INFO] [stdout] warning: this method call currently resolves to `<&[T; N] as IntoIterator>::into_iter` (due to autoref coercions), but that might change in the future when `IntoIterator` impls for arrays are added.
[INFO] [stdout]     --> src/libssl/err.rs:1164:29
[INFO] [stdout]      |
[INFO] [stdout] 1164 |         for alert in alerts.into_iter() {
[INFO] [stdout]      |                             ^^^^^^^^^ help: use `.iter()` instead of `.into_iter()` to avoid ambiguity: `iter`
[INFO] [stdout]      |
[INFO] [stdout]      = warning: this was previously accepted by the compiler but is being phased out; it will become a hard error in a future release!
[INFO] [stdout]      = note: for more information, see issue #66145 <https://github.com/rust-lang/rust/issues/66145>
[INFO] [stdout] 
[INFO] [stdout] 
[INFO] [stdout] warning: this method call currently resolves to `<&[T; N] as IntoIterator>::into_iter` (due to autoref coercions), but that might change in the future when `IntoIterator` impls for arrays are added.
[INFO] [stdout]     --> src/libssl/err.rs:1175:33
[INFO] [stdout]      |
[INFO] [stdout] 1175 |         for code in ERROR_CODES.into_iter() {
[INFO] [stdout]      |                                 ^^^^^^^^^ help: use `.iter()` instead of `.into_iter()` to avoid ambiguity: `iter`
[INFO] [stdout]      |
[INFO] [stdout]      = warning: this was previously accepted by the compiler but is being phased out; it will become a hard error in a future release!
[INFO] [stdout]      = note: for more information, see issue #66145 <https://github.com/rust-lang/rust/issues/66145>
[INFO] [stdout] 
[INFO] [stdout] 
[INFO] [stdout] warning: this method call currently resolves to `<&[T; N] as IntoIterator>::into_iter` (due to autoref coercions), but that might change in the future when `IntoIterator` impls for arrays are added.
[INFO] [stdout]     --> src/libssl/err.rs:1189:33
[INFO] [stdout]      |
[INFO] [stdout] 1189 |         for code in ERROR_CODES.into_iter() {
[INFO] [stdout]      |                                 ^^^^^^^^^ help: use `.iter()` instead of `.into_iter()` to avoid ambiguity: `iter`
[INFO] [stdout]      |
[INFO] [stdout]      = warning: this was previously accepted by the compiler but is being phased out; it will become a hard error in a future release!
[INFO] [stdout]      = note: for more information, see issue #66145 <https://github.com/rust-lang/rust/issues/66145>
[INFO] [stdout] 
[INFO] [stdout] 
[INFO] [stdout] warning: this method call currently resolves to `<&[T; N] as IntoIterator>::into_iter` (due to autoref coercions), but that might change in the future when `IntoIterator` impls for arrays are added.
[INFO] [stdout]     --> src/libssl/err.rs:1213:33
[INFO] [stdout]      |
[INFO] [stdout] 1213 |         for code in ERROR_CODES.into_iter() {
[INFO] [stdout]      |                                 ^^^^^^^^^ help: use `.iter()` instead of `.into_iter()` to avoid ambiguity: `iter`
[INFO] [stdout]      |
[INFO] [stdout]      = warning: this was previously accepted by the compiler but is being phased out; it will become a hard error in a future release!
[INFO] [stdout]      = note: for more information, see issue #66145 <https://github.com/rust-lang/rust/issues/66145>
[INFO] [stdout] 
[INFO] [stdout] 
[INFO] [stdout] warning: this method call currently resolves to `<&[T; N] as IntoIterator>::into_iter` (due to autoref coercions), but that might change in the future when `IntoIterator` impls for arrays are added.
[INFO] [stdout]     --> src/libssl/err.rs:1233:33
[INFO] [stdout]      |
[INFO] [stdout] 1233 |         for code in ERROR_CODES.into_iter() {
[INFO] [stdout]      |                                 ^^^^^^^^^ help: use `.iter()` instead of `.into_iter()` to avoid ambiguity: `iter`
[INFO] [stdout]      |
[INFO] [stdout]      = warning: this was previously accepted by the compiler but is being phased out; it will become a hard error in a future release!
[INFO] [stdout]      = note: for more information, see issue #66145 <https://github.com/rust-lang/rust/issues/66145>
[INFO] [stdout] 
[INFO] [stdout] 
[INFO] [stdout] warning: this method call currently resolves to `<&[T; N] as IntoIterator>::into_iter` (due to autoref coercions), but that might change in the future when `IntoIterator` impls for arrays are added.
[INFO] [stdout]    --> src/libssl/safestack.rs:342:27
[INFO] [stdout]     |
[INFO] [stdout] 342 |         for name in names.into_iter() {
[INFO] [stdout]     |                           ^^^^^^^^^ help: use `.iter()` instead of `.into_iter()` to avoid ambiguity: `iter`
[INFO] [stdout]     |
[INFO] [stdout]     = warning: this was previously accepted by the compiler but is being phased out; it will become a hard error in a future release!
[INFO] [stdout]     = note: for more information, see issue #66145 <https://github.com/rust-lang/rust/issues/66145>
[INFO] [stdout] 
[INFO] [stdout] 
[INFO] [stdout] warning: 3 warnings emitted
[INFO] [stdout] 
[INFO] [stdout] 
[INFO] [stdout] warning: 12 warnings emitted
[INFO] [stdout] 
[INFO] [stdout] 
[INFO] [stderr]     Finished test [unoptimized + debuginfo] target(s) in 5.04s
[INFO] running `Command { std: "docker" "inspect" "9ed9f7dc2078799869d79d5dfebd379cf9afc4567ea038e82022bd7b92dfc3dc", kill_on_drop: false }`
[INFO] running `Command { std: "docker" "rm" "-f" "9ed9f7dc2078799869d79d5dfebd379cf9afc4567ea038e82022bd7b92dfc3dc", kill_on_drop: false }`
[INFO] [stdout] 9ed9f7dc2078799869d79d5dfebd379cf9afc4567ea038e82022bd7b92dfc3dc
[INFO] running `Command { std: "docker" "create" "-v" "/var/lib/crater-agent-workspace/builds/worker-10/target:/opt/rustwide/target:rw,Z" "-v" "/var/lib/crater-agent-workspace/builds/worker-10/source:/opt/rustwide/workdir:ro,Z" "-v" "/var/lib/crater-agent-workspace/cargo-home:/opt/rustwide/cargo-home:ro,Z" "-v" "/var/lib/crater-agent-workspace/rustup-home:/opt/rustwide/rustup-home:ro,Z" "-e" "SOURCE_DIR=/opt/rustwide/workdir" "-e" "CARGO_TARGET_DIR=/opt/rustwide/target" "-e" "CARGO_INCREMENTAL=0" "-e" "RUST_BACKTRACE=full" "-e" "RUSTFLAGS=--cap-lints=warn" "-e" "CARGO_HOME=/opt/rustwide/cargo-home" "-e" "RUSTUP_HOME=/opt/rustwide/rustup-home" "-w" "/opt/rustwide/workdir" "-m" "1610612736" "--user" "0:0" "--network" "none" "ghcr.io/rust-lang/crates-build-env/linux@sha256:34b6a614d2c27851fe6cbf88fbd1137609cefab8b10d0615aaeb6fd47975d74e" "/opt/rustwide/cargo-home/bin/cargo" "+1.54.0" "test" "--frozen", kill_on_drop: false }`
[INFO] [stdout] 320da396530001396051d5f0d5d29d712d94195d265c8166b65292bb0fd2b63b
[INFO] running `Command { std: "docker" "start" "-a" "320da396530001396051d5f0d5d29d712d94195d265c8166b65292bb0fd2b63b", kill_on_drop: false }`
[INFO] [stderr] warning: use of deprecated associated function `std::error::Error::description`: use the Display impl or to_string()
[INFO] [stderr]     --> src/libssl/err.rs:1018:45
[INFO] [stderr]      |
[INFO] [stderr] 1018 |             println!("{}, {}", error, error.description());
[INFO] [stderr]      |                                             ^^^^^^^^^^^
[INFO] [stderr]      |
[INFO] [stderr] note: the lint level is defined here
[INFO] [stderr]     --> src/lib.rs:52:71
[INFO] [stderr]      |
[INFO] [stderr] 52   | #![forbid(anonymous_parameters, unused_import_braces, unused_results, warnings)]
[INFO] [stderr]      |                                                                       ^^^^^^^^
[INFO] [stderr]      = note: `#[warn(deprecated)]` implied by `#[warn(warnings)]`
[INFO] [stderr] 
[INFO] [stderr] warning: this method call currently resolves to `<&[T; N] as IntoIterator>::into_iter` (due to autoref coercions), but that might change in the future when `IntoIterator` impls for arrays are added.
[INFO] [stderr]    --> src/libssl/err.rs:993:33
[INFO] [stderr]     |
[INFO] [stderr] 993 |         for code in ERROR_CODES.into_iter() {
[INFO] [stderr]     |                                 ^^^^^^^^^ help: use `.iter()` instead of `.into_iter()` to avoid ambiguity: `iter`
[INFO] [stderr]     |
[INFO] [stderr] note: the lint level is defined here
[INFO] [stderr]    --> src/lib.rs:52:71
[INFO] [stderr]     |
[INFO] [stderr] 52  | #![forbid(anonymous_parameters, unused_import_braces, unused_results, warnings)]
[INFO] [stderr]     |                                                                       ^^^^^^^^
[INFO] [stderr]     = note: `#[warn(array_into_iter)]` implied by `#[warn(warnings)]`
[INFO] [stderr]     = warning: this was previously accepted by the compiler but is being phased out; it will become a hard error in a future release!
[INFO] [stderr]     = note: for more information, see issue #66145 <https://github.com/rust-lang/rust/issues/66145>
[INFO] [stderr] 
[INFO] [stderr] warning: this method call currently resolves to `<&[T; N] as IntoIterator>::into_iter` (due to autoref coercions), but that might change in the future when `IntoIterator` impls for arrays are added.
[INFO] [stderr]     --> src/libssl/err.rs:1014:38
[INFO] [stderr]      |
[INFO] [stderr] 1014 |         for error in mesalink_errors.into_iter() {
[INFO] [stderr]      |                                      ^^^^^^^^^ help: use `.iter()` instead of `.into_iter()` to avoid ambiguity: `iter`
[INFO] [stderr]      |
[INFO] [stderr]      = warning: this was previously accepted by the compiler but is being phased out; it will become a hard error in a future release!
[INFO] [stderr]      = note: for more information, see issue #66145 <https://github.com/rust-lang/rust/issues/66145>
[INFO] [stderr] 
[INFO] [stderr] warning: this method call currently resolves to `<&[T; N] as IntoIterator>::into_iter` (due to autoref coercions), but that might change in the future when `IntoIterator` impls for arrays are added.
[INFO] [stderr]     --> src/libssl/err.rs:1047:37
[INFO] [stderr]      |
[INFO] [stderr] 1047 |         for error_kind in io_errors.into_iter() {
[INFO] [stderr]      |                                     ^^^^^^^^^ help: use `.iter()` instead of `.into_iter()` to avoid ambiguity: `iter`
[INFO] [stderr]      |
[INFO] [stderr]      = warning: this was previously accepted by the compiler but is being phased out; it will become a hard error in a future release!
[INFO] [stderr]      = note: for more information, see issue #66145 <https://github.com/rust-lang/rust/issues/66145>
[INFO] [stderr] 
[INFO] [stderr] warning: this method call currently resolves to `<&[T; N] as IntoIterator>::into_iter` (due to autoref coercions), but that might change in the future when `IntoIterator` impls for arrays are added.
[INFO] [stderr]     --> src/libssl/err.rs:1083:33
[INFO] [stderr]      |
[INFO] [stderr] 1083 |         for error in tls_errors.into_iter() {
[INFO] [stderr]      |                                 ^^^^^^^^^ help: use `.iter()` instead of `.into_iter()` to avoid ambiguity: `iter`
[INFO] [stderr]      |
[INFO] [stderr]      = warning: this was previously accepted by the compiler but is being phased out; it will become a hard error in a future release!
[INFO] [stderr]      = note: for more information, see issue #66145 <https://github.com/rust-lang/rust/issues/66145>
[INFO] [stderr] 
[INFO] [stderr] warning: this method call currently resolves to `<&[T; N] as IntoIterator>::into_iter` (due to autoref coercions), but that might change in the future when `IntoIterator` impls for arrays are added.
[INFO] [stderr]     --> src/libssl/err.rs:1115:40
[INFO] [stderr]      |
[INFO] [stderr] 1115 |         for pki_error in webpki_errors.into_iter() {
[INFO] [stderr]      |                                        ^^^^^^^^^ help: use `.iter()` instead of `.into_iter()` to avoid ambiguity: `iter`
[INFO] [stderr]      |
[INFO] [stderr]      = warning: this was previously accepted by the compiler but is being phased out; it will become a hard error in a future release!
[INFO] [stderr]      = note: for more information, see issue #66145 <https://github.com/rust-lang/rust/issues/66145>
[INFO] [stderr] 
[INFO] [stderr] warning: this method call currently resolves to `<&[T; N] as IntoIterator>::into_iter` (due to autoref coercions), but that might change in the future when `IntoIterator` impls for arrays are added.
[INFO] [stderr]     --> src/libssl/err.rs:1164:29
[INFO] [stderr]      |
[INFO] [stderr] 1164 |         for alert in alerts.into_iter() {
[INFO] [stderr]      |                             ^^^^^^^^^ help: use `.iter()` instead of `.into_iter()` to avoid ambiguity: `iter`
[INFO] [stderr]      |
[INFO] [stderr]      = warning: this was previously accepted by the compiler but is being phased out; it will become a hard error in a future release!
[INFO] [stderr]      = note: for more information, see issue #66145 <https://github.com/rust-lang/rust/issues/66145>
[INFO] [stderr] 
[INFO] [stderr] warning: this method call currently resolves to `<&[T; N] as IntoIterator>::into_iter` (due to autoref coercions), but that might change in the future when `IntoIterator` impls for arrays are added.
[INFO] [stderr]     --> src/libssl/err.rs:1175:33
[INFO] [stderr]      |
[INFO] [stderr] 1175 |         for code in ERROR_CODES.into_iter() {
[INFO] [stderr]      |                                 ^^^^^^^^^ help: use `.iter()` instead of `.into_iter()` to avoid ambiguity: `iter`
[INFO] [stderr]      |
[INFO] [stderr]      = warning: this was previously accepted by the compiler but is being phased out; it will become a hard error in a future release!
[INFO] [stderr]      = note: for more information, see issue #66145 <https://github.com/rust-lang/rust/issues/66145>
[INFO] [stderr] 
[INFO] [stderr] warning: this method call currently resolves to `<&[T; N] as IntoIterator>::into_iter` (due to autoref coercions), but that might change in the future when `IntoIterator` impls for arrays are added.
[INFO] [stderr]     --> src/libssl/err.rs:1189:33
[INFO] [stderr]      |
[INFO] [stderr] 1189 |         for code in ERROR_CODES.into_iter() {
[INFO] [stderr]      |                                 ^^^^^^^^^ help: use `.iter()` instead of `.into_iter()` to avoid ambiguity: `iter`
[INFO] [stderr]      |
[INFO] [stderr]      = warning: this was previously accepted by the compiler but is being phased out; it will become a hard error in a future release!
[INFO] [stderr]      = note: for more information, see issue #66145 <https://github.com/rust-lang/rust/issues/66145>
[INFO] [stderr] 
[INFO] [stderr] warning: this method call currently resolves to `<&[T; N] as IntoIterator>::into_iter` (due to autoref coercions), but that might change in the future when `IntoIterator` impls for arrays are added.
[INFO] [stderr]     --> src/libssl/err.rs:1213:33
[INFO] [stderr]      |
[INFO] [stderr] 1213 |         for code in ERROR_CODES.into_iter() {
[INFO] [stderr]      |                                 ^^^^^^^^^ help: use `.iter()` instead of `.into_iter()` to avoid ambiguity: `iter`
[INFO] [stderr]      |
[INFO] [stderr]      = warning: this was previously accepted by the compiler but is being phased out; it will become a hard error in a future release!
[INFO] [stderr]      = note: for more information, see issue #66145 <https://github.com/rust-lang/rust/issues/66145>
[INFO] [stderr] 
[INFO] [stderr] warning: this method call currently resolves to `<&[T; N] as IntoIterator>::into_iter` (due to autoref coercions), but that might change in the future when `IntoIterator` impls for arrays are added.
[INFO] [stderr]     --> src/libssl/err.rs:1233:33
[INFO] [stderr]      |
[INFO] [stderr] 1233 |         for code in ERROR_CODES.into_iter() {
[INFO] [stderr]      |                                 ^^^^^^^^^ help: use `.iter()` instead of `.into_iter()` to avoid ambiguity: `iter`
[INFO] [stderr]      |
[INFO] [stderr]      = warning: this was previously accepted by the compiler but is being phased out; it will become a hard error in a future release!
[INFO] [stderr]      = note: for more information, see issue #66145 <https://github.com/rust-lang/rust/issues/66145>
[INFO] [stderr] 
[INFO] [stderr] warning: this method call currently resolves to `<&[T; N] as IntoIterator>::into_iter` (due to autoref coercions), but that might change in the future when `IntoIterator` impls for arrays are added.
[INFO] [stderr]    --> src/libssl/safestack.rs:342:27
[INFO] [stderr]     |
[INFO] [stderr] 342 |         for name in names.into_iter() {
[INFO] [stderr]     |                           ^^^^^^^^^ help: use `.iter()` instead of `.into_iter()` to avoid ambiguity: `iter`
[INFO] [stderr]     |
[INFO] [stderr]     = warning: this was previously accepted by the compiler but is being phased out; it will become a hard error in a future release!
[INFO] [stderr]     = note: for more information, see issue #66145 <https://github.com/rust-lang/rust/issues/66145>
[INFO] [stderr] 
[INFO] [stderr] warning: 12 warnings emitted
[INFO] [stderr] 
[INFO] [stderr] warning: getting the inner pointer of a temporary `CString`
[INFO] [stderr]    --> examples/bogo_shim/bogo_shim.rs:181:59
[INFO] [stderr]     |
[INFO] [stderr] 181 |             CString::new(opts.cert_file.clone()).unwrap().as_ptr() as *const libc::c_char,
[INFO] [stderr]     |             --------------------------------------------- ^^^^^^ this pointer will be invalid
[INFO] [stderr]     |             |
[INFO] [stderr]     |             this `CString` is deallocated at the end of the statement, bind it to a variable to extend its lifetime
[INFO] [stderr]     |
[INFO] [stderr]     = note: `#[warn(temporary_cstring_as_ptr)]` on by default
[INFO] [stderr]     = note: pointers do not have a lifetime; when calling `as_ptr` the `CString` will be deallocated at the end of the statement because nothing is referencing it as far as the type system is concerned
[INFO] [stderr]     = help: for more information, see https://doc.rust-lang.org/reference/destructors.html
[INFO] [stderr] 
[INFO] [stderr] warning: getting the inner pointer of a temporary `CString`
[INFO] [stderr]    --> examples/bogo_shim/bogo_shim.rs:190:58
[INFO] [stderr]     |
[INFO] [stderr] 190 |             CString::new(opts.key_file.clone()).unwrap().as_ptr() as *const libc::c_char,
[INFO] [stderr]     |             -------------------------------------------- ^^^^^^ this pointer will be invalid
[INFO] [stderr]     |             |
[INFO] [stderr]     |             this `CString` is deallocated at the end of the statement, bind it to a variable to extend its lifetime
[INFO] [stderr]     |
[INFO] [stderr]     = note: pointers do not have a lifetime; when calling `as_ptr` the `CString` will be deallocated at the end of the statement because nothing is referencing it as far as the type system is concerned
[INFO] [stderr]     = help: for more information, see https://doc.rust-lang.org/reference/destructors.html
[INFO] [stderr] 
[INFO] [stderr] warning: getting the inner pointer of a temporary `CString`
[INFO] [stderr]    --> examples/bogo_shim/bogo_shim.rs:230:55
[INFO] [stderr]     |
[INFO] [stderr] 230 |         CString::new(opts.host_name.clone()).unwrap().as_ptr() as *const libc::c_char,
[INFO] [stderr]     |         --------------------------------------------- ^^^^^^ this pointer will be invalid
[INFO] [stderr]     |         |
[INFO] [stderr]     |         this `CString` is deallocated at the end of the statement, bind it to a variable to extend its lifetime
[INFO] [stderr]     |
[INFO] [stderr]     = note: pointers do not have a lifetime; when calling `as_ptr` the `CString` will be deallocated at the end of the statement because nothing is referencing it as far as the type system is concerned
[INFO] [stderr]     = help: for more information, see https://doc.rust-lang.org/reference/destructors.html
[INFO] [stderr] 
[INFO] [stderr] warning: 3 warnings emitted
[INFO] [stderr] 
[INFO] [stderr]     Finished test [unoptimized + debuginfo] target(s) in 0.14s
[INFO] [stderr]      Running unittests (/opt/rustwide/target/debug/deps/mesalink-c28699229b12ce17)
[INFO] [stdout] 
[INFO] [stdout] running 64 tests
[INFO] [stderr] error:[0xE2]:[mesalink]:[src/libssl/err.rs:1261]:[MesalinkErrorBadFuncArg ]
[INFO] [stderr] error:[0xE1]:[mesalink]:[src/libssl/err.rs:1262]:[MesalinkErrorMalformedObject ]
[INFO] [stdout] test libcrypto::bio::tests::bio_create_from_method ... ok
[INFO] [stdout] test libcrypto::bio::tests::bio_file_new_fp ... ok
[INFO] [stdout] test libcrypto::bio::tests::bio_file_set_fp ... ok
[INFO] [stdout] test libcrypto::bio::tests::bio_mem ... ok
[INFO] [stdout] test libcrypto::bio::tests::bio_uninitialized ... ok
[INFO] [stdout] test libcrypto::bio::tests::bio_null_buf ... ok
[INFO] [stdout] test libcrypto::bio::tests::bio_methods ... ok
[INFO] [stdout] test libcrypto::bio::tests::bio_null_ptr ... ok
[INFO] [stdout] test libcrypto::pem::test::pem_read_private_key ... ok
[INFO] [stdout] test libcrypto::pem::test::pem_read_x509 ... ok
[INFO] [stdout] test libssl::err::tests::empty ... ok
[INFO] [stdout] test libssl::err::tests::err_print_errors_fp ... ok
[INFO] [stdout] test libssl::err::tests::error_code_conversion_from_long ... ok
[INFO] [stdout] test libssl::err::tests::error_string_n_with_big_buf ... ok
[INFO] [stdout] test libssl::err::tests::error_string_n_with_null_buf ... ok
[INFO] [stdout] test libcrypto::pem::test::pem_read_bio_private_key ... ok
[INFO] [stdout] test libcrypto::pem::test::pem_read_bio_x509 ... ok
[INFO] [stdout] test libssl::err::tests::error_strings ... ok
[INFO] [stdout] test libssl::err::tests::error_string_n_with_small_buf ... ok
[INFO] [stdout] test libssl::err::tests::clear ... ok
[INFO] [stdout] test libssl::err::tests::invalid_error_codes ... ok
[INFO] [stdout] test libssl::err::tests::peek_should_not_remove_error ... ok
[INFO] [stdout] test libssl::err::tests::error_queue_is_thread_local ... ok
[INFO] [stdout] test libssl::err::tests::mesalink_error_code_conversion ... ok
[INFO] [stdout] test libssl::err::tests::get_should_remove_error ... ok
[INFO] [stdout] test libssl::err::tests::io_error_conversion ... ok
[INFO] [stdout] test libssl::err::tests::push ... ok
[INFO] [stdout] test libssl::err::tests::tls_error_conversion ... ok
[INFO] [stdout] test libssl::err::tests::webpki_error_conversion ... ok
[INFO] [stdout] test libssl::safestack::tests::sk_free_null_pointer ... ok
[INFO] [stdout] test libssl::err::tests::tls_alert_error_conversion ... ok
[INFO] [stdout] test libssl::safestack::tests::x509_name_sk ... ok
[INFO] [stdout] test libssl::ssl::tests::dummy_openssl_compatible_apis_always_return_success ... ok
[INFO] [stdout] test libssl::safestack::tests::x509_sk ... ok
[INFO] [stdout] test libssl::ssl::tests::certificate_not_found ... ok
[INFO] [stdout] test libcrypto::bio::tests::bio_file_new_from_path ... FAILED
[INFO] [stdout] test libssl::ssl::tests::early_data_to_mesalink_io ... FAILED
[INFO] [stdout] test libssl::ssl::tests::legacy_tls_versions_not_supported ... ok
[INFO] [stdout] test libssl::ssl::tests::invalid_private_key ... ok
[INFO] [stdout] test libssl::ssl::tests::mesalink_ssl_ctx_session_cache_mode_and_size ... ok
[INFO] [stdout] test libssl::ssl::tests::get_ssl_fd ... FAILED
[INFO] [stdout] test libssl::ssl::tests::invalid_certificate ... ok
[INFO] [stdout] test libssl::ssl::tests::mesalink_ssl_set_good_host_name ... ok
[INFO] [stdout] test libssl::ssl::tests::mesalink_ssl_set_invalid_host_name ... ok
[INFO] [stdout] test libssl::ssl::tests::load_verify_locations ... ok
[INFO] [stdout] test libssl::ssl::tests::get_and_set_ssl_ctx ... ok
[INFO] [stdout] test libssl::ssl::tests::ssl_ctx_is_thread_safe ... ok
[INFO] [stdout] test libssl::ssl::tests::ssl_ctx_is_not_null ... ok
[INFO] [stdout] test libssl::ssl::tests::ssl_ctx_load_certificate_and_private_key_asn1 ... ok
[INFO] [stdout] test libssl::ssl::tests::private_key_not_found ... ok
[INFO] [stdout] test libssl::ssl::tests::supported_tls_versions ... ok
[INFO] [stdout] test libssl::ssl::tests::ssl_is_not_null ... ok
[INFO] [stdout] test libssl::ssl::tests::test_io_before_full_handshake ... ok
[INFO] [stdout] test libssl::ssl::tests::verify_certificate_and_key ... ok
[INFO] [stdout] test libssl::ssl::tests::ssl_is_thread_safe ... ok
[INFO] [stdout] test libssl::ssl::tests::ssl_load_certificate_and_private_key_asn1 ... ok
[INFO] [stdout] test libssl::ssl::tests::test_null_pointers_as_arguments ... ok
[INFO] [stdout] test libssl::ssl::tests::verify_key_and_certificate_1 ... ok
[INFO] [stdout] test libssl::x509::tests::x509_null_pointer ... ok
[INFO] [stdout] test libssl::ssl::tests::ssl_on_nonblocking_socket ... FAILED
[INFO] [stdout] test libssl::ssl::tests::mesalink_ssl_set_null_host_name ... ok
[INFO] [stdout] test libssl::ssl::tests::ssl_io_on_bad_file_descriptor ... ok
[INFO] [stdout] test libssl::ssl::tests::verify_key_and_certificate_2 ... ok
[INFO] [stdout] test libssl::ssl::tests::cross_version_tests ... ok
[INFO] [stdout] 
[INFO] [stdout] failures:
[INFO] [stdout] 
[INFO] [stdout] ---- libcrypto::bio::tests::bio_file_new_from_path stdout ----
[INFO] [stdout] thread 'libcrypto::bio::tests::bio_file_new_from_path' panicked at 'assertion failed: `(left == right)`
[INFO] [stdout]   left: `0`,
[INFO] [stdout]  right: `1`', src/libcrypto/bio.rs:898:9
[INFO] [stdout] stack backtrace:
[INFO] [stdout]    0:     0x5634adf98700 - std::backtrace_rs::backtrace::libunwind::trace::h34055254b57d8e79
[INFO] [stdout]                                at /rustc/a178d0322ce20e33eac124758e837cbd80a6f633/library/std/src/../../backtrace/src/backtrace/libunwind.rs:90:5
[INFO] [stdout]    1:     0x5634adf98700 - std::backtrace_rs::backtrace::trace_unsynchronized::h8f1e3fbd9afff6ec
[INFO] [stdout]                                at /rustc/a178d0322ce20e33eac124758e837cbd80a6f633/library/std/src/../../backtrace/src/backtrace/mod.rs:66:5
[INFO] [stdout]    2:     0x5634adf98700 - std::sys_common::backtrace::_print_fmt::h3a99a796b770c360
[INFO] [stdout]                                at /rustc/a178d0322ce20e33eac124758e837cbd80a6f633/library/std/src/sys_common/backtrace.rs:67:5
[INFO] [stdout]    3:     0x5634adf98700 - <std::sys_common::backtrace::_print::DisplayBacktrace as core::fmt::Display>::fmt::h32d1f94a80615d18
[INFO] [stdout]                                at /rustc/a178d0322ce20e33eac124758e837cbd80a6f633/library/std/src/sys_common/backtrace.rs:46:22
[INFO] [stdout]    4:     0x5634adfbbe8c - core::fmt::write::h306731c068f7162c
[INFO] [stdout]                                at /rustc/a178d0322ce20e33eac124758e837cbd80a6f633/library/core/src/fmt/mod.rs:1110:17
[INFO] [stdout]    5:     0x5634adf935a5 - std::io::Write::write_fmt::h87f19b0a2cd190bc
[INFO] [stdout]                                at /rustc/a178d0322ce20e33eac124758e837cbd80a6f633/library/std/src/io/mod.rs:1588:15
[INFO] [stdout]    6:     0x5634adf9a86b - std::sys_common::backtrace::_print::h5abaa2601a852287
[INFO] [stdout]                                at /rustc/a178d0322ce20e33eac124758e837cbd80a6f633/library/std/src/sys_common/backtrace.rs:49:5
[INFO] [stdout]    7:     0x5634adf9a86b - std::sys_common::backtrace::print::h8d81445442bb638f
[INFO] [stdout]                                at /rustc/a178d0322ce20e33eac124758e837cbd80a6f633/library/std/src/sys_common/backtrace.rs:36:9
[INFO] [stdout]    8:     0x5634adf9a86b - std::panicking::default_hook::{{closure}}::hcfe804496a9fa747
[INFO] [stdout]                                at /rustc/a178d0322ce20e33eac124758e837cbd80a6f633/library/std/src/panicking.rs:208:50
[INFO] [stdout]    9:     0x5634adf9a37c - std::panicking::default_hook::hbea8e3ccf2ba8901
[INFO] [stdout]                                at /rustc/a178d0322ce20e33eac124758e837cbd80a6f633/library/std/src/panicking.rs:222:9
[INFO] [stdout]   10:     0x5634adf9af34 - std::panicking::rust_panic_with_hook::h7ee9e1a2d0f8975a
[INFO] [stdout]                                at /rustc/a178d0322ce20e33eac124758e837cbd80a6f633/library/std/src/panicking.rs:622:17
[INFO] [stdout]   11:     0x5634adf9aa17 - std::panicking::begin_panic_handler::{{closure}}::h8ab3b4491718b2c7
[INFO] [stdout]                                at /rustc/a178d0322ce20e33eac124758e837cbd80a6f633/library/std/src/panicking.rs:519:13
[INFO] [stdout]   12:     0x5634adf98bfc - std::sys_common::backtrace::__rust_end_short_backtrace::hd489062ffa586a9f
[INFO] [stdout]                                at /rustc/a178d0322ce20e33eac124758e837cbd80a6f633/library/std/src/sys_common/backtrace.rs:141:18
[INFO] [stdout]   13:     0x5634adf9a979 - rust_begin_unwind
[INFO] [stdout]                                at /rustc/a178d0322ce20e33eac124758e837cbd80a6f633/library/std/src/panicking.rs:515:5
[INFO] [stdout]   14:     0x5634adcef851 - core::panicking::panic_fmt::hca6330e3e14086b4
[INFO] [stdout]                                at /rustc/a178d0322ce20e33eac124758e837cbd80a6f633/library/core/src/panicking.rs:92:14
[INFO] [stdout]   15:     0x5634adfba7a8 - core::panicking::assert_failed_inner::h33b45280069a80ed
[INFO] [stdout]   16:     0x5634addd279a - core::panicking::assert_failed::h087a9e7a2694bf77
[INFO] [stdout]                                at /rustc/a178d0322ce20e33eac124758e837cbd80a6f633/library/core/src/panicking.rs:117:5
[INFO] [stdout]   17:     0x5634add5914b - mesalink::libcrypto::bio::tests::bio_file_new_from_path::h5242ddd685081d4d
[INFO] [stdout]                                at /opt/rustwide/workdir/src/libcrypto/bio.rs:898:9
[INFO] [stdout]   18:     0x5634add58fba - mesalink::libcrypto::bio::tests::bio_file_new_from_path::{{closure}}::h728413cb2523386c
[INFO] [stdout]                                at /opt/rustwide/workdir/src/libcrypto/bio.rs:891:5
[INFO] [stdout]   19:     0x5634add11a1e - core::ops::function::FnOnce::call_once::h80308d83e805fee8
[INFO] [stdout]                                at /rustc/a178d0322ce20e33eac124758e837cbd80a6f633/library/core/src/ops/function.rs:227:5
[INFO] [stdout]   20:     0x5634addad243 - core::ops::function::FnOnce::call_once::h152e7e439ff59e19
[INFO] [stdout]                                at /rustc/a178d0322ce20e33eac124758e837cbd80a6f633/library/core/src/ops/function.rs:227:5
[INFO] [stdout]   21:     0x5634addad243 - test::__rust_begin_short_backtrace::h0908f3b1fdbb72ab
[INFO] [stdout]                                at /rustc/a178d0322ce20e33eac124758e837cbd80a6f633/library/test/src/lib.rs:577:5
[INFO] [stdout]   22:     0x5634addabd00 - <alloc::boxed::Box<F,A> as core::ops::function::FnOnce<Args>>::call_once::hf6d2a51e5587546c
[INFO] [stdout]                                at /rustc/a178d0322ce20e33eac124758e837cbd80a6f633/library/alloc/src/boxed.rs:1575:9
[INFO] [stdout]   23:     0x5634addabd00 - <std::panic::AssertUnwindSafe<F> as core::ops::function::FnOnce<()>>::call_once::h8af660f3a89ef593
[INFO] [stdout]                                at /rustc/a178d0322ce20e33eac124758e837cbd80a6f633/library/std/src/panic.rs:347:9
[INFO] [stdout]   24:     0x5634addabd00 - std::panicking::try::do_call::hd36aef60f84b6d36
[INFO] [stdout]                                at /rustc/a178d0322ce20e33eac124758e837cbd80a6f633/library/std/src/panicking.rs:401:40
[INFO] [stdout]   25:     0x5634addabd00 - std::panicking::try::h9932b4480e69817c
[INFO] [stdout]                                at /rustc/a178d0322ce20e33eac124758e837cbd80a6f633/library/std/src/panicking.rs:365:19
[INFO] [stdout]   26:     0x5634addabd00 - std::panic::catch_unwind::h6aa177099cfff5f8
[INFO] [stdout]                                at /rustc/a178d0322ce20e33eac124758e837cbd80a6f633/library/std/src/panic.rs:434:14
[INFO] [stdout]   27:     0x5634addabd00 - test::run_test_in_process::h5884d6f2d99e20c3
[INFO] [stdout]                                at /rustc/a178d0322ce20e33eac124758e837cbd80a6f633/library/test/src/lib.rs:600:18
[INFO] [stdout]   28:     0x5634addabd00 - test::run_test::run_test_inner::{{closure}}::h6fdc58c6d5f5b6e3
[INFO] [stdout]                                at /rustc/a178d0322ce20e33eac124758e837cbd80a6f633/library/test/src/lib.rs:492:39
[INFO] [stdout]   29:     0x5634add853b2 - test::run_test::run_test_inner::{{closure}}::h408365d67a78ade8
[INFO] [stdout]                                at /rustc/a178d0322ce20e33eac124758e837cbd80a6f633/library/test/src/lib.rs:519:37
[INFO] [stdout]   30:     0x5634add853b2 - std::sys_common::backtrace::__rust_begin_short_backtrace::hb560b77c4f701523
[INFO] [stdout]                                at /rustc/a178d0322ce20e33eac124758e837cbd80a6f633/library/std/src/sys_common/backtrace.rs:125:18
[INFO] [stdout]   31:     0x5634add88f68 - std::thread::Builder::spawn_unchecked::{{closure}}::{{closure}}::hf2e7831dad93c597
[INFO] [stdout]                                at /rustc/a178d0322ce20e33eac124758e837cbd80a6f633/library/std/src/thread/mod.rs:481:17
[INFO] [stdout]   32:     0x5634add88f68 - <std::panic::AssertUnwindSafe<F> as core::ops::function::FnOnce<()>>::call_once::hd2e08783d8be4d02
[INFO] [stdout]                                at /rustc/a178d0322ce20e33eac124758e837cbd80a6f633/library/std/src/panic.rs:347:9
[INFO] [stdout]   33:     0x5634add88f68 - std::panicking::try::do_call::h062597b7acfd6b82
[INFO] [stdout]                                at /rustc/a178d0322ce20e33eac124758e837cbd80a6f633/library/std/src/panicking.rs:401:40
[INFO] [stdout]   34:     0x5634add88f68 - std::panicking::try::h0d7b79db04c14552
[INFO] [stdout]                                at /rustc/a178d0322ce20e33eac124758e837cbd80a6f633/library/std/src/panicking.rs:365:19
[INFO] [stdout]   35:     0x5634add88f68 - std::panic::catch_unwind::hb01a0b5e7c8cd43b
[INFO] [stdout]                                at /rustc/a178d0322ce20e33eac124758e837cbd80a6f633/library/std/src/panic.rs:434:14
[INFO] [stdout]   36:     0x5634add88f68 - std::thread::Builder::spawn_unchecked::{{closure}}::h5bde48cc887e0d1e
[INFO] [stdout]                                at /rustc/a178d0322ce20e33eac124758e837cbd80a6f633/library/std/src/thread/mod.rs:480:30
[INFO] [stdout]   37:     0x5634add88f68 - core::ops::function::FnOnce::call_once{{vtable.shim}}::h745ea30807a29e55
[INFO] [stdout]                                at /rustc/a178d0322ce20e33eac124758e837cbd80a6f633/library/core/src/ops/function.rs:227:5
[INFO] [stdout]   38:     0x5634adfa08c7 - <alloc::boxed::Box<F,A> as core::ops::function::FnOnce<Args>>::call_once::h7ece6cfefaff1005
[INFO] [stdout]                                at /rustc/a178d0322ce20e33eac124758e837cbd80a6f633/library/alloc/src/boxed.rs:1575:9
[INFO] [stdout]   39:     0x5634adfa08c7 - <alloc::boxed::Box<F,A> as core::ops::function::FnOnce<Args>>::call_once::hb8b48e55c21f193e
[INFO] [stdout]                                at /rustc/a178d0322ce20e33eac124758e837cbd80a6f633/library/alloc/src/boxed.rs:1575:9
[INFO] [stdout]   40:     0x5634adfa08c7 - std::sys::unix::thread::Thread::new::thread_start::h8c7c4450dba62914
[INFO] [stdout]                                at /rustc/a178d0322ce20e33eac124758e837cbd80a6f633/library/std/src/sys/unix/thread.rs:71:17
[INFO] [stdout]   41:     0x7f56e2b25609 - start_thread
[INFO] [stdout]   42:     0x7f56e28f7293 - clone
[INFO] [stdout]   43:                0x0 - <unknown>
[INFO] [stdout] 
[INFO] [stdout] ---- libssl::ssl::tests::early_data_to_mesalink_io stdout ----
[INFO] [stdout] thread 'libssl::ssl::tests::early_data_to_mesalink_io' panicked at 'Failed to connect: Custom { kind: Other, error: "failed to lookup address information: Temporary failure in name resolution" }', src/libssl/ssl.rs:3550:67
[INFO] [stdout] stack backtrace:
[INFO] [stdout]    0:     0x5634adf98700 - std::backtrace_rs::backtrace::libunwind::trace::h34055254b57d8e79
[INFO] [stdout]                                at /rustc/a178d0322ce20e33eac124758e837cbd80a6f633/library/std/src/../../backtrace/src/backtrace/libunwind.rs:90:5
[INFO] [stdout]    1:     0x5634adf98700 - std::backtrace_rs::backtrace::trace_unsynchronized::h8f1e3fbd9afff6ec
[INFO] [stdout]                                at /rustc/a178d0322ce20e33eac124758e837cbd80a6f633/library/std/src/../../backtrace/src/backtrace/mod.rs:66:5
[INFO] [stdout]    2:     0x5634adf98700 - std::sys_common::backtrace::_print_fmt::h3a99a796b770c360
[INFO] [stdout]                                at /rustc/a178d0322ce20e33eac124758e837cbd80a6f633/library/std/src/sys_common/backtrace.rs:67:5
[INFO] [stdout]    3:     0x5634adf98700 - <std::sys_common::backtrace::_print::DisplayBacktrace as core::fmt::Display>::fmt::h32d1f94a80615d18
[INFO] [stdout]                                at /rustc/a178d0322ce20e33eac124758e837cbd80a6f633/library/std/src/sys_common/backtrace.rs:46:22
[INFO] [stdout]    4:     0x5634adfbbe8c - core::fmt::write::h306731c068f7162c
[INFO] [stdout]                                at /rustc/a178d0322ce20e33eac124758e837cbd80a6f633/library/core/src/fmt/mod.rs:1110:17
[INFO] [stdout]    5:     0x5634adf935a5 - std::io::Write::write_fmt::h87f19b0a2cd190bc
[INFO] [stdout]                                at /rustc/a178d0322ce20e33eac124758e837cbd80a6f633/library/std/src/io/mod.rs:1588:15
[INFO] [stdout]    6:     0x5634adf9a86b - std::sys_common::backtrace::_print::h5abaa2601a852287
[INFO] [stdout]                                at /rustc/a178d0322ce20e33eac124758e837cbd80a6f633/library/std/src/sys_common/backtrace.rs:49:5
[INFO] [stdout]    7:     0x5634adf9a86b - std::sys_common::backtrace::print::h8d81445442bb638f
[INFO] [stdout]                                at /rustc/a178d0322ce20e33eac124758e837cbd80a6f633/library/std/src/sys_common/backtrace.rs:36:9
[INFO] [stdout]    8:     0x5634adf9a86b - std::panicking::default_hook::{{closure}}::hcfe804496a9fa747
[INFO] [stdout]                                at /rustc/a178d0322ce20e33eac124758e837cbd80a6f633/library/std/src/panicking.rs:208:50
[INFO] [stdout]    9:     0x5634adf9a37c - std::panicking::default_hook::hbea8e3ccf2ba8901
[INFO] [stdout]                                at /rustc/a178d0322ce20e33eac124758e837cbd80a6f633/library/std/src/panicking.rs:222:9
[INFO] [stdout]   10:     0x5634adf9af34 - std::panicking::rust_panic_with_hook::h7ee9e1a2d0f8975a
[INFO] [stdout]                                at /rustc/a178d0322ce20e33eac124758e837cbd80a6f633/library/std/src/panicking.rs:622:17
[INFO] [stdout]   11:     0x5634adf9aa17 - std::panicking::begin_panic_handler::{{closure}}::h8ab3b4491718b2c7
[INFO] [stdout]                                at /rustc/a178d0322ce20e33eac124758e837cbd80a6f633/library/std/src/panicking.rs:519:13
[INFO] [stdout]   12:     0x5634adf98bfc - std::sys_common::backtrace::__rust_end_short_backtrace::hd489062ffa586a9f
[INFO] [stdout]                                at /rustc/a178d0322ce20e33eac124758e837cbd80a6f633/library/std/src/sys_common/backtrace.rs:141:18
[INFO] [stdout]   13:     0x5634adf9a979 - rust_begin_unwind
[INFO] [stdout]                                at /rustc/a178d0322ce20e33eac124758e837cbd80a6f633/library/std/src/panicking.rs:515:5
[INFO] [stdout]   14:     0x5634adcef851 - core::panicking::panic_fmt::hca6330e3e14086b4
[INFO] [stdout]                                at /rustc/a178d0322ce20e33eac124758e837cbd80a6f633/library/core/src/panicking.rs:92:14
[INFO] [stdout]   15:     0x5634adcef943 - core::result::unwrap_failed::h6160d2b4bfbb0e87
[INFO] [stdout]                                at /rustc/a178d0322ce20e33eac124758e837cbd80a6f633/library/core/src/result.rs:1355:5
[INFO] [stdout]   16:     0x5634add01e60 - core::result::Result<T,E>::expect::hf2c77175d3526074
[INFO] [stdout]                                at /rustc/a178d0322ce20e33eac124758e837cbd80a6f633/library/core/src/result.rs:997:23
[INFO] [stdout]   17:     0x5634add5021e - mesalink::libssl::ssl::tests::early_data_to_mesalink_io::h59d117207f43a01a
[INFO] [stdout]                                at /opt/rustwide/workdir/src/libssl/ssl.rs:3550:24
[INFO] [stdout]   18:     0x5634add4fe7a - mesalink::libssl::ssl::tests::early_data_to_mesalink_io::{{closure}}::hd45722c922cc65f8
[INFO] [stdout]                                at /opt/rustwide/workdir/src/libssl/ssl.rs:3528:5
[INFO] [stdout]   19:     0x5634add12eae - core::ops::function::FnOnce::call_once::hf9d0ed7e499eac4f
[INFO] [stdout]                                at /rustc/a178d0322ce20e33eac124758e837cbd80a6f633/library/core/src/ops/function.rs:227:5
[INFO] [stdout]   20:     0x5634addad243 - core::ops::function::FnOnce::call_once::h152e7e439ff59e19
[INFO] [stdout]                                at /rustc/a178d0322ce20e33eac124758e837cbd80a6f633/library/core/src/ops/function.rs:227:5
[INFO] [stdout]   21:     0x5634addad243 - test::__rust_begin_short_backtrace::h0908f3b1fdbb72ab
[INFO] [stdout]                                at /rustc/a178d0322ce20e33eac124758e837cbd80a6f633/library/test/src/lib.rs:577:5
[INFO] [stdout]   22:     0x5634addabd00 - <alloc::boxed::Box<F,A> as core::ops::function::FnOnce<Args>>::call_once::hf6d2a51e5587546c
[INFO] [stdout]                                at /rustc/a178d0322ce20e33eac124758e837cbd80a6f633/library/alloc/src/boxed.rs:1575:9
[INFO] [stdout]   23:     0x5634addabd00 - <std::panic::AssertUnwindSafe<F> as core::ops::function::FnOnce<()>>::call_once::h8af660f3a89ef593
[INFO] [stdout]                                at /rustc/a178d0322ce20e33eac124758e837cbd80a6f633/library/std/src/panic.rs:347:9
[INFO] [stdout]   24:     0x5634addabd00 - std::panicking::try::do_call::hd36aef60f84b6d36
[INFO] [stdout]                                at /rustc/a178d0322ce20e33eac124758e837cbd80a6f633/library/std/src/panicking.rs:401:40
[INFO] [stdout]   25:     0x5634addabd00 - std::panicking::try::h9932b4480e69817c
[INFO] [stdout]                                at /rustc/a178d0322ce20e33eac124758e837cbd80a6f633/library/std/src/panicking.rs:365:19
[INFO] [stdout]   26:     0x5634addabd00 - std::panic::catch_unwind::h6aa177099cfff5f8
[INFO] [stdout]                                at /rustc/a178d0322ce20e33eac124758e837cbd80a6f633/library/std/src/panic.rs:434:14
[INFO] [stdout]   27:     0x5634addabd00 - test::run_test_in_process::h5884d6f2d99e20c3
[INFO] [stdout]                                at /rustc/a178d0322ce20e33eac124758e837cbd80a6f633/library/test/src/lib.rs:600:18
[INFO] [stdout]   28:     0x5634addabd00 - test::run_test::run_test_inner::{{closure}}::h6fdc58c6d5f5b6e3
[INFO] [stdout]                                at /rustc/a178d0322ce20e33eac124758e837cbd80a6f633/library/test/src/lib.rs:492:39
[INFO] [stdout]   29:     0x5634add853b2 - test::run_test::run_test_inner::{{closure}}::h408365d67a78ade8
[INFO] [stdout]                                at /rustc/a178d0322ce20e33eac124758e837cbd80a6f633/library/test/src/lib.rs:519:37
[INFO] [stdout]   30:     0x5634add853b2 - std::sys_common::backtrace::__rust_begin_short_backtrace::hb560b77c4f701523
[INFO] [stdout]                                at /rustc/a178d0322ce20e33eac124758e837cbd80a6f633/library/std/src/sys_common/backtrace.rs:125:18
[INFO] [stdout]   31:     0x5634add88f68 - std::thread::Builder::spawn_unchecked::{{closure}}::{{closure}}::hf2e7831dad93c597
[INFO] [stdout]                                at /rustc/a178d0322ce20e33eac124758e837cbd80a6f633/library/std/src/thread/mod.rs:481:17
[INFO] [stdout]   32:     0x5634add88f68 - <std::panic::AssertUnwindSafe<F> as core::ops::function::FnOnce<()>>::call_once::hd2e08783d8be4d02
[INFO] [stdout]                                at /rustc/a178d0322ce20e33eac124758e837cbd80a6f633/library/std/src/panic.rs:347:9
[INFO] [stdout]   33:     0x5634add88f68 - std::panicking::try::do_call::h062597b7acfd6b82
[INFO] [stdout]                                at /rustc/a178d0322ce20e33eac124758e837cbd80a6f633/library/std/src/panicking.rs:401:40
[INFO] [stdout]   34:     0x5634add88f68 - std::panicking::try::h0d7b79db04c14552
[INFO] [stdout]                                at /rustc/a178d0322ce20e33eac124758e837cbd80a6f633/library/std/src/panicking.rs:365:19
[INFO] [stdout]   35:     0x5634add88f68 - std::panic::catch_unwind::hb01a0b5e7c8cd43b
[INFO] [stdout]                                at /rustc/a178d0322ce20e33eac124758e837cbd80a6f633/library/std/src/panic.rs:434:14
[INFO] [stdout]   36:     0x5634add88f68 - std::thread::Builder::spawn_unchecked::{{closure}}::h5bde48cc887e0d1e
[INFO] [stdout]                                at /rustc/a178d0322ce20e33eac124758e837cbd80a6f633/library/std/src/thread/mod.rs:480:30
[INFO] [stdout]   37:     0x5634add88f68 - core::ops::function::FnOnce::call_once{{vtable.shim}}::h745ea30807a29e55
[INFO] [stdout]                                at /rustc/a178d0322ce20e33eac124758e837cbd80a6f633/library/core/src/ops/function.rs:227:5
[INFO] [stdout]   38:     0x5634adfa08c7 - <alloc::boxed::Box<F,A> as core::ops::function::FnOnce<Args>>::call_once::h7ece6cfefaff1005
[INFO] [stdout]                                at /rustc/a178d0322ce20e33eac124758e837cbd80a6f633/library/alloc/src/boxed.rs:1575:9
[INFO] [stdout]   39:     0x5634adfa08c7 - <alloc::boxed::Box<F,A> as core::ops::function::FnOnce<Args>>::call_once::hb8b48e55c21f193e
[INFO] [stdout]                                at /rustc/a178d0322ce20e33eac124758e837cbd80a6f633/library/alloc/src/boxed.rs:1575:9
[INFO] [stdout]   40:     0x5634adfa08c7 - std::sys::unix::thread::Thread::new::thread_start::h8c7c4450dba62914
[INFO] [stdout]                                at /rustc/a178d0322ce20e33eac124758e837cbd80a6f633/library/std/src/sys/unix/thread.rs:71:17
[INFO] [stdout]   41:     0x7f56e2b25609 - start_thread
[INFO] [stdout]   42:     0x7f56e28f7293 - clone
[INFO] [stdout]   43:                0x0 - <unknown>
[INFO] [stdout] 
[INFO] [stdout] ---- libssl::ssl::tests::get_ssl_fd stdout ----
[INFO] [stdout] thread 'libssl::ssl::tests::get_ssl_fd' panicked at 'Connect error: Os { code: 101, kind: Other, message: "Network is unreachable" }', src/libssl/ssl.rs:3381:58
[INFO] [stdout] stack backtrace:
[INFO] [stdout]    0:     0x5634adf98700 - std::backtrace_rs::backtrace::libunwind::trace::h34055254b57d8e79
[INFO] [stdout]                                at /rustc/a178d0322ce20e33eac124758e837cbd80a6f633/library/std/src/../../backtrace/src/backtrace/libunwind.rs:90:5
[INFO] [stdout]    1:     0x5634adf98700 - std::backtrace_rs::backtrace::trace_unsynchronized::h8f1e3fbd9afff6ec
[INFO] [stdout]                                at /rustc/a178d0322ce20e33eac124758e837cbd80a6f633/library/std/src/../../backtrace/src/backtrace/mod.rs:66:5
[INFO] [stdout]    2:     0x5634adf98700 - std::sys_common::backtrace::_print_fmt::h3a99a796b770c360
[INFO] [stdout]                                at /rustc/a178d0322ce20e33eac124758e837cbd80a6f633/library/std/src/sys_common/backtrace.rs:67:5
[INFO] [stdout]    3:     0x5634adf98700 - <std::sys_common::backtrace::_print::DisplayBacktrace as core::fmt::Display>::fmt::h32d1f94a80615d18
[INFO] [stdout]                                at /rustc/a178d0322ce20e33eac124758e837cbd80a6f633/library/std/src/sys_common/backtrace.rs:46:22
[INFO] [stdout]    4:     0x5634adfbbe8c - core::fmt::write::h306731c068f7162c
[INFO] [stdout]                                at /rustc/a178d0322ce20e33eac124758e837cbd80a6f633/library/core/src/fmt/mod.rs:1110:17
[INFO] [stdout]    5:     0x5634adf935a5 - std::io::Write::write_fmt::h87f19b0a2cd190bc
[INFO] [stdout]                                at /rustc/a178d0322ce20e33eac124758e837cbd80a6f633/library/std/src/io/mod.rs:1588:15
[INFO] [stdout]    6:     0x5634adf9a86b - std::sys_common::backtrace::_print::h5abaa2601a852287
[INFO] [stdout]                                at /rustc/a178d0322ce20e33eac124758e837cbd80a6f633/library/std/src/sys_common/backtrace.rs:49:5
[INFO] [stdout]    7:     0x5634adf9a86b - std::sys_common::backtrace::print::h8d81445442bb638f
[INFO] [stdout]                                at /rustc/a178d0322ce20e33eac124758e837cbd80a6f633/library/std/src/sys_common/backtrace.rs:36:9
[INFO] [stdout]    8:     0x5634adf9a86b - std::panicking::default_hook::{{closure}}::hcfe804496a9fa747
[INFO] [stdout]                                at /rustc/a178d0322ce20e33eac124758e837cbd80a6f633/library/std/src/panicking.rs:208:50
[INFO] [stdout]    9:     0x5634adf9a37c - std::panicking::default_hook::hbea8e3ccf2ba8901
[INFO] [stdout]                                at /rustc/a178d0322ce20e33eac124758e837cbd80a6f633/library/std/src/panicking.rs:222:9
[INFO] [stdout]   10:     0x5634adf9af34 - std::panicking::rust_panic_with_hook::h7ee9e1a2d0f8975a
[INFO] [stdout]                                at /rustc/a178d0322ce20e33eac124758e837cbd80a6f633/library/std/src/panicking.rs:622:17
[INFO] [stdout]   11:     0x5634adf9aa17 - std::panicking::begin_panic_handler::{{closure}}::h8ab3b4491718b2c7
[INFO] [stdout]                                at /rustc/a178d0322ce20e33eac124758e837cbd80a6f633/library/std/src/panicking.rs:519:13
[INFO] [stdout]   12:     0x5634adf98bfc - std::sys_common::backtrace::__rust_end_short_backtrace::hd489062ffa586a9f
[INFO] [stdout]                                at /rustc/a178d0322ce20e33eac124758e837cbd80a6f633/library/std/src/sys_common/backtrace.rs:141:18
[INFO] [stdout]   13:     0x5634adf9a979 - rust_begin_unwind
[INFO] [stdout]                                at /rustc/a178d0322ce20e33eac124758e837cbd80a6f633/library/std/src/panicking.rs:515:5
[INFO] [stdout]   14:     0x5634adcef851 - core::panicking::panic_fmt::hca6330e3e14086b4
[INFO] [stdout]                                at /rustc/a178d0322ce20e33eac124758e837cbd80a6f633/library/core/src/panicking.rs:92:14
[INFO] [stdout]   15:     0x5634adcef943 - core::result::unwrap_failed::h6160d2b4bfbb0e87
[INFO] [stdout]                                at /rustc/a178d0322ce20e33eac124758e837cbd80a6f633/library/core/src/result.rs:1355:5
[INFO] [stdout]   16:     0x5634add01e60 - core::result::Result<T,E>::expect::hf2c77175d3526074
[INFO] [stdout]                                at /rustc/a178d0322ce20e33eac124758e837cbd80a6f633/library/core/src/result.rs:997:23
[INFO] [stdout]   17:     0x5634add4e8e5 - mesalink::libssl::ssl::tests::get_ssl_fd::he2aef64702d64c7c
[INFO] [stdout]                                at /opt/rustwide/workdir/src/libssl/ssl.rs:3381:20
[INFO] [stdout]   18:     0x5634add4e85a - mesalink::libssl::ssl::tests::get_ssl_fd::{{closure}}::h6c4b8f33b2df6863
[INFO] [stdout]                                at /opt/rustwide/workdir/src/libssl/ssl.rs:3378:5
[INFO] [stdout]   19:     0x5634add116de - core::ops::function::FnOnce::call_once::h68fc69a72467bfff
[INFO] [stdout]                                at /rustc/a178d0322ce20e33eac124758e837cbd80a6f633/library/core/src/ops/function.rs:227:5
[INFO] [stdout]   20:     0x5634addad243 - core::ops::function::FnOnce::call_once::h152e7e439ff59e19
[INFO] [stdout]                                at /rustc/a178d0322ce20e33eac124758e837cbd80a6f633/library/core/src/ops/function.rs:227:5
[INFO] [stdout]   21:     0x5634addad243 - test::__rust_begin_short_backtrace::h0908f3b1fdbb72ab
[INFO] [stdout]                                at /rustc/a178d0322ce20e33eac124758e837cbd80a6f633/library/test/src/lib.rs:577:5
[INFO] [stdout]   22:     0x5634addabd00 - <alloc::boxed::Box<F,A> as core::ops::function::FnOnce<Args>>::call_once::hf6d2a51e5587546c
[INFO] [stdout]                                at /rustc/a178d0322ce20e33eac124758e837cbd80a6f633/library/alloc/src/boxed.rs:1575:9
[INFO] [stdout]   23:     0x5634addabd00 - <std::panic::AssertUnwindSafe<F> as core::ops::function::FnOnce<()>>::call_once::h8af660f3a89ef593
[INFO] [stdout]                                at /rustc/a178d0322ce20e33eac124758e837cbd80a6f633/library/std/src/panic.rs:347:9
[INFO] [stdout]   24:     0x5634addabd00 - std::panicking::try::do_call::hd36aef60f84b6d36
[INFO] [stdout]                                at /rustc/a178d0322ce20e33eac124758e837cbd80a6f633/library/std/src/panicking.rs:401:40
[INFO] [stdout]   25:     0x5634addabd00 - std::panicking::try::h9932b4480e69817c
[INFO] [stdout]                                at /rustc/a178d0322ce20e33eac124758e837cbd80a6f633/library/std/src/panicking.rs:365:19
[INFO] [stdout]   26:     0x5634addabd00 - std::panic::catch_unwind::h6aa177099cfff5f8
[INFO] [stdout]                                at /rustc/a178d0322ce20e33eac124758e837cbd80a6f633/library/std/src/panic.rs:434:14
[INFO] [stdout]   27:     0x5634addabd00 - test::run_test_in_process::h5884d6f2d99e20c3
[INFO] [stdout]                                at /rustc/a178d0322ce20e33eac124758e837cbd80a6f633/library/test/src/lib.rs:600:18
[INFO] [stdout]   28:     0x5634addabd00 - test::run_test::run_test_inner::{{closure}}::h6fdc58c6d5f5b6e3
[INFO] [stdout]                                at /rustc/a178d0322ce20e33eac124758e837cbd80a6f633/library/test/src/lib.rs:492:39
[INFO] [stdout]   29:     0x5634add853b2 - test::run_test::run_test_inner::{{closure}}::h408365d67a78ade8
[INFO] [stdout]                                at /rustc/a178d0322ce20e33eac124758e837cbd80a6f633/library/test/src/lib.rs:519:37
[INFO] [stdout]   30:     0x5634add853b2 - std::sys_common::backtrace::__rust_begin_short_backtrace::hb560b77c4f701523
[INFO] [stdout]                                at /rustc/a178d0322ce20e33eac124758e837cbd80a6f633/library/std/src/sys_common/backtrace.rs:125:18
[INFO] [stdout]   31:     0x5634add88f68 - std::thread::Builder::spawn_unchecked::{{closure}}::{{closure}}::hf2e7831dad93c597
[INFO] [stdout]                                at /rustc/a178d0322ce20e33eac124758e837cbd80a6f633/library/std/src/thread/mod.rs:481:17
[INFO] [stdout]   32:     0x5634add88f68 - <std::panic::AssertUnwindSafe<F> as core::ops::function::FnOnce<()>>::call_once::hd2e08783d8be4d02
[INFO] [stdout]                                at /rustc/a178d0322ce20e33eac124758e837cbd80a6f633/library/std/src/panic.rs:347:9
[INFO] [stdout]   33:     0x5634add88f68 - std::panicking::try::do_call::h062597b7acfd6b82
[INFO] [stdout]                                at /rustc/a178d0322ce20e33eac124758e837cbd80a6f633/library/std/src/panicking.rs:401:40
[INFO] [stdout]   34:     0x5634add88f68 - std::panicking::try::h0d7b79db04c14552
[INFO] [stdout]                                at /rustc/a178d0322ce20e33eac124758e837cbd80a6f633/library/std/src/panicking.rs:365:19
[INFO] [stdout]   35:     0x5634add88f68 - std::panic::catch_unwind::hb01a0b5e7c8cd43b
[INFO] [stdout]                                at /rustc/a178d0322ce20e33eac124758e837cbd80a6f633/library/std/src/panic.rs:434:14
[INFO] [stdout]   36:     0x5634add88f68 - std::thread::Builder::spawn_unchecked::{{closure}}::h5bde48cc887e0d1e
[INFO] [stdout]                                at /rustc/a178d0322ce20e33eac124758e837cbd80a6f633/library/std/src/thread/mod.rs:480:30
[INFO] [stdout]   37:     0x5634add88f68 - core::ops::function::FnOnce::call_once{{vtable.shim}}::h745ea30807a29e55
[INFO] [stdout]                                at /rustc/a178d0322ce20e33eac124758e837cbd80a6f633/library/core/src/ops/function.rs:227:5
[INFO] [stdout]   38:     0x5634adfa08c7 - <alloc::boxed::Box<F,A> as core::ops::function::FnOnce<Args>>::call_once::h7ece6cfefaff1005
[INFO] [stdout]                                at /rustc/a178d0322ce20e33eac124758e837cbd80a6f633/library/alloc/src/boxed.rs:1575:9
[INFO] [stdout]   39:     0x5634adfa08c7 - <alloc::boxed::Box<F,A> as core::ops::function::FnOnce<Args>>::call_once::hb8b48e55c21f193e
[INFO] [stdout]                                at /rustc/a178d0322ce20e33eac124758e837cbd80a6f633/library/alloc/src/boxed.rs:1575:9
[INFO] [stdout]   40:     0x5634adfa08c7 - std::sys::unix::thread::Thread::new::thread_start::h8c7c4450dba62914
[INFO] [stdout]                                at /rustc/a178d0322ce20e33eac124758e837cbd80a6f633/library/std/src/sys/unix/thread.rs:71:17
[INFO] [stdout]   41:     0x7f56e2b25609 - start_thread
[INFO] [stdout]   42:     0x7f56e28f7293 - clone
[INFO] [stdout]   43:                0x0 - <unknown>
[INFO] [stdout] 
[INFO] [stdout] ---- libssl::ssl::tests::ssl_on_nonblocking_socket stdout ----
[INFO] [stdout] thread 'libssl::ssl::tests::ssl_on_nonblocking_socket' panicked at 'Conenction failed: Custom { kind: Other, error: "failed to lookup address information: Temporary failure in name resolution" }', src/libssl/ssl.rs:3037:63
[INFO] [stdout] stack backtrace:
[INFO] [stdout]    0:     0x5634adf98700 - std::backtrace_rs::backtrace::libunwind::trace::h34055254b57d8e79
[INFO] [stdout]                                at /rustc/a178d0322ce20e33eac124758e837cbd80a6f633/library/std/src/../../backtrace/src/backtrace/libunwind.rs:90:5
[INFO] [stdout]    1:     0x5634adf98700 - std::backtrace_rs::backtrace::trace_unsynchronized::h8f1e3fbd9afff6ec
[INFO] [stdout]                                at /rustc/a178d0322ce20e33eac124758e837cbd80a6f633/library/std/src/../../backtrace/src/backtrace/mod.rs:66:5
[INFO] [stdout]    2:     0x5634adf98700 - std::sys_common::backtrace::_print_fmt::h3a99a796b770c360
[INFO] [stdout]                                at /rustc/a178d0322ce20e33eac124758e837cbd80a6f633/library/std/src/sys_common/backtrace.rs:67:5
[INFO] [stdout]    3:     0x5634adf98700 - <std::sys_common::backtrace::_print::DisplayBacktrace as core::fmt::Display>::fmt::h32d1f94a80615d18
[INFO] [stdout]                                at /rustc/a178d0322ce20e33eac124758e837cbd80a6f633/library/std/src/sys_common/backtrace.rs:46:22
[INFO] [stdout]    4:     0x5634adfbbe8c - core::fmt::write::h306731c068f7162c
[INFO] [stdout]                                at /rustc/a178d0322ce20e33eac124758e837cbd80a6f633/library/core/src/fmt/mod.rs:1110:17
[INFO] [stdout]    5:     0x5634adf935a5 - std::io::Write::write_fmt::h87f19b0a2cd190bc
[INFO] [stdout]                                at /rustc/a178d0322ce20e33eac124758e837cbd80a6f633/library/std/src/io/mod.rs:1588:15
[INFO] [stdout]    6:     0x5634adf9a86b - std::sys_common::backtrace::_print::h5abaa2601a852287
[INFO] [stdout]                                at /rustc/a178d0322ce20e33eac124758e837cbd80a6f633/library/std/src/sys_common/backtrace.rs:49:5
[INFO] [stdout]    7:     0x5634adf9a86b - std::sys_common::backtrace::print::h8d81445442bb638f
[INFO] [stdout]                                at /rustc/a178d0322ce20e33eac124758e837cbd80a6f633/library/std/src/sys_common/backtrace.rs:36:9
[INFO] [stdout]    8:     0x5634adf9a86b - std::panicking::default_hook::{{closure}}::hcfe804496a9fa747
[INFO] [stdout]                                at /rustc/a178d0322ce20e33eac124758e837cbd80a6f633/library/std/src/panicking.rs:208:50
[INFO] [stdout]    9:     0x5634adf9a37c - std::panicking::default_hook::hbea8e3ccf2ba8901
[INFO] [stdout]                                at /rustc/a178d0322ce20e33eac124758e837cbd80a6f633/library/std/src/panicking.rs:222:9
[INFO] [stdout]   10:     0x5634adf9af34 - std::panicking::rust_panic_with_hook::h7ee9e1a2d0f8975a
[INFO] [stdout]                                at /rustc/a178d0322ce20e33eac124758e837cbd80a6f633/library/std/src/panicking.rs:622:17
[INFO] [stdout]   11:     0x5634adf9aa17 - std::panicking::begin_panic_handler::{{closure}}::h8ab3b4491718b2c7
[INFO] [stdout]                                at /rustc/a178d0322ce20e33eac124758e837cbd80a6f633/library/std/src/panicking.rs:519:13
[INFO] [stdout]   12:     0x5634adf98bfc - std::sys_common::backtrace::__rust_end_short_backtrace::hd489062ffa586a9f
[INFO] [stdout]                                at /rustc/a178d0322ce20e33eac124758e837cbd80a6f633/library/std/src/sys_common/backtrace.rs:141:18
[INFO] [stdout]   13:     0x5634adf9a979 - rust_begin_unwind
[INFO] [stdout]                                at /rustc/a178d0322ce20e33eac124758e837cbd80a6f633/library/std/src/panicking.rs:515:5
[INFO] [stdout]   14:     0x5634adcef851 - core::panicking::panic_fmt::hca6330e3e14086b4
[INFO] [stdout]                                at /rustc/a178d0322ce20e33eac124758e837cbd80a6f633/library/core/src/panicking.rs:92:14
[INFO] [stdout]   15:     0x5634adcef943 - core::result::unwrap_failed::h6160d2b4bfbb0e87
[INFO] [stdout]                                at /rustc/a178d0322ce20e33eac124758e837cbd80a6f633/library/core/src/result.rs:1355:5
[INFO] [stdout]   16:     0x5634add01e60 - core::result::Result<T,E>::expect::hf2c77175d3526074
[INFO] [stdout]                                at /rustc/a178d0322ce20e33eac124758e837cbd80a6f633/library/core/src/result.rs:997:23
[INFO] [stdout]   17:     0x5634add4c2a0 - mesalink::libssl::ssl::tests::ssl_on_nonblocking_socket::h4f64b136415bd114
[INFO] [stdout]                                at /opt/rustwide/workdir/src/libssl/ssl.rs:3037:20
[INFO] [stdout]   18:     0x5634add4c24a - mesalink::libssl::ssl::tests::ssl_on_nonblocking_socket::{{closure}}::hddc2bca5a7494e2c
[INFO] [stdout]                                at /opt/rustwide/workdir/src/libssl/ssl.rs:3036:5
[INFO] [stdout]   19:     0x5634add126fe - core::ops::function::FnOnce::call_once::hd2a22740791b534b
[INFO] [stdout]                                at /rustc/a178d0322ce20e33eac124758e837cbd80a6f633/library/core/src/ops/function.rs:227:5
[INFO] [stdout]   20:     0x5634addad243 - core::ops::function::FnOnce::call_once::h152e7e439ff59e19
[INFO] [stdout]                                at /rustc/a178d0322ce20e33eac124758e837cbd80a6f633/library/core/src/ops/function.rs:227:5
[INFO] [stdout]   21:     0x5634addad243 - test::__rust_begin_short_backtrace::h0908f3b1fdbb72ab
[INFO] [stdout]                                at /rustc/a178d0322ce20e33eac124758e837cbd80a6f633/library/test/src/lib.rs:577:5
[INFO] [stdout]   22:     0x5634addabd00 - <alloc::boxed::Box<F,A> as core::ops::function::FnOnce<Args>>::call_once::hf6d2a51e5587546c
[INFO] [stdout]                                at /rustc/a178d0322ce20e33eac124758e837cbd80a6f633/library/alloc/src/boxed.rs:1575:9
[INFO] [stdout]   23:     0x5634addabd00 - <std::panic::AssertUnwindSafe<F> as core::ops::function::FnOnce<()>>::call_once::h8af660f3a89ef593
[INFO] [stdout]                                at /rustc/a178d0322ce20e33eac124758e837cbd80a6f633/library/std/src/panic.rs:347:9
[INFO] [stdout]   24:     0x5634addabd00 - std::panicking::try::do_call::hd36aef60f84b6d36
[INFO] [stdout]                                at /rustc/a178d0322ce20e33eac124758e837cbd80a6f633/library/std/src/panicking.rs:401:40
[INFO] [stdout]   25:     0x5634addabd00 - std::panicking::try::h9932b4480e69817c
[INFO] [stdout]                                at /rustc/a178d0322ce20e33eac124758e837cbd80a6f633/library/std/src/panicking.rs:365:19
[INFO] [stdout]   26:     0x5634addabd00 - std::panic::catch_unwind::h6aa177099cfff5f8
[INFO] [stdout]                                at /rustc/a178d0322ce20e33eac124758e837cbd80a6f633/library/std/src/panic.rs:434:14
[INFO] [stdout]   27:     0x5634addabd00 - test::run_test_in_process::h5884d6f2d99e20c3
[INFO] [stdout]                                at /rustc/a178d0322ce20e33eac124758e837cbd80a6f633/library/test/src/lib.rs:600:18
[INFO] [stdout]   28:     0x5634addabd00 - test::run_test::run_test_inner::{{closure}}::h6fdc58c6d5f5b6e3
[INFO] [stdout]                                at /rustc/a178d0322ce20e33eac124758e837cbd80a6f633/library/test/src/lib.rs:492:39
[INFO] [stdout]   29:     0x5634add853b2 - test::run_test::run_test_inner::{{closure}}::h408365d67a78ade8
[INFO] [stdout]                                at /rustc/a178d0322ce20e33eac124758e837cbd80a6f633/library/test/src/lib.rs:519:37
[INFO] [stdout]   30:     0x5634add853b2 - std::sys_common::backtrace::__rust_begin_short_backtrace::hb560b77c4f701523
[INFO] [stdout]                                at /rustc/a178d0322ce20e33eac124758e837cbd80a6f633/library/std/src/sys_common/backtrace.rs:125:18
[INFO] [stdout]   31:     0x5634add88f68 - std::thread::Builder::spawn_unchecked::{{closure}}::{{closure}}::hf2e7831dad93c597
[INFO] [stdout]                                at /rustc/a178d0322ce20e33eac124758e837cbd80a6f633/library/std/src/thread/mod.rs:481:17
[INFO] [stdout]   32:     0x5634add88f68 - <std::panic::AssertUnwindSafe<F> as core::ops::function::FnOnce<()>>::call_once::hd2e08783d8be4d02
[INFO] [stdout]                                at /rustc/a178d0322ce20e33eac124758e837cbd80a6f633/library/std/src/panic.rs:347:9
[INFO] [stdout]   33:     0x5634add88f68 - std::panicking::try::do_call::h062597b7acfd6b82
[INFO] [stdout]                                at /rustc/a178d0322ce20e33eac124758e837cbd80a6f633/library/std/src/panicking.rs:401:40
[INFO] [stdout]   34:     0x5634add88f68 - std::panicking::try::h0d7b79db04c14552
[INFO] [stdout]                                at /rustc/a178d0322ce20e33eac124758e837cbd80a6f633/library/std/src/panicking.rs:365:19
[INFO] [stdout]   35:     0x5634add88f68 - std::panic::catch_unwind::hb01a0b5e7c8cd43b
[INFO] [stdout]                                at /rustc/a178d0322ce20e33eac124758e837cbd80a6f633/library/std/src/panic.rs:434:14
[INFO] [stdout]   36:     0x5634add88f68 - std::thread::Builder::spawn_unchecked::{{closure}}::h5bde48cc887e0d1e
[INFO] [stdout]                                at /rustc/a178d0322ce20e33eac124758e837cbd80a6f633/library/std/src/thread/mod.rs:480:30
[INFO] [stdout]   37:     0x5634add88f68 - core::ops::function::FnOnce::call_once{{vtable.shim}}::h745ea30807a29e55
[INFO] [stdout]                                at /rustc/a178d0322ce20e33eac124758e837cbd80a6f633/library/core/src/ops/function.rs:227:5
[INFO] [stdout]   38:     0x5634adfa08c7 - <alloc::boxed::Box<F,A> as core::ops::function::FnOnce<Args>>::call_once::h7ece6cfefaff1005
[INFO] [stdout]                                at /rustc/a178d0322ce20e33eac124758e837cbd80a6f633/library/alloc/src/boxed.rs:1575:9
[INFO] [stdout]   39:     0x5634adfa08c7 - <alloc::boxed::Box<F,A> as core::ops::function::FnOnce<Args>>::call_once::hb8b48e55c21f193e
[INFO] [stdout]                                at /rustc/a178d0322ce20e33eac124758e837cbd80a6f633/library/alloc/src/boxed.rs:1575:9
[INFO] [stdout]   40:     0x5634adfa08c7 - std::sys::unix::thread::Thread::new::thread_start::h8c7c4450dba62914
[INFO] [stdout]                                at /rustc/a178d0322ce20e33eac124758e837cbd80a6f633/library/std/src/sys/unix/thread.rs:71:17
[INFO] [stdout]   41:     0x7f56e2b25609 - start_thread
[INFO] [stdout]   42:     0x7f56e28f7293 - clone
[INFO] [stdout]   43:                0x0 - <unknown>
[INFO] [stdout] 
[INFO] [stdout] 
[INFO] [stdout] failures:
[INFO] [stdout]     libcrypto::bio::tests::bio_file_new_from_path
[INFO] [stdout]     libssl::ssl::tests::early_data_to_mesalink_io
[INFO] [stdout]     libssl::ssl::tests::get_ssl_fd
[INFO] [stdout]     libssl::ssl::tests::ssl_on_nonblocking_socket
[INFO] [stdout] 
[INFO] [stdout] test result: FAILED. 60 passed; 4 failed; 0 ignored; 0 measured; 0 filtered out; finished in 0.61s
[INFO] [stdout] 
[INFO] [stderr] error: test failed, to rerun pass '--lib'
[INFO] running `Command { std: "docker" "inspect" "320da396530001396051d5f0d5d29d712d94195d265c8166b65292bb0fd2b63b", kill_on_drop: false }`
[INFO] running `Command { std: "docker" "rm" "-f" "320da396530001396051d5f0d5d29d712d94195d265c8166b65292bb0fd2b63b", kill_on_drop: false }`
[INFO] [stdout] 320da396530001396051d5f0d5d29d712d94195d265c8166b65292bb0fd2b63b
