[INFO] fetching crate merfolk 0.1.4...
[INFO] testing merfolk-0.1.4 against beta-2021-08-01 for beta-1.55-1
[INFO] extracting crate merfolk 0.1.4 into /workspace/builds/worker-50/source
[INFO] validating manifest of crates.io crate merfolk 0.1.4 on toolchain beta-2021-08-01
[INFO] running `Command { std: "/workspace/cargo-home/bin/cargo" "+beta-2021-08-01" "metadata" "--manifest-path" "Cargo.toml" "--no-deps", kill_on_drop: false }`
[INFO] started tweaking crates.io crate merfolk 0.1.4
[INFO] finished tweaking crates.io crate merfolk 0.1.4
[INFO] tweaked toml for crates.io crate merfolk 0.1.4 written to /workspace/builds/worker-50/source/Cargo.toml
[INFO] running `Command { std: "/workspace/cargo-home/bin/cargo" "+beta-2021-08-01" "generate-lockfile" "--manifest-path" "Cargo.toml" "-Zno-index-update", kill_on_drop: false }`
[INFO] [stderr]     Blocking waiting for file lock on package cache
[INFO] running `Command { std: "/workspace/cargo-home/bin/cargo" "+beta-2021-08-01" "fetch" "--manifest-path" "Cargo.toml", kill_on_drop: false }`
[INFO] [stderr]     Blocking waiting for file lock on package cache
[INFO] [stderr]     Blocking waiting for file lock on package cache
[INFO] running `Command { std: "docker" "create" "-v" "/var/lib/crater-agent-workspace/builds/worker-50/target:/opt/rustwide/target:rw,Z" "-v" "/var/lib/crater-agent-workspace/builds/worker-50/source:/opt/rustwide/workdir:ro,Z" "-v" "/var/lib/crater-agent-workspace/cargo-home:/opt/rustwide/cargo-home:ro,Z" "-v" "/var/lib/crater-agent-workspace/rustup-home:/opt/rustwide/rustup-home:ro,Z" "-e" "SOURCE_DIR=/opt/rustwide/workdir" "-e" "CARGO_TARGET_DIR=/opt/rustwide/target" "-e" "CARGO_HOME=/opt/rustwide/cargo-home" "-e" "RUSTUP_HOME=/opt/rustwide/rustup-home" "-w" "/opt/rustwide/workdir" "-m" "1610612736" "--user" "0:0" "--network" "none" "ghcr.io/rust-lang/crates-build-env/linux@sha256:34b6a614d2c27851fe6cbf88fbd1137609cefab8b10d0615aaeb6fd47975d74e" "/opt/rustwide/cargo-home/bin/cargo" "+beta-2021-08-01" "metadata" "--no-deps" "--format-version=1", kill_on_drop: false }`
[INFO] [stdout] 930725cd995f6552a97c6fa1503f97ef56140d3af4296a502f47b55ea99a2a19
[INFO] running `Command { std: "docker" "start" "-a" "930725cd995f6552a97c6fa1503f97ef56140d3af4296a502f47b55ea99a2a19", kill_on_drop: false }`
[INFO] running `Command { std: "docker" "inspect" "930725cd995f6552a97c6fa1503f97ef56140d3af4296a502f47b55ea99a2a19", kill_on_drop: false }`
[INFO] running `Command { std: "docker" "rm" "-f" "930725cd995f6552a97c6fa1503f97ef56140d3af4296a502f47b55ea99a2a19", kill_on_drop: false }`
[INFO] [stdout] 930725cd995f6552a97c6fa1503f97ef56140d3af4296a502f47b55ea99a2a19
[INFO] running `Command { std: "docker" "create" "-v" "/var/lib/crater-agent-workspace/builds/worker-50/target:/opt/rustwide/target:rw,Z" "-v" "/var/lib/crater-agent-workspace/builds/worker-50/source:/opt/rustwide/workdir:ro,Z" "-v" "/var/lib/crater-agent-workspace/cargo-home:/opt/rustwide/cargo-home:ro,Z" "-v" "/var/lib/crater-agent-workspace/rustup-home:/opt/rustwide/rustup-home:ro,Z" "-e" "SOURCE_DIR=/opt/rustwide/workdir" "-e" "CARGO_TARGET_DIR=/opt/rustwide/target" "-e" "CARGO_INCREMENTAL=0" "-e" "RUST_BACKTRACE=full" "-e" "RUSTFLAGS=--cap-lints=warn" "-e" "CARGO_HOME=/opt/rustwide/cargo-home" "-e" "RUSTUP_HOME=/opt/rustwide/rustup-home" "-w" "/opt/rustwide/workdir" "-m" "1610612736" "--user" "0:0" "--network" "none" "ghcr.io/rust-lang/crates-build-env/linux@sha256:34b6a614d2c27851fe6cbf88fbd1137609cefab8b10d0615aaeb6fd47975d74e" "/opt/rustwide/cargo-home/bin/cargo" "+beta-2021-08-01" "build" "--frozen" "--message-format=json", kill_on_drop: false }`
[INFO] [stdout] 525affa83a2411a3d006bd3f756ef46466b0fa8ea9f45b6013aafc9aeaaa5ecb
[INFO] running `Command { std: "docker" "start" "-a" "525affa83a2411a3d006bd3f756ef46466b0fa8ea9f45b6013aafc9aeaaa5ecb", kill_on_drop: false }`
[INFO] [stderr]     Blocking waiting for file lock on package cache
[INFO] [stderr]     Blocking waiting for file lock on package cache
[INFO] [stderr]    Compiling proc-macro2 v1.0.28
[INFO] [stderr]    Compiling unicode-xid v0.2.2
[INFO] [stderr]    Compiling syn v1.0.74
[INFO] [stderr]    Compiling strsim v0.10.0
[INFO] [stderr]    Compiling ident_case v1.0.1
[INFO] [stderr]    Compiling fnv v1.0.7
[INFO] [stderr]    Compiling anyhow v1.0.42
[INFO] [stderr]    Compiling log v0.4.14
[INFO] [stderr]    Compiling serde v1.0.127
[INFO] [stderr]    Compiling cfg-if v1.0.0
[INFO] [stderr]    Compiling spin v0.7.1
[INFO] [stderr]    Compiling quote v1.0.9
[INFO] [stderr]    Compiling darling_core v0.12.4
[INFO] [stderr]    Compiling thiserror-impl v1.0.26
[INFO] [stderr]    Compiling darling_macro v0.12.4
[INFO] [stderr]    Compiling darling v0.12.4
[INFO] [stderr]    Compiling derive_builder_core v0.10.2
[INFO] [stderr]    Compiling thiserror v1.0.26
[INFO] [stderr]    Compiling derive_builder_macro v0.10.2
[INFO] [stderr]    Compiling derive_builder v0.10.2
[INFO] [stderr]    Compiling merfolk v0.1.4 (/opt/rustwide/workdir)
[INFO] [stderr]     Finished dev [unoptimized + debuginfo] target(s) in 26.63s
[INFO] running `Command { std: "docker" "inspect" "525affa83a2411a3d006bd3f756ef46466b0fa8ea9f45b6013aafc9aeaaa5ecb", kill_on_drop: false }`
[INFO] running `Command { std: "docker" "rm" "-f" "525affa83a2411a3d006bd3f756ef46466b0fa8ea9f45b6013aafc9aeaaa5ecb", kill_on_drop: false }`
[INFO] [stdout] 525affa83a2411a3d006bd3f756ef46466b0fa8ea9f45b6013aafc9aeaaa5ecb
[INFO] running `Command { std: "docker" "create" "-v" "/var/lib/crater-agent-workspace/builds/worker-50/target:/opt/rustwide/target:rw,Z" "-v" "/var/lib/crater-agent-workspace/builds/worker-50/source:/opt/rustwide/workdir:ro,Z" "-v" "/var/lib/crater-agent-workspace/cargo-home:/opt/rustwide/cargo-home:ro,Z" "-v" "/var/lib/crater-agent-workspace/rustup-home:/opt/rustwide/rustup-home:ro,Z" "-e" "SOURCE_DIR=/opt/rustwide/workdir" "-e" "CARGO_TARGET_DIR=/opt/rustwide/target" "-e" "CARGO_INCREMENTAL=0" "-e" "RUST_BACKTRACE=full" "-e" "RUSTFLAGS=--cap-lints=warn" "-e" "CARGO_HOME=/opt/rustwide/cargo-home" "-e" "RUSTUP_HOME=/opt/rustwide/rustup-home" "-w" "/opt/rustwide/workdir" "-m" "1610612736" "--user" "0:0" "--network" "none" "ghcr.io/rust-lang/crates-build-env/linux@sha256:34b6a614d2c27851fe6cbf88fbd1137609cefab8b10d0615aaeb6fd47975d74e" "/opt/rustwide/cargo-home/bin/cargo" "+beta-2021-08-01" "test" "--frozen" "--no-run" "--message-format=json", kill_on_drop: false }`
[INFO] [stdout] 6ad40b4a4e4dfe00abe404b9185313326a76aeffb4eb262a92fbdd0260d94913
[INFO] running `Command { std: "docker" "start" "-a" "6ad40b4a4e4dfe00abe404b9185313326a76aeffb4eb262a92fbdd0260d94913", kill_on_drop: false }`
[INFO] [stderr]    Compiling autocfg v1.0.1
[INFO] [stderr]    Compiling futures-core v0.3.16
[INFO] [stderr]    Compiling pin-project-lite v0.2.7
[INFO] [stderr]    Compiling itoa v0.4.7
[INFO] [stderr]    Compiling futures-task v0.3.16
[INFO] [stderr]    Compiling httparse v1.4.1
[INFO] [stderr]    Compiling bytes v1.0.1
[INFO] [stderr]    Compiling ryu v1.0.5
[INFO] [stderr]    Compiling futures-channel v0.3.16
[INFO] [stderr]    Compiling pin-utils v0.1.0
[INFO] [stderr]    Compiling serde_json v1.0.66
[INFO] [stderr]    Compiling ppv-lite86 v0.2.10
[INFO] [stderr]    Compiling try-lock v0.2.3
[INFO] [stderr]    Compiling tower-service v0.3.1
[INFO] [stderr]    Compiling httpdate v1.0.1
[INFO] [stderr]    Compiling tracing-core v0.1.18
[INFO] [stderr]    Compiling getrandom v0.2.3
[INFO] [stderr]    Compiling mio v0.7.13
[INFO] [stderr]    Compiling socket2 v0.4.1
[INFO] [stderr]    Compiling want v0.3.0
[INFO] [stderr]    Compiling tracing v0.1.26
[INFO] [stderr]    Compiling rand_core v0.6.3
[INFO] [stderr]    Compiling http v0.2.4
[INFO] [stderr]    Compiling tokio v1.9.0
[INFO] [stderr]    Compiling futures-util v0.3.16
[INFO] [stderr]    Compiling rand_chacha v0.3.1
[INFO] [stderr]    Compiling rand v0.8.4
[INFO] [stderr]    Compiling http-body v0.4.2
[INFO] [stderr]    Compiling hyper v0.14.11
[INFO] [stderr]    Compiling merfolk v0.1.4 (/opt/rustwide/workdir)
[INFO] [stderr]     Finished test [unoptimized + debuginfo] target(s) in 14.37s
[INFO] running `Command { std: "docker" "inspect" "6ad40b4a4e4dfe00abe404b9185313326a76aeffb4eb262a92fbdd0260d94913", kill_on_drop: false }`
[INFO] running `Command { std: "docker" "rm" "-f" "6ad40b4a4e4dfe00abe404b9185313326a76aeffb4eb262a92fbdd0260d94913", kill_on_drop: false }`
[INFO] [stdout] 6ad40b4a4e4dfe00abe404b9185313326a76aeffb4eb262a92fbdd0260d94913
[INFO] running `Command { std: "docker" "create" "-v" "/var/lib/crater-agent-workspace/builds/worker-50/target:/opt/rustwide/target:rw,Z" "-v" "/var/lib/crater-agent-workspace/builds/worker-50/source:/opt/rustwide/workdir:ro,Z" "-v" "/var/lib/crater-agent-workspace/cargo-home:/opt/rustwide/cargo-home:ro,Z" "-v" "/var/lib/crater-agent-workspace/rustup-home:/opt/rustwide/rustup-home:ro,Z" "-e" "SOURCE_DIR=/opt/rustwide/workdir" "-e" "CARGO_TARGET_DIR=/opt/rustwide/target" "-e" "CARGO_INCREMENTAL=0" "-e" "RUST_BACKTRACE=full" "-e" "RUSTFLAGS=--cap-lints=warn" "-e" "CARGO_HOME=/opt/rustwide/cargo-home" "-e" "RUSTUP_HOME=/opt/rustwide/rustup-home" "-w" "/opt/rustwide/workdir" "-m" "1610612736" "--user" "0:0" "--network" "none" "ghcr.io/rust-lang/crates-build-env/linux@sha256:34b6a614d2c27851fe6cbf88fbd1137609cefab8b10d0615aaeb6fd47975d74e" "/opt/rustwide/cargo-home/bin/cargo" "+beta-2021-08-01" "test" "--frozen", kill_on_drop: false }`
[INFO] [stdout] 3c57bce15b44c994c4c1a3763c8ba709abe67745ff91b7ec4fddf5909ad642a9
[INFO] running `Command { std: "docker" "start" "-a" "3c57bce15b44c994c4c1a3763c8ba709abe67745ff91b7ec4fddf5909ad642a9", kill_on_drop: false }`
[INFO] [stderr]     Finished test [unoptimized + debuginfo] target(s) in 0.21s
[INFO] [stderr]      Running unittests (/opt/rustwide/target/debug/deps/merfolk-acff9679233a46ec)
[INFO] [stdout] 
[INFO] [stdout] running 3 tests
[INFO] [stdout] test test::backend ... ok
[INFO] [stdout] test test::init ... ok
[INFO] [stdout] test test::frontend ... ok
[INFO] [stdout] 
[INFO] [stdout] test result: ok. 3 passed; 0 failed; 0 ignored; 0 measured; 0 filtered out; finished in 0.00s
[INFO] [stdout] 
[INFO] [stderr]    Doc-tests merfolk
[INFO] [stdout] 
[INFO] [stdout] running 7 tests
[INFO] [stdout] test src/lib.rs - (line 32) ... FAILED
[INFO] [stdout] test src/lib.rs - Mer<B, F>::middlewares (line 388) - compile ... FAILED
[INFO] [stdout] test src/lib.rs - Mer<B, F>::backend (line 364) - compile ... FAILED
[INFO] [stdout] test src/lib.rs - Mer<B, F>::frontend (line 340) - compile ... FAILED
[INFO] [stdout] test src/lib.rs - (line 103) - compile ... FAILED
[INFO] [stdout] test src/lib.rs - (line 76) ... FAILED
[INFO] [stdout] test src/helpers/smart_lock.rs - helpers::smart_lock (line 7) ... ok
[INFO] [stdout] 
[INFO] [stdout] failures:
[INFO] [stdout] 
[INFO] [stdout] ---- src/lib.rs - (line 32) stdout ----
[INFO] [stdout] error[E0432]: unresolved import `merfolk_backend_http`
[INFO] [stdout]  --> src/lib.rs:35:5
[INFO] [stdout]   |
[INFO] [stdout] 5 | use merfolk_backend_http::Http;
[INFO] [stdout]   |     ^^^^^^^^^^^^^^^^^^^^ use of undeclared crate or module `merfolk_backend_http`
[INFO] [stdout] 
[INFO] [stdout] error[E0432]: unresolved import `merfolk_frontend_register`
[INFO] [stdout]  --> src/lib.rs:36:5
[INFO] [stdout]   |
[INFO] [stdout] 6 | use merfolk_frontend_register::Register;
[INFO] [stdout]   |     ^^^^^^^^^^^^^^^^^^^^^^^^^ use of undeclared crate or module `merfolk_frontend_register`
[INFO] [stdout] 
[INFO] [stdout] error: aborting due to 2 previous errors
[INFO] [stdout] 
[INFO] [stdout] For more information about this error, try `rustc --explain E0432`.
[INFO] [stdout] Couldn't compile the test.
[INFO] [stdout] ---- src/lib.rs - Mer<B, F>::middlewares (line 388) stdout ----
[INFO] [stdout] error[E0432]: unresolved import `merfolk_backend_http`
[INFO] [stdout]  --> src/lib.rs:390:5
[INFO] [stdout]   |
[INFO] [stdout] 4 | use merfolk_backend_http::Http;
[INFO] [stdout]   |     ^^^^^^^^^^^^^^^^^^^^ use of undeclared crate or module `merfolk_backend_http`
[INFO] [stdout] 
[INFO] [stdout] error[E0432]: unresolved import `merfolk_middleware_authentication`
[INFO] [stdout]  --> src/lib.rs:391:5
[INFO] [stdout]   |
[INFO] [stdout] 5 | use merfolk_middleware_authentication::Authentication;
[INFO] [stdout]   |     ^^^^^^^^^^^^^^^^^^^^^^^^^^^^^^^^^ use of undeclared crate or module `merfolk_middleware_authentication`
[INFO] [stdout] 
[INFO] [stdout] error[E0433]: failed to resolve: use of undeclared crate or module `merfolk_backend_http`
[INFO] [stdout]  --> src/lib.rs:394:14
[INFO] [stdout]   |
[INFO] [stdout] 8 |     .backend(merfolk_backend_http::Http::builder().build().unwrap())
[INFO] [stdout]   |              ^^^^^^^^^^^^^^^^^^^^ use of undeclared crate or module `merfolk_backend_http`
[INFO] [stdout] 
[INFO] [stdout] error[E0433]: failed to resolve: use of undeclared crate or module `merfolk_frontend_register`
[INFO] [stdout]  --> src/lib.rs:395:15
[INFO] [stdout]   |
[INFO] [stdout] 9 |     .frontend(merfolk_frontend_register::Register::builder().build().unwrap())
[INFO] [stdout]   |               ^^^^^^^^^^^^^^^^^^^^^^^^^ use of undeclared crate or module `merfolk_frontend_register`
[INFO] [stdout] 
[INFO] [stdout] error: aborting due to 4 previous errors
[INFO] [stdout] 
[INFO] [stdout] Some errors have detailed explanations: E0432, E0433.
[INFO] [stdout] For more information about an error, try `rustc --explain E0432`.
[INFO] [stdout] Couldn't compile the test.
[INFO] [stdout] ---- src/lib.rs - Mer<B, F>::backend (line 364) stdout ----
[INFO] [stdout] error[E0433]: failed to resolve: use of undeclared crate or module `merfolk_backend_http`
[INFO] [stdout]  --> src/lib.rs:368:14
[INFO] [stdout]   |
[INFO] [stdout] 6 |     .backend(merfolk_backend_http::Http::builder().build().unwrap())
[INFO] [stdout]   |              ^^^^^^^^^^^^^^^^^^^^ use of undeclared crate or module `merfolk_backend_http`
[INFO] [stdout] 
[INFO] [stdout] error[E0433]: failed to resolve: use of undeclared crate or module `merfolk_frontend_register`
[INFO] [stdout]  --> src/lib.rs:369:15
[INFO] [stdout]   |
[INFO] [stdout] 7 |     .frontend(merfolk_frontend_register::Register::builder().build().unwrap())
[INFO] [stdout]   |               ^^^^^^^^^^^^^^^^^^^^^^^^^ use of undeclared crate or module `merfolk_frontend_register`
[INFO] [stdout] 
[INFO] [stdout] error: aborting due to 2 previous errors
[INFO] [stdout] 
[INFO] [stdout] For more information about this error, try `rustc --explain E0433`.
[INFO] [stdout] Couldn't compile the test.
[INFO] [stdout] ---- src/lib.rs - Mer<B, F>::frontend (line 340) stdout ----
[INFO] [stdout] error[E0433]: failed to resolve: use of undeclared crate or module `merfolk_backend_http`
[INFO] [stdout]  --> src/lib.rs:344:14
[INFO] [stdout]   |
[INFO] [stdout] 6 |     .backend(merfolk_backend_http::Http::builder().build().unwrap())
[INFO] [stdout]   |              ^^^^^^^^^^^^^^^^^^^^ use of undeclared crate or module `merfolk_backend_http`
[INFO] [stdout] 
[INFO] [stdout] error[E0433]: failed to resolve: use of undeclared crate or module `merfolk_frontend_register`
[INFO] [stdout]  --> src/lib.rs:345:15
[INFO] [stdout]   |
[INFO] [stdout] 7 |     .frontend(merfolk_frontend_register::Register::builder().build().unwrap())
[INFO] [stdout]   |               ^^^^^^^^^^^^^^^^^^^^^^^^^ use of undeclared crate or module `merfolk_frontend_register`
[INFO] [stdout] 
[INFO] [stdout] error: aborting due to 2 previous errors
[INFO] [stdout] 
[INFO] [stdout] For more information about this error, try `rustc --explain E0433`.
[INFO] [stdout] Couldn't compile the test.
[INFO] [stdout] ---- src/lib.rs - (line 103) stdout ----
[INFO] [stdout] error[E0432]: unresolved import `merfolk_backend_http`
[INFO] [stdout]  --> src/lib.rs:106:5
[INFO] [stdout]   |
[INFO] [stdout] 5 | use merfolk_backend_http::Http;
[INFO] [stdout]   |     ^^^^^^^^^^^^^^^^^^^^ use of undeclared crate or module `merfolk_backend_http`
[INFO] [stdout] 
[INFO] [stdout] error[E0432]: unresolved import `merfolk_frontend_register`
[INFO] [stdout]  --> src/lib.rs:107:5
[INFO] [stdout]   |
[INFO] [stdout] 6 | use merfolk_frontend_register::Register;
[INFO] [stdout]   |     ^^^^^^^^^^^^^^^^^^^^^^^^^ use of undeclared crate or module `merfolk_frontend_register`
[INFO] [stdout] 
[INFO] [stdout] error[E0432]: unresolved import `merfolk_frontend_derive`
[INFO] [stdout]  --> src/lib.rs:108:5
[INFO] [stdout]   |
[INFO] [stdout] 7 | use merfolk_frontend_derive::frontend;
[INFO] [stdout]   |     ^^^^^^^^^^^^^^^^^^^^^^^ use of undeclared crate or module `merfolk_frontend_derive`
[INFO] [stdout] 
[INFO] [stdout] error[E0432]: unresolved import `merfolk_frontend_duplex`
[INFO] [stdout]  --> src/lib.rs:109:5
[INFO] [stdout]   |
[INFO] [stdout] 8 | use merfolk_frontend_duplex::Duplex;
[INFO] [stdout]   |     ^^^^^^^^^^^^^^^^^^^^^^^ use of undeclared crate or module `merfolk_frontend_duplex`
[INFO] [stdout] 
[INFO] [stdout] error[E0432]: unresolved import `merfolk_middleware_router`
[INFO] [stdout]  --> src/lib.rs:110:5
[INFO] [stdout]   |
[INFO] [stdout] 9 | use merfolk_middleware_router::Router;
[INFO] [stdout]   |     ^^^^^^^^^^^^^^^^^^^^^^^^^ use of undeclared crate or module `merfolk_middleware_router`
[INFO] [stdout] 
[INFO] [stdout] error: cannot determine resolution for the attribute macro `frontend`
[INFO] [stdout]   --> src/lib.rs:113:3
[INFO] [stdout]    |
[INFO] [stdout] 12 | #[frontend()]
[INFO] [stdout]    |   ^^^^^^^^
[INFO] [stdout]    |
[INFO] [stdout]    = note: import resolution is stuck, try simplifying macro imports
[INFO] [stdout] 
[INFO] [stdout] error: cannot determine resolution for the attribute macro `frontend`
[INFO] [stdout]   --> src/lib.rs:116:3
[INFO] [stdout]    |
[INFO] [stdout] 15 | #[frontend(target = "Receiver")]
[INFO] [stdout]    |   ^^^^^^^^
[INFO] [stdout]    |
[INFO] [stdout]    = note: import resolution is stuck, try simplifying macro imports
[INFO] [stdout] 
[INFO] [stdout] error[E0599]: no function or associated item named `builder` found for struct `main::Receiver` in the current scope
[INFO] [stdout]   --> src/lib.rs:134:35
[INFO] [stdout]    |
[INFO] [stdout] 13 | struct Receiver {}
[INFO] [stdout]    | --------------- function or associated item `builder` not found for this
[INFO] [stdout] ...
[INFO] [stdout] 33 | let receiver_frontend = Receiver::builder().build().unwrap();
[INFO] [stdout]    |                                   ^^^^^^^ function or associated item not found in `main::Receiver`
[INFO] [stdout] 
[INFO] [stdout] error[E0609]: no field `caller` on type `&mut _`
[INFO] [stdout]   --> src/lib.rs:146:45
[INFO] [stdout]    |
[INFO] [stdout] 45 | let result: String = merfolk.frontend(|f| f.caller.call("some_remote_function", &()).unwrap()).unwrap();
[INFO] [stdout]    |                                             ^^^^^^
[INFO] [stdout] 
[INFO] [stdout] error: aborting due to 9 previous errors
[INFO] [stdout] 
[INFO] [stdout] Some errors have detailed explanations: E0432, E0599, E0609.
[INFO] [stdout] For more information about an error, try `rustc --explain E0432`.
[INFO] [stdout] Couldn't compile the test.
[INFO] [stdout] ---- src/lib.rs - (line 76) stdout ----
[INFO] [stdout] error[E0432]: unresolved import `merfolk_backend_http`
[INFO] [stdout]  --> src/lib.rs:80:5
[INFO] [stdout]   |
[INFO] [stdout] 6 | use merfolk_backend_http::Http;
[INFO] [stdout]   |     ^^^^^^^^^^^^^^^^^^^^ use of undeclared crate or module `merfolk_backend_http`
[INFO] [stdout] 
[INFO] [stdout] error[E0432]: unresolved import `merfolk_frontend_register`
[INFO] [stdout]  --> src/lib.rs:81:5
[INFO] [stdout]   |
[INFO] [stdout] 7 | use merfolk_frontend_register::Register;
[INFO] [stdout]   |     ^^^^^^^^^^^^^^^^^^^^^^^^^ use of undeclared crate or module `merfolk_frontend_register`
[INFO] [stdout] 
[INFO] [stdout] error: aborting due to 2 previous errors
[INFO] [stdout] 
[INFO] [stdout] For more information about this error, try `rustc --explain E0432`.
[INFO] [stdout] Couldn't compile the test.
[INFO] [stdout] 
[INFO] [stdout] failures:
[INFO] [stdout]     src/lib.rs - (line 103)
[INFO] [stdout]     src/lib.rs - (line 32)
[INFO] [stdout]     src/lib.rs - (line 76)
[INFO] [stdout]     src/lib.rs - Mer<B, F>::backend (line 364)
[INFO] [stdout]     src/lib.rs - Mer<B, F>::frontend (line 340)
[INFO] [stdout]     src/lib.rs - Mer<B, F>::middlewares (line 388)
[INFO] [stdout] 
[INFO] [stdout] test result: FAILED. 1 passed; 6 failed; 0 ignored; 0 measured; 0 filtered out; finished in 0.54s
[INFO] [stdout] 
[INFO] [stderr] error: test failed, to rerun pass '--doc'
[INFO] running `Command { std: "docker" "inspect" "3c57bce15b44c994c4c1a3763c8ba709abe67745ff91b7ec4fddf5909ad642a9", kill_on_drop: false }`
[INFO] running `Command { std: "docker" "rm" "-f" "3c57bce15b44c994c4c1a3763c8ba709abe67745ff91b7ec4fddf5909ad642a9", kill_on_drop: false }`
[INFO] [stdout] 3c57bce15b44c994c4c1a3763c8ba709abe67745ff91b7ec4fddf5909ad642a9
