[INFO] fetching crate memflow 0.1.5...
[INFO] testing memflow-0.1.5 against beta-2021-08-01 for beta-1.55-1
[INFO] extracting crate memflow 0.1.5 into /workspace/builds/worker-101/source
[INFO] validating manifest of crates.io crate memflow 0.1.5 on toolchain beta-2021-08-01
[INFO] running `Command { std: "/workspace/cargo-home/bin/cargo" "+beta-2021-08-01" "metadata" "--manifest-path" "Cargo.toml" "--no-deps", kill_on_drop: false }`
[INFO] started tweaking crates.io crate memflow 0.1.5
[INFO] finished tweaking crates.io crate memflow 0.1.5
[INFO] tweaked toml for crates.io crate memflow 0.1.5 written to /workspace/builds/worker-101/source/Cargo.toml
[INFO] running `Command { std: "/workspace/cargo-home/bin/cargo" "+beta-2021-08-01" "generate-lockfile" "--manifest-path" "Cargo.toml" "-Zno-index-update", kill_on_drop: false }`
[INFO] running `Command { std: "/workspace/cargo-home/bin/cargo" "+beta-2021-08-01" "fetch" "--manifest-path" "Cargo.toml", kill_on_drop: false }`
[INFO] [stderr]     Blocking waiting for file lock on package cache
[INFO] [stderr]     Blocking waiting for file lock on package cache
[INFO] running `Command { std: "docker" "create" "-v" "/var/lib/crater-agent-workspace/builds/worker-101/target:/opt/rustwide/target:rw,Z" "-v" "/var/lib/crater-agent-workspace/builds/worker-101/source:/opt/rustwide/workdir:ro,Z" "-v" "/var/lib/crater-agent-workspace/cargo-home:/opt/rustwide/cargo-home:ro,Z" "-v" "/var/lib/crater-agent-workspace/rustup-home:/opt/rustwide/rustup-home:ro,Z" "-e" "SOURCE_DIR=/opt/rustwide/workdir" "-e" "CARGO_TARGET_DIR=/opt/rustwide/target" "-e" "CARGO_HOME=/opt/rustwide/cargo-home" "-e" "RUSTUP_HOME=/opt/rustwide/rustup-home" "-w" "/opt/rustwide/workdir" "-m" "1610612736" "--user" "0:0" "--network" "none" "ghcr.io/rust-lang/crates-build-env/linux@sha256:34b6a614d2c27851fe6cbf88fbd1137609cefab8b10d0615aaeb6fd47975d74e" "/opt/rustwide/cargo-home/bin/cargo" "+beta-2021-08-01" "metadata" "--no-deps" "--format-version=1", kill_on_drop: false }`
[INFO] [stdout] 15cf349c275445af45b91ad98df688a7ff31ee0a47c0787b1b27194185a56982
[INFO] running `Command { std: "docker" "start" "-a" "15cf349c275445af45b91ad98df688a7ff31ee0a47c0787b1b27194185a56982", kill_on_drop: false }`
[INFO] running `Command { std: "docker" "inspect" "15cf349c275445af45b91ad98df688a7ff31ee0a47c0787b1b27194185a56982", kill_on_drop: false }`
[INFO] running `Command { std: "docker" "rm" "-f" "15cf349c275445af45b91ad98df688a7ff31ee0a47c0787b1b27194185a56982", kill_on_drop: false }`
[INFO] [stdout] 15cf349c275445af45b91ad98df688a7ff31ee0a47c0787b1b27194185a56982
[INFO] running `Command { std: "docker" "create" "-v" "/var/lib/crater-agent-workspace/builds/worker-101/target:/opt/rustwide/target:rw,Z" "-v" "/var/lib/crater-agent-workspace/builds/worker-101/source:/opt/rustwide/workdir:ro,Z" "-v" "/var/lib/crater-agent-workspace/cargo-home:/opt/rustwide/cargo-home:ro,Z" "-v" "/var/lib/crater-agent-workspace/rustup-home:/opt/rustwide/rustup-home:ro,Z" "-e" "SOURCE_DIR=/opt/rustwide/workdir" "-e" "CARGO_TARGET_DIR=/opt/rustwide/target" "-e" "CARGO_INCREMENTAL=0" "-e" "RUST_BACKTRACE=full" "-e" "RUSTFLAGS=--cap-lints=warn" "-e" "CARGO_HOME=/opt/rustwide/cargo-home" "-e" "RUSTUP_HOME=/opt/rustwide/rustup-home" "-w" "/opt/rustwide/workdir" "-m" "1610612736" "--user" "0:0" "--network" "none" "ghcr.io/rust-lang/crates-build-env/linux@sha256:34b6a614d2c27851fe6cbf88fbd1137609cefab8b10d0615aaeb6fd47975d74e" "/opt/rustwide/cargo-home/bin/cargo" "+beta-2021-08-01" "build" "--frozen" "--message-format=json", kill_on_drop: false }`
[INFO] [stdout] 6f3220ac06c653eba867719221d1ce8e661432f1b9773f409006c1be7295f24e
[INFO] running `Command { std: "docker" "start" "-a" "6f3220ac06c653eba867719221d1ce8e661432f1b9773f409006c1be7295f24e", kill_on_drop: false }`
[INFO] [stderr]    Compiling proc-macro2 v1.0.28
[INFO] [stderr]    Compiling unicode-xid v0.2.2
[INFO] [stderr]    Compiling syn v1.0.74
[INFO] [stderr]    Compiling strsim v0.9.3
[INFO] [stderr]    Compiling ident_case v1.0.1
[INFO] [stderr]    Compiling serde_derive v1.0.127
[INFO] [stderr]    Compiling fnv v1.0.7
[INFO] [stderr]    Compiling bitflags v1.2.1
[INFO] [stderr]    Compiling autocfg v1.0.1
[INFO] [stderr]    Compiling serde v1.0.127
[INFO] [stderr]    Compiling x86_64 v0.12.4
[INFO] [stderr]    Compiling log v0.4.14
[INFO] [stderr]    Compiling bit_field v0.9.0
[INFO] [stderr]    Compiling ahash v0.3.8
[INFO] [stderr]    Compiling either v1.6.1
[INFO] [stderr]    Compiling derive_pod v0.1.1
[INFO] [stderr]    Compiling once_cell v1.8.0
[INFO] [stderr]    Compiling bumpalo v3.7.0
[INFO] [stderr]    Compiling no-std-compat v0.4.1
[INFO] [stderr]    Compiling smallvec v1.6.1
[INFO] [stderr]    Compiling libloading v0.6.7
[INFO] [stderr]    Compiling dirs-sys v0.3.6
[INFO] [stderr]    Compiling memmap v0.7.0
[INFO] [stderr]    Compiling dirs v3.0.2
[INFO] [stderr]    Compiling itertools v0.9.0
[INFO] [stderr]    Compiling coarsetime v0.1.19
[INFO] [stderr]    Compiling vector-trees v0.1.0
[INFO] [stderr]    Compiling hashbrown v0.8.2
[INFO] [stderr]    Compiling dataview v0.1.2
[INFO] [stderr]    Compiling quote v1.0.9
[INFO] [stderr]    Compiling darling_core v0.10.2
[INFO] [stderr]    Compiling darling_macro v0.10.2
[INFO] [stderr]    Compiling darling v0.10.2
[INFO] [stderr]    Compiling memflow-derive v0.1.5
[INFO] [stderr]    Compiling toml v0.5.8
[INFO] [stderr]    Compiling memflow v0.1.5 (/opt/rustwide/workdir)
[INFO] [stderr]     Finished dev [unoptimized + debuginfo] target(s) in 24.92s
[INFO] running `Command { std: "docker" "inspect" "6f3220ac06c653eba867719221d1ce8e661432f1b9773f409006c1be7295f24e", kill_on_drop: false }`
[INFO] running `Command { std: "docker" "rm" "-f" "6f3220ac06c653eba867719221d1ce8e661432f1b9773f409006c1be7295f24e", kill_on_drop: false }`
[INFO] [stdout] 6f3220ac06c653eba867719221d1ce8e661432f1b9773f409006c1be7295f24e
[INFO] running `Command { std: "docker" "create" "-v" "/var/lib/crater-agent-workspace/builds/worker-101/target:/opt/rustwide/target:rw,Z" "-v" "/var/lib/crater-agent-workspace/builds/worker-101/source:/opt/rustwide/workdir:ro,Z" "-v" "/var/lib/crater-agent-workspace/cargo-home:/opt/rustwide/cargo-home:ro,Z" "-v" "/var/lib/crater-agent-workspace/rustup-home:/opt/rustwide/rustup-home:ro,Z" "-e" "SOURCE_DIR=/opt/rustwide/workdir" "-e" "CARGO_TARGET_DIR=/opt/rustwide/target" "-e" "CARGO_INCREMENTAL=0" "-e" "RUST_BACKTRACE=full" "-e" "RUSTFLAGS=--cap-lints=warn" "-e" "CARGO_HOME=/opt/rustwide/cargo-home" "-e" "RUSTUP_HOME=/opt/rustwide/rustup-home" "-w" "/opt/rustwide/workdir" "-m" "1610612736" "--user" "0:0" "--network" "none" "ghcr.io/rust-lang/crates-build-env/linux@sha256:34b6a614d2c27851fe6cbf88fbd1137609cefab8b10d0615aaeb6fd47975d74e" "/opt/rustwide/cargo-home/bin/cargo" "+beta-2021-08-01" "test" "--frozen" "--no-run" "--message-format=json", kill_on_drop: false }`
[INFO] [stdout] aaf0fc685c2aa3542681dba9289fd3a831d4b7c270aaa71976bf8ccdf88274b0
[INFO] running `Command { std: "docker" "start" "-a" "aaf0fc685c2aa3542681dba9289fd3a831d4b7c270aaa71976bf8ccdf88274b0", kill_on_drop: false }`
[INFO] [stderr]    Compiling getrandom v0.1.16
[INFO] [stderr]    Compiling ppv-lite86 v0.2.10
[INFO] [stderr]    Compiling rand_core v0.5.1
[INFO] [stderr]    Compiling rand_chacha v0.2.2
[INFO] [stderr]    Compiling rand_xorshift v0.2.0
[INFO] [stderr]    Compiling rand v0.7.3
[INFO] [stderr]    Compiling memflow v0.1.5 (/opt/rustwide/workdir)
[INFO] [stderr]     Finished test [unoptimized + debuginfo] target(s) in 10.81s
[INFO] running `Command { std: "docker" "inspect" "aaf0fc685c2aa3542681dba9289fd3a831d4b7c270aaa71976bf8ccdf88274b0", kill_on_drop: false }`
[INFO] running `Command { std: "docker" "rm" "-f" "aaf0fc685c2aa3542681dba9289fd3a831d4b7c270aaa71976bf8ccdf88274b0", kill_on_drop: false }`
[INFO] [stdout] aaf0fc685c2aa3542681dba9289fd3a831d4b7c270aaa71976bf8ccdf88274b0
[INFO] running `Command { std: "docker" "create" "-v" "/var/lib/crater-agent-workspace/builds/worker-101/target:/opt/rustwide/target:rw,Z" "-v" "/var/lib/crater-agent-workspace/builds/worker-101/source:/opt/rustwide/workdir:ro,Z" "-v" "/var/lib/crater-agent-workspace/cargo-home:/opt/rustwide/cargo-home:ro,Z" "-v" "/var/lib/crater-agent-workspace/rustup-home:/opt/rustwide/rustup-home:ro,Z" "-e" "SOURCE_DIR=/opt/rustwide/workdir" "-e" "CARGO_TARGET_DIR=/opt/rustwide/target" "-e" "CARGO_INCREMENTAL=0" "-e" "RUST_BACKTRACE=full" "-e" "RUSTFLAGS=--cap-lints=warn" "-e" "CARGO_HOME=/opt/rustwide/cargo-home" "-e" "RUSTUP_HOME=/opt/rustwide/rustup-home" "-w" "/opt/rustwide/workdir" "-m" "1610612736" "--user" "0:0" "--network" "none" "ghcr.io/rust-lang/crates-build-env/linux@sha256:34b6a614d2c27851fe6cbf88fbd1137609cefab8b10d0615aaeb6fd47975d74e" "/opt/rustwide/cargo-home/bin/cargo" "+beta-2021-08-01" "test" "--frozen", kill_on_drop: false }`
[INFO] [stdout] eeb995e3d5ff45e1c7aaaff33e2b26d8bf397f4a440cc98767eb5e61dc01453e
[INFO] running `Command { std: "docker" "start" "-a" "eeb995e3d5ff45e1c7aaaff33e2b26d8bf397f4a440cc98767eb5e61dc01453e", kill_on_drop: false }`
[INFO] [stderr]     Blocking waiting for file lock on package cache
[INFO] [stderr]     Finished test [unoptimized + debuginfo] target(s) in 0.97s
[INFO] [stderr]      Running unittests (/opt/rustwide/target/debug/deps/memflow-e6bfffb8cef7278d)
[INFO] [stdout] 
[INFO] [stdout] running 83 tests
[INFO] [stdout] test architecture::x86::x32::tests::x86_page_size_level ... ok
[INFO] [stdout] test architecture::x86::x32::tests::x86_pte_bitmasks ... ok
[INFO] [stdout] test architecture::x86::x32::tests::x86_pte_leaf_size ... ok
[INFO] [stdout] test architecture::x86::x32_pae::tests::x86_pae_page_size_level ... ok
[INFO] [stdout] test architecture::x86::x64::tests::x64_split_count ... ok
[INFO] [stdout] test architecture::x86::x64::tests::x64_get_phys_page ... ok
[INFO] [stdout] test connector::args::tests::builder ... ok
[INFO] [stdout] test connector::args::tests::parse_empty ... ok
[INFO] [stdout] test connector::args::tests::from_str ... ok
[INFO] [stdout] test architecture::x86::x64::tests::x64_pte_leaf_size ... ok
[INFO] [stdout] test architecture::x86::x64::tests::x64_is_final_mapping ... ok
[INFO] [stdout] test architecture::x86::x32_pae::tests::x86_pae_pte_bitmasks ... ok
[INFO] [stdout] test iter::tests::pc_check_all_aligned_zero ... ok
[INFO] [stdout] test connector::args::tests::from_str_default ... ok
[INFO] [stdout] test iter::tests::pc_check_everything ... ok
[INFO] [stdout] test architecture::x86::x64::tests::x64_page_size_level ... ok
[INFO] [stdout] test connector::args::tests::from_str_default2 ... ok
[INFO] [stdout] test architecture::x86::x64::tests::x64_vtop_step ... ok
[INFO] [stdout] test architecture::x86::x64::tests::x64_check_entry ... ok
[INFO] [stdout] test architecture::x86::x32_pae::tests::x86_pae_pte_leaf_size ... ok
[INFO] [stdout] test iter::tests::pc_check_all_chunks_equal ... ok
[INFO] [stdout] test architecture::x86::x64::tests::x64_page_size_step ... ok
[INFO] [stdout] test iter::tests::pc_check_all_chunks_equal_first_not ... ok
[INFO] [stdout] test iter::tests::pc_check_edge ... ok
[INFO] [stdout] test architecture::x86::x64::tests::x64_pte_bitmasks ... ok
[INFO] [stdout] test mem::mem_map::tests::test_mapping ... ok
[INFO] [stdout] test mem::virt_translate::tests::test_virt_read_medium ... ok
[INFO] [stdout] test mem::virt_translate::tests::test_virt_read_medium_shifted ... ok
[INFO] [stdout] test mem::virt_translate::tests::test_virt_write_medium_shifted ... ok
[INFO] [stdout] test mem::mem_map::tests::test_mapping_out_of_bounds ... ok
[INFO] [stdout] test mem::mem_map::tests::test_mapping_range ... ok
[INFO] [stdout] test mem::mem_map::tests::test_mapping_range_close ... ok
[INFO] [stdout] test mem::mem_map::tests::test_mapping_edges ... ok
[INFO] [stdout] test mem::cache::page_cache::tests::cache_phys_mem_overlap ... ok
[INFO] [stdout] test iter::tests::pc_check_size_hint ... ok
[INFO] [stdout] test mem::mem_map::tests::test_mapping_range_edge ... ok
[INFO] [stdout] test mem::mem_map::tests::test_load_toml ... ok
[INFO] [stdout] test types::address::tests::test_bits ... ok
[INFO] [stdout] test types::address::tests::test_from ... ok
[INFO] [stdout] test types::address::tests::test_null_valid ... ok
[INFO] [stdout] test types::address::tests::test_ops ... ok
[INFO] [stdout] test types::byte_swap::tests::swap_i128 ... ok
[INFO] [stdout] test types::byte_swap::tests::swap_i16 ... ok
[INFO] [stdout] test types::byte_swap::tests::swap_slice_i16 ... ok
[INFO] [stdout] test types::byte_swap::tests::swap_u128 ... ok
[INFO] [stdout] test types::byte_swap::tests::swap_u16 ... ok
[INFO] [stdout] test types::address::tests::test_bit_mask ... ok
[INFO] [stdout] test types::size::tests::test_from ... ok
[INFO] [stdout] test types::byte_swap::tests::swap_i32 ... ok
[INFO] [stdout] test types::byte_swap::tests::swap_u8 ... ok
[INFO] [stdout] test types::byte_swap::tests::swap_i8 ... ok
[INFO] [stdout] test types::byte_swap::tests::swap_i64 ... ok
[INFO] [stdout] test types::physical_address::tests::test_page_size_invalid ... ok
[INFO] [stdout] test types::physical_address::tests::test_page_size ... ok
[INFO] [stdout] test types::physical_address::tests::test_page_size_huge ... ok
[INFO] [stdout] test types::byte_swap::tests::swap_u32 ... ok
[INFO] [stdout] test types::byte_swap::tests::swap_u64 ... ok
[INFO] [stdout] test mem::virt_translate::tests::test_virt_read_small_shifted ... ok
[INFO] [stdout] test mem::virt_translate::tests::test_virt_write_medium ... ok
[INFO] [stdout] test mem::virt_translate::tests::test_virt_read_small ... ok
[INFO] [stdout] test mem::cache::page_cache::tests::cache_phys_mem_diffpages ... ok
[INFO] [stdout] test iter::tests::pc_check_overflowing ... ok
[INFO] [stdout] test types::address::tests::test_alignment ... ok
[INFO] [stdout] test mem::virt_translate::tests::test_virt_read_big ... ok
[INFO] [stdout] test mem::virt_translate::tests::test_virt_write_small ... ok
[INFO] [stdout] test architecture::x86::x64::tests::x64_page_size_level_5 - should panic ... ok
[INFO] [stdout] test architecture::x86::x64::tests::x64_page_size_level_4 - should panic ... ok
[INFO] [stdout] test mem::cache::page_cache::tests::cache_phys_mem ... ok
[INFO] [stdout] test mem::virt_translate::tests::test_virt_read_big_shifted ... ok
[INFO] [stdout] test mem::mem_map::tests::test_overlapping_regions_size - should panic ... ok
[INFO] [stdout] test mem::mem_map::tests::test_overlapping_regions_contained - should panic ... ok
[INFO] [stdout] test mem::mem_map::tests::test_overlapping_regions_base - should panic ... ok
[INFO] [stdout] test mem::virt_translate::tests::test_virt_write_big ... ok
[INFO] [stdout] test mem::virt_translate::tests::test_virt_write_big_shifted ... ok
[INFO] [stdout] test mem::virt_translate::tests::test_virt_write_small_shifted ... ok
[INFO] [stdout] test mem::cache::page_cache::tests::writeback ... ok
[INFO] [stdout] test mem::virt_translate::tests::test_virt_page_map ... ok
[INFO] [stdout] test mem::cache::page_cache::tests::cloned_validity ... ok
[INFO] [stdout] test mem::cache::page_cache::tests::cache_invalidity_non_cached ... ok
[INFO] [stdout] test mem::cache::page_cache::tests::cache_invalidity_cached ... ok
[INFO] [stdout] test mem::cache::cached_vat::tests::valid_after_pt_destruction ... ok
[INFO] [stdout] test mem::virt_translate::tests::test_vtop ... ok
[INFO] [stdout] test mem::cache::page_cache::tests::big_virt_buf ... ok
[INFO] [stdout] 
[INFO] [stdout] test result: ok. 83 passed; 0 failed; 0 ignored; 0 measured; 0 filtered out; finished in 9.57s
[INFO] [stdout] 
[INFO] [stderr]    Doc-tests memflow
[INFO] [stdout] 
[INFO] [stdout] running 62 tests
[INFO] [stdout] test src/mem/cache/cached_memory_access.rs - mem::cache::cached_memory_access::CachedMemoryAccessBuilder<T, Q>::cache_size (line 376) ... FAILED
[INFO] [stdout] test src/mem/virt_mem/virtual_dma.rs - mem::virt_mem::virtual_dma::VirtualDMA<T, V, D>::with_vat (line 79) ... FAILED
[INFO] [stdout] test src/mem/cache/cached_memory_access.rs - mem::cache::cached_memory_access::CachedMemoryAccess::destroy (line 91) ... FAILED
[INFO] [stdout] test src/types/pointer64.rs - types::pointer64::Pointer64 (line 54) ... FAILED
[INFO] [stdout] test src/mem/cache/cached_vat.rs - mem::cache::cached_vat::CachedVirtualTranslate (line 23) ... FAILED
[INFO] [stdout] test src/mem/cache/cached_memory_access.rs - mem::cache::cached_memory_access::CachedMemoryAccessBuilder<T, Q>::validator (line 278) ... FAILED
[INFO] [stdout] test src/mem/virt_mem/virtual_dma.rs - mem::virt_mem::virtual_dma::VirtualDMA<T, DirectTranslate, D>::new (line 38) ... FAILED
[INFO] [stdout] test src/mem/cache/cached_memory_access.rs - mem::cache::cached_memory_access::CachedMemoryAccessBuilder<T, Q>::page_size (line 316) ... FAILED
[INFO] [stdout] test src/connector/inventory.rs - connector::inventory::ConnectorInventory::create_connector (line 226) - compile ... ok
[INFO] [stdout] test src/mem/cache/cached_vat.rs - mem::cache::cached_vat::CachedVirtualTranslate (line 42) ... FAILED
[INFO] [stdout] test src/mem/cache/cached_memory_access.rs - mem::cache::cached_memory_access::CachedMemoryAccessBuilder<T, Q>::arch (line 345) ... FAILED
[INFO] [stdout] test src/mem/cache/cached_memory_access.rs - mem::cache::cached_memory_access::CachedMemoryAccessBuilder<T, DefaultCacheValidator>::new (line 188) ... FAILED
[INFO] [stdout] test src/connector/inventory.rs - connector::inventory::ConnectorInventory::create_connector_default (line 284) - compile ... ok
[INFO] [stdout] test src/mem/phys_mem.rs - mem::phys_mem::PhysicalMemory (line 79) ... FAILED
[INFO] [stdout] test src/mem/virt_mem.rs - mem::virt_mem::VirtualMemory (line 28) ... FAILED
[INFO] [stdout] test src/mem/phys_mem.rs - mem::phys_mem::PhysicalMemory::metadata (line 107) ... FAILED
[INFO] [stdout] test src/mem/virt_translate.rs - mem::virt_translate::VirtualTranslate::virt_to_phys_iter (line 29) ... FAILED
[INFO] [stdout] test src/connector/inventory.rs - connector::inventory::ConnectorInventory::create_connector (line 238) ... FAILED
[INFO] [stdout] test src/mem/cache/cached_memory_access.rs - mem::cache::cached_memory_access::CachedMemoryAccessBuilder<T, DefaultCacheValidator>::new (line 214) ... FAILED
[INFO] [stdout] test src/mem/cache/cached_memory_access.rs - mem::cache::cached_memory_access::CachedMemoryAccessBuilder<T, Q>::page_type_mask (line 409) ... FAILED
[INFO] [stdout] test src/types/pointer32.rs - types::pointer32::Pointer32 (line 26) ... FAILED
[INFO] [stdout] test src/types/pointer64.rs - types::pointer64::Pointer64 (line 26) ... FAILED
[INFO] [stdout] test src/types/pointer32.rs - types::pointer32::Pointer32 (line 55) ... FAILED
[INFO] [stdout] test src/connector/inventory.rs - connector::inventory::Connector (line 304) - compile ... ok
[INFO] [stderr] error: test failed, to rerun pass '--doc'
[INFO] [stderr] 
[INFO] [stderr] Caused by:
[INFO] [stderr]   process didn't exit successfully: `rustdoc --edition=2018 --crate-type lib --crate-name memflow --test /opt/rustwide/workdir/src/lib.rs -L dependency=/opt/rustwide/target/debug/deps -L dependency=/opt/rustwide/target/debug/deps --extern bitflags=/opt/rustwide/target/debug/deps/libbitflags-e09638bf9aca31b4.rlib --extern bumpalo=/opt/rustwide/target/debug/deps/libbumpalo-ea7fd971a13b29d3.rlib --extern coarsetime=/opt/rustwide/target/debug/deps/libcoarsetime-723ec250fbf29302.rlib --extern dataview=/opt/rustwide/target/debug/deps/libdataview-49b8ea1a4b7e5e7d.rlib --extern dirs=/opt/rustwide/target/debug/deps/libdirs-d10dc06893929afe.rlib --extern hashbrown=/opt/rustwide/target/debug/deps/libhashbrown-27235f1a25e856f4.rlib --extern itertools=/opt/rustwide/target/debug/deps/libitertools-7cdbe2a8c4a7b84e.rlib --extern libloading=/opt/rustwide/target/debug/deps/liblibloading-a279738287f29750.rlib --extern log=/opt/rustwide/target/debug/deps/liblog-6eac8828b0293875.rlib --extern memflow=/opt/rustwide/target/debug/deps/libmemflow-af4b0a0c60ff5b42.rlib --extern memflow_derive=/opt/rustwide/target/debug/deps/libmemflow_derive-75234ba0705060d0.so --extern memmap=/opt/rustwide/target/debug/deps/libmemmap-28b9218a624d4709.rlib --extern no_std_compat=/opt/rustwide/target/debug/deps/libno_std_compat-1d03c711c5e33b88.rlib --extern rand=/opt/rustwide/target/debug/deps/librand-e085ba6f6ef0faff.rlib --extern rand_xorshift=/opt/rustwide/target/debug/deps/librand_xorshift-beec88a180208fe2.rlib --extern serde=/opt/rustwide/target/debug/deps/libserde-e01dc4c5acf11e47.rlib --extern smallvec=/opt/rustwide/target/debug/deps/libsmallvec-1c8854a0d5bb57ee.rlib --extern toml=/opt/rustwide/target/debug/deps/libtoml-001c04e5ba88cc55.rlib --extern vector_trees=/opt/rustwide/target/debug/deps/libvector_trees-e3afe47f5ac11875.rlib --extern x86_64=/opt/rustwide/target/debug/deps/libx86_64-4bb59a5fd75cd005.rlib -C embed-bitcode=no --cfg 'feature="coarsetime"' --cfg 'feature="default"' --cfg 'feature="dirs"' --cfg 'feature="filemap"' --cfg 'feature="inventory"' --cfg 'feature="libloading"' --cfg 'feature="memmap"' --cfg 'feature="memmapfiles"' --cfg 'feature="serde"' --cfg 'feature="serde_derive"' --cfg 'feature="std"' --cfg 'feature="toml"' --error-format human` (signal: 9, SIGKILL: kill)
[INFO] running `Command { std: "docker" "inspect" "eeb995e3d5ff45e1c7aaaff33e2b26d8bf397f4a440cc98767eb5e61dc01453e", kill_on_drop: false }`
[INFO] running `Command { std: "docker" "rm" "-f" "eeb995e3d5ff45e1c7aaaff33e2b26d8bf397f4a440cc98767eb5e61dc01453e", kill_on_drop: false }`
[INFO] [stdout] eeb995e3d5ff45e1c7aaaff33e2b26d8bf397f4a440cc98767eb5e61dc01453e
