[INFO] fetching crate mech1-gpsreader 0.4.0...
[INFO] testing mech1-gpsreader-0.4.0 against beta-2021-08-01 for beta-1.55-1
[INFO] extracting crate mech1-gpsreader 0.4.0 into /workspace/builds/worker-46/source
[INFO] validating manifest of crates.io crate mech1-gpsreader 0.4.0 on toolchain beta-2021-08-01
[INFO] running `Command { std: "/workspace/cargo-home/bin/cargo" "+beta-2021-08-01" "metadata" "--manifest-path" "Cargo.toml" "--no-deps", kill_on_drop: false }`
[INFO] started tweaking crates.io crate mech1-gpsreader 0.4.0
[INFO] finished tweaking crates.io crate mech1-gpsreader 0.4.0
[INFO] tweaked toml for crates.io crate mech1-gpsreader 0.4.0 written to /workspace/builds/worker-46/source/Cargo.toml
[INFO] crate crates.io crate mech1-gpsreader 0.4.0 already has a lockfile, it will not be regenerated
[INFO] running `Command { std: "/workspace/cargo-home/bin/cargo" "+beta-2021-08-01" "fetch" "--manifest-path" "Cargo.toml", kill_on_drop: false }`
[INFO] [stderr]     Blocking waiting for file lock on package cache
[INFO] [stderr]     Blocking waiting for file lock on package cache
[INFO] running `Command { std: "docker" "create" "-v" "/var/lib/crater-agent-workspace/builds/worker-46/target:/opt/rustwide/target:rw,Z" "-v" "/var/lib/crater-agent-workspace/builds/worker-46/source:/opt/rustwide/workdir:ro,Z" "-v" "/var/lib/crater-agent-workspace/cargo-home:/opt/rustwide/cargo-home:ro,Z" "-v" "/var/lib/crater-agent-workspace/rustup-home:/opt/rustwide/rustup-home:ro,Z" "-e" "SOURCE_DIR=/opt/rustwide/workdir" "-e" "CARGO_TARGET_DIR=/opt/rustwide/target" "-e" "CARGO_HOME=/opt/rustwide/cargo-home" "-e" "RUSTUP_HOME=/opt/rustwide/rustup-home" "-w" "/opt/rustwide/workdir" "-m" "1610612736" "--user" "0:0" "--network" "none" "ghcr.io/rust-lang/crates-build-env/linux@sha256:34b6a614d2c27851fe6cbf88fbd1137609cefab8b10d0615aaeb6fd47975d74e" "/opt/rustwide/cargo-home/bin/cargo" "+beta-2021-08-01" "metadata" "--no-deps" "--format-version=1", kill_on_drop: false }`
[INFO] [stdout] 3cb271553dfab65d451d1d63e99460785e7b5a55231b3cdf4e791717d9783e8c
[INFO] running `Command { std: "docker" "start" "-a" "3cb271553dfab65d451d1d63e99460785e7b5a55231b3cdf4e791717d9783e8c", kill_on_drop: false }`
[INFO] running `Command { std: "docker" "inspect" "3cb271553dfab65d451d1d63e99460785e7b5a55231b3cdf4e791717d9783e8c", kill_on_drop: false }`
[INFO] running `Command { std: "docker" "rm" "-f" "3cb271553dfab65d451d1d63e99460785e7b5a55231b3cdf4e791717d9783e8c", kill_on_drop: false }`
[INFO] [stdout] 3cb271553dfab65d451d1d63e99460785e7b5a55231b3cdf4e791717d9783e8c
[INFO] running `Command { std: "docker" "create" "-v" "/var/lib/crater-agent-workspace/builds/worker-46/target:/opt/rustwide/target:rw,Z" "-v" "/var/lib/crater-agent-workspace/builds/worker-46/source:/opt/rustwide/workdir:ro,Z" "-v" "/var/lib/crater-agent-workspace/cargo-home:/opt/rustwide/cargo-home:ro,Z" "-v" "/var/lib/crater-agent-workspace/rustup-home:/opt/rustwide/rustup-home:ro,Z" "-e" "SOURCE_DIR=/opt/rustwide/workdir" "-e" "CARGO_TARGET_DIR=/opt/rustwide/target" "-e" "CARGO_INCREMENTAL=0" "-e" "RUST_BACKTRACE=full" "-e" "RUSTFLAGS=--cap-lints=warn" "-e" "CARGO_HOME=/opt/rustwide/cargo-home" "-e" "RUSTUP_HOME=/opt/rustwide/rustup-home" "-w" "/opt/rustwide/workdir" "-m" "1610612736" "--user" "0:0" "--network" "none" "ghcr.io/rust-lang/crates-build-env/linux@sha256:34b6a614d2c27851fe6cbf88fbd1137609cefab8b10d0615aaeb6fd47975d74e" "/opt/rustwide/cargo-home/bin/cargo" "+beta-2021-08-01" "build" "--frozen" "--message-format=json", kill_on_drop: false }`
[INFO] [stdout] 5e07f58d7acdf6203046631df622de2d9ead2de48c82a4575df8245c69afcbf8
[INFO] running `Command { std: "docker" "start" "-a" "5e07f58d7acdf6203046631df622de2d9ead2de48c82a4575df8245c69afcbf8", kill_on_drop: false }`
[INFO] [stderr]     Blocking waiting for file lock on package cache
[INFO] [stderr]    Compiling libc v0.2.76
[INFO] [stderr]    Compiling rpi_embedded v0.1.0
[INFO] [stderr]    Compiling mech1-gpsreader v0.4.0 (/opt/rustwide/workdir)
[INFO] [stdout] warning: variant is never constructed: `Baud57600`
[INFO] [stdout]  --> src/datagps.rs:7:5
[INFO] [stdout]   |
[INFO] [stdout] 7 |     Baud57600,
[INFO] [stdout]   |     ^^^^^^^^^
[INFO] [stdout]   |
[INFO] [stdout]   = note: `#[warn(dead_code)]` on by default
[INFO] [stdout] 
[INFO] [stdout] 
[INFO] [stdout] warning: variant is never constructed: `Baud115200`
[INFO] [stdout]  --> src/datagps.rs:8:5
[INFO] [stdout]   |
[INFO] [stdout] 8 |     Baud115200
[INFO] [stdout]   |     ^^^^^^^^^^
[INFO] [stdout] 
[INFO] [stdout] 
[INFO] [stdout] warning: associated function is never used: `get_latitude`
[INFO] [stdout]   --> src/datagps.rs:96:12
[INFO] [stdout]    |
[INFO] [stdout] 96 |     pub fn get_latitude(&mut self) -> String {
[INFO] [stdout]    |            ^^^^^^^^^^^^
[INFO] [stdout] 
[INFO] [stdout] 
[INFO] [stdout] warning: associated function is never used: `get_time`
[INFO] [stdout]    --> src/datagps.rs:106:12
[INFO] [stdout]     |
[INFO] [stdout] 106 |     pub fn get_time(&mut self) -> String {
[INFO] [stdout]     |            ^^^^^^^^
[INFO] [stdout] 
[INFO] [stdout] 
[INFO] [stdout] warning: associated function is never used: `get_longitude`
[INFO] [stdout]    --> src/datagps.rs:116:12
[INFO] [stdout]     |
[INFO] [stdout] 116 |     pub fn get_longitude(&mut self) -> String {
[INFO] [stdout]     |            ^^^^^^^^^^^^^
[INFO] [stdout] 
[INFO] [stdout] 
[INFO] [stdout] warning: associated function is never used: `get_baud_rate`
[INFO] [stdout]    --> src/datagps.rs:126:12
[INFO] [stdout]     |
[INFO] [stdout] 126 |     pub fn get_baud_rate(&self) -> u32 {
[INFO] [stdout]     |            ^^^^^^^^^^^^^
[INFO] [stdout] 
[INFO] [stdout] 
[INFO] [stdout] warning: associated function is never used: `get_uart_status`
[INFO] [stdout]    --> src/datagps.rs:131:12
[INFO] [stdout]     |
[INFO] [stdout] 131 |     pub fn get_uart_status(&self) -> rpi_embedded::uart::Status {
[INFO] [stdout]     |            ^^^^^^^^^^^^^^^
[INFO] [stdout] 
[INFO] [stdout] 
[INFO] [stdout] warning: associated function is never used: `set_baud_rate`
[INFO] [stdout]    --> src/datagps.rs:136:12
[INFO] [stdout]     |
[INFO] [stdout] 136 |     pub fn set_baud_rate(&mut self,baud_rate:&Bauds) {
[INFO] [stdout]     |            ^^^^^^^^^^^^^
[INFO] [stdout] 
[INFO] [stdout] 
[INFO] [stdout] warning: 8 warnings emitted
[INFO] [stdout] 
[INFO] [stdout] 
[INFO] [stderr]     Finished dev [unoptimized + debuginfo] target(s) in 8.36s
[INFO] running `Command { std: "docker" "inspect" "5e07f58d7acdf6203046631df622de2d9ead2de48c82a4575df8245c69afcbf8", kill_on_drop: false }`
[INFO] running `Command { std: "docker" "rm" "-f" "5e07f58d7acdf6203046631df622de2d9ead2de48c82a4575df8245c69afcbf8", kill_on_drop: false }`
[INFO] [stdout] 5e07f58d7acdf6203046631df622de2d9ead2de48c82a4575df8245c69afcbf8
[INFO] running `Command { std: "docker" "create" "-v" "/var/lib/crater-agent-workspace/builds/worker-46/target:/opt/rustwide/target:rw,Z" "-v" "/var/lib/crater-agent-workspace/builds/worker-46/source:/opt/rustwide/workdir:ro,Z" "-v" "/var/lib/crater-agent-workspace/cargo-home:/opt/rustwide/cargo-home:ro,Z" "-v" "/var/lib/crater-agent-workspace/rustup-home:/opt/rustwide/rustup-home:ro,Z" "-e" "SOURCE_DIR=/opt/rustwide/workdir" "-e" "CARGO_TARGET_DIR=/opt/rustwide/target" "-e" "CARGO_INCREMENTAL=0" "-e" "RUST_BACKTRACE=full" "-e" "RUSTFLAGS=--cap-lints=warn" "-e" "CARGO_HOME=/opt/rustwide/cargo-home" "-e" "RUSTUP_HOME=/opt/rustwide/rustup-home" "-w" "/opt/rustwide/workdir" "-m" "1610612736" "--user" "0:0" "--network" "none" "ghcr.io/rust-lang/crates-build-env/linux@sha256:34b6a614d2c27851fe6cbf88fbd1137609cefab8b10d0615aaeb6fd47975d74e" "/opt/rustwide/cargo-home/bin/cargo" "+beta-2021-08-01" "test" "--frozen" "--no-run" "--message-format=json", kill_on_drop: false }`
[INFO] [stdout] 9051eafd4f6b84e1030dabe472cdb45a24c0165e61b603c177007c43471e385d
[INFO] running `Command { std: "docker" "start" "-a" "9051eafd4f6b84e1030dabe472cdb45a24c0165e61b603c177007c43471e385d", kill_on_drop: false }`
[INFO] [stderr]     Blocking waiting for file lock on package cache
[INFO] [stderr]    Compiling mech1-gpsreader v0.4.0 (/opt/rustwide/workdir)
[INFO] [stdout] warning: variant is never constructed: `Baud57600`
[INFO] [stdout]  --> src/datagps.rs:7:5
[INFO] [stdout]   |
[INFO] [stdout] 7 |     Baud57600,
[INFO] [stdout]   |     ^^^^^^^^^
[INFO] [stdout]   |
[INFO] [stdout]   = note: `#[warn(dead_code)]` on by default
[INFO] [stdout] 
[INFO] [stdout] 
[INFO] [stdout] warning: variant is never constructed: `Baud115200`
[INFO] [stdout]  --> src/datagps.rs:8:5
[INFO] [stdout]   |
[INFO] [stdout] 8 |     Baud115200
[INFO] [stdout]   |     ^^^^^^^^^^
[INFO] [stdout] 
[INFO] [stdout] 
[INFO] [stdout] warning: associated function is never used: `get_latitude`
[INFO] [stdout]   --> src/datagps.rs:96:12
[INFO] [stdout]    |
[INFO] [stdout] 96 |     pub fn get_latitude(&mut self) -> String {
[INFO] [stdout]    |            ^^^^^^^^^^^^
[INFO] [stdout] 
[INFO] [stdout] 
[INFO] [stdout] warning: associated function is never used: `get_time`
[INFO] [stdout]    --> src/datagps.rs:106:12
[INFO] [stdout]     |
[INFO] [stdout] 106 |     pub fn get_time(&mut self) -> String {
[INFO] [stdout]     |            ^^^^^^^^
[INFO] [stdout] 
[INFO] [stdout] 
[INFO] [stdout] warning: associated function is never used: `get_longitude`
[INFO] [stdout]    --> src/datagps.rs:116:12
[INFO] [stdout]     |
[INFO] [stdout] 116 |     pub fn get_longitude(&mut self) -> String {
[INFO] [stdout]     |            ^^^^^^^^^^^^^
[INFO] [stdout] 
[INFO] [stdout] 
[INFO] [stdout] warning: associated function is never used: `get_baud_rate`
[INFO] [stdout]    --> src/datagps.rs:126:12
[INFO] [stdout]     |
[INFO] [stdout] 126 |     pub fn get_baud_rate(&self) -> u32 {
[INFO] [stdout]     |            ^^^^^^^^^^^^^
[INFO] [stdout] 
[INFO] [stdout] 
[INFO] [stdout] warning: associated function is never used: `get_uart_status`
[INFO] [stdout]    --> src/datagps.rs:131:12
[INFO] [stdout]     |
[INFO] [stdout] 131 |     pub fn get_uart_status(&self) -> rpi_embedded::uart::Status {
[INFO] [stdout]     |            ^^^^^^^^^^^^^^^
[INFO] [stdout] 
[INFO] [stdout] 
[INFO] [stdout] warning: associated function is never used: `set_baud_rate`
[INFO] [stdout]    --> src/datagps.rs:136:12
[INFO] [stdout]     |
[INFO] [stdout] 136 |     pub fn set_baud_rate(&mut self,baud_rate:&Bauds) {
[INFO] [stdout]     |            ^^^^^^^^^^^^^
[INFO] [stdout] 
[INFO] [stdout] 
[INFO] [stdout] warning: 8 warnings emitted
[INFO] [stdout] 
[INFO] [stdout] 
[INFO] [stderr]     Finished test [unoptimized + debuginfo] target(s) in 1.19s
[INFO] running `Command { std: "docker" "inspect" "9051eafd4f6b84e1030dabe472cdb45a24c0165e61b603c177007c43471e385d", kill_on_drop: false }`
[INFO] running `Command { std: "docker" "rm" "-f" "9051eafd4f6b84e1030dabe472cdb45a24c0165e61b603c177007c43471e385d", kill_on_drop: false }`
[INFO] [stdout] 9051eafd4f6b84e1030dabe472cdb45a24c0165e61b603c177007c43471e385d
[INFO] running `Command { std: "docker" "create" "-v" "/var/lib/crater-agent-workspace/builds/worker-46/target:/opt/rustwide/target:rw,Z" "-v" "/var/lib/crater-agent-workspace/builds/worker-46/source:/opt/rustwide/workdir:ro,Z" "-v" "/var/lib/crater-agent-workspace/cargo-home:/opt/rustwide/cargo-home:ro,Z" "-v" "/var/lib/crater-agent-workspace/rustup-home:/opt/rustwide/rustup-home:ro,Z" "-e" "SOURCE_DIR=/opt/rustwide/workdir" "-e" "CARGO_TARGET_DIR=/opt/rustwide/target" "-e" "CARGO_INCREMENTAL=0" "-e" "RUST_BACKTRACE=full" "-e" "RUSTFLAGS=--cap-lints=warn" "-e" "CARGO_HOME=/opt/rustwide/cargo-home" "-e" "RUSTUP_HOME=/opt/rustwide/rustup-home" "-w" "/opt/rustwide/workdir" "-m" "1610612736" "--user" "0:0" "--network" "none" "ghcr.io/rust-lang/crates-build-env/linux@sha256:34b6a614d2c27851fe6cbf88fbd1137609cefab8b10d0615aaeb6fd47975d74e" "/opt/rustwide/cargo-home/bin/cargo" "+beta-2021-08-01" "test" "--frozen", kill_on_drop: false }`
[INFO] [stdout] de2910e8716886e710b3c949accdf7830d032a704ce492e6e6e2f1f8fe34156a
[INFO] running `Command { std: "docker" "start" "-a" "de2910e8716886e710b3c949accdf7830d032a704ce492e6e6e2f1f8fe34156a", kill_on_drop: false }`
[INFO] [stderr] warning: variant is never constructed: `Baud57600`
[INFO] [stderr]  --> src/datagps.rs:7:5
[INFO] [stderr]   |
[INFO] [stderr] 7 |     Baud57600,
[INFO] [stderr]   |     ^^^^^^^^^
[INFO] [stderr]   |
[INFO] [stderr]   = note: `#[warn(dead_code)]` on by default
[INFO] [stderr] 
[INFO] [stderr] warning: variant is never constructed: `Baud115200`
[INFO] [stderr]  --> src/datagps.rs:8:5
[INFO] [stderr]   |
[INFO] [stderr] 8 |     Baud115200
[INFO] [stderr]   |     ^^^^^^^^^^
[INFO] [stderr] 
[INFO] [stderr] warning: associated function is never used: `get_latitude`
[INFO] [stderr]   --> src/datagps.rs:96:12
[INFO] [stderr]    |
[INFO] [stderr] 96 |     pub fn get_latitude(&mut self) -> String {
[INFO] [stderr]    |            ^^^^^^^^^^^^
[INFO] [stderr] 
[INFO] [stderr] warning: associated function is never used: `get_time`
[INFO] [stderr]    --> src/datagps.rs:106:12
[INFO] [stderr]     |
[INFO] [stderr] 106 |     pub fn get_time(&mut self) -> String {
[INFO] [stderr]     |            ^^^^^^^^
[INFO] [stderr] 
[INFO] [stderr] warning: associated function is never used: `get_longitude`
[INFO] [stderr]    --> src/datagps.rs:116:12
[INFO] [stderr]     |
[INFO] [stderr] 116 |     pub fn get_longitude(&mut self) -> String {
[INFO] [stderr]     |            ^^^^^^^^^^^^^
[INFO] [stderr] 
[INFO] [stderr] warning: associated function is never used: `get_baud_rate`
[INFO] [stderr]    --> src/datagps.rs:126:12
[INFO] [stderr]     |
[INFO] [stderr] 126 |     pub fn get_baud_rate(&self) -> u32 {
[INFO] [stderr]     |            ^^^^^^^^^^^^^
[INFO] [stderr] 
[INFO] [stderr] warning: associated function is never used: `get_uart_status`
[INFO] [stderr]    --> src/datagps.rs:131:12
[INFO] [stderr]     |
[INFO] [stderr] 131 |     pub fn get_uart_status(&self) -> rpi_embedded::uart::Status {
[INFO] [stderr]     |            ^^^^^^^^^^^^^^^
[INFO] [stderr] 
[INFO] [stderr] warning: associated function is never used: `set_baud_rate`
[INFO] [stderr]    --> src/datagps.rs:136:12
[INFO] [stderr]     |
[INFO] [stderr] 136 |     pub fn set_baud_rate(&mut self,baud_rate:&Bauds) {
[INFO] [stderr]     |            ^^^^^^^^^^^^^
[INFO] [stderr] 
[INFO] [stderr] warning: `mech1-gpsreader` (bin "mech1-gpsreader" test) generated 8 warnings
[INFO] [stderr]     Finished test [unoptimized + debuginfo] target(s) in 0.04s
[INFO] [stderr]      Running unittests (/opt/rustwide/target/debug/deps/mech1_gpsreader-571432893e34b5eb)
[INFO] [stdout] 
[INFO] [stderr]      Running unittests (/opt/rustwide/target/debug/deps/mech1_gpsreader-4c1d50ee925789d6)
[INFO] [stdout] running 0 tests
[INFO] [stdout] 
[INFO] [stdout] test result: ok. 0 passed; 0 failed; 0 ignored; 0 measured; 0 filtered out; finished in 0.00s
[INFO] [stdout] 
[INFO] [stdout] 
[INFO] [stdout] running 0 tests
[INFO] [stdout] 
[INFO] [stdout] test result: ok. 0 passed; 0 failed; 0 ignored; 0 measured; 0 filtered out; finished in 0.00s
[INFO] [stdout] 
[INFO] [stderr]    Doc-tests mech1_gpsreader
[INFO] [stdout] 
[INFO] [stdout] running 2 tests
[INFO] [stdout] test src/datagps.rs - DataGPS::new (line 39) ... FAILED
[INFO] [stdout] test src/datagps.rs - DataGPS::read_all_data (line 61) ... FAILED
[INFO] [stdout] 
[INFO] [stdout] failures:
[INFO] [stdout] 
[INFO] [stdout] ---- src/datagps.rs - DataGPS::new (line 39) stdout ----
[INFO] [stdout] error[E0433]: failed to resolve: use of undeclared type `Bauds`
[INFO] [stdout]  --> src/datagps.rs:40:35
[INFO] [stdout]   |
[INFO] [stdout] 3 | let mut connection = DataGPS::new(Bauds::Baud9600);
[INFO] [stdout]   |                                   ^^^^^ use of undeclared type `Bauds`
[INFO] [stdout] 
[INFO] [stdout] error[E0433]: failed to resolve: use of undeclared type `DataGPS`
[INFO] [stdout]  --> src/datagps.rs:40:22
[INFO] [stdout]   |
[INFO] [stdout] 3 | let mut connection = DataGPS::new(Bauds::Baud9600);
[INFO] [stdout]   |                      ^^^^^^^ not found in this scope
[INFO] [stdout]   |
[INFO] [stdout] help: consider importing this struct
[INFO] [stdout]   |
[INFO] [stdout] 2 | use mech1_gpsreader::DataGPS;
[INFO] [stdout]   |
[INFO] [stdout] 
[INFO] [stdout] error: aborting due to 2 previous errors
[INFO] [stdout] 
[INFO] [stdout] For more information about this error, try `rustc --explain E0433`.
[INFO] [stdout] Couldn't compile the test.
[INFO] [stdout] ---- src/datagps.rs - DataGPS::read_all_data (line 61) stdout ----
[INFO] [stdout] error[E0433]: failed to resolve: use of undeclared type `Bauds`
[INFO] [stdout]  --> src/datagps.rs:62:35
[INFO] [stdout]   |
[INFO] [stdout] 3 | let mut connection = DataGPS::new(Bauds::Baud9600);
[INFO] [stdout]   |                                   ^^^^^ use of undeclared type `Bauds`
[INFO] [stdout] 
[INFO] [stdout] error[E0433]: failed to resolve: use of undeclared type `DataGPS`
[INFO] [stdout]  --> src/datagps.rs:62:22
[INFO] [stdout]   |
[INFO] [stdout] 3 | let mut connection = DataGPS::new(Bauds::Baud9600);
[INFO] [stdout]   |                      ^^^^^^^ not found in this scope
[INFO] [stdout]   |
[INFO] [stdout] help: consider importing this struct
[INFO] [stdout]   |
[INFO] [stdout] 2 | use mech1_gpsreader::DataGPS;
[INFO] [stdout]   |
[INFO] [stdout] 
[INFO] [stdout] error: aborting due to 2 previous errors
[INFO] [stdout] 
[INFO] [stdout] For more information about this error, try `rustc --explain E0433`.
[INFO] [stdout] Couldn't compile the test.
[INFO] [stdout] 
[INFO] [stdout] failures:
[INFO] [stdout]     src/datagps.rs - DataGPS::new (line 39)
[INFO] [stdout]     src/datagps.rs - DataGPS::read_all_data (line 61)
[INFO] [stdout] 
[INFO] [stdout] test result: FAILED. 0 passed; 2 failed; 0 ignored; 0 measured; 0 filtered out; finished in 0.08s
[INFO] [stdout] 
[INFO] [stderr] error: test failed, to rerun pass '--doc'
[INFO] running `Command { std: "docker" "inspect" "de2910e8716886e710b3c949accdf7830d032a704ce492e6e6e2f1f8fe34156a", kill_on_drop: false }`
[INFO] running `Command { std: "docker" "rm" "-f" "de2910e8716886e710b3c949accdf7830d032a704ce492e6e6e2f1f8fe34156a", kill_on_drop: false }`
[INFO] [stdout] de2910e8716886e710b3c949accdf7830d032a704ce492e6e6e2f1f8fe34156a
