[INFO] fetching crate mcp23x17 0.2.0...
[INFO] testing mcp23x17-0.2.0 against beta-2021-08-01 for beta-1.55-1
[INFO] extracting crate mcp23x17 0.2.0 into /workspace/builds/worker-109/source
[INFO] validating manifest of crates.io crate mcp23x17 0.2.0 on toolchain beta-2021-08-01
[INFO] running `Command { std: "/workspace/cargo-home/bin/cargo" "+beta-2021-08-01" "metadata" "--manifest-path" "Cargo.toml" "--no-deps", kill_on_drop: false }`
[INFO] started tweaking crates.io crate mcp23x17 0.2.0
[INFO] finished tweaking crates.io crate mcp23x17 0.2.0
[INFO] tweaked toml for crates.io crate mcp23x17 0.2.0 written to /workspace/builds/worker-109/source/Cargo.toml
[INFO] running `Command { std: "/workspace/cargo-home/bin/cargo" "+beta-2021-08-01" "generate-lockfile" "--manifest-path" "Cargo.toml" "-Zno-index-update", kill_on_drop: false }`
[INFO] running `Command { std: "/workspace/cargo-home/bin/cargo" "+beta-2021-08-01" "fetch" "--manifest-path" "Cargo.toml", kill_on_drop: false }`
[INFO] [stderr]     Blocking waiting for file lock on package cache
[INFO] [stderr]  Downloading crates ...
[INFO] [stderr]   Downloaded embedded-hal-mock v0.2.0
[INFO] running `Command { std: "docker" "create" "-v" "/var/lib/crater-agent-workspace/builds/worker-109/target:/opt/rustwide/target:rw,Z" "-v" "/var/lib/crater-agent-workspace/builds/worker-109/source:/opt/rustwide/workdir:ro,Z" "-v" "/var/lib/crater-agent-workspace/cargo-home:/opt/rustwide/cargo-home:ro,Z" "-v" "/var/lib/crater-agent-workspace/rustup-home:/opt/rustwide/rustup-home:ro,Z" "-e" "SOURCE_DIR=/opt/rustwide/workdir" "-e" "CARGO_TARGET_DIR=/opt/rustwide/target" "-e" "CARGO_HOME=/opt/rustwide/cargo-home" "-e" "RUSTUP_HOME=/opt/rustwide/rustup-home" "-w" "/opt/rustwide/workdir" "-m" "1610612736" "--user" "0:0" "--network" "none" "ghcr.io/rust-lang/crates-build-env/linux@sha256:34b6a614d2c27851fe6cbf88fbd1137609cefab8b10d0615aaeb6fd47975d74e" "/opt/rustwide/cargo-home/bin/cargo" "+beta-2021-08-01" "metadata" "--no-deps" "--format-version=1", kill_on_drop: false }`
[INFO] [stdout] f97f732dd82f01e1a74b8539f4ff5378163c9acf2b6d19c8346623222e5f0227
[INFO] running `Command { std: "docker" "start" "-a" "f97f732dd82f01e1a74b8539f4ff5378163c9acf2b6d19c8346623222e5f0227", kill_on_drop: false }`
[INFO] running `Command { std: "docker" "inspect" "f97f732dd82f01e1a74b8539f4ff5378163c9acf2b6d19c8346623222e5f0227", kill_on_drop: false }`
[INFO] running `Command { std: "docker" "rm" "-f" "f97f732dd82f01e1a74b8539f4ff5378163c9acf2b6d19c8346623222e5f0227", kill_on_drop: false }`
[INFO] [stdout] f97f732dd82f01e1a74b8539f4ff5378163c9acf2b6d19c8346623222e5f0227
[INFO] running `Command { std: "docker" "create" "-v" "/var/lib/crater-agent-workspace/builds/worker-109/target:/opt/rustwide/target:rw,Z" "-v" "/var/lib/crater-agent-workspace/builds/worker-109/source:/opt/rustwide/workdir:ro,Z" "-v" "/var/lib/crater-agent-workspace/cargo-home:/opt/rustwide/cargo-home:ro,Z" "-v" "/var/lib/crater-agent-workspace/rustup-home:/opt/rustwide/rustup-home:ro,Z" "-e" "SOURCE_DIR=/opt/rustwide/workdir" "-e" "CARGO_TARGET_DIR=/opt/rustwide/target" "-e" "CARGO_INCREMENTAL=0" "-e" "RUST_BACKTRACE=full" "-e" "RUSTFLAGS=--cap-lints=warn" "-e" "CARGO_HOME=/opt/rustwide/cargo-home" "-e" "RUSTUP_HOME=/opt/rustwide/rustup-home" "-w" "/opt/rustwide/workdir" "-m" "1610612736" "--user" "0:0" "--network" "none" "ghcr.io/rust-lang/crates-build-env/linux@sha256:34b6a614d2c27851fe6cbf88fbd1137609cefab8b10d0615aaeb6fd47975d74e" "/opt/rustwide/cargo-home/bin/cargo" "+beta-2021-08-01" "build" "--frozen" "--message-format=json", kill_on_drop: false }`
[INFO] [stdout] c75959dfc7e6a526e86e6e79437af60dfee9667b430929d5815b6503c05fb0a2
[INFO] running `Command { std: "docker" "start" "-a" "c75959dfc7e6a526e86e6e79437af60dfee9667b430929d5815b6503c05fb0a2", kill_on_drop: false }`
[INFO] [stderr]    Compiling nb v1.0.0
[INFO] [stderr]    Compiling void v1.0.2
[INFO] [stderr]    Compiling nb v0.1.3
[INFO] [stderr]    Compiling embedded-hal v0.2.6
[INFO] [stderr]    Compiling mcp23x17 v0.2.0 (/opt/rustwide/workdir)
[INFO] [stdout] warning: associated constant `_nothin` should have an upper case name
[INFO] [stdout]    --> src/lib.rs:101:15
[INFO] [stdout]     |
[INFO] [stdout] 101 |         const _nothin = 1 << 0;
[INFO] [stdout]     |               ^^^^^^^ help: convert the identifier to upper case: `_NOTHIN`
[INFO] [stdout]     |
[INFO] [stdout]     = note: `#[warn(non_upper_case_globals)]` on by default
[INFO] [stdout] 
[INFO] [stdout] 
[INFO] [stdout] warning: associated constant `_nothin` should have an upper case name
[INFO] [stdout]    --> src/lib.rs:101:15
[INFO] [stdout]     |
[INFO] [stdout] 101 |         const _nothin = 1 << 0;
[INFO] [stdout]     |               ^^^^^^^ help: convert the identifier to upper case: `_NOTHIN`
[INFO] [stdout] 
[INFO] [stdout] 
[INFO] [stdout] warning: 2 warnings emitted
[INFO] [stdout] 
[INFO] [stdout] 
[INFO] [stderr]     Finished dev [unoptimized + debuginfo] target(s) in 1.81s
[INFO] running `Command { std: "docker" "inspect" "c75959dfc7e6a526e86e6e79437af60dfee9667b430929d5815b6503c05fb0a2", kill_on_drop: false }`
[INFO] running `Command { std: "docker" "rm" "-f" "c75959dfc7e6a526e86e6e79437af60dfee9667b430929d5815b6503c05fb0a2", kill_on_drop: false }`
[INFO] [stdout] c75959dfc7e6a526e86e6e79437af60dfee9667b430929d5815b6503c05fb0a2
[INFO] running `Command { std: "docker" "create" "-v" "/var/lib/crater-agent-workspace/builds/worker-109/target:/opt/rustwide/target:rw,Z" "-v" "/var/lib/crater-agent-workspace/builds/worker-109/source:/opt/rustwide/workdir:ro,Z" "-v" "/var/lib/crater-agent-workspace/cargo-home:/opt/rustwide/cargo-home:ro,Z" "-v" "/var/lib/crater-agent-workspace/rustup-home:/opt/rustwide/rustup-home:ro,Z" "-e" "SOURCE_DIR=/opt/rustwide/workdir" "-e" "CARGO_TARGET_DIR=/opt/rustwide/target" "-e" "CARGO_INCREMENTAL=0" "-e" "RUST_BACKTRACE=full" "-e" "RUSTFLAGS=--cap-lints=warn" "-e" "CARGO_HOME=/opt/rustwide/cargo-home" "-e" "RUSTUP_HOME=/opt/rustwide/rustup-home" "-w" "/opt/rustwide/workdir" "-m" "1610612736" "--user" "0:0" "--network" "none" "ghcr.io/rust-lang/crates-build-env/linux@sha256:34b6a614d2c27851fe6cbf88fbd1137609cefab8b10d0615aaeb6fd47975d74e" "/opt/rustwide/cargo-home/bin/cargo" "+beta-2021-08-01" "test" "--frozen" "--no-run" "--message-format=json", kill_on_drop: false }`
[INFO] [stdout] 6357e723a9b0f646092da4a6314ae0fd5bcb12bddbbf318ee26084696d0f90a6
[INFO] running `Command { std: "docker" "start" "-a" "6357e723a9b0f646092da4a6314ae0fd5bcb12bddbbf318ee26084696d0f90a6", kill_on_drop: false }`
[INFO] [stderr]     Blocking waiting for file lock on package cache
[INFO] [stderr]    Compiling semver v1.0.4
[INFO] [stderr]    Compiling cfg-if v0.1.10
[INFO] [stderr]    Compiling semver v0.1.20
[INFO] [stderr]    Compiling nix v0.14.1
[INFO] [stderr]    Compiling bitflags v0.4.0
[INFO] [stderr]    Compiling bitflags v0.3.3
[INFO] [stderr]    Compiling embedded-hal-mock v0.2.0
[INFO] [stdout] warning: associated constant `_nothin` should have an upper case name
[INFO] [stdout]    --> src/lib.rs:101:15
[INFO] [stdout]     |
[INFO] [stdout] 101 |         const _nothin = 1 << 0;
[INFO] [stdout]     |               ^^^^^^^ help: convert the identifier to upper case: `_NOTHIN`
[INFO] [stdout]     |
[INFO] [stdout]     = note: `#[warn(non_upper_case_globals)]` on by default
[INFO] [stdout] 
[INFO] [stdout] 
[INFO] [stdout] warning: associated constant `_nothin` should have an upper case name
[INFO] [stdout]    --> src/lib.rs:101:15
[INFO] [stdout]     |
[INFO] [stdout] 101 |         const _nothin = 1 << 0;
[INFO] [stdout]     |               ^^^^^^^ help: convert the identifier to upper case: `_NOTHIN`
[INFO] [stdout] 
[INFO] [stdout] 
[INFO] [stdout] warning: 2 warnings emitted
[INFO] [stdout] 
[INFO] [stdout] 
[INFO] [stderr]    Compiling rustc_version v0.1.7
[INFO] [stderr]    Compiling nix v0.6.0
[INFO] [stderr]    Compiling rustc_version v0.4.0
[INFO] [stderr]    Compiling cast v0.2.7
[INFO] [stderr]    Compiling spidev v0.3.0
[INFO] [stderr]    Compiling i2cdev v0.4.4
[INFO] [stderr]    Compiling sysfs_gpio v0.5.4
[INFO] [stderr]    Compiling linux-embedded-hal v0.2.2
[INFO] [stderr]    Compiling mcp23x17 v0.2.0 (/opt/rustwide/workdir)
[INFO] [stdout] warning: trait objects without an explicit `dyn` are deprecated
[INFO] [stdout]   --> examples/pi.rs:27:29
[INFO] [stdout]    |
[INFO] [stdout] 27 | fn main() -> Result<(), Box<Error>> {
[INFO] [stdout]    |                             ^^^^^ help: use `dyn`: `dyn Error`
[INFO] [stdout]    |
[INFO] [stdout]    = note: `#[warn(bare_trait_objects)]` on by default
[INFO] [stdout]    = warning: this is accepted in the current edition (Rust 2015) but is a hard error in Rust 2021!
[INFO] [stdout]    = note: for more information, see issue #80165 <https://github.com/rust-lang/rust/issues/80165>
[INFO] [stdout] 
[INFO] [stdout] 
[INFO] [stdout] warning: unused import: `super::*`
[INFO] [stdout]    --> src/lib.rs:273:9
[INFO] [stdout]     |
[INFO] [stdout] 273 |     use super::*;
[INFO] [stdout]     |         ^^^^^^^^
[INFO] [stdout]     |
[INFO] [stdout]     = note: `#[warn(unused_imports)]` on by default
[INFO] [stdout] 
[INFO] [stdout] 
[INFO] [stdout] warning: associated constant `_nothin` should have an upper case name
[INFO] [stdout]    --> src/lib.rs:101:15
[INFO] [stdout]     |
[INFO] [stdout] 101 |         const _nothin = 1 << 0;
[INFO] [stdout]     |               ^^^^^^^ help: convert the identifier to upper case: `_NOTHIN`
[INFO] [stdout]     |
[INFO] [stdout]     = note: `#[warn(non_upper_case_globals)]` on by default
[INFO] [stdout] 
[INFO] [stdout] 
[INFO] [stdout] warning: associated constant `_nothin` should have an upper case name
[INFO] [stdout]    --> src/lib.rs:101:15
[INFO] [stdout]     |
[INFO] [stdout] 101 |         const _nothin = 1 << 0;
[INFO] [stdout]     |               ^^^^^^^ help: convert the identifier to upper case: `_NOTHIN`
[INFO] [stdout] 
[INFO] [stdout] 
[INFO] [stdout] warning: 3 warnings emitted
[INFO] [stdout] 
[INFO] [stdout] 
[INFO] [stdout] warning: 1 warning emitted
[INFO] [stdout] 
[INFO] [stdout] 
[INFO] [stderr]     Finished test [unoptimized + debuginfo] target(s) in 11.93s
[INFO] running `Command { std: "docker" "inspect" "6357e723a9b0f646092da4a6314ae0fd5bcb12bddbbf318ee26084696d0f90a6", kill_on_drop: false }`
[INFO] running `Command { std: "docker" "rm" "-f" "6357e723a9b0f646092da4a6314ae0fd5bcb12bddbbf318ee26084696d0f90a6", kill_on_drop: false }`
[INFO] [stdout] 6357e723a9b0f646092da4a6314ae0fd5bcb12bddbbf318ee26084696d0f90a6
[INFO] running `Command { std: "docker" "create" "-v" "/var/lib/crater-agent-workspace/builds/worker-109/target:/opt/rustwide/target:rw,Z" "-v" "/var/lib/crater-agent-workspace/builds/worker-109/source:/opt/rustwide/workdir:ro,Z" "-v" "/var/lib/crater-agent-workspace/cargo-home:/opt/rustwide/cargo-home:ro,Z" "-v" "/var/lib/crater-agent-workspace/rustup-home:/opt/rustwide/rustup-home:ro,Z" "-e" "SOURCE_DIR=/opt/rustwide/workdir" "-e" "CARGO_TARGET_DIR=/opt/rustwide/target" "-e" "CARGO_INCREMENTAL=0" "-e" "RUST_BACKTRACE=full" "-e" "RUSTFLAGS=--cap-lints=warn" "-e" "CARGO_HOME=/opt/rustwide/cargo-home" "-e" "RUSTUP_HOME=/opt/rustwide/rustup-home" "-w" "/opt/rustwide/workdir" "-m" "1610612736" "--user" "0:0" "--network" "none" "ghcr.io/rust-lang/crates-build-env/linux@sha256:34b6a614d2c27851fe6cbf88fbd1137609cefab8b10d0615aaeb6fd47975d74e" "/opt/rustwide/cargo-home/bin/cargo" "+beta-2021-08-01" "test" "--frozen", kill_on_drop: false }`
[INFO] [stdout] f70b20efc7bf22fad0a38a8235522905cf1097c0021e7a93986b96e2d6b3404e
[INFO] running `Command { std: "docker" "start" "-a" "f70b20efc7bf22fad0a38a8235522905cf1097c0021e7a93986b96e2d6b3404e", kill_on_drop: false }`
[INFO] [stderr]     Blocking waiting for file lock on package cache
[INFO] [stderr] warning: associated constant `_nothin` should have an upper case name
[INFO] [stderr]    --> src/lib.rs:101:15
[INFO] [stderr]     |
[INFO] [stderr] 101 |         const _nothin = 1 << 0;
[INFO] [stderr]     |               ^^^^^^^ help: convert the identifier to upper case: `_NOTHIN`
[INFO] [stderr]     |
[INFO] [stderr]     = note: `#[warn(non_upper_case_globals)]` on by default
[INFO] [stderr] 
[INFO] [stderr] warning: associated constant `_nothin` should have an upper case name
[INFO] [stderr]    --> src/lib.rs:101:15
[INFO] [stderr]     |
[INFO] [stderr] 101 |         const _nothin = 1 << 0;
[INFO] [stderr]     |               ^^^^^^^ help: convert the identifier to upper case: `_NOTHIN`
[INFO] [stderr] 
[INFO] [stderr] warning: `mcp23x17` (lib) generated 2 warnings
[INFO] [stderr] warning: trait objects without an explicit `dyn` are deprecated
[INFO] [stderr]   --> examples/pi.rs:27:29
[INFO] [stderr]    |
[INFO] [stderr] 27 | fn main() -> Result<(), Box<Error>> {
[INFO] [stderr]    |                             ^^^^^ help: use `dyn`: `dyn Error`
[INFO] [stderr]    |
[INFO] [stderr]    = note: `#[warn(bare_trait_objects)]` on by default
[INFO] [stderr]    = warning: this is accepted in the current edition (Rust 2015) but is a hard error in Rust 2021!
[INFO] [stderr]    = note: for more information, see issue #80165 <https://github.com/rust-lang/rust/issues/80165>
[INFO] [stderr] 
[INFO] [stderr] warning: unused import: `super::*`
[INFO] [stderr]    --> src/lib.rs:273:9
[INFO] [stderr]     |
[INFO] [stderr] 273 |     use super::*;
[INFO] [stderr]     |         ^^^^^^^^
[INFO] [stderr]     |
[INFO] [stderr]     = note: `#[warn(unused_imports)]` on by default
[INFO] [stderr] 
[INFO] [stderr] warning: `mcp23x17` (example "pi") generated 1 warning
[INFO] [stderr] warning: `mcp23x17` (lib test) generated 3 warnings (2 duplicates)
[INFO] [stderr]     Finished test [unoptimized + debuginfo] target(s) in 0.21s
[INFO] [stderr]      Running unittests (/opt/rustwide/target/debug/deps/mcp23x17-e832690bfb4b13a5)
[INFO] [stdout] 
[INFO] [stderr]    Doc-tests mcp23x17
[INFO] [stdout] running 1 test
[INFO] [stdout] test tests::it_works ... ok
[INFO] [stdout] 
[INFO] [stdout] test result: ok. 1 passed; 0 failed; 0 ignored; 0 measured; 0 filtered out; finished in 0.00s
[INFO] [stdout] 
[INFO] [stdout] 
[INFO] [stdout] running 1 test
[INFO] [stdout] test src/lib.rs - (line 11) ... FAILED
[INFO] [stdout] 
[INFO] [stdout] failures:
[INFO] [stdout] 
[INFO] [stdout] ---- src/lib.rs - (line 11) stdout ----
[INFO] [stdout] error[E0432]: unresolved import `linux_hal`
[INFO] [stdout]  --> src/lib.rs:12:5
[INFO] [stdout]   |
[INFO] [stdout] 3 | use linux_hal::I2cdev;
[INFO] [stdout]   |     ^^^^^^^^^ maybe a missing crate `linux_hal`?
[INFO] [stdout] 
[INFO] [stdout] error[E0412]: cannot find type `Error` in this scope
[INFO] [stdout]  --> src/lib.rs:18:29
[INFO] [stdout]   |
[INFO] [stdout] 9 | fn main() -> Result<(), Box<Error>> {
[INFO] [stdout]   |                             ^^^^^ not found in this scope
[INFO] [stdout]   |
[INFO] [stdout] help: consider importing one of these items
[INFO] [stdout]   |
[INFO] [stdout] 3 | use std::error::Error;
[INFO] [stdout]   |
[INFO] [stdout] 3 | use std::fmt::Error;
[INFO] [stdout]   |
[INFO] [stdout] 3 | use std::io::Error;
[INFO] [stdout]   |
[INFO] [stdout] 
[INFO] [stdout] error: aborting due to 2 previous errors
[INFO] [stdout] 
[INFO] [stdout] Some errors have detailed explanations: E0412, E0432.
[INFO] [stdout] For more information about an error, try `rustc --explain E0412`.
[INFO] [stdout] Couldn't compile the test.
[INFO] [stdout] 
[INFO] [stdout] failures:
[INFO] [stdout]     src/lib.rs - (line 11)
[INFO] [stdout] 
[INFO] [stdout] test result: FAILED. 0 passed; 1 failed; 0 ignored; 0 measured; 0 filtered out; finished in 0.09s
[INFO] [stdout] 
[INFO] [stderr] error: test failed, to rerun pass '--doc'
[INFO] running `Command { std: "docker" "inspect" "f70b20efc7bf22fad0a38a8235522905cf1097c0021e7a93986b96e2d6b3404e", kill_on_drop: false }`
[INFO] running `Command { std: "docker" "rm" "-f" "f70b20efc7bf22fad0a38a8235522905cf1097c0021e7a93986b96e2d6b3404e", kill_on_drop: false }`
[INFO] [stdout] f70b20efc7bf22fad0a38a8235522905cf1097c0021e7a93986b96e2d6b3404e
