[INFO] fetching crate maxim 0.1.0-alpha.0...
[INFO] testing maxim-0.1.0-alpha.0 against beta-2021-08-01 for beta-1.55-1
[INFO] extracting crate maxim 0.1.0-alpha.0 into /workspace/builds/worker-6/source
[INFO] validating manifest of crates.io crate maxim 0.1.0-alpha.0 on toolchain beta-2021-08-01
[INFO] running `Command { std: "/workspace/cargo-home/bin/cargo" "+beta-2021-08-01" "metadata" "--manifest-path" "Cargo.toml" "--no-deps", kill_on_drop: false }`
[INFO] started tweaking crates.io crate maxim 0.1.0-alpha.0
[INFO] finished tweaking crates.io crate maxim 0.1.0-alpha.0
[INFO] tweaked toml for crates.io crate maxim 0.1.0-alpha.0 written to /workspace/builds/worker-6/source/Cargo.toml
[INFO] crate crates.io crate maxim 0.1.0-alpha.0 already has a lockfile, it will not be regenerated
[INFO] running `Command { std: "/workspace/cargo-home/bin/cargo" "+beta-2021-08-01" "fetch" "--manifest-path" "Cargo.toml", kill_on_drop: false }`
[INFO] [stderr]     Blocking waiting for file lock on package cache
[INFO] [stderr]  Downloading crates ...
[INFO] [stderr]   Downloaded rand v0.6.5
[INFO] [stderr]   Downloaded rand_chacha v0.1.1
[INFO] [stderr]   Downloaded serde_derive v1.0.105
[INFO] [stderr]   Downloaded winapi-util v0.1.3
[INFO] [stderr]   Downloaded stable_deref_trait v1.1.1
[INFO] [stderr]   Downloaded redox_syscall v0.1.56
[INFO] [stderr]   Downloaded owning_ref v0.4.1
[INFO] [stderr]   Downloaded hashbrown v0.6.3
[INFO] [stderr]   Downloaded bincode v1.2.1
[INFO] [stderr]   Downloaded num_cpus v1.12.0
[INFO] [stderr]   Downloaded const-random-macro v0.1.8
[INFO] [stderr]   Downloaded getrandom v0.1.14
[INFO] [stderr]   Downloaded futures-sink v0.3.4
[INFO] [stderr]   Downloaded ahash v0.2.18
[INFO] [stderr]   Downloaded futures-io v0.3.4
[INFO] [stderr]   Downloaded ryu v1.0.3
[INFO] [stderr]   Downloaded const-random v0.1.8
[INFO] [stderr]   Downloaded serde_json v1.0.48
[INFO] [stderr]   Downloaded proc-macro-nested v0.1.4
[INFO] [stderr]   Downloaded lock_api v0.3.3
[INFO] [stderr]   Downloaded syn v1.0.17
[INFO] [stderr]   Downloaded ppv-lite86 v0.2.6
[INFO] [stderr]   Downloaded autocfg v0.1.7
[INFO] [stderr]   Downloaded rand_hc v0.1.0
[INFO] [stderr]   Downloaded proc-macro2 v1.0.9
[INFO] [stderr]   Downloaded futures v0.3.4
[INFO] [stderr]   Downloaded rand_xorshift v0.1.1
[INFO] [stderr]   Downloaded libc v0.2.68
[INFO] [stderr]   Downloaded quote v1.0.3
[INFO] [stderr]   Downloaded smallvec v0.6.13
[INFO] [stderr]   Downloaded maybe-uninit v2.0.0
[INFO] [stderr]   Downloaded parking_lot_core v0.6.2
[INFO] [stderr]   Downloaded parking_lot v0.9.0
[INFO] [stderr]   Downloaded futures-channel v0.3.4
[INFO] [stderr]   Downloaded futures-macro v0.3.4
[INFO] [stderr]   Downloaded proc-macro-hack v0.5.14
[INFO] [stderr]   Downloaded env_logger v0.6.2
[INFO] [stderr]   Downloaded once_cell v1.3.1
[INFO] [stderr]   Downloaded rand_xoshiro v0.4.0
[INFO] [stderr]   Downloaded rand_os v0.1.3
[INFO] [stderr]   Downloaded rand_isaac v0.1.1
[INFO] [stderr]   Downloaded hermit-abi v0.1.8
[INFO] [stderr]   Downloaded rand_jitter v0.1.4
[INFO] [stderr]   Downloaded uuid v0.7.4
[INFO] [stderr]   Downloaded rand_pcg v0.1.2
[INFO] [stderr]   Downloaded dashmap v1.2.1
[INFO] [stderr]   Downloaded secc v0.0.10
[INFO] running `Command { std: "docker" "create" "-v" "/var/lib/crater-agent-workspace/builds/worker-6/target:/opt/rustwide/target:rw,Z" "-v" "/var/lib/crater-agent-workspace/builds/worker-6/source:/opt/rustwide/workdir:ro,Z" "-v" "/var/lib/crater-agent-workspace/cargo-home:/opt/rustwide/cargo-home:ro,Z" "-v" "/var/lib/crater-agent-workspace/rustup-home:/opt/rustwide/rustup-home:ro,Z" "-e" "SOURCE_DIR=/opt/rustwide/workdir" "-e" "CARGO_TARGET_DIR=/opt/rustwide/target" "-e" "CARGO_HOME=/opt/rustwide/cargo-home" "-e" "RUSTUP_HOME=/opt/rustwide/rustup-home" "-w" "/opt/rustwide/workdir" "-m" "1610612736" "--user" "0:0" "--network" "none" "ghcr.io/rust-lang/crates-build-env/linux@sha256:34b6a614d2c27851fe6cbf88fbd1137609cefab8b10d0615aaeb6fd47975d74e" "/opt/rustwide/cargo-home/bin/cargo" "+beta-2021-08-01" "metadata" "--no-deps" "--format-version=1", kill_on_drop: false }`
[INFO] [stdout] deddd4e323375ada4669edc50a3058829f006a38d48f458d5d1800dc0cb1e372
[INFO] [stderr] WARNING: Your kernel does not support swap limit capabilities or the cgroup is not mounted. Memory limited without swap.
[INFO] running `Command { std: "docker" "start" "-a" "deddd4e323375ada4669edc50a3058829f006a38d48f458d5d1800dc0cb1e372", kill_on_drop: false }`
[INFO] running `Command { std: "docker" "inspect" "deddd4e323375ada4669edc50a3058829f006a38d48f458d5d1800dc0cb1e372", kill_on_drop: false }`
[INFO] running `Command { std: "docker" "rm" "-f" "deddd4e323375ada4669edc50a3058829f006a38d48f458d5d1800dc0cb1e372", kill_on_drop: false }`
[INFO] [stdout] deddd4e323375ada4669edc50a3058829f006a38d48f458d5d1800dc0cb1e372
[INFO] running `Command { std: "docker" "create" "-v" "/var/lib/crater-agent-workspace/builds/worker-6/target:/opt/rustwide/target:rw,Z" "-v" "/var/lib/crater-agent-workspace/builds/worker-6/source:/opt/rustwide/workdir:ro,Z" "-v" "/var/lib/crater-agent-workspace/cargo-home:/opt/rustwide/cargo-home:ro,Z" "-v" "/var/lib/crater-agent-workspace/rustup-home:/opt/rustwide/rustup-home:ro,Z" "-e" "SOURCE_DIR=/opt/rustwide/workdir" "-e" "CARGO_TARGET_DIR=/opt/rustwide/target" "-e" "CARGO_INCREMENTAL=0" "-e" "RUST_BACKTRACE=full" "-e" "RUSTFLAGS=--cap-lints=warn" "-e" "CARGO_HOME=/opt/rustwide/cargo-home" "-e" "RUSTUP_HOME=/opt/rustwide/rustup-home" "-w" "/opt/rustwide/workdir" "-m" "1610612736" "--user" "0:0" "--network" "none" "ghcr.io/rust-lang/crates-build-env/linux@sha256:34b6a614d2c27851fe6cbf88fbd1137609cefab8b10d0615aaeb6fd47975d74e" "/opt/rustwide/cargo-home/bin/cargo" "+beta-2021-08-01" "build" "--frozen" "--message-format=json", kill_on_drop: false }`
[INFO] [stdout] 4847e090e9778abf1931379262b5f2f2f725b3c70e607c05522f26df5ec4fcb4
[INFO] [stderr] WARNING: Your kernel does not support swap limit capabilities or the cgroup is not mounted. Memory limited without swap.
[INFO] running `Command { std: "docker" "start" "-a" "4847e090e9778abf1931379262b5f2f2f725b3c70e607c05522f26df5ec4fcb4", kill_on_drop: false }`
[INFO] [stderr]    Compiling syn v1.0.17
[INFO] [stderr]    Compiling proc-macro-hack v0.5.14
[INFO] [stderr]    Compiling futures-core v0.3.4
[INFO] [stderr]    Compiling futures-sink v0.3.4
[INFO] [stderr]    Compiling serde v1.0.105
[INFO] [stderr]    Compiling secc v0.0.10
[INFO] [stderr]    Compiling hashbrown v0.6.3
[INFO] [stderr]    Compiling owning_ref v0.4.1
[INFO] [stderr]    Compiling parking_lot v0.9.0
[INFO] [stderr]    Compiling rand_os v0.1.3
[INFO] [stderr]    Compiling parking_lot_core v0.6.2
[INFO] [stderr]    Compiling rand_xoshiro v0.4.0
[INFO] [stderr]    Compiling rand v0.6.5
[INFO] [stderr]    Compiling futures-channel v0.3.4
[INFO] [stderr]    Compiling lock_api v0.3.3
[INFO] [stderr]    Compiling const-random-macro v0.1.8
[INFO] [stderr]    Compiling const-random v0.1.8
[INFO] [stderr]    Compiling ahash v0.2.18
[INFO] [stderr]    Compiling futures-macro v0.3.4
[INFO] [stderr]    Compiling serde_derive v1.0.105
[INFO] [stderr]    Compiling futures-util v0.3.4
[INFO] [stderr]    Compiling futures-executor v0.3.4
[INFO] [stderr]    Compiling futures v0.3.4
[INFO] [stderr]    Compiling dashmap v1.2.1
[INFO] [stderr]    Compiling uuid v0.7.4
[INFO] [stderr]    Compiling bincode v1.2.1
[INFO] [stderr]    Compiling maxim v0.1.0-alpha.0 (/opt/rustwide/workdir)
[INFO] [stdout] warning: use of deprecated associated function `std::sync::atomic::AtomicBool::compare_and_swap`: Use `compare_exchange` or `compare_exchange_weak` instead
[INFO] [stdout]    --> src/system.rs:337:14
[INFO] [stdout]     |
[INFO] [stdout] 337 |             .compare_and_swap(false, true, Ordering::Relaxed)
[INFO] [stdout]     |              ^^^^^^^^^^^^^^^^
[INFO] [stdout]     |
[INFO] [stdout]     = note: `#[warn(deprecated)]` on by default
[INFO] [stdout] 
[INFO] [stdout] 
[INFO] [stdout] warning: field is never read: `address`
[INFO] [stdout]   --> src/cluster.rs:31:5
[INFO] [stdout]    |
[INFO] [stdout] 31 |     pub address: SocketAddr,
[INFO] [stdout]    |     ^^^^^^^^^^^^^^^^^^^^^^^
[INFO] [stdout]    |
[INFO] [stdout]    = note: `#[warn(dead_code)]` on by default
[INFO] [stdout] 
[INFO] [stdout] 
[INFO] [stdout] warning: field is never read: `sender`
[INFO] [stdout]   --> src/cluster.rs:33:5
[INFO] [stdout]    |
[INFO] [stdout] 33 |     pub sender: SeccSender<WireMessage>,
[INFO] [stdout]    |     ^^^^^^^^^^^^^^^^^^^^^^^^^^^^^^^^^^^
[INFO] [stdout] 
[INFO] [stdout] 
[INFO] [stdout] warning: field is never read: `receiver`
[INFO] [stdout]   --> src/cluster.rs:35:5
[INFO] [stdout]    |
[INFO] [stdout] 35 |     pub receiver: SeccReceiver<WireMessage>,
[INFO] [stdout]    |     ^^^^^^^^^^^^^^^^^^^^^^^^^^^^^^^^^^^^^^^
[INFO] [stdout] 
[INFO] [stdout] 
[INFO] [stdout] warning: field is never read: `tx_handle`
[INFO] [stdout]   --> src/cluster.rs:37:5
[INFO] [stdout]    |
[INFO] [stdout] 37 |     pub tx_handle: JoinHandle<()>,
[INFO] [stdout]    |     ^^^^^^^^^^^^^^^^^^^^^^^^^^^^^
[INFO] [stdout] 
[INFO] [stdout] 
[INFO] [stdout] warning: field is never read: `rx_handle`
[INFO] [stdout]   --> src/cluster.rs:39:5
[INFO] [stdout]    |
[INFO] [stdout] 39 |     pub rx_handle: JoinHandle<()>,
[INFO] [stdout]    |     ^^^^^^^^^^^^^^^^^^^^^^^^^^^^^
[INFO] [stdout] 
[INFO] [stdout] 
[INFO] [stdout] warning: 6 warnings emitted
[INFO] [stdout] 
[INFO] [stdout] 
[INFO] [stderr]     Finished dev [unoptimized + debuginfo] target(s) in 51.85s
[INFO] running `Command { std: "docker" "inspect" "4847e090e9778abf1931379262b5f2f2f725b3c70e607c05522f26df5ec4fcb4", kill_on_drop: false }`
[INFO] running `Command { std: "docker" "rm" "-f" "4847e090e9778abf1931379262b5f2f2f725b3c70e607c05522f26df5ec4fcb4", kill_on_drop: false }`
[INFO] [stdout] 4847e090e9778abf1931379262b5f2f2f725b3c70e607c05522f26df5ec4fcb4
[INFO] running `Command { std: "docker" "create" "-v" "/var/lib/crater-agent-workspace/builds/worker-6/target:/opt/rustwide/target:rw,Z" "-v" "/var/lib/crater-agent-workspace/builds/worker-6/source:/opt/rustwide/workdir:ro,Z" "-v" "/var/lib/crater-agent-workspace/cargo-home:/opt/rustwide/cargo-home:ro,Z" "-v" "/var/lib/crater-agent-workspace/rustup-home:/opt/rustwide/rustup-home:ro,Z" "-e" "SOURCE_DIR=/opt/rustwide/workdir" "-e" "CARGO_TARGET_DIR=/opt/rustwide/target" "-e" "CARGO_INCREMENTAL=0" "-e" "RUST_BACKTRACE=full" "-e" "RUSTFLAGS=--cap-lints=warn" "-e" "CARGO_HOME=/opt/rustwide/cargo-home" "-e" "RUSTUP_HOME=/opt/rustwide/rustup-home" "-w" "/opt/rustwide/workdir" "-m" "1610612736" "--user" "0:0" "--network" "none" "ghcr.io/rust-lang/crates-build-env/linux@sha256:34b6a614d2c27851fe6cbf88fbd1137609cefab8b10d0615aaeb6fd47975d74e" "/opt/rustwide/cargo-home/bin/cargo" "+beta-2021-08-01" "test" "--frozen" "--no-run" "--message-format=json", kill_on_drop: false }`
[INFO] [stdout] 24e9651d2e44dfcf2c042243881205198df18bfa468ef1018d1fe760108c5798
[INFO] [stderr] WARNING: Your kernel does not support swap limit capabilities or the cgroup is not mounted. Memory limited without swap.
[INFO] running `Command { std: "docker" "start" "-a" "24e9651d2e44dfcf2c042243881205198df18bfa468ef1018d1fe760108c5798", kill_on_drop: false }`
[INFO] [stdout] warning: use of deprecated associated function `std::sync::atomic::AtomicBool::compare_and_swap`: Use `compare_exchange` or `compare_exchange_weak` instead
[INFO] [stdout]    --> src/system.rs:337:14
[INFO] [stdout]     |
[INFO] [stdout] 337 |             .compare_and_swap(false, true, Ordering::Relaxed)
[INFO] [stdout]     |              ^^^^^^^^^^^^^^^^
[INFO] [stdout]     |
[INFO] [stdout]     = note: `#[warn(deprecated)]` on by default
[INFO] [stdout] 
[INFO] [stdout] 
[INFO] [stdout] warning: field is never read: `address`
[INFO] [stdout]   --> src/cluster.rs:31:5
[INFO] [stdout]    |
[INFO] [stdout] 31 |     pub address: SocketAddr,
[INFO] [stdout]    |     ^^^^^^^^^^^^^^^^^^^^^^^
[INFO] [stdout]    |
[INFO] [stdout]    = note: `#[warn(dead_code)]` on by default
[INFO] [stdout] 
[INFO] [stdout] 
[INFO] [stdout] warning: field is never read: `sender`
[INFO] [stdout]   --> src/cluster.rs:33:5
[INFO] [stdout]    |
[INFO] [stdout] 33 |     pub sender: SeccSender<WireMessage>,
[INFO] [stdout]    |     ^^^^^^^^^^^^^^^^^^^^^^^^^^^^^^^^^^^
[INFO] [stdout] 
[INFO] [stdout] 
[INFO] [stdout] warning: field is never read: `receiver`
[INFO] [stdout]   --> src/cluster.rs:35:5
[INFO] [stdout]    |
[INFO] [stdout] 35 |     pub receiver: SeccReceiver<WireMessage>,
[INFO] [stdout]    |     ^^^^^^^^^^^^^^^^^^^^^^^^^^^^^^^^^^^^^^^
[INFO] [stdout] 
[INFO] [stdout] 
[INFO] [stdout] warning: field is never read: `tx_handle`
[INFO] [stdout]   --> src/cluster.rs:37:5
[INFO] [stdout]    |
[INFO] [stdout] 37 |     pub tx_handle: JoinHandle<()>,
[INFO] [stdout]    |     ^^^^^^^^^^^^^^^^^^^^^^^^^^^^^
[INFO] [stdout] 
[INFO] [stdout] 
[INFO] [stdout] warning: field is never read: `rx_handle`
[INFO] [stdout]   --> src/cluster.rs:39:5
[INFO] [stdout]    |
[INFO] [stdout] 39 |     pub rx_handle: JoinHandle<()>,
[INFO] [stdout]    |     ^^^^^^^^^^^^^^^^^^^^^^^^^^^^^
[INFO] [stdout] 
[INFO] [stdout] 
[INFO] [stdout] warning: 6 warnings emitted
[INFO] [stdout] 
[INFO] [stdout] 
[INFO] [stderr]    Compiling env_logger v0.6.2
[INFO] [stderr]    Compiling serde_json v1.0.48
[INFO] [stderr]    Compiling maxim v0.1.0-alpha.0 (/opt/rustwide/workdir)
[INFO] [stdout] warning: use of deprecated associated function `std::sync::atomic::AtomicBool::compare_and_swap`: Use `compare_exchange` or `compare_exchange_weak` instead
[INFO] [stdout]    --> src/system.rs:337:14
[INFO] [stdout]     |
[INFO] [stdout] 337 |             .compare_and_swap(false, true, Ordering::Relaxed)
[INFO] [stdout]     |              ^^^^^^^^^^^^^^^^
[INFO] [stdout]     |
[INFO] [stdout]     = note: `#[warn(deprecated)]` on by default
[INFO] [stdout] 
[INFO] [stdout] 
[INFO] [stdout] warning: field is never read: `address`
[INFO] [stdout]   --> src/cluster.rs:31:5
[INFO] [stdout]    |
[INFO] [stdout] 31 |     pub address: SocketAddr,
[INFO] [stdout]    |     ^^^^^^^^^^^^^^^^^^^^^^^
[INFO] [stdout]    |
[INFO] [stdout]    = note: `#[warn(dead_code)]` on by default
[INFO] [stdout] 
[INFO] [stdout] 
[INFO] [stdout] warning: field is never read: `sender`
[INFO] [stdout]   --> src/cluster.rs:33:5
[INFO] [stdout]    |
[INFO] [stdout] 33 |     pub sender: SeccSender<WireMessage>,
[INFO] [stdout]    |     ^^^^^^^^^^^^^^^^^^^^^^^^^^^^^^^^^^^
[INFO] [stdout] 
[INFO] [stdout] 
[INFO] [stdout] warning: field is never read: `receiver`
[INFO] [stdout]   --> src/cluster.rs:35:5
[INFO] [stdout]    |
[INFO] [stdout] 35 |     pub receiver: SeccReceiver<WireMessage>,
[INFO] [stdout]    |     ^^^^^^^^^^^^^^^^^^^^^^^^^^^^^^^^^^^^^^^
[INFO] [stdout] 
[INFO] [stdout] 
[INFO] [stdout] warning: field is never read: `tx_handle`
[INFO] [stdout]   --> src/cluster.rs:37:5
[INFO] [stdout]    |
[INFO] [stdout] 37 |     pub tx_handle: JoinHandle<()>,
[INFO] [stdout]    |     ^^^^^^^^^^^^^^^^^^^^^^^^^^^^^
[INFO] [stdout] 
[INFO] [stdout] 
[INFO] [stdout] warning: field is never read: `rx_handle`
[INFO] [stdout]   --> src/cluster.rs:39:5
[INFO] [stdout]    |
[INFO] [stdout] 39 |     pub rx_handle: JoinHandle<()>,
[INFO] [stdout]    |     ^^^^^^^^^^^^^^^^^^^^^^^^^^^^^
[INFO] [stdout] 
[INFO] [stdout] 
[INFO] [stdout] warning: 6 warnings emitted
[INFO] [stdout] 
[INFO] [stdout] 
[INFO] [stderr]     Finished test [unoptimized + debuginfo] target(s) in 18.95s
[INFO] running `Command { std: "docker" "inspect" "24e9651d2e44dfcf2c042243881205198df18bfa468ef1018d1fe760108c5798", kill_on_drop: false }`
[INFO] running `Command { std: "docker" "rm" "-f" "24e9651d2e44dfcf2c042243881205198df18bfa468ef1018d1fe760108c5798", kill_on_drop: false }`
[INFO] [stdout] 24e9651d2e44dfcf2c042243881205198df18bfa468ef1018d1fe760108c5798
[INFO] running `Command { std: "docker" "create" "-v" "/var/lib/crater-agent-workspace/builds/worker-6/target:/opt/rustwide/target:rw,Z" "-v" "/var/lib/crater-agent-workspace/builds/worker-6/source:/opt/rustwide/workdir:ro,Z" "-v" "/var/lib/crater-agent-workspace/cargo-home:/opt/rustwide/cargo-home:ro,Z" "-v" "/var/lib/crater-agent-workspace/rustup-home:/opt/rustwide/rustup-home:ro,Z" "-e" "SOURCE_DIR=/opt/rustwide/workdir" "-e" "CARGO_TARGET_DIR=/opt/rustwide/target" "-e" "CARGO_INCREMENTAL=0" "-e" "RUST_BACKTRACE=full" "-e" "RUSTFLAGS=--cap-lints=warn" "-e" "CARGO_HOME=/opt/rustwide/cargo-home" "-e" "RUSTUP_HOME=/opt/rustwide/rustup-home" "-w" "/opt/rustwide/workdir" "-m" "1610612736" "--user" "0:0" "--network" "none" "ghcr.io/rust-lang/crates-build-env/linux@sha256:34b6a614d2c27851fe6cbf88fbd1137609cefab8b10d0615aaeb6fd47975d74e" "/opt/rustwide/cargo-home/bin/cargo" "+beta-2021-08-01" "test" "--frozen", kill_on_drop: false }`
[INFO] [stdout] 07238f5d25e6065690e3e20437f78b3312e18444f1b4118007f627588c499dcd
[INFO] [stderr] WARNING: Your kernel does not support swap limit capabilities or the cgroup is not mounted. Memory limited without swap.
[INFO] running `Command { std: "docker" "start" "-a" "07238f5d25e6065690e3e20437f78b3312e18444f1b4118007f627588c499dcd", kill_on_drop: false }`
[INFO] [stderr] warning: use of deprecated associated function `std::sync::atomic::AtomicBool::compare_and_swap`: Use `compare_exchange` or `compare_exchange_weak` instead
[INFO] [stderr]    --> src/system.rs:337:14
[INFO] [stderr]     |
[INFO] [stderr] 337 |             .compare_and_swap(false, true, Ordering::Relaxed)
[INFO] [stderr]     |              ^^^^^^^^^^^^^^^^
[INFO] [stderr]     |
[INFO] [stderr]     = note: `#[warn(deprecated)]` on by default
[INFO] [stderr] 
[INFO] [stderr] warning: field is never read: `address`
[INFO] [stderr]   --> src/cluster.rs:31:5
[INFO] [stderr]    |
[INFO] [stderr] 31 |     pub address: SocketAddr,
[INFO] [stderr]    |     ^^^^^^^^^^^^^^^^^^^^^^^
[INFO] [stderr]    |
[INFO] [stderr]    = note: `#[warn(dead_code)]` on by default
[INFO] [stderr] 
[INFO] [stderr] warning: field is never read: `sender`
[INFO] [stderr]   --> src/cluster.rs:33:5
[INFO] [stderr]    |
[INFO] [stderr] 33 |     pub sender: SeccSender<WireMessage>,
[INFO] [stderr]    |     ^^^^^^^^^^^^^^^^^^^^^^^^^^^^^^^^^^^
[INFO] [stderr] 
[INFO] [stderr] warning: field is never read: `receiver`
[INFO] [stderr]   --> src/cluster.rs:35:5
[INFO] [stderr]    |
[INFO] [stderr] 35 |     pub receiver: SeccReceiver<WireMessage>,
[INFO] [stderr]    |     ^^^^^^^^^^^^^^^^^^^^^^^^^^^^^^^^^^^^^^^
[INFO] [stderr] 
[INFO] [stderr] warning: field is never read: `tx_handle`
[INFO] [stderr]   --> src/cluster.rs:37:5
[INFO] [stderr]    |
[INFO] [stderr] 37 |     pub tx_handle: JoinHandle<()>,
[INFO] [stderr]    |     ^^^^^^^^^^^^^^^^^^^^^^^^^^^^^
[INFO] [stderr] 
[INFO] [stderr] warning: field is never read: `rx_handle`
[INFO] [stderr]   --> src/cluster.rs:39:5
[INFO] [stderr]    |
[INFO] [stderr] 39 |     pub rx_handle: JoinHandle<()>,
[INFO] [stderr]    |     ^^^^^^^^^^^^^^^^^^^^^^^^^^^^^
[INFO] [stderr] 
[INFO] [stderr] warning: `maxim` (lib) generated 6 warnings
[INFO] [stderr] warning: `maxim` (lib test) generated 6 warnings (6 duplicates)
[INFO] [stderr]     Finished test [unoptimized + debuginfo] target(s) in 0.07s
[INFO] [stderr]      Running unittests (/opt/rustwide/target/debug/deps/maxim-28011844e084986f)
[INFO] [stdout] 
[INFO] [stdout] running 41 tests
[INFO] [stdout] test actors::tests::test_actor_cannot_override_stop ... ok
[INFO] [stdout] test actors::tests::test_basic_info_unnamed ... ok
[INFO] [stdout] test message::tests::test_actor_message_downcast ... ok
[INFO] [stdout] test actors::tests::test_send_unserializable ... ok
[INFO] [stdout] test message::tests::test_message_downcast ... ok
[INFO] [stdout] test message::tests::test_message_from_arc ... ok
[INFO] [stdout] test actors::tests::test_cant_send_to_stopped ... ok
[INFO] [stdout] test actors::tests::test_aid_as_message ... ok
[INFO] [stdout] test message::tests::test_message_serialization ... ok
[INFO] [stdout] test actors::tests::test_send_examples ... ok
[INFO] [stdout] test system::tests::test_connect_with_channels ... ok
[INFO] [stdout] test message::tests::test_remote_to_local ... ok
[INFO] [stdout] test message::tests::test_message_new ... ok
[INFO] [stdout] test system::tests::test_actor_not_in_map ... ok
[INFO] [stdout] test system::tests::test_monitors ... ok
[INFO] [stdout] test system::tests::test_find_aid ... ok
[INFO] [stdout] test system::tests::test_named_actor_restrictions ... ok
[INFO] [stdout] test system::tests::test_find_by_uuid ... ok
[INFO] [stdout] test system::tests::test_send_after_before_current ... ok
[INFO] [stdout] test system::tests::test_find_by_name ... ok
[INFO] [stdout] test actors::tests::test_aid_serialization ... ok
[INFO] [stdout] test executor::tests::test_thread_wakes_after_no_work ... ok
[INFO] [stdout] test actors::tests::test_basic_info_named ... ok
[INFO] [stdout] test tests::test_dispatching_with_closure ... ok
[INFO] [stdout] test actors::tests::test_actor_returns_stop ... ok
[INFO] [stdout] test system::tests::test_shutdown_await_timeout ... ok
[INFO] [stdout] test tests::test_closure_with_move ... ok
[INFO] [stdout] test tests::test_ping_pong ... ok
[INFO] [stdout] test tests::test_simplest_actor ... ok
[INFO] [stdout] test tests::test_dispatching_with_struct ... ok
[INFO] [stdout] test system::tests::test_stop_actor ... ok
[INFO] [stdout] test system::tests::test_system_actor_find_by_name ... ok
[INFO] [stdout] test tests::test_simplest_struct_actor ... ok
[INFO] [stdout] test system::tests::test_spawn_pool ... ok
[INFO] [stdout] test system::tests::test_remote_actors ... ok
[INFO] [stdout] test cluster::tests::test_tcp_remote_connect ... ok
[INFO] [stdout] test executor::tests::test_nested_futures_wakeup ... ok
[INFO] [stdout] test system::tests::test_send_after ... FAILED
[INFO] [stdout] test executor::tests::test_actor_awake_phases ... FAILED
[INFO] [stdout] test system::tests::test_monitor_gets_panics_errors ... ok
[INFO] [stdout] test tests::test_assert_receive - should panic ... ok
[INFO] [stdout] 
[INFO] [stdout] failures:
[INFO] [stdout] 
[INFO] [stdout] ---- system::tests::test_send_after stdout ----
[INFO] [stdout] thread 'system::tests::test_send_after' panicked at 'assertion failed: `(left == right)`
[INFO] [stdout]   left: `2`,
[INFO] [stdout]  right: `1`', src/system.rs:1056:9
[INFO] [stdout] stack backtrace:
[INFO] [stdout]    0:     0x560158730310 - std::backtrace_rs::backtrace::libunwind::trace::hff4d1766e93f64f1
[INFO] [stdout]                                at /rustc/53fd98ca776cb875bc9e5514f56b52eb74f9e7a9/library/std/src/../../backtrace/src/backtrace/libunwind.rs:90:5
[INFO] [stdout]    1:     0x560158730310 - std::backtrace_rs::backtrace::trace_unsynchronized::h56bbc8eb78770bcb
[INFO] [stdout]                                at /rustc/53fd98ca776cb875bc9e5514f56b52eb74f9e7a9/library/std/src/../../backtrace/src/backtrace/mod.rs:66:5
[INFO] [stdout]    2:     0x560158730310 - std::sys_common::backtrace::_print_fmt::h5c8e75464faca780
[INFO] [stdout]                                at /rustc/53fd98ca776cb875bc9e5514f56b52eb74f9e7a9/library/std/src/sys_common/backtrace.rs:67:5
[INFO] [stdout]    3:     0x560158730310 - <std::sys_common::backtrace::_print::DisplayBacktrace as core::fmt::Display>::fmt::h48b88277def8b362
[INFO] [stdout]                                at /rustc/53fd98ca776cb875bc9e5514f56b52eb74f9e7a9/library/std/src/sys_common/backtrace.rs:46:22
[INFO] [stdout]    4:     0x56015875307c - core::fmt::write::h3381b3176fe2b3d3
[INFO] [stdout]                                at /rustc/53fd98ca776cb875bc9e5514f56b52eb74f9e7a9/library/core/src/fmt/mod.rs:1115:17
[INFO] [stdout]    5:     0x56015872b015 - std::io::Write::write_fmt::h5f34a676f60246b5
[INFO] [stdout]                                at /rustc/53fd98ca776cb875bc9e5514f56b52eb74f9e7a9/library/std/src/io/mod.rs:1665:15
[INFO] [stdout]    6:     0x56015873252b - std::sys_common::backtrace::_print::ha537687d6c17dd0d
[INFO] [stdout]                                at /rustc/53fd98ca776cb875bc9e5514f56b52eb74f9e7a9/library/std/src/sys_common/backtrace.rs:49:5
[INFO] [stdout]    7:     0x56015873252b - std::sys_common::backtrace::print::h61376ae57d131d72
[INFO] [stdout]                                at /rustc/53fd98ca776cb875bc9e5514f56b52eb74f9e7a9/library/std/src/sys_common/backtrace.rs:36:9
[INFO] [stdout]    8:     0x56015873252b - std::panicking::default_hook::{{closure}}::h0f7208c0b9644a54
[INFO] [stdout]                                at /rustc/53fd98ca776cb875bc9e5514f56b52eb74f9e7a9/library/std/src/panicking.rs:208:50
[INFO] [stdout]    9:     0x56015873203c - std::panicking::default_hook::hdac7fc06578c14ce
[INFO] [stdout]                                at /rustc/53fd98ca776cb875bc9e5514f56b52eb74f9e7a9/library/std/src/panicking.rs:222:9
[INFO] [stdout]   10:     0x560158732bf4 - std::panicking::rust_panic_with_hook::h72b21c283da3d1ef
[INFO] [stdout]                                at /rustc/53fd98ca776cb875bc9e5514f56b52eb74f9e7a9/library/std/src/panicking.rs:622:17
[INFO] [stdout]   11:     0x5601587326d7 - std::panicking::begin_panic_handler::{{closure}}::he5778f1729cff84a
[INFO] [stdout]                                at /rustc/53fd98ca776cb875bc9e5514f56b52eb74f9e7a9/library/std/src/panicking.rs:519:13
[INFO] [stdout]   12:     0x5601587307ec - std::sys_common::backtrace::__rust_end_short_backtrace::h2d11ca8b453b4b1d
[INFO] [stdout]                                at /rustc/53fd98ca776cb875bc9e5514f56b52eb74f9e7a9/library/std/src/sys_common/backtrace.rs:141:18
[INFO] [stdout]   13:     0x560158732639 - rust_begin_unwind
[INFO] [stdout]                                at /rustc/53fd98ca776cb875bc9e5514f56b52eb74f9e7a9/library/std/src/panicking.rs:515:5
[INFO] [stdout]   14:     0x5601583038d1 - core::panicking::panic_fmt::hf9de31d4acbce4db
[INFO] [stdout]                                at /rustc/53fd98ca776cb875bc9e5514f56b52eb74f9e7a9/library/core/src/panicking.rs:92:14
[INFO] [stdout]   15:     0x560158751998 - core::panicking::assert_failed_inner::h62e8cb2847a6e7ec
[INFO] [stdout]   16:     0x5601586f3e6a - core::panicking::assert_failed::h1a9cafef54c4c905
[INFO] [stdout]                                at /rustc/53fd98ca776cb875bc9e5514f56b52eb74f9e7a9/library/core/src/panicking.rs:117:5
[INFO] [stdout]   17:     0x56015847bb30 - maxim::system::tests::test_send_after::h7fbe281764d661c8
[INFO] [stdout]                                at /opt/rustwide/workdir/src/system.rs:1056:9
[INFO] [stdout]   18:     0x56015847b27a - maxim::system::tests::test_send_after::{{closure}}::h4026042aad3c41f1
[INFO] [stdout]                                at /opt/rustwide/workdir/src/system.rs:1041:5
[INFO] [stdout]   19:     0x56015839bf2e - core::ops::function::FnOnce::call_once::h6c2e46625544d513
[INFO] [stdout]                                at /rustc/53fd98ca776cb875bc9e5514f56b52eb74f9e7a9/library/core/src/ops/function.rs:227:5
[INFO] [stdout]   20:     0x5601586b11e3 - core::ops::function::FnOnce::call_once::hbb52c4519d3137b0
[INFO] [stdout]                                at /rustc/53fd98ca776cb875bc9e5514f56b52eb74f9e7a9/library/core/src/ops/function.rs:227:5
[INFO] [stdout]   21:     0x5601586b11e3 - test::__rust_begin_short_backtrace::h86fe3a2a5a5121af
[INFO] [stdout]                                at /rustc/53fd98ca776cb875bc9e5514f56b52eb74f9e7a9/library/test/src/lib.rs:578:5
[INFO] [stdout]   22:     0x5601586afc98 - <alloc::boxed::Box<F,A> as core::ops::function::FnOnce<Args>>::call_once::hfd956bc3d57399be
[INFO] [stdout]                                at /rustc/53fd98ca776cb875bc9e5514f56b52eb74f9e7a9/library/alloc/src/boxed.rs:1572:9
[INFO] [stdout]   23:     0x5601586afc98 - <std::panic::AssertUnwindSafe<F> as core::ops::function::FnOnce<()>>::call_once::h40dc93e0ddb5938a
[INFO] [stdout]                                at /rustc/53fd98ca776cb875bc9e5514f56b52eb74f9e7a9/library/std/src/panic.rs:347:9
[INFO] [stdout]   24:     0x5601586afc98 - std::panicking::try::do_call::h90d07750cb47c562
[INFO] [stdout]                                at /rustc/53fd98ca776cb875bc9e5514f56b52eb74f9e7a9/library/std/src/panicking.rs:401:40
[INFO] [stdout]   25:     0x5601586afc98 - std::panicking::try::h063c84733ad2a629
[INFO] [stdout]                                at /rustc/53fd98ca776cb875bc9e5514f56b52eb74f9e7a9/library/std/src/panicking.rs:365:19
[INFO] [stdout]   26:     0x5601586afc98 - std::panic::catch_unwind::h0c464836a84e7c08
[INFO] [stdout]                                at /rustc/53fd98ca776cb875bc9e5514f56b52eb74f9e7a9/library/std/src/panic.rs:434:14
[INFO] [stdout]   27:     0x5601586afc98 - test::run_test_in_process::h5cb06ef620b157fc
[INFO] [stdout]                                at /rustc/53fd98ca776cb875bc9e5514f56b52eb74f9e7a9/library/test/src/lib.rs:601:18
[INFO] [stdout]   28:     0x5601586afc98 - test::run_test::run_test_inner::{{closure}}::h76f677f4b93f9828
[INFO] [stdout]                                at /rustc/53fd98ca776cb875bc9e5514f56b52eb74f9e7a9/library/test/src/lib.rs:493:39
[INFO] [stdout]   29:     0x56015867e42d - test::run_test::run_test_inner::{{closure}}::h366d01fe04f4d67a
[INFO] [stdout]                                at /rustc/53fd98ca776cb875bc9e5514f56b52eb74f9e7a9/library/test/src/lib.rs:520:37
[INFO] [stdout]   30:     0x56015867e42d - std::sys_common::backtrace::__rust_begin_short_backtrace::h7dfa0de4eb395af2
[INFO] [stdout]                                at /rustc/53fd98ca776cb875bc9e5514f56b52eb74f9e7a9/library/std/src/sys_common/backtrace.rs:125:18
[INFO] [stdout]   31:     0x560158682bf8 - std::thread::Builder::spawn_unchecked::{{closure}}::{{closure}}::hf0a74bb58798037f
[INFO] [stdout]                                at /rustc/53fd98ca776cb875bc9e5514f56b52eb74f9e7a9/library/std/src/thread/mod.rs:476:17
[INFO] [stdout]   32:     0x560158682bf8 - <std::panic::AssertUnwindSafe<F> as core::ops::function::FnOnce<()>>::call_once::hb024e854818586ac
[INFO] [stdout]                                at /rustc/53fd98ca776cb875bc9e5514f56b52eb74f9e7a9/library/std/src/panic.rs:347:9
[INFO] [stdout]   33:     0x560158682bf8 - std::panicking::try::do_call::hb2dd9f1d0d48e41d
[INFO] [stdout]                                at /rustc/53fd98ca776cb875bc9e5514f56b52eb74f9e7a9/library/std/src/panicking.rs:401:40
[INFO] [stdout]   34:     0x560158682bf8 - std::panicking::try::h4717ae7bac8b2bf3
[INFO] [stdout]                                at /rustc/53fd98ca776cb875bc9e5514f56b52eb74f9e7a9/library/std/src/panicking.rs:365:19
[INFO] [stdout]   35:     0x560158682bf8 - std::panic::catch_unwind::h0dc8a061326ce8d8
[INFO] [stdout]                                at /rustc/53fd98ca776cb875bc9e5514f56b52eb74f9e7a9/library/std/src/panic.rs:434:14
[INFO] [stdout]   36:     0x560158682bf8 - std::thread::Builder::spawn_unchecked::{{closure}}::haa369e2d6fd00aa1
[INFO] [stdout]                                at /rustc/53fd98ca776cb875bc9e5514f56b52eb74f9e7a9/library/std/src/thread/mod.rs:475:30
[INFO] [stdout]   37:     0x560158682bf8 - core::ops::function::FnOnce::call_once{{vtable.shim}}::h36dcf3de8b056f17
[INFO] [stdout]                                at /rustc/53fd98ca776cb875bc9e5514f56b52eb74f9e7a9/library/core/src/ops/function.rs:227:5
[INFO] [stdout]   38:     0x560158737a27 - <alloc::boxed::Box<F,A> as core::ops::function::FnOnce<Args>>::call_once::h65c29e4642be2358
[INFO] [stdout]                                at /rustc/53fd98ca776cb875bc9e5514f56b52eb74f9e7a9/library/alloc/src/boxed.rs:1572:9
[INFO] [stdout]   39:     0x560158737a27 - <alloc::boxed::Box<F,A> as core::ops::function::FnOnce<Args>>::call_once::hd0f8f7fbbd9fffbf
[INFO] [stdout]                                at /rustc/53fd98ca776cb875bc9e5514f56b52eb74f9e7a9/library/alloc/src/boxed.rs:1572:9
[INFO] [stdout]   40:     0x560158737a27 - std::sys::unix::thread::Thread::new::thread_start::h2fd22fee3ca77b65
[INFO] [stdout]                                at /rustc/53fd98ca776cb875bc9e5514f56b52eb74f9e7a9/library/std/src/sys/unix/thread.rs:74:17
[INFO] [stdout]   41:     0x7f19e4299609 - start_thread
[INFO] [stdout]   42:     0x7f19e4071293 - clone
[INFO] [stdout]   43:                0x0 - <unknown>
[INFO] [stdout] 
[INFO] [stdout] ---- executor::tests::test_actor_awake_phases stdout ----
[INFO] [stdout] thread 'executor::tests::test_actor_awake_phases' panicked at 'Actor took too long to process Start: "Timed out after 5ms! Messages received: 0; Messages expected: 1"', src/executor.rs:510:36
[INFO] [stdout] stack backtrace:
[INFO] [stdout]    0:     0x560158730310 - std::backtrace_rs::backtrace::libunwind::trace::hff4d1766e93f64f1
[INFO] [stdout]                                at /rustc/53fd98ca776cb875bc9e5514f56b52eb74f9e7a9/library/std/src/../../backtrace/src/backtrace/libunwind.rs:90:5
[INFO] [stdout]    1:     0x560158730310 - std::backtrace_rs::backtrace::trace_unsynchronized::h56bbc8eb78770bcb
[INFO] [stdout]                                at /rustc/53fd98ca776cb875bc9e5514f56b52eb74f9e7a9/library/std/src/../../backtrace/src/backtrace/mod.rs:66:5
[INFO] [stdout]    2:     0x560158730310 - std::sys_common::backtrace::_print_fmt::h5c8e75464faca780
[INFO] [stdout]                                at /rustc/53fd98ca776cb875bc9e5514f56b52eb74f9e7a9/library/std/src/sys_common/backtrace.rs:67:5
[INFO] [stdout]    3:     0x560158730310 - <std::sys_common::backtrace::_print::DisplayBacktrace as core::fmt::Display>::fmt::h48b88277def8b362
[INFO] [stdout]                                at /rustc/53fd98ca776cb875bc9e5514f56b52eb74f9e7a9/library/std/src/sys_common/backtrace.rs:46:22
[INFO] [stdout]    4:     0x56015875307c - core::fmt::write::h3381b3176fe2b3d3
[INFO] [stdout]                                at /rustc/53fd98ca776cb875bc9e5514f56b52eb74f9e7a9/library/core/src/fmt/mod.rs:1115:17
[INFO] [stdout]    5:     0x56015872b015 - std::io::Write::write_fmt::h5f34a676f60246b5
[INFO] [stdout]                                at /rustc/53fd98ca776cb875bc9e5514f56b52eb74f9e7a9/library/std/src/io/mod.rs:1665:15
[INFO] [stdout]    6:     0x56015873252b - std::sys_common::backtrace::_print::ha537687d6c17dd0d
[INFO] [stdout]                                at /rustc/53fd98ca776cb875bc9e5514f56b52eb74f9e7a9/library/std/src/sys_common/backtrace.rs:49:5
[INFO] [stdout]    7:     0x56015873252b - std::sys_common::backtrace::print::h61376ae57d131d72
[INFO] [stdout]                                at /rustc/53fd98ca776cb875bc9e5514f56b52eb74f9e7a9/library/std/src/sys_common/backtrace.rs:36:9
[INFO] [stdout]    8:     0x56015873252b - std::panicking::default_hook::{{closure}}::h0f7208c0b9644a54
[INFO] [stdout]                                at /rustc/53fd98ca776cb875bc9e5514f56b52eb74f9e7a9/library/std/src/panicking.rs:208:50
[INFO] [stdout]    9:     0x56015873203c - std::panicking::default_hook::hdac7fc06578c14ce
[INFO] [stdout]                                at /rustc/53fd98ca776cb875bc9e5514f56b52eb74f9e7a9/library/std/src/panicking.rs:222:9
[INFO] [stdout]   10:     0x560158732bf4 - std::panicking::rust_panic_with_hook::h72b21c283da3d1ef
[INFO] [stdout]                                at /rustc/53fd98ca776cb875bc9e5514f56b52eb74f9e7a9/library/std/src/panicking.rs:622:17
[INFO] [stdout]   11:     0x5601587326d7 - std::panicking::begin_panic_handler::{{closure}}::he5778f1729cff84a
[INFO] [stdout]                                at /rustc/53fd98ca776cb875bc9e5514f56b52eb74f9e7a9/library/std/src/panicking.rs:519:13
[INFO] [stdout]   12:     0x5601587307ec - std::sys_common::backtrace::__rust_end_short_backtrace::h2d11ca8b453b4b1d
[INFO] [stdout]                                at /rustc/53fd98ca776cb875bc9e5514f56b52eb74f9e7a9/library/std/src/sys_common/backtrace.rs:141:18
[INFO] [stdout]   13:     0x560158732639 - rust_begin_unwind
[INFO] [stdout]                                at /rustc/53fd98ca776cb875bc9e5514f56b52eb74f9e7a9/library/std/src/panicking.rs:515:5
[INFO] [stdout]   14:     0x5601583038d1 - core::panicking::panic_fmt::hf9de31d4acbce4db
[INFO] [stdout]                                at /rustc/53fd98ca776cb875bc9e5514f56b52eb74f9e7a9/library/core/src/panicking.rs:92:14
[INFO] [stdout]   15:     0x5601583039c3 - core::result::unwrap_failed::ha0c84e81219e5878
[INFO] [stdout]                                at /rustc/53fd98ca776cb875bc9e5514f56b52eb74f9e7a9/library/core/src/result.rs:1599:5
[INFO] [stdout]   16:     0x560158385184 - core::result::Result<T,E>::expect::h22b27ed4111c0e5e
[INFO] [stdout]                                at /rustc/53fd98ca776cb875bc9e5514f56b52eb74f9e7a9/library/core/src/result.rs:1241:23
[INFO] [stdout]   17:     0x56015831d9d0 - maxim::executor::tests::test_actor_awake_phases::h12e762efa63db10a
[INFO] [stdout]                                at /opt/rustwide/workdir/src/executor.rs:510:9
[INFO] [stdout]   18:     0x56015831d8aa - maxim::executor::tests::test_actor_awake_phases::{{closure}}::hea3c06a563e5d3ab
[INFO] [stdout]                                at /opt/rustwide/workdir/src/executor.rs:496:5
[INFO] [stdout]   19:     0x56015839cc1e - core::ops::function::FnOnce::call_once::hf3fe3c32a7e59337
[INFO] [stdout]                                at /rustc/53fd98ca776cb875bc9e5514f56b52eb74f9e7a9/library/core/src/ops/function.rs:227:5
[INFO] [stdout]   20:     0x5601586b11e3 - core::ops::function::FnOnce::call_once::hbb52c4519d3137b0
[INFO] [stdout]                                at /rustc/53fd98ca776cb875bc9e5514f56b52eb74f9e7a9/library/core/src/ops/function.rs:227:5
[INFO] [stdout]   21:     0x5601586b11e3 - test::__rust_begin_short_backtrace::h86fe3a2a5a5121af
[INFO] [stdout]                                at /rustc/53fd98ca776cb875bc9e5514f56b52eb74f9e7a9/library/test/src/lib.rs:578:5
[INFO] [stdout]   22:     0x5601586afc98 - <alloc::boxed::Box<F,A> as core::ops::function::FnOnce<Args>>::call_once::hfd956bc3d57399be
[INFO] [stdout]                                at /rustc/53fd98ca776cb875bc9e5514f56b52eb74f9e7a9/library/alloc/src/boxed.rs:1572:9
[INFO] [stdout]   23:     0x5601586afc98 - <std::panic::AssertUnwindSafe<F> as core::ops::function::FnOnce<()>>::call_once::h40dc93e0ddb5938a
[INFO] [stdout]                                at /rustc/53fd98ca776cb875bc9e5514f56b52eb74f9e7a9/library/std/src/panic.rs:347:9
[INFO] [stdout]   24:     0x5601586afc98 - std::panicking::try::do_call::h90d07750cb47c562
[INFO] [stdout]                                at /rustc/53fd98ca776cb875bc9e5514f56b52eb74f9e7a9/library/std/src/panicking.rs:401:40
[INFO] [stdout]   25:     0x5601586afc98 - std::panicking::try::h063c84733ad2a629
[INFO] [stdout]                                at /rustc/53fd98ca776cb875bc9e5514f56b52eb74f9e7a9/library/std/src/panicking.rs:365:19
[INFO] [stdout]   26:     0x5601586afc98 - std::panic::catch_unwind::h0c464836a84e7c08
[INFO] [stdout]                                at /rustc/53fd98ca776cb875bc9e5514f56b52eb74f9e7a9/library/std/src/panic.rs:434:14
[INFO] [stdout]   27:     0x5601586afc98 - test::run_test_in_process::h5cb06ef620b157fc
[INFO] [stdout]                                at /rustc/53fd98ca776cb875bc9e5514f56b52eb74f9e7a9/library/test/src/lib.rs:601:18
[INFO] [stdout]   28:     0x5601586afc98 - test::run_test::run_test_inner::{{closure}}::h76f677f4b93f9828
[INFO] [stdout]                                at /rustc/53fd98ca776cb875bc9e5514f56b52eb74f9e7a9/library/test/src/lib.rs:493:39
[INFO] [stdout]   29:     0x56015867e42d - test::run_test::run_test_inner::{{closure}}::h366d01fe04f4d67a
[INFO] [stdout]                                at /rustc/53fd98ca776cb875bc9e5514f56b52eb74f9e7a9/library/test/src/lib.rs:520:37
[INFO] [stdout]   30:     0x56015867e42d - std::sys_common::backtrace::__rust_begin_short_backtrace::h7dfa0de4eb395af2
[INFO] [stdout]                                at /rustc/53fd98ca776cb875bc9e5514f56b52eb74f9e7a9/library/std/src/sys_common/backtrace.rs:125:18
[INFO] [stdout]   31:     0x560158682bf8 - std::thread::Builder::spawn_unchecked::{{closure}}::{{closure}}::hf0a74bb58798037f
[INFO] [stdout]                                at /rustc/53fd98ca776cb875bc9e5514f56b52eb74f9e7a9/library/std/src/thread/mod.rs:476:17
[INFO] [stdout]   32:     0x560158682bf8 - <std::panic::AssertUnwindSafe<F> as core::ops::function::FnOnce<()>>::call_once::hb024e854818586ac
[INFO] [stdout]                                at /rustc/53fd98ca776cb875bc9e5514f56b52eb74f9e7a9/library/std/src/panic.rs:347:9
[INFO] [stdout]   33:     0x560158682bf8 - std::panicking::try::do_call::hb2dd9f1d0d48e41d
[INFO] [stdout]                                at /rustc/53fd98ca776cb875bc9e5514f56b52eb74f9e7a9/library/std/src/panicking.rs:401:40
[INFO] [stdout]   34:     0x560158682bf8 - std::panicking::try::h4717ae7bac8b2bf3
[INFO] [stdout]                                at /rustc/53fd98ca776cb875bc9e5514f56b52eb74f9e7a9/library/std/src/panicking.rs:365:19
[INFO] [stdout]   35:     0x560158682bf8 - std::panic::catch_unwind::h0dc8a061326ce8d8
[INFO] [stdout]                                at /rustc/53fd98ca776cb875bc9e5514f56b52eb74f9e7a9/library/std/src/panic.rs:434:14
[INFO] [stdout]   36:     0x560158682bf8 - std::thread::Builder::spawn_unchecked::{{closure}}::haa369e2d6fd00aa1
[INFO] [stdout]                                at /rustc/53fd98ca776cb875bc9e5514f56b52eb74f9e7a9/library/std/src/thread/mod.rs:475:30
[INFO] [stdout]   37:     0x560158682bf8 - core::ops::function::FnOnce::call_once{{vtable.shim}}::h36dcf3de8b056f17
[INFO] [stdout]                                at /rustc/53fd98ca776cb875bc9e5514f56b52eb74f9e7a9/library/core/src/ops/function.rs:227:5
[INFO] [stdout]   38:     0x560158737a27 - <alloc::boxed::Box<F,A> as core::ops::function::FnOnce<Args>>::call_once::h65c29e4642be2358
[INFO] [stdout]                                at /rustc/53fd98ca776cb875bc9e5514f56b52eb74f9e7a9/library/alloc/src/boxed.rs:1572:9
[INFO] [stdout]   39:     0x560158737a27 - <alloc::boxed::Box<F,A> as core::ops::function::FnOnce<Args>>::call_once::hd0f8f7fbbd9fffbf
[INFO] [stdout]                                at /rustc/53fd98ca776cb875bc9e5514f56b52eb74f9e7a9/library/alloc/src/boxed.rs:1572:9
[INFO] [stdout]   40:     0x560158737a27 - std::sys::unix::thread::Thread::new::thread_start::h2fd22fee3ca77b65
[INFO] [stdout]                                at /rustc/53fd98ca776cb875bc9e5514f56b52eb74f9e7a9/library/std/src/sys/unix/thread.rs:74:17
[INFO] [stdout]   41:     0x7f19e4299609 - start_thread
[INFO] [stdout]   42:     0x7f19e4071293 - clone
[INFO] [stdout]   43:                0x0 - <unknown>
[INFO] [stdout] 
[INFO] [stdout] 
[INFO] [stdout] failures:
[INFO] [stdout]     executor::tests::test_actor_awake_phases
[INFO] [stdout]     system::tests::test_send_after
[INFO] [stdout] 
[INFO] [stdout] test result: FAILED. 39 passed; 2 failed; 0 ignored; 0 measured; 0 filtered out; finished in 0.44s
[INFO] [stdout] 
[INFO] [stderr] error: test failed, to rerun pass '--lib'
[INFO] running `Command { std: "docker" "inspect" "07238f5d25e6065690e3e20437f78b3312e18444f1b4118007f627588c499dcd", kill_on_drop: false }`
[INFO] running `Command { std: "docker" "rm" "-f" "07238f5d25e6065690e3e20437f78b3312e18444f1b4118007f627588c499dcd", kill_on_drop: false }`
[INFO] [stdout] 07238f5d25e6065690e3e20437f78b3312e18444f1b4118007f627588c499dcd
